[INFO] fetching crate lxtrace 0.1.0...
[INFO] testing lxtrace-0.1.0 against nightly-2024-10-28 for randomize-layout
[INFO] extracting crate lxtrace 0.1.0 into /workspace/builds/worker-3-tc1/source
[INFO] validating manifest of crates.io crate lxtrace 0.1.0 on toolchain nightly-2024-10-28
[INFO] running `Command { std: CARGO_HOME="/workspace/cargo-home" RUSTUP_HOME="/workspace/rustup-home" "/workspace/cargo-home/bin/cargo" "+nightly-2024-10-28" "metadata" "--manifest-path" "Cargo.toml" "--no-deps", kill_on_drop: false }`
[INFO] started tweaking crates.io crate lxtrace 0.1.0
[INFO] finished tweaking crates.io crate lxtrace 0.1.0
[INFO] tweaked toml for crates.io crate lxtrace 0.1.0 written to /workspace/builds/worker-3-tc1/source/Cargo.toml
[INFO] crate crates.io crate lxtrace 0.1.0 already has a lockfile, it will not be regenerated
[INFO] running `Command { std: CARGO_HOME="/workspace/cargo-home" RUSTUP_HOME="/workspace/rustup-home" "/workspace/cargo-home/bin/cargo" "+nightly-2024-10-28" "fetch" "--manifest-path" "Cargo.toml", kill_on_drop: false }`
[INFO] [stderr]     Updating crates.io index
[INFO] [stderr]  Downloading crates ...
[INFO] [stderr]   Downloaded unwind-sys v0.1.1
[INFO] [stderr]   Downloaded tiny-nix-ipc v0.1.1
[INFO] [stderr]   Downloaded foreign-types-shared v0.3.0
[INFO] [stderr]   Downloaded nix v0.16.0
[INFO] [stderr]   Downloaded foreign-types-macros v0.2.0
[INFO] [stderr]   Downloaded unwind v0.3.0
[INFO] [stderr]   Downloaded rstack v0.3.1
[INFO] [stderr]   Downloaded cpp_demangle v0.2.13
[INFO] running `Command { std: "docker" "create" "-v" "/var/lib/crater-agent-workspace/builds/worker-3-tc1/target:/opt/rustwide/target:rw,Z" "-v" "/var/lib/crater-agent-workspace/builds/worker-3-tc1/source:/opt/rustwide/workdir:ro,Z" "-v" "/var/lib/crater-agent-workspace/cargo-home:/opt/rustwide/cargo-home:ro,Z" "-v" "/var/lib/crater-agent-workspace/rustup-home:/opt/rustwide/rustup-home:ro,Z" "-e" "SOURCE_DIR=/opt/rustwide/workdir" "-e" "CARGO_TARGET_DIR=/opt/rustwide/target" "-e" "CARGO_HOME=/opt/rustwide/cargo-home" "-e" "RUSTUP_HOME=/opt/rustwide/rustup-home" "-w" "/opt/rustwide/workdir" "-m" "1610612736" "--user" "0:0" "--network" "none" "ghcr.io/rust-lang/crates-build-env/linux@sha256:4a844ea9eb2546a2d2c7022eacef16ef2e8229c7fbb2c7d4d55a9ceca922f72d" "/opt/rustwide/cargo-home/bin/cargo" "+nightly-2024-10-28" "metadata" "--no-deps" "--format-version=1", kill_on_drop: false }`
[INFO] [stdout] 736477dd5eb590f3445cc232af5413cdbe218942c15e3aa40922bac2d037107b
[INFO] running `Command { std: "docker" "start" "-a" "736477dd5eb590f3445cc232af5413cdbe218942c15e3aa40922bac2d037107b", kill_on_drop: false }`
[INFO] running `Command { std: "docker" "inspect" "736477dd5eb590f3445cc232af5413cdbe218942c15e3aa40922bac2d037107b", kill_on_drop: false }`
[INFO] running `Command { std: "docker" "rm" "-f" "736477dd5eb590f3445cc232af5413cdbe218942c15e3aa40922bac2d037107b", kill_on_drop: false }`
[INFO] [stdout] 736477dd5eb590f3445cc232af5413cdbe218942c15e3aa40922bac2d037107b
[INFO] running `Command { std: "docker" "create" "-v" "/var/lib/crater-agent-workspace/builds/worker-3-tc1/target:/opt/rustwide/target:rw,Z" "-v" "/var/lib/crater-agent-workspace/builds/worker-3-tc1/source:/opt/rustwide/workdir:ro,Z" "-v" "/var/lib/crater-agent-workspace/cargo-home:/opt/rustwide/cargo-home:ro,Z" "-v" "/var/lib/crater-agent-workspace/rustup-home:/opt/rustwide/rustup-home:ro,Z" "-e" "SOURCE_DIR=/opt/rustwide/workdir" "-e" "CARGO_TARGET_DIR=/opt/rustwide/target" "-e" "CARGO_INCREMENTAL=0" "-e" "RUST_BACKTRACE=full" "-e" "RUSTFLAGS=--cap-lints=forbid" "-e" "RUSTDOCFLAGS=--cap-lints=forbid" "-e" "CARGO_HOME=/opt/rustwide/cargo-home" "-e" "RUSTUP_HOME=/opt/rustwide/rustup-home" "-w" "/opt/rustwide/workdir" "-m" "1610612736" "--user" "0:0" "--network" "none" "ghcr.io/rust-lang/crates-build-env/linux@sha256:4a844ea9eb2546a2d2c7022eacef16ef2e8229c7fbb2c7d4d55a9ceca922f72d" "/opt/rustwide/cargo-home/bin/cargo" "+nightly-2024-10-28" "build" "--frozen" "--message-format=json", kill_on_drop: false }`
[INFO] [stdout] 5aa1ab7c10b901db9ac690d846e58b11313815a4d1579b75f9278be8e20a8004
[INFO] running `Command { std: "docker" "start" "-a" "5aa1ab7c10b901db9ac690d846e58b11313815a4d1579b75f9278be8e20a8004", kill_on_drop: false }`
[INFO] [stderr]    Compiling proc-macro2 v1.0.6
[INFO] [stderr]    Compiling unicode-xid v0.2.0
[INFO] [stderr]    Compiling syn v1.0.7
[INFO] [stderr]    Compiling libc v0.2.65
[INFO] [stderr]    Compiling cfg-if v0.1.10
[INFO] [stderr]    Compiling semver-parser v0.7.0
[INFO] [stderr]    Compiling bitflags v1.2.1
[INFO] [stderr]    Compiling pkg-config v0.3.16
[INFO] [stderr]    Compiling lazy_static v1.4.0
[INFO] [stderr]    Compiling cc v1.0.46
[INFO] [stderr]    Compiling arrayvec v0.4.12
[INFO] [stderr]    Compiling ucd-trie v0.1.2
[INFO] [stderr]    Compiling serde v1.0.102
[INFO] [stderr]    Compiling nodrop v0.1.14
[INFO] [stderr]    Compiling ryu v1.0.2
[INFO] [stderr]    Compiling version_check v0.1.5
[INFO] [stderr]    Compiling rustc-demangle v0.1.16
[INFO] [stderr]    Compiling unwind v0.3.0
[INFO] [stderr]    Compiling crossbeam-utils v0.6.6
[INFO] [stderr]    Compiling maplit v1.0.2
[INFO] [stderr]    Compiling unicode-width v0.1.6
[INFO] [stderr]    Compiling semver v0.9.0
[INFO] [stderr]    Compiling pest v2.1.2
[INFO] [stderr]    Compiling foreign-types-shared v0.3.0
[INFO] [stderr]    Compiling error-chain v0.12.1
[INFO] [stderr]    Compiling glob v0.3.0
[INFO] [stderr]    Compiling scopeguard v1.0.0
[INFO] [stderr]    Compiling log v0.4.8
[INFO] [stderr]    Compiling void v1.0.2
[INFO] [stderr]    Compiling rustc_version v0.2.3
[INFO] [stderr]    Compiling unicode-segmentation v1.3.0
[INFO] [stderr]    Compiling nix v0.15.0
[INFO] [stderr]    Compiling textwrap v0.11.0
[INFO] [stderr]    Compiling ansi_term v0.11.0
[INFO] [stderr]    Compiling nix v0.16.0
[INFO] [stderr]    Compiling unwind-sys v0.1.1
[INFO] [stderr]    Compiling strsim v0.8.0
[INFO] [stderr]    Compiling itoa v0.4.4
[INFO] [stderr]    Compiling anyhow v1.0.18
[INFO] [stderr]    Compiling memoffset v0.5.1
[INFO] [stderr]    Compiling heck v0.3.1
[INFO] [stderr]    Compiling vec_map v0.8.1
[INFO] [stderr]    Compiling crossbeam-channel v0.3.9
[INFO] [stderr]    Compiling cpp_demangle v0.2.13
[INFO] [stderr]    Compiling quote v1.0.2
[INFO] [stderr]    Compiling crossbeam-queue v0.1.2
[INFO] [stderr]    Compiling crossbeam-epoch v0.7.2
[INFO] [stderr]    Compiling backtrace-sys v0.1.32
[INFO] [stderr]    Compiling pest_meta v2.1.2
[INFO] [stderr]    Compiling crossbeam-deque v0.7.1
[INFO] [stderr]    Compiling crossbeam v0.7.2
[INFO] [stderr]    Compiling atty v0.2.13
[INFO] [stderr]    Compiling clap v2.33.0
[INFO] [stderr]    Compiling backtrace v0.3.40
[INFO] [stderr]    Compiling proc-macro-error v0.2.6
[INFO] [stderr]    Compiling pest_generator v2.1.1
[INFO] [stderr]    Compiling serde_derive v1.0.102
[INFO] [stderr]    Compiling foreign-types-macros v0.2.0
[INFO] [stderr]    Compiling structopt-derive v0.3.3
[INFO] [stderr]    Compiling foreign-types v0.5.0
[INFO] [stderr]    Compiling rstack v0.3.1
[INFO] [stderr]    Compiling pest_derive v2.1.0
[INFO] [stderr]    Compiling structopt v0.3.3
[INFO] [stderr]    Compiling serde_json v1.0.41
[INFO] [stderr]    Compiling tiny-nix-ipc v0.1.1
[INFO] [stderr]    Compiling lxtrace v0.1.0 (/opt/rustwide/workdir)
[INFO] [stdout] warning: elided lifetime has a name
[INFO] [stdout]   --> src/magic/parse_tree.rs:22:44
[INFO] [stdout]    |
[INFO] [stdout] 19 |         impl<'a> $node_type<'a> {
[INFO] [stdout]    |              -- lifetime `'a` declared here
[INFO] [stdout] ...
[INFO] [stdout] 22 |             pub(super) fn new(n: N<'a>) -> $node_type {
[INFO] [stdout]    |                                            ^^^^^^^^^^ this elided lifetime gets resolved as `'a`
[INFO] [stdout] ...
[INFO] [stdout] 60 | define_node!(Input, Rule::input);
[INFO] [stdout]    | -------------------------------- in this macro invocation
[INFO] [stdout]    |
[INFO] [stdout]    = note: `#[warn(elided_named_lifetimes)]` on by default
[INFO] [stdout]    = note: this warning originates in the macro `define_node` (in Nightly builds, run with -Z macro-backtrace for more info)
[INFO] [stdout] 
[INFO] [stdout] 
[INFO] [stdout] warning: elided lifetime has a name
[INFO] [stdout]   --> src/magic/parse_tree.rs:22:44
[INFO] [stdout]    |
[INFO] [stdout] 19 |         impl<'a> $node_type<'a> {
[INFO] [stdout]    |              -- lifetime `'a` declared here
[INFO] [stdout] ...
[INFO] [stdout] 22 |             pub(super) fn new(n: N<'a>) -> $node_type {
[INFO] [stdout]    |                                            ^^^^^^^^^^ this elided lifetime gets resolved as `'a`
[INFO] [stdout] ...
[INFO] [stdout] 71 | define_node!(SyscallDef, Rule::syscall_def);
[INFO] [stdout]    | ------------------------------------------- in this macro invocation
[INFO] [stdout]    |
[INFO] [stdout]    = note: this warning originates in the macro `define_node` (in Nightly builds, run with -Z macro-backtrace for more info)
[INFO] [stdout] 
[INFO] [stdout] 
[INFO] [stdout] warning: elided lifetime has a name
[INFO] [stdout]   --> src/magic/parse_tree.rs:22:44
[INFO] [stdout]    |
[INFO] [stdout] 19 |         impl<'a> $node_type<'a> {
[INFO] [stdout]    |              -- lifetime `'a` declared here
[INFO] [stdout] ...
[INFO] [stdout] 22 |             pub(super) fn new(n: N<'a>) -> $node_type {
[INFO] [stdout]    |                                            ^^^^^^^^^^ this elided lifetime gets resolved as `'a`
[INFO] [stdout] ...
[INFO] [stdout] 85 | define_node!(DefBody, Rule::def_body);
[INFO] [stdout]    | ------------------------------------- in this macro invocation
[INFO] [stdout]    |
[INFO] [stdout]    = note: this warning originates in the macro `define_node` (in Nightly builds, run with -Z macro-backtrace for more info)
[INFO] [stdout] 
[INFO] [stdout] 
[INFO] [stdout] warning: elided lifetime has a name
[INFO] [stdout]   --> src/magic/parse_tree.rs:22:44
[INFO] [stdout]    |
[INFO] [stdout] 19 |         impl<'a> $node_type<'a> {
[INFO] [stdout]    |              -- lifetime `'a` declared here
[INFO] [stdout] ...
[INFO] [stdout] 22 |             pub(super) fn new(n: N<'a>) -> $node_type {
[INFO] [stdout]    |                                            ^^^^^^^^^^ this elided lifetime gets resolved as `'a`
[INFO] [stdout] ...
[INFO] [stdout] 92 | define_node!(FieldDef, Rule::field_def);
[INFO] [stdout]    | --------------------------------------- in this macro invocation
[INFO] [stdout]    |
[INFO] [stdout]    = note: this warning originates in the macro `define_node` (in Nightly builds, run with -Z macro-backtrace for more info)
[INFO] [stdout] 
[INFO] [stdout] 
[INFO] [stdout] warning: irrefutable `if let` pattern
[INFO] [stdout]   --> src/child.rs:16:8
[INFO] [stdout]    |
[INFO] [stdout] 16 |     if let Err(e) = nix::unistd::execvpe(spawn_opts.exe, spawn_opts.argv, spawn_opts.env) {
[INFO] [stdout]    |        ^^^^^^^^^^^^^^^^^^^^^^^^^^^^^^^^^^^^^^^^^^^^^^^^^^^^^^^^^^^^^^^^^^^^^^^^^^^^^^^^^^
[INFO] [stdout]    |
[INFO] [stdout]    = note: this pattern will always match, so the `if let` is useless
[INFO] [stdout]    = help: consider replacing the `if let` with a `let`
[INFO] [stdout]    = note: `#[warn(irrefutable_let_patterns)]` on by default
[INFO] [stdout] 
[INFO] [stdout] 
[INFO] [stdout] warning: non-local `impl` definition, `impl` blocks should be written at the same level as their item
[INFO] [stdout]   --> src/lib.rs:20:17
[INFO] [stdout]    |
[INFO] [stdout] 20 | #[derive(Debug, Serialize, Deserialize)]
[INFO] [stdout]    |                 ^--------
[INFO] [stdout]    |                 |
[INFO] [stdout]    |                 `Serialize` is not local
[INFO] [stdout]    |                 move the `impl` block outside of this constant `_IMPL_SERIALIZE_FOR_RawSyscall`
[INFO] [stdout] 21 | pub struct RawSyscall {
[INFO] [stdout]    |            ---------- `RawSyscall` is not local
[INFO] [stdout]    |
[INFO] [stdout]    = note: the derive macro `Serialize` defines the non-local `impl`, and may need to be changed
[INFO] [stdout]    = note: the derive macro `Serialize` may come from an old version of the `serde_derive` crate, try updating your dependency with `cargo update -p serde_derive`
[INFO] [stdout]    = note: an `impl` is never scoped, even when it is nested inside an item, as it may impact type checking outside of that item, which can be the case if neither the trait or the self type are at the same nesting level as the `impl`
[INFO] [stdout]    = note: items in an anonymous const item (`const _: () = { ... }`) are treated as in the same scope as the anonymous const's declaration for the purpose of this lint
[INFO] [stdout]    = note: `#[warn(non_local_definitions)]` on by default
[INFO] [stdout]    = note: this warning originates in the derive macro `Serialize` (in Nightly builds, run with -Z macro-backtrace for more info)
[INFO] [stdout] 
[INFO] [stdout] 
[INFO] [stdout] warning: non-local `impl` definition, `impl` blocks should be written at the same level as their item
[INFO] [stdout]   --> src/lib.rs:20:28
[INFO] [stdout]    |
[INFO] [stdout] 20 | #[derive(Debug, Serialize, Deserialize)]
[INFO] [stdout]    |                            ^----------
[INFO] [stdout]    |                            |
[INFO] [stdout]    |                            `Deserialize` is not local
[INFO] [stdout]    |                            move the `impl` block outside of this constant `_IMPL_DESERIALIZE_FOR_RawSyscall`
[INFO] [stdout] 21 | pub struct RawSyscall {
[INFO] [stdout]    |            ---------- `RawSyscall` is not local
[INFO] [stdout]    |
[INFO] [stdout]    = note: the derive macro `Deserialize` defines the non-local `impl`, and may need to be changed
[INFO] [stdout]    = note: the derive macro `Deserialize` may come from an old version of the `serde_derive` crate, try updating your dependency with `cargo update -p serde_derive`
[INFO] [stdout]    = note: an `impl` is never scoped, even when it is nested inside an item, as it may impact type checking outside of that item, which can be the case if neither the trait or the self type are at the same nesting level as the `impl`
[INFO] [stdout]    = note: items in an anonymous const item (`const _: () = { ... }`) are treated as in the same scope as the anonymous const's declaration for the purpose of this lint
[INFO] [stdout]    = note: this warning originates in the derive macro `Deserialize` (in Nightly builds, run with -Z macro-backtrace for more info)
[INFO] [stdout] 
[INFO] [stdout] 
[INFO] [stdout] warning: non-local `impl` definition, `impl` blocks should be written at the same level as their item
[INFO] [stdout]   --> src/lib.rs:27:17
[INFO] [stdout]    |
[INFO] [stdout] 27 | #[derive(Debug, Serialize, Deserialize)]
[INFO] [stdout]    |                 ^--------
[INFO] [stdout]    |                 |
[INFO] [stdout]    |                 `Serialize` is not local
[INFO] [stdout]    |                 move the `impl` block outside of this constant `_IMPL_SERIALIZE_FOR_Syscall`
[INFO] [stdout] 28 | pub struct Syscall {
[INFO] [stdout]    |            ------- `Syscall` is not local
[INFO] [stdout]    |
[INFO] [stdout]    = note: the derive macro `Serialize` defines the non-local `impl`, and may need to be changed
[INFO] [stdout]    = note: the derive macro `Serialize` may come from an old version of the `serde_derive` crate, try updating your dependency with `cargo update -p serde_derive`
[INFO] [stdout]    = note: an `impl` is never scoped, even when it is nested inside an item, as it may impact type checking outside of that item, which can be the case if neither the trait or the self type are at the same nesting level as the `impl`
[INFO] [stdout]    = note: items in an anonymous const item (`const _: () = { ... }`) are treated as in the same scope as the anonymous const's declaration for the purpose of this lint
[INFO] [stdout]    = note: this warning originates in the derive macro `Serialize` (in Nightly builds, run with -Z macro-backtrace for more info)
[INFO] [stdout] 
[INFO] [stdout] 
[INFO] [stdout] warning: non-local `impl` definition, `impl` blocks should be written at the same level as their item
[INFO] [stdout]   --> src/lib.rs:27:28
[INFO] [stdout]    |
[INFO] [stdout] 27 | #[derive(Debug, Serialize, Deserialize)]
[INFO] [stdout]    |                            ^----------
[INFO] [stdout]    |                            |
[INFO] [stdout]    |                            `Deserialize` is not local
[INFO] [stdout]    |                            move the `impl` block outside of this constant `_IMPL_DESERIALIZE_FOR_Syscall`
[INFO] [stdout] 28 | pub struct Syscall {
[INFO] [stdout]    |            ------- `Syscall` is not local
[INFO] [stdout]    |
[INFO] [stdout]    = note: the derive macro `Deserialize` defines the non-local `impl`, and may need to be changed
[INFO] [stdout]    = note: the derive macro `Deserialize` may come from an old version of the `serde_derive` crate, try updating your dependency with `cargo update -p serde_derive`
[INFO] [stdout]    = note: an `impl` is never scoped, even when it is nested inside an item, as it may impact type checking outside of that item, which can be the case if neither the trait or the self type are at the same nesting level as the `impl`
[INFO] [stdout]    = note: items in an anonymous const item (`const _: () = { ... }`) are treated as in the same scope as the anonymous const's declaration for the purpose of this lint
[INFO] [stdout]    = note: this warning originates in the derive macro `Deserialize` (in Nightly builds, run with -Z macro-backtrace for more info)
[INFO] [stdout] 
[INFO] [stdout] 
[INFO] [stdout] warning: non-local `impl` definition, `impl` blocks should be written at the same level as their item
[INFO] [stdout]   --> src/lib.rs:39:17
[INFO] [stdout]    |
[INFO] [stdout] 39 | #[derive(Debug, Serialize, Deserialize)]
[INFO] [stdout]    |                 ^--------
[INFO] [stdout]    |                 |
[INFO] [stdout]    |                 `Serialize` is not local
[INFO] [stdout]    |                 move the `impl` block outside of this constant `_IMPL_SERIALIZE_FOR_EventPayload`
[INFO] [stdout] ...
[INFO] [stdout] 42 | pub enum EventPayload {
[INFO] [stdout]    |          ------------ `EventPayload` is not local
[INFO] [stdout]    |
[INFO] [stdout]    = note: the derive macro `Serialize` defines the non-local `impl`, and may need to be changed
[INFO] [stdout]    = note: the derive macro `Serialize` may come from an old version of the `serde_derive` crate, try updating your dependency with `cargo update -p serde_derive`
[INFO] [stdout]    = note: an `impl` is never scoped, even when it is nested inside an item, as it may impact type checking outside of that item, which can be the case if neither the trait or the self type are at the same nesting level as the `impl`
[INFO] [stdout]    = note: items in an anonymous const item (`const _: () = { ... }`) are treated as in the same scope as the anonymous const's declaration for the purpose of this lint
[INFO] [stdout]    = note: this warning originates in the derive macro `Serialize` (in Nightly builds, run with -Z macro-backtrace for more info)
[INFO] [stdout] 
[INFO] [stdout] 
[INFO] [stdout] warning: non-local `impl` definition, `impl` blocks should be written at the same level as their item
[INFO] [stdout]   --> src/lib.rs:39:28
[INFO] [stdout]    |
[INFO] [stdout] 39 | #[derive(Debug, Serialize, Deserialize)]
[INFO] [stdout]    |                            ^----------
[INFO] [stdout]    |                            |
[INFO] [stdout]    |                            `Deserialize` is not local
[INFO] [stdout]    |                            move the `impl` block outside of this constant `_IMPL_DESERIALIZE_FOR_EventPayload`
[INFO] [stdout] ...
[INFO] [stdout] 42 | pub enum EventPayload {
[INFO] [stdout]    |          ------------ `EventPayload` is not local
[INFO] [stdout]    |
[INFO] [stdout]    = note: the derive macro `Deserialize` defines the non-local `impl`, and may need to be changed
[INFO] [stdout]    = note: the derive macro `Deserialize` may come from an old version of the `serde_derive` crate, try updating your dependency with `cargo update -p serde_derive`
[INFO] [stdout]    = note: an `impl` is never scoped, even when it is nested inside an item, as it may impact type checking outside of that item, which can be the case if neither the trait or the self type are at the same nesting level as the `impl`
[INFO] [stdout]    = note: items in an anonymous const item (`const _: () = { ... }`) are treated as in the same scope as the anonymous const's declaration for the purpose of this lint
[INFO] [stdout]    = note: this warning originates in the derive macro `Deserialize` (in Nightly builds, run with -Z macro-backtrace for more info)
[INFO] [stdout] 
[INFO] [stdout] 
[INFO] [stdout] warning: non-local `impl` definition, `impl` blocks should be written at the same level as their item
[INFO] [stdout]   --> src/lib.rs:68:17
[INFO] [stdout]    |
[INFO] [stdout] 68 | #[derive(Debug, Serialize, Deserialize)]
[INFO] [stdout]    |                 ^--------
[INFO] [stdout]    |                 |
[INFO] [stdout]    |                 `Serialize` is not local
[INFO] [stdout]    |                 move the `impl` block outside of this constant `_IMPL_SERIALIZE_FOR_Event`
[INFO] [stdout] 69 | pub struct Event {
[INFO] [stdout]    |            ----- `Event` is not local
[INFO] [stdout]    |
[INFO] [stdout]    = note: the derive macro `Serialize` defines the non-local `impl`, and may need to be changed
[INFO] [stdout]    = note: the derive macro `Serialize` may come from an old version of the `serde_derive` crate, try updating your dependency with `cargo update -p serde_derive`
[INFO] [stdout]    = note: an `impl` is never scoped, even when it is nested inside an item, as it may impact type checking outside of that item, which can be the case if neither the trait or the self type are at the same nesting level as the `impl`
[INFO] [stdout]    = note: items in an anonymous const item (`const _: () = { ... }`) are treated as in the same scope as the anonymous const's declaration for the purpose of this lint
[INFO] [stdout]    = note: this warning originates in the derive macro `Serialize` (in Nightly builds, run with -Z macro-backtrace for more info)
[INFO] [stdout] 
[INFO] [stdout] 
[INFO] [stdout] warning: non-local `impl` definition, `impl` blocks should be written at the same level as their item
[INFO] [stdout]   --> src/lib.rs:68:28
[INFO] [stdout]    |
[INFO] [stdout] 68 | #[derive(Debug, Serialize, Deserialize)]
[INFO] [stdout]    |                            ^----------
[INFO] [stdout]    |                            |
[INFO] [stdout]    |                            `Deserialize` is not local
[INFO] [stdout]    |                            move the `impl` block outside of this constant `_IMPL_DESERIALIZE_FOR_Event`
[INFO] [stdout] 69 | pub struct Event {
[INFO] [stdout]    |            ----- `Event` is not local
[INFO] [stdout]    |
[INFO] [stdout]    = note: the derive macro `Deserialize` defines the non-local `impl`, and may need to be changed
[INFO] [stdout]    = note: the derive macro `Deserialize` may come from an old version of the `serde_derive` crate, try updating your dependency with `cargo update -p serde_derive`
[INFO] [stdout]    = note: an `impl` is never scoped, even when it is nested inside an item, as it may impact type checking outside of that item, which can be the case if neither the trait or the self type are at the same nesting level as the `impl`
[INFO] [stdout]    = note: items in an anonymous const item (`const _: () = { ... }`) are treated as in the same scope as the anonymous const's declaration for the purpose of this lint
[INFO] [stdout]    = note: this warning originates in the derive macro `Deserialize` (in Nightly builds, run with -Z macro-backtrace for more info)
[INFO] [stdout] 
[INFO] [stdout] 
[INFO] [stdout] warning: non-local `impl` definition, `impl` blocks should be written at the same level as their item
[INFO] [stdout]  --> src/backtrace.rs:3:17
[INFO] [stdout]   |
[INFO] [stdout] 3 | #[derive(Debug, Serialize, Deserialize)]
[INFO] [stdout]   |                 ^--------
[INFO] [stdout]   |                 |
[INFO] [stdout]   |                 `Serialize` is not local
[INFO] [stdout]   |                 move the `impl` block outside of this constant `_IMPL_SERIALIZE_FOR_Backtrace`
[INFO] [stdout] 4 | pub struct Backtrace {
[INFO] [stdout]   |            --------- `Backtrace` is not local
[INFO] [stdout]   |
[INFO] [stdout]   = note: the derive macro `Serialize` defines the non-local `impl`, and may need to be changed
[INFO] [stdout]   = note: the derive macro `Serialize` may come from an old version of the `serde_derive` crate, try updating your dependency with `cargo update -p serde_derive`
[INFO] [stdout]   = note: an `impl` is never scoped, even when it is nested inside an item, as it may impact type checking outside of that item, which can be the case if neither the trait or the self type are at the same nesting level as the `impl`
[INFO] [stdout]   = note: items in an anonymous const item (`const _: () = { ... }`) are treated as in the same scope as the anonymous const's declaration for the purpose of this lint
[INFO] [stdout]   = note: this warning originates in the derive macro `Serialize` (in Nightly builds, run with -Z macro-backtrace for more info)
[INFO] [stdout] 
[INFO] [stdout] 
[INFO] [stdout] warning: non-local `impl` definition, `impl` blocks should be written at the same level as their item
[INFO] [stdout]  --> src/backtrace.rs:3:28
[INFO] [stdout]   |
[INFO] [stdout] 3 | #[derive(Debug, Serialize, Deserialize)]
[INFO] [stdout]   |                            ^----------
[INFO] [stdout]   |                            |
[INFO] [stdout]   |                            `Deserialize` is not local
[INFO] [stdout]   |                            move the `impl` block outside of this constant `_IMPL_DESERIALIZE_FOR_Backtrace`
[INFO] [stdout] 4 | pub struct Backtrace {
[INFO] [stdout]   |            --------- `Backtrace` is not local
[INFO] [stdout]   |
[INFO] [stdout]   = note: the derive macro `Deserialize` defines the non-local `impl`, and may need to be changed
[INFO] [stdout]   = note: the derive macro `Deserialize` may come from an old version of the `serde_derive` crate, try updating your dependency with `cargo update -p serde_derive`
[INFO] [stdout]   = note: an `impl` is never scoped, even when it is nested inside an item, as it may impact type checking outside of that item, which can be the case if neither the trait or the self type are at the same nesting level as the `impl`
[INFO] [stdout]   = note: items in an anonymous const item (`const _: () = { ... }`) are treated as in the same scope as the anonymous const's declaration for the purpose of this lint
[INFO] [stdout]   = note: this warning originates in the derive macro `Deserialize` (in Nightly builds, run with -Z macro-backtrace for more info)
[INFO] [stdout] 
[INFO] [stdout] 
[INFO] [stdout] warning: non-local `impl` definition, `impl` blocks should be written at the same level as their item
[INFO] [stdout]   --> src/backtrace.rs:12:17
[INFO] [stdout]    |
[INFO] [stdout] 12 | #[derive(Debug, Serialize, Deserialize)]
[INFO] [stdout]    |                 ^--------
[INFO] [stdout]    |                 |
[INFO] [stdout]    |                 `Serialize` is not local
[INFO] [stdout]    |                 move the `impl` block outside of this constant `_IMPL_SERIALIZE_FOR_ThreadBacktrace`
[INFO] [stdout] 13 | pub struct ThreadBacktrace {
[INFO] [stdout]    |            --------------- `ThreadBacktrace` is not local
[INFO] [stdout]    |
[INFO] [stdout]    = note: the derive macro `Serialize` defines the non-local `impl`, and may need to be changed
[INFO] [stdout]    = note: the derive macro `Serialize` may come from an old version of the `serde_derive` crate, try updating your dependency with `cargo update -p serde_derive`
[INFO] [stdout]    = note: an `impl` is never scoped, even when it is nested inside an item, as it may impact type checking outside of that item, which can be the case if neither the trait or the self type are at the same nesting level as the `impl`
[INFO] [stdout]    = note: items in an anonymous const item (`const _: () = { ... }`) are treated as in the same scope as the anonymous const's declaration for the purpose of this lint
[INFO] [stdout]    = note: this warning originates in the derive macro `Serialize` (in Nightly builds, run with -Z macro-backtrace for more info)
[INFO] [stdout] 
[INFO] [stdout] 
[INFO] [stdout] warning: non-local `impl` definition, `impl` blocks should be written at the same level as their item
[INFO] [stdout]   --> src/backtrace.rs:12:28
[INFO] [stdout]    |
[INFO] [stdout] 12 | #[derive(Debug, Serialize, Deserialize)]
[INFO] [stdout]    |                            ^----------
[INFO] [stdout]    |                            |
[INFO] [stdout]    |                            `Deserialize` is not local
[INFO] [stdout]    |                            move the `impl` block outside of this constant `_IMPL_DESERIALIZE_FOR_ThreadBacktrace`
[INFO] [stdout] 13 | pub struct ThreadBacktrace {
[INFO] [stdout]    |            --------------- `ThreadBacktrace` is not local
[INFO] [stdout]    |
[INFO] [stdout]    = note: the derive macro `Deserialize` defines the non-local `impl`, and may need to be changed
[INFO] [stdout]    = note: the derive macro `Deserialize` may come from an old version of the `serde_derive` crate, try updating your dependency with `cargo update -p serde_derive`
[INFO] [stdout]    = note: an `impl` is never scoped, even when it is nested inside an item, as it may impact type checking outside of that item, which can be the case if neither the trait or the self type are at the same nesting level as the `impl`
[INFO] [stdout]    = note: items in an anonymous const item (`const _: () = { ... }`) are treated as in the same scope as the anonymous const's declaration for the purpose of this lint
[INFO] [stdout]    = note: this warning originates in the derive macro `Deserialize` (in Nightly builds, run with -Z macro-backtrace for more info)
[INFO] [stdout] 
[INFO] [stdout] 
[INFO] [stdout] warning: non-local `impl` definition, `impl` blocks should be written at the same level as their item
[INFO] [stdout]   --> src/backtrace.rs:30:17
[INFO] [stdout]    |
[INFO] [stdout] 30 | #[derive(Debug, Serialize, Deserialize)]
[INFO] [stdout]    |                 ^--------
[INFO] [stdout]    |                 |
[INFO] [stdout]    |                 `Serialize` is not local
[INFO] [stdout]    |                 move the `impl` block outside of this constant `_IMPL_SERIALIZE_FOR_Frame`
[INFO] [stdout] 31 | pub struct Frame {
[INFO] [stdout]    |            ----- `Frame` is not local
[INFO] [stdout]    |
[INFO] [stdout]    = note: the derive macro `Serialize` defines the non-local `impl`, and may need to be changed
[INFO] [stdout]    = note: the derive macro `Serialize` may come from an old version of the `serde_derive` crate, try updating your dependency with `cargo update -p serde_derive`
[INFO] [stdout]    = note: an `impl` is never scoped, even when it is nested inside an item, as it may impact type checking outside of that item, which can be the case if neither the trait or the self type are at the same nesting level as the `impl`
[INFO] [stdout]    = note: items in an anonymous const item (`const _: () = { ... }`) are treated as in the same scope as the anonymous const's declaration for the purpose of this lint
[INFO] [stdout]    = note: this warning originates in the derive macro `Serialize` (in Nightly builds, run with -Z macro-backtrace for more info)
[INFO] [stdout] 
[INFO] [stdout] 
[INFO] [stdout] warning: non-local `impl` definition, `impl` blocks should be written at the same level as their item
[INFO] [stdout]   --> src/backtrace.rs:30:28
[INFO] [stdout]    |
[INFO] [stdout] 30 | #[derive(Debug, Serialize, Deserialize)]
[INFO] [stdout]    |                            ^----------
[INFO] [stdout]    |                            |
[INFO] [stdout]    |                            `Deserialize` is not local
[INFO] [stdout]    |                            move the `impl` block outside of this constant `_IMPL_DESERIALIZE_FOR_Frame`
[INFO] [stdout] 31 | pub struct Frame {
[INFO] [stdout]    |            ----- `Frame` is not local
[INFO] [stdout]    |
[INFO] [stdout]    = note: the derive macro `Deserialize` defines the non-local `impl`, and may need to be changed
[INFO] [stdout]    = note: the derive macro `Deserialize` may come from an old version of the `serde_derive` crate, try updating your dependency with `cargo update -p serde_derive`
[INFO] [stdout]    = note: an `impl` is never scoped, even when it is nested inside an item, as it may impact type checking outside of that item, which can be the case if neither the trait or the self type are at the same nesting level as the `impl`
[INFO] [stdout]    = note: items in an anonymous const item (`const _: () = { ... }`) are treated as in the same scope as the anonymous const's declaration for the purpose of this lint
[INFO] [stdout]    = note: this warning originates in the derive macro `Deserialize` (in Nightly builds, run with -Z macro-backtrace for more info)
[INFO] [stdout] 
[INFO] [stdout] 
[INFO] [stdout] warning: non-local `impl` definition, `impl` blocks should be written at the same level as their item
[INFO] [stdout]   --> src/backtrace.rs:45:17
[INFO] [stdout]    |
[INFO] [stdout] 45 | #[derive(Debug, Serialize, Deserialize)]
[INFO] [stdout]    |                 ^--------
[INFO] [stdout]    |                 |
[INFO] [stdout]    |                 `Serialize` is not local
[INFO] [stdout]    |                 move the `impl` block outside of this constant `_IMPL_SERIALIZE_FOR_Symbol`
[INFO] [stdout] 46 | pub struct Symbol {
[INFO] [stdout]    |            ------ `Symbol` is not local
[INFO] [stdout]    |
[INFO] [stdout]    = note: the derive macro `Serialize` defines the non-local `impl`, and may need to be changed
[INFO] [stdout]    = note: the derive macro `Serialize` may come from an old version of the `serde_derive` crate, try updating your dependency with `cargo update -p serde_derive`
[INFO] [stdout]    = note: an `impl` is never scoped, even when it is nested inside an item, as it may impact type checking outside of that item, which can be the case if neither the trait or the self type are at the same nesting level as the `impl`
[INFO] [stdout]    = note: items in an anonymous const item (`const _: () = { ... }`) are treated as in the same scope as the anonymous const's declaration for the purpose of this lint
[INFO] [stdout]    = note: this warning originates in the derive macro `Serialize` (in Nightly builds, run with -Z macro-backtrace for more info)
[INFO] [stdout] 
[INFO] [stdout] 
[INFO] [stdout] warning: non-local `impl` definition, `impl` blocks should be written at the same level as their item
[INFO] [stdout]   --> src/backtrace.rs:45:28
[INFO] [stdout]    |
[INFO] [stdout] 45 | #[derive(Debug, Serialize, Deserialize)]
[INFO] [stdout]    |                            ^----------
[INFO] [stdout]    |                            |
[INFO] [stdout]    |                            `Deserialize` is not local
[INFO] [stdout]    |                            move the `impl` block outside of this constant `_IMPL_DESERIALIZE_FOR_Symbol`
[INFO] [stdout] 46 | pub struct Symbol {
[INFO] [stdout]    |            ------ `Symbol` is not local
[INFO] [stdout]    |
[INFO] [stdout]    = note: the derive macro `Deserialize` defines the non-local `impl`, and may need to be changed
[INFO] [stdout]    = note: the derive macro `Deserialize` may come from an old version of the `serde_derive` crate, try updating your dependency with `cargo update -p serde_derive`
[INFO] [stdout]    = note: an `impl` is never scoped, even when it is nested inside an item, as it may impact type checking outside of that item, which can be the case if neither the trait or the self type are at the same nesting level as the `impl`
[INFO] [stdout]    = note: items in an anonymous const item (`const _: () = { ... }`) are treated as in the same scope as the anonymous const's declaration for the purpose of this lint
[INFO] [stdout]    = note: this warning originates in the derive macro `Deserialize` (in Nightly builds, run with -Z macro-backtrace for more info)
[INFO] [stdout] 
[INFO] [stdout] 
[INFO] [stdout] warning: non-local `impl` definition, `impl` blocks should be written at the same level as their item
[INFO] [stdout]   --> src/magic/ty.rs:27:17
[INFO] [stdout]    |
[INFO] [stdout] 27 | #[derive(Debug, Serialize, Deserialize)]
[INFO] [stdout]    |                 ^--------
[INFO] [stdout]    |                 |
[INFO] [stdout]    |                 `Serialize` is not local
[INFO] [stdout]    |                 move the `impl` block outside of this constant `_IMPL_SERIALIZE_FOR_Value`
[INFO] [stdout] ...
[INFO] [stdout] 31 | pub enum Value {
[INFO] [stdout]    |          ----- `Value` is not local
[INFO] [stdout]    |
[INFO] [stdout]    = note: the derive macro `Serialize` defines the non-local `impl`, and may need to be changed
[INFO] [stdout]    = note: the derive macro `Serialize` may come from an old version of the `serde_derive` crate, try updating your dependency with `cargo update -p serde_derive`
[INFO] [stdout]    = note: an `impl` is never scoped, even when it is nested inside an item, as it may impact type checking outside of that item, which can be the case if neither the trait or the self type are at the same nesting level as the `impl`
[INFO] [stdout]    = note: items in an anonymous const item (`const _: () = { ... }`) are treated as in the same scope as the anonymous const's declaration for the purpose of this lint
[INFO] [stdout]    = note: this warning originates in the derive macro `Serialize` (in Nightly builds, run with -Z macro-backtrace for more info)
[INFO] [stdout] 
[INFO] [stdout] 
[INFO] [stdout] warning: non-local `impl` definition, `impl` blocks should be written at the same level as their item
[INFO] [stdout]   --> src/magic/ty.rs:27:28
[INFO] [stdout]    |
[INFO] [stdout] 27 | #[derive(Debug, Serialize, Deserialize)]
[INFO] [stdout]    |                            ^----------
[INFO] [stdout]    |                            |
[INFO] [stdout]    |                            `Deserialize` is not local
[INFO] [stdout]    |                            move the `impl` block outside of this constant `_IMPL_DESERIALIZE_FOR_Value`
[INFO] [stdout] ...
[INFO] [stdout] 31 | pub enum Value {
[INFO] [stdout]    |          ----- `Value` is not local
[INFO] [stdout]    |
[INFO] [stdout]    = note: the derive macro `Deserialize` defines the non-local `impl`, and may need to be changed
[INFO] [stdout]    = note: the derive macro `Deserialize` may come from an old version of the `serde_derive` crate, try updating your dependency with `cargo update -p serde_derive`
[INFO] [stdout]    = note: an `impl` is never scoped, even when it is nested inside an item, as it may impact type checking outside of that item, which can be the case if neither the trait or the self type are at the same nesting level as the `impl`
[INFO] [stdout]    = note: items in an anonymous const item (`const _: () = { ... }`) are treated as in the same scope as the anonymous const's declaration for the purpose of this lint
[INFO] [stdout]    = note: this warning originates in the derive macro `Deserialize` (in Nightly builds, run with -Z macro-backtrace for more info)
[INFO] [stdout] 
[INFO] [stdout] 
[INFO] [stdout] error: linking with `cc` failed: exit status: 1
[INFO] [stdout]   |
[INFO] [stdout]   = note: LC_ALL="C" PATH="/opt/rustwide/rustup-home/toolchains/nightly-2024-10-28-x86_64-unknown-linux-gnu/lib/rustlib/x86_64-unknown-linux-gnu/bin:/opt/rustwide/rustup-home/toolchains/nightly-2024-10-28-x86_64-unknown-linux-gnu/lib/rustlib/x86_64-unknown-linux-gnu/bin/self-contained:/opt/rustwide/cargo-home/bin:/usr/local/sbin:/usr/local/bin:/usr/sbin:/usr/bin:/sbin:/bin" VSLANG="1033" "cc" "-m64" "/tmp/rustc8XK9Ny/symbols.o" "/opt/rustwide/target/debug/deps/lxtrace-b0e23fb110401823.lxtrace.57c1690918fe1068-cgu.0.rcgu.o" "/opt/rustwide/target/debug/deps/lxtrace-b0e23fb110401823.lxtrace.57c1690918fe1068-cgu.1.rcgu.o" "/opt/rustwide/target/debug/deps/lxtrace-b0e23fb110401823.lxtrace.57c1690918fe1068-cgu.2.rcgu.o" "/opt/rustwide/target/debug/deps/lxtrace-b0e23fb110401823.lxtrace.57c1690918fe1068-cgu.3.rcgu.o" "/opt/rustwide/target/debug/deps/lxtrace-b0e23fb110401823.lxtrace.57c1690918fe1068-cgu.4.rcgu.o" "/opt/rustwide/target/debug/deps/lxtrace-b0e23fb110401823.ccf9evmi5kdoxbsh8g2tptjab.rcgu.o" "-Wl,--as-needed" "-Wl,-Bstatic" "/opt/rustwide/target/debug/deps/libstructopt-dbc1490d2105189b.rlib" "/opt/rustwide/target/debug/deps/libclap-141ab38e5589b85e.rlib" "/opt/rustwide/target/debug/deps/libvec_map-eac28ef77e7894f4.rlib" "/opt/rustwide/target/debug/deps/libtextwrap-f453d34384294d90.rlib" "/opt/rustwide/target/debug/deps/libunicode_width-060813eef1af7dba.rlib" "/opt/rustwide/target/debug/deps/libstrsim-c58ca68092cf803b.rlib" "/opt/rustwide/target/debug/deps/libatty-9a16596069f6915b.rlib" "/opt/rustwide/target/debug/deps/libansi_term-c5d639f3e545ec5b.rlib" "/opt/rustwide/target/debug/deps/liblxtrace-2a38548260b89d2b.rlib" "/opt/rustwide/target/debug/deps/libcrossbeam-58cb6c74c11eef56.rlib" "/opt/rustwide/target/debug/deps/libcrossbeam_queue-0fd2cd193fde5280.rlib" "/opt/rustwide/target/debug/deps/libcrossbeam_channel-2421832eba4d9734.rlib" "/opt/rustwide/target/debug/deps/libcrossbeam_deque-9a49555bdb83daa2.rlib" "/opt/rustwide/target/debug/deps/libcrossbeam_epoch-1b3bef990809ae15.rlib" "/opt/rustwide/target/debug/deps/libscopeguard-f9d12082f011eedc.rlib" "/opt/rustwide/target/debug/deps/libmemoffset-1bcbe2b311575f8f.rlib" "/opt/rustwide/target/debug/deps/libcrossbeam_utils-8b1d3479d6dfaa17.rlib" "/opt/rustwide/target/debug/deps/liblazy_static-b82c15677deef9e2.rlib" "/opt/rustwide/target/debug/deps/libarrayvec-5cdd09d346214a9a.rlib" "/opt/rustwide/target/debug/deps/libnodrop-1877243e354a6caa.rlib" "/opt/rustwide/target/debug/deps/librstack-fd36aa93055395f7.rlib" "/opt/rustwide/target/debug/deps/libunwind-2896bc4cd10b14ec.rlib" "/opt/rustwide/target/debug/deps/libunwind_sys-06c4aa19372ad36e.rlib" "/opt/rustwide/target/debug/deps/libforeign_types-b7062ca1645ff108.rlib" "/opt/rustwide/target/debug/deps/libforeign_types_shared-7fa68804fd5a782c.rlib" "/opt/rustwide/target/debug/deps/liblog-d518e11a151501be.rlib" "/opt/rustwide/target/debug/deps/libcpp_demangle-33fc06de5a8cc9a1.rlib" "/opt/rustwide/target/debug/deps/libtiny_nix_ipc-5ce47c68305328b6.rlib" "/opt/rustwide/target/debug/deps/libserde_json-c6d1b1fcc0800239.rlib" "/opt/rustwide/target/debug/deps/libryu-4110fff4b29be1a1.rlib" "/opt/rustwide/target/debug/deps/libitoa-49876a9142f55064.rlib" "/opt/rustwide/target/debug/deps/liberror_chain-c3ce937c7a2c29d7.rlib" "/opt/rustwide/target/debug/deps/libbacktrace-26485ad2bdf9fbba.rlib" "/opt/rustwide/target/debug/deps/libbacktrace_sys-d12937b47a5896ef.rlib" "/opt/rustwide/target/debug/deps/librustc_demangle-50319aa0f3b5548f.rlib" "/opt/rustwide/target/debug/deps/libnix-d38faa1a9ef9b4bb.rlib" "/opt/rustwide/target/debug/deps/libpest-63e0bf109a317a7b.rlib" "/opt/rustwide/target/debug/deps/libucd_trie-9f501de1fb73bdb2.rlib" "/opt/rustwide/target/debug/deps/libnix-d66090189312cf33.rlib" "/opt/rustwide/target/debug/deps/liblibc-c84c5749245158b9.rlib" "/opt/rustwide/target/debug/deps/libvoid-6ec24f4dc2b90f33.rlib" "/opt/rustwide/target/debug/deps/libcfg_if-6065b8815e149626.rlib" "/opt/rustwide/target/debug/deps/libbitflags-b8f2fcfec265dfb2.rlib" "/opt/rustwide/target/debug/deps/libserde-b3b06be43132ef92.rlib" "/opt/rustwide/target/debug/deps/libanyhow-cf15f3baccb45e83.rlib" "/opt/rustwide/rustup-home/toolchains/nightly-2024-10-28-x86_64-unknown-linux-gnu/lib/rustlib/x86_64-unknown-linux-gnu/lib/libstd-fb8c387236db3c10.rlib" "/opt/rustwide/rustup-home/toolchains/nightly-2024-10-28-x86_64-unknown-linux-gnu/lib/rustlib/x86_64-unknown-linux-gnu/lib/libpanic_unwind-b251837809b2f64b.rlib" "/opt/rustwide/rustup-home/toolchains/nightly-2024-10-28-x86_64-unknown-linux-gnu/lib/rustlib/x86_64-unknown-linux-gnu/lib/libobject-cbef83eaa4e01f04.rlib" "/opt/rustwide/rustup-home/toolchains/nightly-2024-10-28-x86_64-unknown-linux-gnu/lib/rustlib/x86_64-unknown-linux-gnu/lib/libmemchr-12a772286de2fca7.rlib" "/opt/rustwide/rustup-home/toolchains/nightly-2024-10-28-x86_64-unknown-linux-gnu/lib/rustlib/x86_64-unknown-linux-gnu/lib/libaddr2line-023bbe5ada7abfc3.rlib" "/opt/rustwide/rustup-home/toolchains/nightly-2024-10-28-x86_64-unknown-linux-gnu/lib/rustlib/x86_64-unknown-linux-gnu/lib/libgimli-de2bcdf10ec69c2b.rlib" "/opt/rustwide/rustup-home/toolchains/nightly-2024-10-28-x86_64-unknown-linux-gnu/lib/rustlib/x86_64-unknown-linux-gnu/lib/librustc_demangle-8e1754df350800fd.rlib" "/opt/rustwide/rustup-home/toolchains/nightly-2024-10-28-x86_64-unknown-linux-gnu/lib/rustlib/x86_64-unknown-linux-gnu/lib/libstd_detect-06c2ab7b9c32e037.rlib" "/opt/rustwide/rustup-home/toolchains/nightly-2024-10-28-x86_64-unknown-linux-gnu/lib/rustlib/x86_64-unknown-linux-gnu/lib/libhashbrown-51d2621fc57a281b.rlib" "/opt/rustwide/rustup-home/toolchains/nightly-2024-10-28-x86_64-unknown-linux-gnu/lib/rustlib/x86_64-unknown-linux-gnu/lib/librustc_std_workspace_alloc-54a930408793772f.rlib" "/opt/rustwide/rustup-home/toolchains/nightly-2024-10-28-x86_64-unknown-linux-gnu/lib/rustlib/x86_64-unknown-linux-gnu/lib/libminiz_oxide-0c7d01cba400dcb2.rlib" "/opt/rustwide/rustup-home/toolchains/nightly-2024-10-28-x86_64-unknown-linux-gnu/lib/rustlib/x86_64-unknown-linux-gnu/lib/libadler-b9f84d69e331b75b.rlib" "/opt/rustwide/rustup-home/toolchains/nightly-2024-10-28-x86_64-unknown-linux-gnu/lib/rustlib/x86_64-unknown-linux-gnu/lib/libunwind-eec95493246aae39.rlib" "/opt/rustwide/rustup-home/toolchains/nightly-2024-10-28-x86_64-unknown-linux-gnu/lib/rustlib/x86_64-unknown-linux-gnu/lib/libcfg_if-6f6676c475e08ab0.rlib" "/opt/rustwide/rustup-home/toolchains/nightly-2024-10-28-x86_64-unknown-linux-gnu/lib/rustlib/x86_64-unknown-linux-gnu/lib/liblibc-799d520624f8b2e0.rlib" "/opt/rustwide/rustup-home/toolchains/nightly-2024-10-28-x86_64-unknown-linux-gnu/lib/rustlib/x86_64-unknown-linux-gnu/lib/liballoc-fcf93d4842acd9a9.rlib" "/opt/rustwide/rustup-home/toolchains/nightly-2024-10-28-x86_64-unknown-linux-gnu/lib/rustlib/x86_64-unknown-linux-gnu/lib/librustc_std_workspace_core-395a38b8e0851c9b.rlib" "/opt/rustwide/rustup-home/toolchains/nightly-2024-10-28-x86_64-unknown-linux-gnu/lib/rustlib/x86_64-unknown-linux-gnu/lib/libcore-d453bab70303062c.rlib" "/opt/rustwide/rustup-home/toolchains/nightly-2024-10-28-x86_64-unknown-linux-gnu/lib/rustlib/x86_64-unknown-linux-gnu/lib/libcompiler_builtins-0e6386368b0a24e8.rlib" "-Wl,-Bdynamic" "-lunwind-ptrace" "-lunwind-generic" "-lunwind" "-lutil" "-lgcc_s" "-lutil" "-lrt" "-lpthread" "-lm" "-ldl" "-lc" "-B/opt/rustwide/rustup-home/toolchains/nightly-2024-10-28-x86_64-unknown-linux-gnu/lib/rustlib/x86_64-unknown-linux-gnu/bin/gcc-ld" "-fuse-ld=lld" "-Wl,--eh-frame-hdr" "-Wl,-z,noexecstack" "-L" "/usr/lib/x86_64-linux-gnu" "-L" "/opt/rustwide/target/debug/build/backtrace-sys-c55a994794fb24cc/out" "-L" "/opt/rustwide/rustup-home/toolchains/nightly-2024-10-28-x86_64-unknown-linux-gnu/lib/rustlib/x86_64-unknown-linux-gnu/lib" "-o" "/opt/rustwide/target/debug/deps/lxtrace-b0e23fb110401823" "-Wl,--gc-sections" "-pie" "-Wl,-z,relro,-z,now" "-nodefaultlibs"
[INFO] [stdout]   = note: rust-lld: error: undefined reference: lzma_stream_buffer_decode
[INFO] [stdout]           >>> referenced by /usr/lib/x86_64-linux-gnu/libunwind-ptrace.so (disallowed by --no-allow-shlib-undefined)
[INFO] [stdout]           
[INFO] [stdout]           rust-lld: error: undefined reference: lzma_index_uncompressed_size
[INFO] [stdout]           >>> referenced by /usr/lib/x86_64-linux-gnu/libunwind-ptrace.so (disallowed by --no-allow-shlib-undefined)
[INFO] [stdout]           
[INFO] [stdout]           rust-lld: error: undefined reference: lzma_index_end
[INFO] [stdout]           >>> referenced by /usr/lib/x86_64-linux-gnu/libunwind-ptrace.so (disallowed by --no-allow-shlib-undefined)
[INFO] [stdout]           
[INFO] [stdout]           rust-lld: error: undefined reference: lzma_index_buffer_decode
[INFO] [stdout]           >>> referenced by /usr/lib/x86_64-linux-gnu/libunwind-ptrace.so (disallowed by --no-allow-shlib-undefined)
[INFO] [stdout]           
[INFO] [stdout]           rust-lld: error: undefined reference: lzma_stream_footer_decode
[INFO] [stdout]           >>> referenced by /usr/lib/x86_64-linux-gnu/libunwind-ptrace.so (disallowed by --no-allow-shlib-undefined)
[INFO] [stdout]           
[INFO] [stdout]           rust-lld: error: undefined reference: lzma_index_size
[INFO] [stdout]           >>> referenced by /usr/lib/x86_64-linux-gnu/libunwind-ptrace.so (disallowed by --no-allow-shlib-undefined)
[INFO] [stdout]           collect2: error: ld returned 1 exit status
[INFO] [stdout]           
[INFO] [stdout] 
[INFO] [stdout] 
[INFO] [stderr] error: could not compile `lxtrace` (bin "lxtrace") due to 1 previous error
[INFO] running `Command { std: "docker" "inspect" "5aa1ab7c10b901db9ac690d846e58b11313815a4d1579b75f9278be8e20a8004", kill_on_drop: false }`
[INFO] running `Command { std: "docker" "rm" "-f" "5aa1ab7c10b901db9ac690d846e58b11313815a4d1579b75f9278be8e20a8004", kill_on_drop: false }`
[INFO] [stdout] 5aa1ab7c10b901db9ac690d846e58b11313815a4d1579b75f9278be8e20a8004
