[INFO] fetching crate lunchbox 0.1.4...
[INFO] testing lunchbox-0.1.4 against nightly-2024-10-28+rustflags=-Zrandomize-layout for randomize-layout
[INFO] extracting crate lunchbox 0.1.4 into /workspace/builds/worker-3-tc2/source
[INFO] validating manifest of crates.io crate lunchbox 0.1.4 on toolchain nightly-2024-10-28
[INFO] running `Command { std: CARGO_HOME="/workspace/cargo-home" RUSTUP_HOME="/workspace/rustup-home" "/workspace/cargo-home/bin/cargo" "+nightly-2024-10-28" "metadata" "--manifest-path" "Cargo.toml" "--no-deps", kill_on_drop: false }`
[INFO] started tweaking crates.io crate lunchbox 0.1.4
[INFO] finished tweaking crates.io crate lunchbox 0.1.4
[INFO] tweaked toml for crates.io crate lunchbox 0.1.4 written to /workspace/builds/worker-3-tc2/source/Cargo.toml
[INFO] running `Command { std: CARGO_HOME="/workspace/cargo-home" RUSTUP_HOME="/workspace/rustup-home" "/workspace/cargo-home/bin/cargo" "+nightly-2024-10-28" "generate-lockfile" "--manifest-path" "Cargo.toml", kill_on_drop: false }`
[INFO] [stderr]     Blocking waiting for file lock on package cache
[INFO] [stderr]     Updating crates.io index
[INFO] [stderr]     Blocking waiting for file lock on package cache
[INFO] [stderr]      Locking 43 packages to latest compatible versions
[INFO] [stderr]       Adding path-clean v0.1.0 (available: v1.0.1)
[INFO] running `Command { std: CARGO_HOME="/workspace/cargo-home" RUSTUP_HOME="/workspace/rustup-home" "/workspace/cargo-home/bin/cargo" "+nightly-2024-10-28" "fetch" "--manifest-path" "Cargo.toml", kill_on_drop: false }`
[INFO] [stderr]     Blocking waiting for file lock on package cache
[INFO] running `Command { std: "docker" "create" "-v" "/var/lib/crater-agent-workspace/builds/worker-3-tc2/target:/opt/rustwide/target:rw,Z" "-v" "/var/lib/crater-agent-workspace/builds/worker-3-tc2/source:/opt/rustwide/workdir:ro,Z" "-v" "/var/lib/crater-agent-workspace/cargo-home:/opt/rustwide/cargo-home:ro,Z" "-v" "/var/lib/crater-agent-workspace/rustup-home:/opt/rustwide/rustup-home:ro,Z" "-e" "SOURCE_DIR=/opt/rustwide/workdir" "-e" "CARGO_TARGET_DIR=/opt/rustwide/target" "-e" "CARGO_HOME=/opt/rustwide/cargo-home" "-e" "RUSTUP_HOME=/opt/rustwide/rustup-home" "-w" "/opt/rustwide/workdir" "-m" "1610612736" "--user" "0:0" "--network" "none" "ghcr.io/rust-lang/crates-build-env/linux@sha256:4a844ea9eb2546a2d2c7022eacef16ef2e8229c7fbb2c7d4d55a9ceca922f72d" "/opt/rustwide/cargo-home/bin/cargo" "+nightly-2024-10-28" "metadata" "--no-deps" "--format-version=1", kill_on_drop: false }`
[INFO] [stdout] fa8b217d17fc6fe3e536d2c8090e414707ccaa85f10a9e793611d494f4ab6574
[INFO] running `Command { std: "docker" "start" "-a" "fa8b217d17fc6fe3e536d2c8090e414707ccaa85f10a9e793611d494f4ab6574", kill_on_drop: false }`
[INFO] running `Command { std: "docker" "inspect" "fa8b217d17fc6fe3e536d2c8090e414707ccaa85f10a9e793611d494f4ab6574", kill_on_drop: false }`
[INFO] running `Command { std: "docker" "rm" "-f" "fa8b217d17fc6fe3e536d2c8090e414707ccaa85f10a9e793611d494f4ab6574", kill_on_drop: false }`
[INFO] [stdout] fa8b217d17fc6fe3e536d2c8090e414707ccaa85f10a9e793611d494f4ab6574
[INFO] running `Command { std: "docker" "create" "-v" "/var/lib/crater-agent-workspace/builds/worker-3-tc2/target:/opt/rustwide/target:rw,Z" "-v" "/var/lib/crater-agent-workspace/builds/worker-3-tc2/source:/opt/rustwide/workdir:ro,Z" "-v" "/var/lib/crater-agent-workspace/cargo-home:/opt/rustwide/cargo-home:ro,Z" "-v" "/var/lib/crater-agent-workspace/rustup-home:/opt/rustwide/rustup-home:ro,Z" "-e" "SOURCE_DIR=/opt/rustwide/workdir" "-e" "CARGO_TARGET_DIR=/opt/rustwide/target" "-e" "CARGO_INCREMENTAL=0" "-e" "RUST_BACKTRACE=full" "-e" "RUSTFLAGS=--cap-lints=forbid -Zrandomize-layout" "-e" "RUSTDOCFLAGS=--cap-lints=forbid" "-e" "CARGO_HOME=/opt/rustwide/cargo-home" "-e" "RUSTUP_HOME=/opt/rustwide/rustup-home" "-w" "/opt/rustwide/workdir" "-m" "1610612736" "--user" "0:0" "--network" "none" "ghcr.io/rust-lang/crates-build-env/linux@sha256:4a844ea9eb2546a2d2c7022eacef16ef2e8229c7fbb2c7d4d55a9ceca922f72d" "/opt/rustwide/cargo-home/bin/cargo" "+nightly-2024-10-28" "build" "--frozen" "--message-format=json", kill_on_drop: false }`
[INFO] [stdout] 464d606c58389639d9e570a005bdff40cffde2a4f2f3b415a67e3ce6fadbc9b5
[INFO] running `Command { std: "docker" "start" "-a" "464d606c58389639d9e570a005bdff40cffde2a4f2f3b415a67e3ce6fadbc9b5", kill_on_drop: false }`
[INFO] [stderr]    Compiling thiserror v1.0.66
[INFO] [stderr]    Compiling lunchbox v0.1.4 (/opt/rustwide/workdir)
[INFO] [stderr]    Compiling relative-path v1.9.3
[INFO] [stderr]    Compiling path-clean v0.1.0
[INFO] [stderr]    Compiling tokio v1.41.0
[INFO] [stderr]    Compiling syn v2.0.86
[INFO] [stderr]    Compiling thiserror-impl v1.0.66
[INFO] [stderr]    Compiling async-trait v0.1.83
[INFO] [stdout] warning: elided lifetime has a name
[INFO] [stdout]    --> src/types.rs:500:72
[INFO] [stdout]     |
[INFO] [stdout] 496 | impl<'a, F: ReadableFileSystem> DirEntry<'a, F>
[INFO] [stdout]     |      -- lifetime `'a` declared here
[INFO] [stdout] ...
[INFO] [stdout] 500 |     pub fn new(fs: &'a F, file_name: String, path: PathBuf) -> DirEntry<F> {
[INFO] [stdout]     |                                                                        ^ this elided lifetime gets resolved as `'a`
[INFO] [stdout]     |
[INFO] [stdout]     = note: `#[warn(elided_named_lifetimes)]` on by default
[INFO] [stdout] 
[INFO] [stdout] 
[INFO] [stderr]     Finished `dev` profile [unoptimized + debuginfo] target(s) in 3.25s
[INFO] running `Command { std: "docker" "inspect" "464d606c58389639d9e570a005bdff40cffde2a4f2f3b415a67e3ce6fadbc9b5", kill_on_drop: false }`
[INFO] running `Command { std: "docker" "rm" "-f" "464d606c58389639d9e570a005bdff40cffde2a4f2f3b415a67e3ce6fadbc9b5", kill_on_drop: false }`
[INFO] [stdout] 464d606c58389639d9e570a005bdff40cffde2a4f2f3b415a67e3ce6fadbc9b5
[INFO] running `Command { std: "docker" "create" "-v" "/var/lib/crater-agent-workspace/builds/worker-3-tc2/target:/opt/rustwide/target:rw,Z" "-v" "/var/lib/crater-agent-workspace/builds/worker-3-tc2/source:/opt/rustwide/workdir:ro,Z" "-v" "/var/lib/crater-agent-workspace/cargo-home:/opt/rustwide/cargo-home:ro,Z" "-v" "/var/lib/crater-agent-workspace/rustup-home:/opt/rustwide/rustup-home:ro,Z" "-e" "SOURCE_DIR=/opt/rustwide/workdir" "-e" "CARGO_TARGET_DIR=/opt/rustwide/target" "-e" "CARGO_INCREMENTAL=0" "-e" "RUST_BACKTRACE=full" "-e" "RUSTFLAGS=--cap-lints=forbid -Zrandomize-layout" "-e" "RUSTDOCFLAGS=--cap-lints=forbid" "-e" "CARGO_HOME=/opt/rustwide/cargo-home" "-e" "RUSTUP_HOME=/opt/rustwide/rustup-home" "-w" "/opt/rustwide/workdir" "-m" "1610612736" "--user" "0:0" "--network" "none" "ghcr.io/rust-lang/crates-build-env/linux@sha256:4a844ea9eb2546a2d2c7022eacef16ef2e8229c7fbb2c7d4d55a9ceca922f72d" "/opt/rustwide/cargo-home/bin/cargo" "+nightly-2024-10-28" "test" "--frozen" "--no-run" "--message-format=json", kill_on_drop: false }`
[INFO] [stdout] 3dd3645186f3497d1803e22aa5b590ecc7ab568f9f332ace90f5dde470345258
[INFO] running `Command { std: "docker" "start" "-a" "3dd3645186f3497d1803e22aa5b590ecc7ab568f9f332ace90f5dde470345258", kill_on_drop: false }`
[INFO] [stderr]    Compiling rustix v0.38.38
[INFO] [stderr]    Compiling fastrand v2.1.1
[INFO] [stderr]    Compiling once_cell v1.20.2
[INFO] [stderr]    Compiling tempfile v3.13.0
[INFO] [stderr]    Compiling lunchbox v0.1.4 (/opt/rustwide/workdir)
[INFO] [stdout] error[E0432]: unresolved import `crate::LocalFS`
[INFO] [stdout]    --> src/chroot.rs:350:9
[INFO] [stdout]     |
[INFO] [stdout] 350 |     use crate::LocalFS;
[INFO] [stdout]     |         ^^^^^^^^^^^^^^ no `LocalFS` in the root
[INFO] [stdout]     |
[INFO] [stdout] note: found an item that was configured out
[INFO] [stdout]    --> src/lib.rs:38:18
[INFO] [stdout]     |
[INFO] [stdout] 38  | pub use localfs::LocalFS;
[INFO] [stdout]     |                  ^^^^^^^
[INFO] [stdout] note: the item is gated behind the `localfs` feature
[INFO] [stdout]    --> src/lib.rs:37:7
[INFO] [stdout]     |
[INFO] [stdout] 37  | #[cfg(feature = "localfs")]
[INFO] [stdout]     |       ^^^^^^^^^^^^^^^^^^^
[INFO] [stdout] 
[INFO] [stdout] 
[INFO] [stdout] error[E0432]: unresolved import `tokio::io::AsyncReadExt`
[INFO] [stdout]    --> src/chroot.rs:353:9
[INFO] [stdout]     |
[INFO] [stdout] 353 |     use tokio::io::AsyncReadExt;
[INFO] [stdout]     |         ^^^^^^^^^^^------------
[INFO] [stdout]     |         |          |
[INFO] [stdout]     |         |          help: a similar name exists in the module: `AsyncRead`
[INFO] [stdout]     |         no `AsyncReadExt` in `io`
[INFO] [stdout]     |
[INFO] [stdout] note: found an item that was configured out
[INFO] [stdout]    --> /opt/rustwide/cargo-home/registry/src/index.crates.io-6f17d22bba15001f/tokio-1.41.0/src/io/mod.rs:274:131
[INFO] [stdout]     |
[INFO] [stdout] 274 | ..._buf, duplex, empty, repeat, sink, simplex, AsyncBufReadExt, AsyncReadExt, AsyncSeekExt, AsyncWriteExt,
[INFO] [stdout]     |                                                                 ^^^^^^^^^^^^
[INFO] [stdout] note: the item is gated behind the `io-util` feature
[INFO] [stdout]    --> /opt/rustwide/cargo-home/registry/src/index.crates.io-6f17d22bba15001f/tokio-1.41.0/src/io/mod.rs:265:1
[INFO] [stdout]     |
[INFO] [stdout] 265 | / cfg_io_util! {
[INFO] [stdout] 266 | |     mod split;
[INFO] [stdout] 267 | |     pub use split::{split, ReadHalf, WriteHalf};
[INFO] [stdout] 268 | |     mod join;
[INFO] [stdout] ...   |
[INFO] [stdout] 276 | |     };
[INFO] [stdout] 277 | | }
[INFO] [stdout]     | |_^
[INFO] [stdout]     = note: this error originates in the macro `cfg_io_util` (in Nightly builds, run with -Z macro-backtrace for more info)
[INFO] [stdout] 
[INFO] [stdout] 
[INFO] [stdout] error[E0432]: unresolved import `tokio::io::AsyncWriteExt`
[INFO] [stdout]    --> src/chroot.rs:354:9
[INFO] [stdout]     |
[INFO] [stdout] 354 |     use tokio::io::AsyncWriteExt;
[INFO] [stdout]     |         ^^^^^^^^^^^-------------
[INFO] [stdout]     |         |          |
[INFO] [stdout]     |         |          help: a similar name exists in the module: `AsyncWrite`
[INFO] [stdout]     |         no `AsyncWriteExt` in `io`
[INFO] [stdout]     |
[INFO] [stdout] note: found an item that was configured out
[INFO] [stdout]    --> /opt/rustwide/cargo-home/registry/src/index.crates.io-6f17d22bba15001f/tokio-1.41.0/src/io/mod.rs:274:159
[INFO] [stdout]     |
[INFO] [stdout] 274 | ...sink, simplex, AsyncBufReadExt, AsyncReadExt, AsyncSeekExt, AsyncWriteExt,
[INFO] [stdout]     |                                                                ^^^^^^^^^^^^^
[INFO] [stdout] note: the item is gated behind the `io-util` feature
[INFO] [stdout]    --> /opt/rustwide/cargo-home/registry/src/index.crates.io-6f17d22bba15001f/tokio-1.41.0/src/io/mod.rs:265:1
[INFO] [stdout]     |
[INFO] [stdout] 265 | / cfg_io_util! {
[INFO] [stdout] 266 | |     mod split;
[INFO] [stdout] 267 | |     pub use split::{split, ReadHalf, WriteHalf};
[INFO] [stdout] 268 | |     mod join;
[INFO] [stdout] ...   |
[INFO] [stdout] 276 | |     };
[INFO] [stdout] 277 | | }
[INFO] [stdout]     | |_^
[INFO] [stdout]     = note: this error originates in the macro `cfg_io_util` (in Nightly builds, run with -Z macro-backtrace for more info)
[INFO] [stdout] 
[INFO] [stdout] 
[INFO] [stdout] warning: unused import: `super::ChrootFS`
[INFO] [stdout]    --> src/chroot.rs:348:9
[INFO] [stdout]     |
[INFO] [stdout] 348 |     use super::ChrootFS;
[INFO] [stdout]     |         ^^^^^^^^^^^^^^^
[INFO] [stdout]     |
[INFO] [stdout]     = note: `#[warn(unused_imports)]` on by default
[INFO] [stdout] 
[INFO] [stdout] 
[INFO] [stdout] warning: unused import: `crate::ReadableFileSystem`
[INFO] [stdout]    --> src/chroot.rs:351:9
[INFO] [stdout]     |
[INFO] [stdout] 351 |     use crate::ReadableFileSystem;
[INFO] [stdout]     |         ^^^^^^^^^^^^^^^^^^^^^^^^^
[INFO] [stdout] 
[INFO] [stdout] 
[INFO] [stdout] warning: unused import: `crate::WritableFileSystem`
[INFO] [stdout]    --> src/chroot.rs:352:9
[INFO] [stdout]     |
[INFO] [stdout] 352 |     use crate::WritableFileSystem;
[INFO] [stdout]     |         ^^^^^^^^^^^^^^^^^^^^^^^^^
[INFO] [stdout] 
[INFO] [stdout] 
[INFO] [stdout] warning: elided lifetime has a name
[INFO] [stdout]    --> src/types.rs:500:72
[INFO] [stdout]     |
[INFO] [stdout] 496 | impl<'a, F: ReadableFileSystem> DirEntry<'a, F>
[INFO] [stdout]     |      -- lifetime `'a` declared here
[INFO] [stdout] ...
[INFO] [stdout] 500 |     pub fn new(fs: &'a F, file_name: String, path: PathBuf) -> DirEntry<F> {
[INFO] [stdout]     |                                                                        ^ this elided lifetime gets resolved as `'a`
[INFO] [stdout]     |
[INFO] [stdout]     = note: `#[warn(elided_named_lifetimes)]` on by default
[INFO] [stdout] 
[INFO] [stdout] 
[INFO] [stdout] For more information about this error, try `rustc --explain E0432`.
[INFO] [stdout] 
[INFO] [stderr] error: could not compile `lunchbox` (lib test) due to 3 previous errors; 4 warnings emitted
[INFO] running `Command { std: "docker" "inspect" "3dd3645186f3497d1803e22aa5b590ecc7ab568f9f332ace90f5dde470345258", kill_on_drop: false }`
[INFO] running `Command { std: "docker" "rm" "-f" "3dd3645186f3497d1803e22aa5b590ecc7ab568f9f332ace90f5dde470345258", kill_on_drop: false }`
[INFO] [stdout] 3dd3645186f3497d1803e22aa5b590ecc7ab568f9f332ace90f5dde470345258
