[INFO] fetching crate lunatic-twitchax-patch 0.14.1...
[INFO] testing lunatic-twitchax-patch-0.14.1 against nightly-2024-10-28 for randomize-layout
[INFO] extracting crate lunatic-twitchax-patch 0.14.1 into /workspace/builds/worker-5-tc1/source
[INFO] validating manifest of crates.io crate lunatic-twitchax-patch 0.14.1 on toolchain nightly-2024-10-28
[INFO] running `Command { std: CARGO_HOME="/workspace/cargo-home" RUSTUP_HOME="/workspace/rustup-home" "/workspace/cargo-home/bin/cargo" "+nightly-2024-10-28" "metadata" "--manifest-path" "Cargo.toml" "--no-deps", kill_on_drop: false }`
[INFO] removed /workspace/builds/worker-5-tc1/source/.cargo/config.toml
[INFO] started tweaking crates.io crate lunatic-twitchax-patch 0.14.1
[INFO] removed 0 missing tests
[INFO] finished tweaking crates.io crate lunatic-twitchax-patch 0.14.1
[INFO] tweaked toml for crates.io crate lunatic-twitchax-patch 0.14.1 written to /workspace/builds/worker-5-tc1/source/Cargo.toml
[INFO] crate crates.io crate lunatic-twitchax-patch 0.14.1 already has a lockfile, it will not be regenerated
[INFO] running `Command { std: CARGO_HOME="/workspace/cargo-home" RUSTUP_HOME="/workspace/rustup-home" "/workspace/cargo-home/bin/cargo" "+nightly-2024-10-28" "fetch" "--manifest-path" "Cargo.toml", kill_on_drop: false }`
[INFO] [stderr]     Updating crates.io index
[INFO] [stderr]  Downloading crates ...
[INFO] [stderr]   Downloaded thiserror v1.0.53
[INFO] [stderr]   Downloaded thiserror-impl v1.0.53
[INFO] [stderr]   Downloaded lunatic-common-api v0.13.2
[INFO] [stderr]   Downloaded proc-macro2 v1.0.72
[INFO] [stderr]   Downloaded lunatic-control v0.13.2
[INFO] [stderr]   Downloaded lunatic-distributed v0.13.2
[INFO] [stderr]   Downloaded lunatic-macros v0.13.0
[INFO] [stderr]   Downloaded lunatic-networking-api v0.13.2
[INFO] [stderr]   Downloaded anyhow v1.0.78
[INFO] [stderr]   Downloaded cap-fs-ext v1.0.15
[INFO] [stderr]   Downloaded wasi-cap-std-sync v8.0.1
[INFO] [stderr]   Downloaded sqlite-bindings-lunatic v0.30.4
[INFO] [stderr]   Downloaded crossbeam-epoch v0.9.17
[INFO] [stderr]   Downloaded crossbeam-deque v0.8.4
[INFO] [stderr]   Downloaded wast v69.0.1
[INFO] [stderr]   Downloaded hash-map-id v0.13.2
[INFO] [stderr]   Downloaded lunatic-stdout-capture v0.13.2
[INFO] [stderr]   Downloaded fs-set-times v0.18.1
[INFO] [stderr]   Downloaded system-interface v0.25.9
[INFO] [stderr]   Downloaded lunatic-wasi-api v0.13.2
[INFO] [stderr]   Downloaded lunatic-process-api v0.13.2
[INFO] [stderr]   Downloaded lunatic-error-api v0.13.2
[INFO] [stderr]   Downloaded lunatic-process v0.13.2
[INFO] [stderr]   Downloaded cap-time-ext v1.0.15
[INFO] [stderr]   Downloaded wasmtime-wasi v8.0.1
[INFO] [stderr]   Downloaded sqlite3-sys v0.14.0
[INFO] [stderr]   Downloaded wat v1.0.82
[INFO] [stderr]   Downloaded lunatic-sqlite-api v0.13.3
[INFO] [stderr]   Downloaded lunatic-sys v0.14.0
[INFO] [stderr]   Downloaded lunatic-test v0.13.0
[INFO] [stderr]   Downloaded serde_bytes v0.11.13
[INFO] [stderr]   Downloaded sqlite3-src v0.4.0
[INFO] running `Command { std: "docker" "create" "-v" "/var/lib/crater-agent-workspace/builds/worker-5-tc1/target:/opt/rustwide/target:rw,Z" "-v" "/var/lib/crater-agent-workspace/builds/worker-5-tc1/source:/opt/rustwide/workdir:ro,Z" "-v" "/var/lib/crater-agent-workspace/cargo-home:/opt/rustwide/cargo-home:ro,Z" "-v" "/var/lib/crater-agent-workspace/rustup-home:/opt/rustwide/rustup-home:ro,Z" "-e" "SOURCE_DIR=/opt/rustwide/workdir" "-e" "CARGO_TARGET_DIR=/opt/rustwide/target" "-e" "CARGO_HOME=/opt/rustwide/cargo-home" "-e" "RUSTUP_HOME=/opt/rustwide/rustup-home" "-w" "/opt/rustwide/workdir" "-m" "1610612736" "--user" "0:0" "--network" "none" "ghcr.io/rust-lang/crates-build-env/linux@sha256:4a844ea9eb2546a2d2c7022eacef16ef2e8229c7fbb2c7d4d55a9ceca922f72d" "/opt/rustwide/cargo-home/bin/cargo" "+nightly-2024-10-28" "metadata" "--no-deps" "--format-version=1", kill_on_drop: false }`
[INFO] [stdout] 9a491680bc7bcefc538471d63045ac569dd5b73c3c19702de16816b78594be8d
[INFO] running `Command { std: "docker" "start" "-a" "9a491680bc7bcefc538471d63045ac569dd5b73c3c19702de16816b78594be8d", kill_on_drop: false }`
[INFO] running `Command { std: "docker" "inspect" "9a491680bc7bcefc538471d63045ac569dd5b73c3c19702de16816b78594be8d", kill_on_drop: false }`
[INFO] running `Command { std: "docker" "rm" "-f" "9a491680bc7bcefc538471d63045ac569dd5b73c3c19702de16816b78594be8d", kill_on_drop: false }`
[INFO] [stdout] 9a491680bc7bcefc538471d63045ac569dd5b73c3c19702de16816b78594be8d
[INFO] running `Command { std: "docker" "create" "-v" "/var/lib/crater-agent-workspace/builds/worker-5-tc1/target:/opt/rustwide/target:rw,Z" "-v" "/var/lib/crater-agent-workspace/builds/worker-5-tc1/source:/opt/rustwide/workdir:ro,Z" "-v" "/var/lib/crater-agent-workspace/cargo-home:/opt/rustwide/cargo-home:ro,Z" "-v" "/var/lib/crater-agent-workspace/rustup-home:/opt/rustwide/rustup-home:ro,Z" "-e" "SOURCE_DIR=/opt/rustwide/workdir" "-e" "CARGO_TARGET_DIR=/opt/rustwide/target" "-e" "CARGO_INCREMENTAL=0" "-e" "RUST_BACKTRACE=full" "-e" "RUSTFLAGS=--cap-lints=forbid" "-e" "RUSTDOCFLAGS=--cap-lints=forbid" "-e" "CARGO_HOME=/opt/rustwide/cargo-home" "-e" "RUSTUP_HOME=/opt/rustwide/rustup-home" "-w" "/opt/rustwide/workdir" "-m" "1610612736" "--user" "0:0" "--network" "none" "ghcr.io/rust-lang/crates-build-env/linux@sha256:4a844ea9eb2546a2d2c7022eacef16ef2e8229c7fbb2c7d4d55a9ceca922f72d" "/opt/rustwide/cargo-home/bin/cargo" "+nightly-2024-10-28" "build" "--frozen" "--message-format=json", kill_on_drop: false }`
[INFO] [stdout] 575dd6560ee4b253752f61c366928bd9eb9c8359c33644080f89fe8e5fe18916
[INFO] running `Command { std: "docker" "start" "-a" "575dd6560ee4b253752f61c366928bd9eb9c8359c33644080f89fe8e5fe18916", kill_on_drop: false }`
[INFO] [stderr]    Compiling proc-macro2 v1.0.72
[INFO] [stderr]    Compiling syn v1.0.109
[INFO] [stderr]    Compiling strsim v0.10.0
[INFO] [stderr]    Compiling serde v1.0.193
[INFO] [stderr]    Compiling thiserror v1.0.53
[INFO] [stderr]    Compiling unicode-segmentation v1.10.1
[INFO] [stderr]    Compiling paste v1.0.14
[INFO] [stderr]    Compiling rustversion v1.0.14
[INFO] [stderr]    Compiling lunatic-sys v0.14.0
[INFO] [stderr]    Compiling convert_case v0.6.0
[INFO] [stderr]    Compiling quote v1.0.33
[INFO] [stderr]    Compiling syn v2.0.43
[INFO] [stderr]    Compiling serde_derive v1.0.193
[INFO] [stderr]    Compiling thiserror-impl v1.0.53
[INFO] [stderr]    Compiling darling_core v0.14.4
[INFO] [stderr]    Compiling lunatic-test v0.13.0
[INFO] [stderr]    Compiling darling_macro v0.14.4
[INFO] [stderr]    Compiling darling v0.14.4
[INFO] [stderr]    Compiling lunatic-macros v0.13.0
[INFO] [stderr]    Compiling bincode v1.3.3
[INFO] [stderr]    Compiling lunatic-twitchax-patch v0.14.1 (/opt/rustwide/workdir)
[INFO] [stdout] warning: trait `IntoAbstractProcessBuilder` is never used
[INFO] [stdout]  --> src/ap/builder.rs:7:7
[INFO] [stdout]   |
[INFO] [stdout] 7 | trait IntoAbstractProcessBuilder<T> {}
[INFO] [stdout]   |       ^^^^^^^^^^^^^^^^^^^^^^^^^^
[INFO] [stdout]   |
[INFO] [stdout]   = note: `#[warn(dead_code)]` on by default
[INFO] [stdout] 
[INFO] [stdout] 
[INFO] [stderr]     Finished `dev` profile [unoptimized + debuginfo] target(s) in 22.55s
[INFO] running `Command { std: "docker" "inspect" "575dd6560ee4b253752f61c366928bd9eb9c8359c33644080f89fe8e5fe18916", kill_on_drop: false }`
[INFO] running `Command { std: "docker" "rm" "-f" "575dd6560ee4b253752f61c366928bd9eb9c8359c33644080f89fe8e5fe18916", kill_on_drop: false }`
[INFO] [stdout] 575dd6560ee4b253752f61c366928bd9eb9c8359c33644080f89fe8e5fe18916
[INFO] running `Command { std: "docker" "create" "-v" "/var/lib/crater-agent-workspace/builds/worker-5-tc1/target:/opt/rustwide/target:rw,Z" "-v" "/var/lib/crater-agent-workspace/builds/worker-5-tc1/source:/opt/rustwide/workdir:ro,Z" "-v" "/var/lib/crater-agent-workspace/cargo-home:/opt/rustwide/cargo-home:ro,Z" "-v" "/var/lib/crater-agent-workspace/rustup-home:/opt/rustwide/rustup-home:ro,Z" "-e" "SOURCE_DIR=/opt/rustwide/workdir" "-e" "CARGO_TARGET_DIR=/opt/rustwide/target" "-e" "CARGO_INCREMENTAL=0" "-e" "RUST_BACKTRACE=full" "-e" "RUSTFLAGS=--cap-lints=forbid" "-e" "RUSTDOCFLAGS=--cap-lints=forbid" "-e" "CARGO_HOME=/opt/rustwide/cargo-home" "-e" "RUSTUP_HOME=/opt/rustwide/rustup-home" "-w" "/opt/rustwide/workdir" "-m" "1610612736" "--user" "0:0" "--network" "none" "ghcr.io/rust-lang/crates-build-env/linux@sha256:4a844ea9eb2546a2d2c7022eacef16ef2e8229c7fbb2c7d4d55a9ceca922f72d" "/opt/rustwide/cargo-home/bin/cargo" "+nightly-2024-10-28" "test" "--frozen" "--no-run" "--message-format=json", kill_on_drop: false }`
[INFO] [stdout] 673a0299748147040cd8535c8cf66500ab14174cb94b160b43a7ca406cc3b4b9
[INFO] running `Command { std: "docker" "start" "-a" "673a0299748147040cd8535c8cf66500ab14174cb94b160b43a7ca406cc3b4b9", kill_on_drop: false }`
[INFO] [stderr]    Compiling serde v1.0.193
[INFO] [stderr]    Compiling autocfg v1.1.0
[INFO] [stderr]    Compiling libc v0.2.151
[INFO] [stderr]    Compiling serde_json v1.0.108
[INFO] [stderr]    Compiling os_str_bytes v6.6.1
[INFO] [stderr]    Compiling half v1.8.2
[INFO] [stderr]    Compiling either v1.9.0
[INFO] [stderr]    Compiling itoa v1.0.10
[INFO] [stderr]    Compiling ciborium-io v0.2.1
[INFO] [stderr]    Compiling hashbrown v0.12.3
[INFO] [stderr]    Compiling regex-syntax v0.8.2
[INFO] [stderr]    Compiling ryu v1.0.16
[INFO] [stderr]    Compiling clap_lex v0.2.4
[INFO] [stderr]    Compiling ciborium-ll v0.2.1
[INFO] [stderr]    Compiling indexmap v1.9.3
[INFO] [stderr]    Compiling num-traits v0.2.17
[INFO] [stderr]    Compiling itertools v0.10.5
[INFO] [stderr]    Compiling cast v0.3.0
[INFO] [stderr]    Compiling textwrap v0.16.0
[INFO] [stderr]    Compiling walkdir v2.4.0
[INFO] [stderr]    Compiling oorandom v11.1.3
[INFO] [stderr]    Compiling anes v0.1.6
[INFO] [stderr]    Compiling atty v0.2.14
[INFO] [stderr]    Compiling clap v3.2.25
[INFO] [stderr]    Compiling lazy_static v1.4.0
[INFO] [stderr]    Compiling regex-automata v0.4.3
[INFO] [stderr]    Compiling criterion-plot v0.5.0
[INFO] [stderr]    Compiling regex v1.10.2
[INFO] [stderr]    Compiling ciborium v0.2.1
[INFO] [stderr]    Compiling bincode v1.3.3
[INFO] [stderr]    Compiling serde_bytes v0.11.13
[INFO] [stderr]    Compiling lunatic-twitchax-patch v0.14.1 (/opt/rustwide/workdir)
[INFO] [stderr]    Compiling tinytemplate v1.2.1
[INFO] [stderr]    Compiling criterion v0.4.0
[INFO] [stdout] warning: trait `IntoAbstractProcessBuilder` is never used
[INFO] [stdout]  --> src/ap/builder.rs:7:7
[INFO] [stdout]   |
[INFO] [stdout] 7 | trait IntoAbstractProcessBuilder<T> {}
[INFO] [stdout]   |       ^^^^^^^^^^^^^^^^^^^^^^^^^^
[INFO] [stdout]   |
[INFO] [stdout]   = note: `#[warn(dead_code)]` on by default
[INFO] [stdout] 
[INFO] [stdout] 
[INFO] [stdout] error[E0433]: failed to resolve: use of undeclared crate or module `lunatic`
[INFO] [stdout]  --> tests/catch_panic.rs:1:5
[INFO] [stdout]   |
[INFO] [stdout] 1 | use lunatic::panic::catch_panic;
[INFO] [stdout]   |     ^^^^^^^ use of undeclared crate or module `lunatic`
[INFO] [stdout] 
[INFO] [stdout] 
[INFO] [stdout] error: functions used as tests can not have any arguments
[INFO] [stdout]   --> tests/messaging.rs:48:1
[INFO] [stdout]    |
[INFO] [stdout] 48 | / fn message_resource(mailbox: Mailbox<Proc>) {
[INFO] [stdout] 49 | |     let this = mailbox.this();
[INFO] [stdout] 50 | |     Process::spawn(this, |parent, _: Mailbox<()>| {
[INFO] [stdout] 51 | |         let empty_proc = Process::spawn((), |_, _: Mailbox<i32>| {});
[INFO] [stdout] ...  |
[INFO] [stdout] 59 | |     let _ = mailbox.receive();
[INFO] [stdout] 60 | | }
[INFO] [stdout]    | |_^
[INFO] [stdout] 
[INFO] [stdout] 
[INFO] [stdout] For more information about this error, try `rustc --explain E0433`.
[INFO] [stdout] 
[INFO] [stdout] error[E0433]: failed to resolve: use of undeclared crate or module `lunatic`
[INFO] [stdout]  --> tests/serializers.rs:1:5
[INFO] [stdout]   |
[INFO] [stdout] 1 | use lunatic::net::TcpStream;
[INFO] [stdout]   |     ^^^^^^^ use of undeclared crate or module `lunatic`
[INFO] [stdout] 
[INFO] [stdout] 
[INFO] [stdout] error[E0433]: failed to resolve: use of undeclared crate or module `lunatic`
[INFO] [stdout]  --> tests/serializers.rs:2:5
[INFO] [stdout]   |
[INFO] [stdout] 2 | use lunatic::serializer::{Bincode, Json, MessagePack};
[INFO] [stdout]   |     ^^^^^^^ use of undeclared crate or module `lunatic`
[INFO] [stdout] 
[INFO] [stdout] 
[INFO] [stdout] error[E0433]: failed to resolve: use of undeclared crate or module `lunatic`
[INFO] [stdout]  --> tests/abstract_process.rs:3:5
[INFO] [stdout]   |
[INFO] [stdout] 3 | use lunatic::ap::handlers::{DeferredRequest, Message, Request};
[INFO] [stdout]   |     ^^^^^^^ use of undeclared crate or module `lunatic`
[INFO] [stdout] 
[INFO] [stdout] 
[INFO] [stdout] error[E0433]: failed to resolve: use of undeclared crate or module `lunatic`
[INFO] [stdout]  --> tests/abstract_process.rs:4:5
[INFO] [stdout]   |
[INFO] [stdout] 4 | use lunatic::ap::{
[INFO] [stdout]   |     ^^^^^^^ use of undeclared crate or module `lunatic`
[INFO] [stdout] 
[INFO] [stdout] 
[INFO] [stdout] error[E0433]: failed to resolve: use of undeclared crate or module `lunatic`
[INFO] [stdout]  --> tests/abstract_process.rs:8:5
[INFO] [stdout]   |
[INFO] [stdout] 8 | use lunatic::serializer::Bincode;
[INFO] [stdout]   |     ^^^^^^^ use of undeclared crate or module `lunatic`
[INFO] [stdout] 
[INFO] [stdout] 
[INFO] [stdout] error[E0433]: failed to resolve: use of undeclared crate or module `lunatic`
[INFO] [stdout]  --> tests/abstract_process.rs:9:5
[INFO] [stdout]   |
[INFO] [stdout] 9 | use lunatic::time::Timeout;
[INFO] [stdout]   |     ^^^^^^^ use of undeclared crate or module `lunatic`
[INFO] [stdout] 
[INFO] [stdout] 
[INFO] [stdout] error: functions used as tests can not have any arguments
[INFO] [stdout]    --> tests/messaging.rs:71:1
[INFO] [stdout]     |
[INFO] [stdout] 71  | / fn request_reply(mailbox: Mailbox<u64>) {
[INFO] [stdout] 72  | |     struct Adder;
[INFO] [stdout] 73  | |     impl AbstractProcess for Adder {
[INFO] [stdout] 74  | |         type Arg = ();
[INFO] [stdout] ...   |
[INFO] [stdout] 108 | |     }
[INFO] [stdout] 109 | | }
[INFO] [stdout]     | |_^
[INFO] [stdout] 
[INFO] [stdout] 
[INFO] [stdout] error: functions used as tests can not have any arguments
[INFO] [stdout]    --> tests/messaging.rs:112:1
[INFO] [stdout]     |
[INFO] [stdout] 112 | / fn timeout(mailbox: Mailbox<u64>) {
[INFO] [stdout] 113 | |     let result = mailbox.receive_timeout(Duration::new(0, 10_000)); // 10 us
[INFO] [stdout] 114 | |     assert!(result.unwrap_err().is_timed_out())
[INFO] [stdout] 115 | | }
[INFO] [stdout]     | |_^
[INFO] [stdout] 
[INFO] [stdout] 
[INFO] [stderr] error: could not compile `lunatic-twitchax-patch` (test "catch_panic") due to 1 previous error
[INFO] [stderr] warning: build failed, waiting for other jobs to finish...
[INFO] [stdout] error[E0432]: unresolved import `lunatic`
[INFO] [stdout]  --> tests/serializers.rs:3:5
[INFO] [stdout]   |
[INFO] [stdout] 3 | use lunatic::{test, Mailbox, Process};
[INFO] [stdout]   |     ^^^^^^^ use of undeclared crate or module `lunatic`
[INFO] [stdout] 
[INFO] [stdout] 
[INFO] [stdout] error[E0432]: unresolved import `lunatic`
[INFO] [stdout]   --> tests/abstract_process.rs:10:5
[INFO] [stdout]    |
[INFO] [stdout] 10 | use lunatic::{sleep, spawn_link, test};
[INFO] [stdout]    |     ^^^^^^^ use of undeclared crate or module `lunatic`
[INFO] [stdout] 
[INFO] [stdout] 
[INFO] [stdout] error: functions used as tests can not have any arguments
[INFO] [stdout]   --> tests/process.rs:14:1
[INFO] [stdout]    |
[INFO] [stdout] 14 | / fn wait_for_child(m: Mailbox<()>) {
[INFO] [stdout] 15 | |     Process::spawn(m.this(), |parent, _: Mailbox<()>| parent.send(()));
[INFO] [stdout] 16 | |     m.receive();
[INFO] [stdout] 17 | | }
[INFO] [stdout]    | |_^
[INFO] [stdout] 
[INFO] [stdout] 
[INFO] [stdout] error[E0432]: unresolved import `lunatic`
[INFO] [stdout]  --> tests/udp.rs:4:5
[INFO] [stdout]   |
[INFO] [stdout] 4 | use lunatic::net;
[INFO] [stdout]   |     ^^^^^^^ use of undeclared crate or module `lunatic`
[INFO] [stdout] 
[INFO] [stdout] 
[INFO] [stdout] Some errors have detailed explanations: E0432, E0433.
[INFO] [stdout] 
[INFO] [stdout] For more information about an error, try `rustc --explain E0432`.
[INFO] [stdout] 
[INFO] [stdout] error: functions used as tests can not have any arguments
[INFO] [stdout]   --> tests/process.rs:35:1
[INFO] [stdout]    |
[INFO] [stdout] 35 | / fn parent_and_child_exchange_messages(parent_mailbox: Mailbox<i32>) {
[INFO] [stdout] 36 | |     let parent = parent_mailbox.this();
[INFO] [stdout] 37 | |     let adder = Process::spawn_link(parent, |parent, child_mailbox: Mailbox<i32>| {
[INFO] [stdout] 38 | |         let a = child_mailbox.receive();
[INFO] [stdout] ...  |
[INFO] [stdout] 45 | |     assert_eq!(4, parent_mailbox.receive());
[INFO] [stdout] 46 | | }
[INFO] [stdout]    | |_^
[INFO] [stdout] 
[INFO] [stdout] 
[INFO] [stderr] error: could not compile `lunatic-twitchax-patch` (test "serializers") due to 3 previous errors
[INFO] [stdout] error[E0432]: unresolved import `lunatic`
[INFO] [stdout]  --> examples/process_local.rs:3:5
[INFO] [stdout]   |
[INFO] [stdout] 3 | use lunatic::{process_local, spawn_link, Mailbox};
[INFO] [stdout]   |     ^^^^^^^ use of undeclared crate or module `lunatic`
[INFO] [stdout] 
[INFO] [stdout] 
[INFO] [stdout] error[E0433]: failed to resolve: use of undeclared crate or module `lunatic`
[INFO] [stdout]  --> examples/process_local.rs:5:3
[INFO] [stdout]   |
[INFO] [stdout] 5 | #[lunatic::main]
[INFO] [stdout]   |   ^^^^^^^ use of undeclared crate or module `lunatic`
[INFO] [stdout] 
[INFO] [stdout] 
[INFO] [stdout] error: functions used as tests can not have any arguments
[INFO] [stdout]   --> tests/process.rs:49:1
[INFO] [stdout]    |
[INFO] [stdout] 49 | / fn mailbox_timeout(m: Mailbox<i32>) {
[INFO] [stdout] 50 | |     let message = m.receive_timeout(Duration::from_millis(10));
[INFO] [stdout] 51 | |     assert!(message.unwrap_err().is_timed_out());
[INFO] [stdout] 52 | | }
[INFO] [stdout]    | |_^
[INFO] [stdout] 
[INFO] [stdout] 
[INFO] [stdout] error[E0433]: failed to resolve: use of undeclared crate or module `lunatic`
[INFO] [stdout]  --> tests/messaging.rs:3:5
[INFO] [stdout]   |
[INFO] [stdout] 3 | use lunatic::ap::handlers::Request;
[INFO] [stdout]   |     ^^^^^^^ use of undeclared crate or module `lunatic`
[INFO] [stdout] 
[INFO] [stdout] 
[INFO] [stdout] error: functions used as tests can not have any arguments
[INFO] [stdout]   --> tests/process.rs:55:1
[INFO] [stdout]    |
[INFO] [stdout] 55 | / fn recursive_count(mailbox: Mailbox<i32>) {
[INFO] [stdout] 56 | |     let mut config = ProcessConfig::new().unwrap();
[INFO] [stdout] 57 | |     config.set_can_spawn_processes(true);
[INFO] [stdout] 58 | |     Process::spawn_link_config(&config, (mailbox.this(), 1000), recursive_count_sub);
[INFO] [stdout] 59 | |     assert_eq!(500500, mailbox.receive());
[INFO] [stdout] 60 | | }
[INFO] [stdout]    | |_^
[INFO] [stdout] 
[INFO] [stdout] 
[INFO] [stdout] error: functions used as tests can not have any arguments
[INFO] [stdout]   --> tests/process.rs:72:1
[INFO] [stdout]    |
[INFO] [stdout] 72 | / fn lookup(mailbox: Mailbox<i32>) {
[INFO] [stdout] 73 | |     // Register self under name "hello"
[INFO] [stdout] 74 | |     let this = mailbox.this();
[INFO] [stdout] 75 | |     this.register(&"hello");
[INFO] [stdout] ...  |
[INFO] [stdout] 82 | |     assert_eq!(1337, mailbox.receive());
[INFO] [stdout] 83 | | }
[INFO] [stdout]    | |_^
[INFO] [stdout] 
[INFO] [stdout] 
[INFO] [stdout] error[E0433]: failed to resolve: use of undeclared crate or module `lunatic`
[INFO] [stdout]  --> tests/messaging.rs:4:5
[INFO] [stdout]   |
[INFO] [stdout] 4 | use lunatic::ap::{AbstractProcess, Config, RequestHandler, State};
[INFO] [stdout]   |     ^^^^^^^ use of undeclared crate or module `lunatic`
[INFO] [stdout] 
[INFO] [stdout] 
[INFO] [stdout] error[E0433]: failed to resolve: use of undeclared crate or module `lunatic`
[INFO] [stdout]  --> tests/messaging.rs:5:5
[INFO] [stdout]   |
[INFO] [stdout] 5 | use lunatic::serializer::Json;
[INFO] [stdout]   |     ^^^^^^^ use of undeclared crate or module `lunatic`
[INFO] [stdout] 
[INFO] [stdout] 
[INFO] [stdout] error[E0433]: failed to resolve: use of undeclared crate or module `lunatic`
[INFO] [stdout]  --> tests/process.rs:3:5
[INFO] [stdout]   |
[INFO] [stdout] 3 | use lunatic::host::api::message::receive;
[INFO] [stdout]   |     ^^^^^^^ use of undeclared crate or module `lunatic`
[INFO] [stdout] 
[INFO] [stdout] 
[INFO] [stdout] error[E0433]: failed to resolve: use of undeclared crate or module `lunatic`
[INFO] [stdout]  --> tests/process.rs:4:5
[INFO] [stdout]   |
[INFO] [stdout] 4 | use lunatic::host::api::process::die_when_link_dies;
[INFO] [stdout]   |     ^^^^^^^ use of undeclared crate or module `lunatic`
[INFO] [stdout] 
[INFO] [stdout] 
[INFO] [stdout] error[E0432]: unresolved import `lunatic`
[INFO] [stdout]  --> tests/messaging.rs:6:5
[INFO] [stdout]   |
[INFO] [stdout] 6 | use lunatic::{spawn_link, Mailbox, Process};
[INFO] [stdout]   |     ^^^^^^^ use of undeclared crate or module `lunatic`
[INFO] [stdout] 
[INFO] [stdout] 
[INFO] [stdout] error[E0425]: cannot find value `FOO` in this scope
[INFO] [stdout]  --> examples/process_local.rs:9:5
[INFO] [stdout]   |
[INFO] [stdout] 9 |     FOO.with(|f| {
[INFO] [stdout]   |     ^^^ not found in this scope
[INFO] [stdout] 
[INFO] [stdout] 
[INFO] [stdout] error[E0425]: cannot find value `FOO` in this scope
[INFO] [stdout]   --> examples/process_local.rs:26:5
[INFO] [stdout]    |
[INFO] [stdout] 26 |     FOO.with(|f| {
[INFO] [stdout]    |     ^^^ not found in this scope
[INFO] [stdout] 
[INFO] [stdout] 
[INFO] [stdout] error[E0432]: unresolved import `lunatic`
[INFO] [stdout]  --> tests/process.rs:5:5
[INFO] [stdout]   |
[INFO] [stdout] 5 | use lunatic::{spawn_link, Mailbox, Process, ProcessConfig};
[INFO] [stdout]   |     ^^^^^^^ use of undeclared crate or module `lunatic`
[INFO] [stdout] 
[INFO] [stdout] 
[INFO] [stdout] warning: unused import: `std::cell::RefCell`
[INFO] [stdout]  --> examples/process_local.rs:1:5
[INFO] [stdout]   |
[INFO] [stdout] 1 | use std::cell::RefCell;
[INFO] [stdout]   |     ^^^^^^^^^^^^^^^^^^
[INFO] [stdout]   |
[INFO] [stdout]   = note: `#[warn(unused_imports)]` on by default
[INFO] [stdout] 
[INFO] [stdout] 
[INFO] [stdout] For more information about this error, try `rustc --explain E0432`.
[INFO] [stdout] 
[INFO] [stdout] error[E0433]: failed to resolve: use of undeclared crate or module `lunatic`
[INFO] [stdout]  --> tests/abstract_process_macro.rs:4:5
[INFO] [stdout]   |
[INFO] [stdout] 4 | use lunatic::ap::{AbstractProcess, Config};
[INFO] [stdout]   |     ^^^^^^^ use of undeclared crate or module `lunatic`
[INFO] [stdout] 
[INFO] [stdout] 
[INFO] [stderr] error: could not compile `lunatic-twitchax-patch` (test "udp") due to 1 previous error
[INFO] [stdout] Some errors have detailed explanations: E0425, E0432, E0433.
[INFO] [stdout] 
[INFO] [stdout] For more information about an error, try `rustc --explain E0425`.
[INFO] [stdout] 
[INFO] [stderr] error: could not compile `lunatic-twitchax-patch` (example "process_local") due to 4 previous errors; 1 warning emitted
[INFO] [stdout] error[E0433]: failed to resolve: use of undeclared crate or module `lunatic`
[INFO] [stdout]    --> tests/abstract_process.rs:298:55
[INFO] [stdout]     |
[INFO] [stdout] 298 |     fn handle_link_death(mut state: State<Self>, tag: lunatic::Tag) {
[INFO] [stdout]     |                                                       ^^^^^^^ use of undeclared crate or module `lunatic`
[INFO] [stdout] 
[INFO] [stdout] 
[INFO] [stdout] Some errors have detailed explanations: E0432, E0433.
[INFO] [stdout] 
[INFO] [stdout] For more information about an error, try `rustc --explain E0432`.
[INFO] [stdout] 
[INFO] [stderr] error: could not compile `lunatic-twitchax-patch` (test "abstract_process") due to 6 previous errors
[INFO] [stdout] error[E0433]: failed to resolve: use of undeclared crate or module `lunatic`
[INFO] [stdout]   --> tests/messaging.rs:66:5
[INFO] [stdout]    |
[INFO] [stdout] 66 |     lunatic::sleep(Duration::from_millis(100));
[INFO] [stdout]    |     ^^^^^^^ use of undeclared crate or module `lunatic`
[INFO] [stdout] 
[INFO] [stdout] 
[INFO] [stdout] Some errors have detailed explanations: E0432, E0433.
[INFO] [stdout] 
[INFO] [stdout] For more information about an error, try `rustc --explain E0432`.
[INFO] [stdout] 
[INFO] [stdout] error[E0432]: unresolved import `lunatic`
[INFO] [stdout]  --> tests/abstract_process_macro.rs:5:5
[INFO] [stdout]   |
[INFO] [stdout] 5 | use lunatic::{abstract_process, host, sleep, spawn_link, test, Tag};
[INFO] [stdout]   |     ^^^^^^^ use of undeclared crate or module `lunatic`
[INFO] [stdout] 
[INFO] [stdout] 
[INFO] [stdout] error[E0432]: unresolved imports `m::CounterMessages`, `m::CounterRequests`
[INFO] [stdout]    --> tests/abstract_process_macro.rs:478:22
[INFO] [stdout]     |
[INFO] [stdout] 478 |     use m::{Counter, CounterMessages, CounterRequests};
[INFO] [stdout]     |                      ^^^^^^^^^^^^^^^  ^^^^^^^^^^^^^^^ no `CounterRequests` in `<opaque>::m`
[INFO] [stdout]     |                      |
[INFO] [stdout]     |                      no `CounterMessages` in `<opaque>::m`
[INFO] [stdout] 
[INFO] [stdout] 
[INFO] [stderr] error: could not compile `lunatic-twitchax-patch` (test "messaging") due to 8 previous errors
[INFO] [stdout] error: cannot find attribute `init` in this scope
[INFO] [stdout]    --> tests/abstract_process_macro.rs:535:11
[INFO] [stdout]     |
[INFO] [stdout] 535 |         #[init]
[INFO] [stdout]     |           ^^^^
[INFO] [stdout]     |
[INFO] [stdout]     = note: `init` is in scope, but it is a function, not an attribute
[INFO] [stdout] 
[INFO] [stdout] 
[INFO] [stdout] error: cannot find attribute `handle_message` in this scope
[INFO] [stdout]    --> tests/abstract_process_macro.rs:542:11
[INFO] [stdout]     |
[INFO] [stdout] 542 |         #[handle_message]
[INFO] [stdout]     |           ^^^^^^^^^^^^^^
[INFO] [stdout] 
[INFO] [stdout] 
[INFO] [stdout] error: cannot find attribute `handle_request` in this scope
[INFO] [stdout]    --> tests/abstract_process_macro.rs:547:11
[INFO] [stdout]     |
[INFO] [stdout] 547 |         #[handle_request]
[INFO] [stdout]     |           ^^^^^^^^^^^^^^
[INFO] [stdout] 
[INFO] [stdout] 
[INFO] [stdout] error: cannot find attribute `init` in this scope
[INFO] [stdout]    --> tests/abstract_process_macro.rs:496:11
[INFO] [stdout]     |
[INFO] [stdout] 496 |         #[init]
[INFO] [stdout]     |           ^^^^
[INFO] [stdout]     |
[INFO] [stdout]     = note: `init` is in scope, but it is a function, not an attribute
[INFO] [stdout] 
[INFO] [stdout] 
[INFO] [stdout] error: cannot find attribute `handle_message` in this scope
[INFO] [stdout]    --> tests/abstract_process_macro.rs:501:11
[INFO] [stdout]     |
[INFO] [stdout] 501 |         #[handle_message]
[INFO] [stdout]     |           ^^^^^^^^^^^^^^
[INFO] [stdout] 
[INFO] [stdout] 
[INFO] [stdout] error: cannot find attribute `handle_request` in this scope
[INFO] [stdout]    --> tests/abstract_process_macro.rs:506:11
[INFO] [stdout]     |
[INFO] [stdout] 506 |         #[handle_request]
[INFO] [stdout]     |           ^^^^^^^^^^^^^^
[INFO] [stdout] 
[INFO] [stdout] 
[INFO] [stdout] error: cannot find attribute `init` in this scope
[INFO] [stdout]    --> tests/abstract_process_macro.rs:461:15
[INFO] [stdout]     |
[INFO] [stdout] 461 |             #[init]
[INFO] [stdout]     |               ^^^^
[INFO] [stdout]     |
[INFO] [stdout] note: `init` is imported here, but it is a function, not an attribute
[INFO] [stdout]    --> tests/abstract_process_macro.rs:453:13
[INFO] [stdout]     |
[INFO] [stdout] 453 |         use super::*;
[INFO] [stdout]     |             ^^^^^^^^
[INFO] [stdout] 
[INFO] [stdout] 
[INFO] [stdout] error: cannot find attribute `handle_message` in this scope
[INFO] [stdout]    --> tests/abstract_process_macro.rs:466:15
[INFO] [stdout]     |
[INFO] [stdout] 466 |             #[handle_message]
[INFO] [stdout]     |               ^^^^^^^^^^^^^^
[INFO] [stdout] 
[INFO] [stdout] 
[INFO] [stdout] error: cannot find attribute `handle_request` in this scope
[INFO] [stdout]    --> tests/abstract_process_macro.rs:471:15
[INFO] [stdout]     |
[INFO] [stdout] 471 |             #[handle_request]
[INFO] [stdout]     |               ^^^^^^^^^^^^^^
[INFO] [stdout] 
[INFO] [stdout] 
[INFO] [stdout] error[E0433]: failed to resolve: use of undeclared crate or module `lunatic`
[INFO] [stdout]   --> tests/process.rs:23:5
[INFO] [stdout]    |
[INFO] [stdout] 23 |     lunatic::sleep(Duration::from_millis(100));
[INFO] [stdout]    |     ^^^^^^^ use of undeclared crate or module `lunatic`
[INFO] [stdout] 
[INFO] [stdout] 
[INFO] [stdout] error[E0433]: failed to resolve: use of undeclared crate or module `lunatic`
[INFO] [stdout]   --> tests/process.rs:31:5
[INFO] [stdout]    |
[INFO] [stdout] 31 |     lunatic::sleep(Duration::from_millis(100));
[INFO] [stdout]    |     ^^^^^^^ use of undeclared crate or module `lunatic`
[INFO] [stdout] 
[INFO] [stdout] 
[INFO] [stdout] error: cannot find attribute `init` in this scope
[INFO] [stdout]    --> tests/abstract_process_macro.rs:421:11
[INFO] [stdout]     |
[INFO] [stdout] 421 |         #[init]
[INFO] [stdout]     |           ^^^^
[INFO] [stdout]     |
[INFO] [stdout]     = note: `init` is in scope, but it is a function, not an attribute
[INFO] [stdout] 
[INFO] [stdout] 
[INFO] [stdout] error[E0433]: failed to resolve: use of undeclared crate or module `lunatic`
[INFO] [stdout]   --> tests/process.rs:94:5
[INFO] [stdout]    |
[INFO] [stdout] 94 |     lunatic::sleep(Duration::from_millis(500));
[INFO] [stdout]    |     ^^^^^^^ use of undeclared crate or module `lunatic`
[INFO] [stdout] 
[INFO] [stdout] 
[INFO] [stdout] error[E0433]: failed to resolve: use of undeclared crate or module `lunatic`
[INFO] [stdout]    --> tests/process.rs:107:5
[INFO] [stdout]     |
[INFO] [stdout] 107 |     lunatic::sleep(Duration::from_millis(100));
[INFO] [stdout]     |     ^^^^^^^ use of undeclared crate or module `lunatic`
[INFO] [stdout] 
[INFO] [stdout] 
[INFO] [stdout] error[E0433]: failed to resolve: use of undeclared crate or module `lunatic`
[INFO] [stdout]    --> tests/process.rs:117:5
[INFO] [stdout]     |
[INFO] [stdout] 117 |     lunatic::sleep(Duration::from_millis(100));
[INFO] [stdout]     |     ^^^^^^^ use of undeclared crate or module `lunatic`
[INFO] [stdout] 
[INFO] [stdout] 
[INFO] [stdout] error[E0433]: failed to resolve: use of undeclared crate or module `lunatic`
[INFO] [stdout]    --> tests/process.rs:124:5
[INFO] [stdout]     |
[INFO] [stdout] 124 |     lunatic::sleep(Duration::from_millis(100));
[INFO] [stdout]     |     ^^^^^^^ use of undeclared crate or module `lunatic`
[INFO] [stdout] 
[INFO] [stdout] 
[INFO] [stdout] error: cannot find attribute `handle_request` in this scope
[INFO] [stdout]    --> tests/abstract_process_macro.rs:426:11
[INFO] [stdout]     |
[INFO] [stdout] 426 |         #[handle_request]
[INFO] [stdout]     |           ^^^^^^^^^^^^^^
[INFO] [stdout] 
[INFO] [stdout] 
[INFO] [stdout] error[E0433]: failed to resolve: use of undeclared crate or module `lunatic`
[INFO] [stdout]    --> tests/process.rs:133:5
[INFO] [stdout]     |
[INFO] [stdout] 133 |     lunatic::sleep(Duration::from_millis(100));
[INFO] [stdout]     |     ^^^^^^^ use of undeclared crate or module `lunatic`
[INFO] [stdout] 
[INFO] [stdout] 
[INFO] [stdout] error[E0433]: failed to resolve: use of undeclared crate or module `lunatic`
[INFO] [stdout]    --> tests/process.rs:143:9
[INFO] [stdout]     |
[INFO] [stdout] 143 |         lunatic::sleep(Duration::from_millis(100));
[INFO] [stdout]     |         ^^^^^^^ use of undeclared crate or module `lunatic`
[INFO] [stdout] 
[INFO] [stdout] 
[INFO] [stdout] error[E0433]: failed to resolve: use of undeclared crate or module `lunatic`
[INFO] [stdout]    --> tests/process.rs:146:5
[INFO] [stdout]     |
[INFO] [stdout] 146 |     lunatic::sleep(Duration::from_millis(10));
[INFO] [stdout]     |     ^^^^^^^ use of undeclared crate or module `lunatic`
[INFO] [stdout] 
[INFO] [stdout] 
[INFO] [stdout] error[E0433]: failed to resolve: use of undeclared crate or module `lunatic`
[INFO] [stdout]    --> tests/process.rs:149:5
[INFO] [stdout]     |
[INFO] [stdout] 149 |     lunatic::sleep(Duration::from_millis(150));
[INFO] [stdout]     |     ^^^^^^^ use of undeclared crate or module `lunatic`
[INFO] [stdout] 
[INFO] [stdout] 
[INFO] [stdout] error: cannot find attribute `handle_request` in this scope
[INFO] [stdout]    --> tests/abstract_process_macro.rs:432:11
[INFO] [stdout]     |
[INFO] [stdout] 432 |         #[handle_request]
[INFO] [stdout]     |           ^^^^^^^^^^^^^^
[INFO] [stdout] 
[INFO] [stdout] 
[INFO] [stdout] error: cannot find attribute `init` in this scope
[INFO] [stdout]    --> tests/abstract_process_macro.rs:392:11
[INFO] [stdout]     |
[INFO] [stdout] 392 |         #[init]
[INFO] [stdout]     |           ^^^^
[INFO] [stdout]     |
[INFO] [stdout]     = note: `init` is in scope, but it is a function, not an attribute
[INFO] [stdout] 
[INFO] [stdout] 
[INFO] [stdout] error: cannot find attribute `handle_message` in this scope
[INFO] [stdout]    --> tests/abstract_process_macro.rs:397:11
[INFO] [stdout]     |
[INFO] [stdout] 397 |         #[handle_message]
[INFO] [stdout]     |           ^^^^^^^^^^^^^^
[INFO] [stdout] 
[INFO] [stdout] 
[INFO] [stdout] Some errors have detailed explanations: E0432, E0433.
[INFO] [stdout] 
[INFO] [stdout] For more information about an error, try `rustc --explain E0432`.
[INFO] [stdout] 
[INFO] [stdout] error: cannot find attribute `handle_request` in this scope
[INFO] [stdout]    --> tests/abstract_process_macro.rs:402:11
[INFO] [stdout]     |
[INFO] [stdout] 402 |         #[handle_request]
[INFO] [stdout]     |           ^^^^^^^^^^^^^^
[INFO] [stdout] 
[INFO] [stdout] 
[INFO] [stdout] error: cannot find attribute `init` in this scope
[INFO] [stdout]    --> tests/abstract_process_macro.rs:353:11
[INFO] [stdout]     |
[INFO] [stdout] 353 |         #[init]
[INFO] [stdout]     |           ^^^^
[INFO] [stdout]     |
[INFO] [stdout]     = note: `init` is in scope, but it is a function, not an attribute
[INFO] [stdout] 
[INFO] [stdout] 
[INFO] [stdout] error: cannot find attribute `handle_request` in this scope
[INFO] [stdout]    --> tests/abstract_process_macro.rs:358:11
[INFO] [stdout]     |
[INFO] [stdout] 358 |         #[handle_request]
[INFO] [stdout]     |           ^^^^^^^^^^^^^^
[INFO] [stdout] 
[INFO] [stdout] 
[INFO] [stdout] error: cannot find attribute `handle_request` in this scope
[INFO] [stdout]    --> tests/abstract_process_macro.rs:361:11
[INFO] [stdout]     |
[INFO] [stdout] 361 |         #[handle_request]
[INFO] [stdout]     |           ^^^^^^^^^^^^^^
[INFO] [stdout] 
[INFO] [stdout] 
[INFO] [stdout] error: cannot find attribute `handle_request` in this scope
[INFO] [stdout]    --> tests/abstract_process_macro.rs:366:11
[INFO] [stdout]     |
[INFO] [stdout] 366 |         #[handle_request]
[INFO] [stdout]     |           ^^^^^^^^^^^^^^
[INFO] [stdout] 
[INFO] [stdout] 
[INFO] [stdout] error: cannot find attribute `handle_request` in this scope
[INFO] [stdout]    --> tests/abstract_process_macro.rs:371:11
[INFO] [stdout]     |
[INFO] [stdout] 371 |         #[handle_request]
[INFO] [stdout]     |           ^^^^^^^^^^^^^^
[INFO] [stdout] 
[INFO] [stdout] 
[INFO] [stdout] error: cannot find attribute `init` in this scope
[INFO] [stdout]    --> tests/abstract_process_macro.rs:313:11
[INFO] [stdout]     |
[INFO] [stdout] 313 |         #[init]
[INFO] [stdout]     |           ^^^^
[INFO] [stdout]     |
[INFO] [stdout]     = note: `init` is in scope, but it is a function, not an attribute
[INFO] [stdout] 
[INFO] [stdout] 
[INFO] [stderr] error: could not compile `lunatic-twitchax-patch` (test "process") due to 18 previous errors
[INFO] [stdout] error: cannot find attribute `terminate` in this scope
[INFO] [stdout]    --> tests/abstract_process_macro.rs:319:11
[INFO] [stdout]     |
[INFO] [stdout] 319 |         #[terminate]
[INFO] [stdout]     |           ^^^^^^^^^
[INFO] [stdout] 
[INFO] [stdout] 
[INFO] [stdout] error: cannot find attribute `handle_link_death` in this scope
[INFO] [stdout]    --> tests/abstract_process_macro.rs:323:11
[INFO] [stdout]     |
[INFO] [stdout] 323 |         #[handle_link_death]
[INFO] [stdout]     |           ^^^^^^^^^^^^^^^^^
[INFO] [stdout] 
[INFO] [stdout] 
[INFO] [stdout] error: cannot find attribute `handle_message` in this scope
[INFO] [stdout]    --> tests/abstract_process_macro.rs:327:11
[INFO] [stdout]     |
[INFO] [stdout] 327 |         #[handle_message]
[INFO] [stdout]     |           ^^^^^^^^^^^^^^
[INFO] [stdout] 
[INFO] [stdout] 
[INFO] [stdout] error: cannot find attribute `handle_request` in this scope
[INFO] [stdout]    --> tests/abstract_process_macro.rs:333:11
[INFO] [stdout]     |
[INFO] [stdout] 333 |         #[handle_request]
[INFO] [stdout]     |           ^^^^^^^^^^^^^^
[INFO] [stdout] 
[INFO] [stdout] 
[INFO] [stdout] error: cannot find attribute `init` in this scope
[INFO] [stdout]    --> tests/abstract_process_macro.rs:272:11
[INFO] [stdout]     |
[INFO] [stdout] 272 |         #[init]
[INFO] [stdout]     |           ^^^^
[INFO] [stdout]     |
[INFO] [stdout]     = note: `init` is in scope, but it is a function, not an attribute
[INFO] [stdout] 
[INFO] [stdout] 
[INFO] [stdout] error: cannot find attribute `terminate` in this scope
[INFO] [stdout]    --> tests/abstract_process_macro.rs:278:11
[INFO] [stdout]     |
[INFO] [stdout] 278 |         #[terminate]
[INFO] [stdout]     |           ^^^^^^^^^
[INFO] [stdout] 
[INFO] [stdout] 
[INFO] [stdout] error: cannot find attribute `handle_link_death` in this scope
[INFO] [stdout]    --> tests/abstract_process_macro.rs:282:11
[INFO] [stdout]     |
[INFO] [stdout] 282 |         #[handle_link_death]
[INFO] [stdout]     |           ^^^^^^^^^^^^^^^^^
[INFO] [stdout] 
[INFO] [stdout] 
[INFO] [stdout] error: cannot find attribute `handle_message` in this scope
[INFO] [stdout]    --> tests/abstract_process_macro.rs:286:11
[INFO] [stdout]     |
[INFO] [stdout] 286 |         #[handle_message]
[INFO] [stdout]     |           ^^^^^^^^^^^^^^
[INFO] [stdout] 
[INFO] [stdout] 
[INFO] [stdout] error: cannot find attribute `handle_request` in this scope
[INFO] [stdout]    --> tests/abstract_process_macro.rs:292:11
[INFO] [stdout]     |
[INFO] [stdout] 292 |         #[handle_request]
[INFO] [stdout]     |           ^^^^^^^^^^^^^^
[INFO] [stdout] 
[INFO] [stdout] 
[INFO] [stdout] error: cannot find attribute `init` in this scope
[INFO] [stdout]    --> tests/abstract_process_macro.rs:225:11
[INFO] [stdout]     |
[INFO] [stdout] 225 |         #[init]
[INFO] [stdout]     |           ^^^^
[INFO] [stdout]     |
[INFO] [stdout]     = note: `init` is in scope, but it is a function, not an attribute
[INFO] [stdout] 
[INFO] [stdout] 
[INFO] [stdout] error: cannot find attribute `handle_message` in this scope
[INFO] [stdout]    --> tests/abstract_process_macro.rs:230:11
[INFO] [stdout]     |
[INFO] [stdout] 230 |         #[handle_message]
[INFO] [stdout]     |           ^^^^^^^^^^^^^^
[INFO] [stdout] 
[INFO] [stdout] 
[INFO] [stdout] error: cannot find attribute `handle_message` in this scope
[INFO] [stdout]    --> tests/abstract_process_macro.rs:238:11
[INFO] [stdout]     |
[INFO] [stdout] 238 |         #[handle_message]
[INFO] [stdout]     |           ^^^^^^^^^^^^^^
[INFO] [stdout] 
[INFO] [stdout] 
[INFO] [stdout] error: cannot find attribute `handle_request` in this scope
[INFO] [stdout]    --> tests/abstract_process_macro.rs:245:11
[INFO] [stdout]     |
[INFO] [stdout] 245 |         #[handle_request]
[INFO] [stdout]     |           ^^^^^^^^^^^^^^
[INFO] [stdout] 
[INFO] [stdout] 
[INFO] [stdout] error: cannot find attribute `init` in this scope
[INFO] [stdout]    --> tests/abstract_process_macro.rs:196:11
[INFO] [stdout]     |
[INFO] [stdout] 196 |         #[init]
[INFO] [stdout]     |           ^^^^
[INFO] [stdout]     |
[INFO] [stdout]     = note: `init` is in scope, but it is a function, not an attribute
[INFO] [stdout] 
[INFO] [stdout] 
[INFO] [stdout] error: cannot find attribute `handle_message` in this scope
[INFO] [stdout]    --> tests/abstract_process_macro.rs:201:11
[INFO] [stdout]     |
[INFO] [stdout] 201 |         #[handle_message]
[INFO] [stdout]     |           ^^^^^^^^^^^^^^
[INFO] [stdout] 
[INFO] [stdout] 
[INFO] [stdout] error: cannot find attribute `handle_request` in this scope
[INFO] [stdout]    --> tests/abstract_process_macro.rs:204:11
[INFO] [stdout]     |
[INFO] [stdout] 204 |         #[handle_request]
[INFO] [stdout]     |           ^^^^^^^^^^^^^^
[INFO] [stdout] 
[INFO] [stdout] 
[INFO] [stdout] error: cannot find attribute `init` in this scope
[INFO] [stdout]    --> tests/abstract_process_macro.rs:166:11
[INFO] [stdout]     |
[INFO] [stdout] 166 |         #[init]
[INFO] [stdout]     |           ^^^^
[INFO] [stdout]     |
[INFO] [stdout]     = note: `init` is in scope, but it is a function, not an attribute
[INFO] [stdout] 
[INFO] [stdout] 
[INFO] [stdout] error: cannot find attribute `handle_message` in this scope
[INFO] [stdout]    --> tests/abstract_process_macro.rs:171:11
[INFO] [stdout]     |
[INFO] [stdout] 171 |         #[handle_message]
[INFO] [stdout]     |           ^^^^^^^^^^^^^^
[INFO] [stdout] 
[INFO] [stdout] 
[INFO] [stdout] error: cannot find attribute `handle_request` in this scope
[INFO] [stdout]    --> tests/abstract_process_macro.rs:178:11
[INFO] [stdout]     |
[INFO] [stdout] 178 |         #[handle_request]
[INFO] [stdout]     |           ^^^^^^^^^^^^^^
[INFO] [stdout] 
[INFO] [stdout] 
[INFO] [stdout] error: cannot find attribute `init` in this scope
[INFO] [stdout]    --> tests/abstract_process_macro.rs:135:11
[INFO] [stdout]     |
[INFO] [stdout] 135 |         #[init]
[INFO] [stdout]     |           ^^^^
[INFO] [stdout]     |
[INFO] [stdout]     = note: `init` is in scope, but it is a function, not an attribute
[INFO] [stdout] 
[INFO] [stdout] 
[INFO] [stdout] error: cannot find attribute `handle_message` in this scope
[INFO] [stdout]    --> tests/abstract_process_macro.rs:140:11
[INFO] [stdout]     |
[INFO] [stdout] 140 |         #[handle_message]
[INFO] [stdout]     |           ^^^^^^^^^^^^^^
[INFO] [stdout] 
[INFO] [stdout] 
[INFO] [stdout] error: cannot find attribute `handle_request` in this scope
[INFO] [stdout]    --> tests/abstract_process_macro.rs:145:11
[INFO] [stdout]     |
[INFO] [stdout] 145 |         #[handle_request]
[INFO] [stdout]     |           ^^^^^^^^^^^^^^
[INFO] [stdout] 
[INFO] [stdout] 
[INFO] [stdout] error: cannot find attribute `init` in this scope
[INFO] [stdout]   --> tests/abstract_process_macro.rs:90:11
[INFO] [stdout]    |
[INFO] [stdout] 90 |         #[init]
[INFO] [stdout]    |           ^^^^
[INFO] [stdout]    |
[INFO] [stdout]    = note: `init` is in scope, but it is a function, not an attribute
[INFO] [stdout] 
[INFO] [stdout] 
[INFO] [stdout] error: cannot find attribute `handle_message` in this scope
[INFO] [stdout]   --> tests/abstract_process_macro.rs:95:11
[INFO] [stdout]    |
[INFO] [stdout] 95 |         #[handle_message]
[INFO] [stdout]    |           ^^^^^^^^^^^^^^
[INFO] [stdout] 
[INFO] [stdout] 
[INFO] [stdout] error: cannot find attribute `handle_message` in this scope
[INFO] [stdout]    --> tests/abstract_process_macro.rs:101:11
[INFO] [stdout]     |
[INFO] [stdout] 101 |         #[handle_message]
[INFO] [stdout]     |           ^^^^^^^^^^^^^^
[INFO] [stdout] 
[INFO] [stdout] 
[INFO] [stdout] error: cannot find attribute `handle_request` in this scope
[INFO] [stdout]    --> tests/abstract_process_macro.rs:107:11
[INFO] [stdout]     |
[INFO] [stdout] 107 |         #[handle_request]
[INFO] [stdout]     |           ^^^^^^^^^^^^^^
[INFO] [stdout] 
[INFO] [stdout] 
[INFO] [stdout] error: cannot find attribute `init` in this scope
[INFO] [stdout]   --> tests/abstract_process_macro.rs:56:11
[INFO] [stdout]    |
[INFO] [stdout] 56 |         #[init]
[INFO] [stdout]    |           ^^^^
[INFO] [stdout]    |
[INFO] [stdout]    = note: `init` is in scope, but it is a function, not an attribute
[INFO] [stdout] 
[INFO] [stdout] 
[INFO] [stdout] error: cannot find attribute `handle_link_death` in this scope
[INFO] [stdout]   --> tests/abstract_process_macro.rs:65:11
[INFO] [stdout]    |
[INFO] [stdout] 65 |         #[handle_link_death]
[INFO] [stdout]    |           ^^^^^^^^^^^^^^^^^
[INFO] [stdout] 
[INFO] [stdout] 
[INFO] [stdout] error: cannot find attribute `handle_request` in this scope
[INFO] [stdout]   --> tests/abstract_process_macro.rs:71:11
[INFO] [stdout]    |
[INFO] [stdout] 71 |         #[handle_request]
[INFO] [stdout]    |           ^^^^^^^^^^^^^^
[INFO] [stdout] 
[INFO] [stdout] 
[INFO] [stdout] error: cannot find attribute `init` in this scope
[INFO] [stdout]   --> tests/abstract_process_macro.rs:33:11
[INFO] [stdout]    |
[INFO] [stdout] 33 |         #[init]
[INFO] [stdout]    |           ^^^^
[INFO] [stdout]    |
[INFO] [stdout]    = note: `init` is in scope, but it is a function, not an attribute
[INFO] [stdout] 
[INFO] [stdout] 
[INFO] [stdout] error: cannot find attribute `terminate` in this scope
[INFO] [stdout]   --> tests/abstract_process_macro.rs:38:11
[INFO] [stdout]    |
[INFO] [stdout] 38 |         #[terminate]
[INFO] [stdout]    |           ^^^^^^^^^
[INFO] [stdout] 
[INFO] [stdout] 
[INFO] [stdout] error: cannot find attribute `init` in this scope
[INFO] [stdout]   --> tests/abstract_process_macro.rs:13:11
[INFO] [stdout]    |
[INFO] [stdout] 13 |         #[init]
[INFO] [stdout]    |           ^^^^
[INFO] [stdout]    |
[INFO] [stdout]    = note: `init` is in scope, but it is a function, not an attribute
[INFO] [stdout] 
[INFO] [stdout] 
[INFO] [stdout] error[E0599]: no function or associated item named `link` found for struct `init::A` in the current scope
[INFO] [stdout]   --> tests/abstract_process_macro.rs:19:8
[INFO] [stdout]    |
[INFO] [stdout] 9  |     struct A;
[INFO] [stdout]    |     -------- function or associated item `link` not found for this struct
[INFO] [stdout] ...
[INFO] [stdout] 19 |     A::link()
[INFO] [stdout]    |        ^^^^ function or associated item not found in `init::A`
[INFO] [stdout]    |
[INFO] [stdout] note: if you're trying to build a new `init::A`, consider using `init::A::init` which returns `Result<init::A, ()>`
[INFO] [stdout]   --> tests/abstract_process_macro.rs:14:9
[INFO] [stdout]    |
[INFO] [stdout] 14 |         fn init(_config: Config<Self>, _count: (u32, String)) -> Result<Self, ()> {
[INFO] [stdout]    |         ^^^^^^^^^^^^^^^^^^^^^^^^^^^^^^^^^^^^^^^^^^^^^^^^^^^^^^^^^^^^^^^^^^^^^^^^^
[INFO] [stdout]    = help: items from traits can only be used if the trait is implemented and in scope
[INFO] [stdout]    = note: the following trait defines an item `link`, perhaps you need to implement it:
[INFO] [stdout]            candidate #1: `lunatic_twitchax_patch::AbstractProcess`
[INFO] [stdout] 
[INFO] [stdout] 
[INFO] [stdout] error[E0599]: no function or associated item named `link` found for struct `shutdown::A` in the current scope
[INFO] [stdout]   --> tests/abstract_process_macro.rs:44:16
[INFO] [stdout]    |
[INFO] [stdout] 29 |     struct A;
[INFO] [stdout]    |     -------- function or associated item `link` not found for this struct
[INFO] [stdout] ...
[INFO] [stdout] 44 |     let a = A::link().start(()).unwrap();
[INFO] [stdout]    |                ^^^^ function or associated item not found in `A`
[INFO] [stdout]    |
[INFO] [stdout] note: if you're trying to build a new `shutdown::A`, consider using `shutdown::A::init` which returns `Result<shutdown::A, ()>`
[INFO] [stdout]   --> tests/abstract_process_macro.rs:34:9
[INFO] [stdout]    |
[INFO] [stdout] 34 |         fn init(_: Config<Self>, _: ()) -> Result<A, ()> {
[INFO] [stdout]    |         ^^^^^^^^^^^^^^^^^^^^^^^^^^^^^^^^^^^^^^^^^^^^^^^^
[INFO] [stdout]    = help: items from traits can only be used if the trait is implemented and in scope
[INFO] [stdout]    = note: the following trait defines an item `link`, perhaps you need to implement it:
[INFO] [stdout]            candidate #1: `lunatic_twitchax_patch::AbstractProcess`
[INFO] [stdout] 
[INFO] [stdout] 
[INFO] [stdout] error[E0599]: no function or associated item named `start` found for struct `handle_link_trapped::A` in the current scope
[INFO] [stdout]   --> tests/abstract_process_macro.rs:77:16
[INFO] [stdout]    |
[INFO] [stdout] 50 |     struct A {
[INFO] [stdout]    |     -------- function or associated item `start` not found for this struct
[INFO] [stdout] ...
[INFO] [stdout] 77 |     let a = A::start(()).unwrap();
[INFO] [stdout]    |                ^^^^^ function or associated item not found in `A`
[INFO] [stdout]    |
[INFO] [stdout] note: if you're trying to build a new `handle_link_trapped::A`, consider using `handle_link_trapped::A::init` which returns `Result<handle_link_trapped::A, ()>`
[INFO] [stdout]   --> tests/abstract_process_macro.rs:57:9
[INFO] [stdout]    |
[INFO] [stdout] 57 |         fn init(_config: Config<Self>, _arg: ()) -> Result<Self, ()> {
[INFO] [stdout]    |         ^^^^^^^^^^^^^^^^^^^^^^^^^^^^^^^^^^^^^^^^^^^^^^^^^^^^^^^^^^^^
[INFO] [stdout]    = help: items from traits can only be used if the trait is implemented and in scope
[INFO] [stdout]    = note: the following traits define an item `start`, perhaps you need to implement one of them:
[INFO] [stdout]            candidate #1: `criterion::measurement::Measurement`
[INFO] [stdout]            candidate #2: `lunatic_twitchax_patch::AbstractProcess`
[INFO] [stdout]            candidate #3: `regex_syntax::ast::Visitor`
[INFO] [stdout]            candidate #4: `regex_syntax::hir::Visitor`
[INFO] [stdout] 
[INFO] [stdout] 
[INFO] [stdout] error[E0599]: no function or associated item named `link` found for struct `handle_zero_argument::Counter` in the current scope
[INFO] [stdout]    --> tests/abstract_process_macro.rs:119:28
[INFO] [stdout]     |
[INFO] [stdout] 84  |     struct Counter {
[INFO] [stdout]     |     -------------- function or associated item `link` not found for this struct
[INFO] [stdout] ...
[INFO] [stdout] 119 |     let counter = Counter::link().start(2).unwrap();
[INFO] [stdout]     |                            ^^^^ function or associated item not found in `Counter`
[INFO] [stdout]     |
[INFO] [stdout] note: if you're trying to build a new `handle_zero_argument::Counter`, consider using `handle_zero_argument::Counter::init` which returns `Result<handle_zero_argument::Counter, ()>`
[INFO] [stdout]    --> tests/abstract_process_macro.rs:91:9
[INFO] [stdout]     |
[INFO] [stdout] 91  |         fn init(_config: Config<Self>, count: u32) -> Result<Self, ()> {
[INFO] [stdout]     |         ^^^^^^^^^^^^^^^^^^^^^^^^^^^^^^^^^^^^^^^^^^^^^^^^^^^^^^^^^^^^^^
[INFO] [stdout]     = help: items from traits can only be used if the trait is implemented and in scope
[INFO] [stdout]     = note: the following trait defines an item `link`, perhaps you need to implement it:
[INFO] [stdout]             candidate #1: `lunatic_twitchax_patch::AbstractProcess`
[INFO] [stdout] 
[INFO] [stdout] 
[INFO] [stdout] error[E0599]: no function or associated item named `link` found for struct `handle_single_argument::A` in the current scope
[INFO] [stdout]    --> tests/abstract_process_macro.rs:151:16
[INFO] [stdout]     |
[INFO] [stdout] 128 |     struct A;
[INFO] [stdout]     |     -------- function or associated item `link` not found for this struct
[INFO] [stdout] ...
[INFO] [stdout] 151 |     let a = A::link().start(()).unwrap();
[INFO] [stdout]     |                ^^^^ function or associated item not found in `A`
[INFO] [stdout]     |
[INFO] [stdout] note: if you're trying to build a new `handle_single_argument::A`, consider using `handle_single_argument::A::init` which returns `Result<handle_single_argument::A, ()>`
[INFO] [stdout]    --> tests/abstract_process_macro.rs:136:9
[INFO] [stdout]     |
[INFO] [stdout] 136 |         fn init(_: Config<Self>, _: ()) -> Result<A, ()> {
[INFO] [stdout]     |         ^^^^^^^^^^^^^^^^^^^^^^^^^^^^^^^^^^^^^^^^^^^^^^^^
[INFO] [stdout]     = help: items from traits can only be used if the trait is implemented and in scope
[INFO] [stdout]     = note: the following trait defines an item `link`, perhaps you need to implement it:
[INFO] [stdout]             candidate #1: `lunatic_twitchax_patch::AbstractProcess`
[INFO] [stdout] 
[INFO] [stdout] 
[INFO] [stdout] error[E0599]: no function or associated item named `link` found for struct `handle_multiple_arguments::A` in the current scope
[INFO] [stdout]    --> tests/abstract_process_macro.rs:184:16
[INFO] [stdout]     |
[INFO] [stdout] 159 |     struct A;
[INFO] [stdout]     |     -------- function or associated item `link` not found for this struct
[INFO] [stdout] ...
[INFO] [stdout] 184 |     let a = A::link().start(()).unwrap();
[INFO] [stdout]     |                ^^^^ function or associated item not found in `A`
[INFO] [stdout]     |
[INFO] [stdout] note: if you're trying to build a new `handle_multiple_arguments::A`, consider using `handle_multiple_arguments::A::init` which returns `Result<handle_multiple_arguments::A, ()>`
[INFO] [stdout]    --> tests/abstract_process_macro.rs:167:9
[INFO] [stdout]     |
[INFO] [stdout] 167 |         fn init(_: Config<Self>, _: ()) -> Result<A, ()> {
[INFO] [stdout]     |         ^^^^^^^^^^^^^^^^^^^^^^^^^^^^^^^^^^^^^^^^^^^^^^^^
[INFO] [stdout]     = help: items from traits can only be used if the trait is implemented and in scope
[INFO] [stdout]     = note: the following trait defines an item `link`, perhaps you need to implement it:
[INFO] [stdout]             candidate #1: `lunatic_twitchax_patch::AbstractProcess`
[INFO] [stdout] 
[INFO] [stdout] 
[INFO] [stdout] error[E0599]: no function or associated item named `link` found for struct `handle_mut_types::A` in the current scope
[INFO] [stdout]    --> tests/abstract_process_macro.rs:208:16
[INFO] [stdout]     |
[INFO] [stdout] 192 |     struct A;
[INFO] [stdout]     |     -------- function or associated item `link` not found for this struct
[INFO] [stdout] ...
[INFO] [stdout] 208 |     let a = A::link().start(()).unwrap();
[INFO] [stdout]     |                ^^^^ function or associated item not found in `A`
[INFO] [stdout]     |
[INFO] [stdout] note: if you're trying to build a new `handle_mut_types::A`, consider using `handle_mut_types::A::init` which returns `Result<handle_mut_types::A, ()>`
[INFO] [stdout]    --> tests/abstract_process_macro.rs:197:9
[INFO] [stdout]     |
[INFO] [stdout] 197 |         fn init(_: Config<Self>, _: ()) -> Result<A, ()> {
[INFO] [stdout]     |         ^^^^^^^^^^^^^^^^^^^^^^^^^^^^^^^^^^^^^^^^^^^^^^^^
[INFO] [stdout]     = help: items from traits can only be used if the trait is implemented and in scope
[INFO] [stdout]     = note: the following trait defines an item `link`, perhaps you need to implement it:
[INFO] [stdout]             candidate #1: `lunatic_twitchax_patch::AbstractProcess`
[INFO] [stdout] 
[INFO] [stdout] 
[INFO] [stdout] error[E0599]: no function or associated item named `link` found for struct `handle_destructuring::A` in the current scope
[INFO] [stdout]    --> tests/abstract_process_macro.rs:253:16
[INFO] [stdout]     |
[INFO] [stdout] 215 |     struct A;
[INFO] [stdout]     |     -------- function or associated item `link` not found for this struct
[INFO] [stdout] ...
[INFO] [stdout] 253 |     let a = A::link().start(()).unwrap();
[INFO] [stdout]     |                ^^^^ function or associated item not found in `A`
[INFO] [stdout]     |
[INFO] [stdout] note: if you're trying to build a new `handle_destructuring::A`, consider using `handle_destructuring::A::init` which returns `Result<handle_destructuring::A, ()>`
[INFO] [stdout]    --> tests/abstract_process_macro.rs:226:9
[INFO] [stdout]     |
[INFO] [stdout] 226 |         fn init(_: Config<Self>, _: ()) -> Result<A, ()> {
[INFO] [stdout]     |         ^^^^^^^^^^^^^^^^^^^^^^^^^^^^^^^^^^^^^^^^^^^^^^^^
[INFO] [stdout]     = help: items from traits can only be used if the trait is implemented and in scope
[INFO] [stdout]     = note: the following trait defines an item `link`, perhaps you need to implement it:
[INFO] [stdout]             candidate #1: `lunatic_twitchax_patch::AbstractProcess`
[INFO] [stdout] 
[INFO] [stdout] 
[INFO] [stdout] error[E0599]: no function or associated item named `link` found for struct `handle_comments::Counter` in the current scope
[INFO] [stdout]    --> tests/abstract_process_macro.rs:298:28
[INFO] [stdout]     |
[INFO] [stdout] 264 |     struct Counter {
[INFO] [stdout]     |     -------------- function or associated item `link` not found for this struct
[INFO] [stdout] ...
[INFO] [stdout] 298 |     let counter = Counter::link().start(2).unwrap();
[INFO] [stdout]     |                            ^^^^ function or associated item not found in `Counter`
[INFO] [stdout]     |
[INFO] [stdout] note: if you're trying to build a new `handle_comments::Counter`, consider using `handle_comments::Counter::init` which returns `Result<handle_comments::Counter, ()>`
[INFO] [stdout]    --> tests/abstract_process_macro.rs:273:9
[INFO] [stdout]     |
[INFO] [stdout] 273 |         fn init(_config: Config<Self>, count: u32) -> Result<Self, ()> {
[INFO] [stdout]     |         ^^^^^^^^^^^^^^^^^^^^^^^^^^^^^^^^^^^^^^^^^^^^^^^^^^^^^^^^^^^^^^
[INFO] [stdout]     = help: items from traits can only be used if the trait is implemented and in scope
[INFO] [stdout]     = note: the following trait defines an item `link`, perhaps you need to implement it:
[INFO] [stdout]             candidate #1: `lunatic_twitchax_patch::AbstractProcess`
[INFO] [stdout] 
[INFO] [stdout] 
[INFO] [stdout] error[E0599]: no function or associated item named `link` found for struct `handle_differing_names::Counter` in the current scope
[INFO] [stdout]    --> tests/abstract_process_macro.rs:339:28
[INFO] [stdout]     |
[INFO] [stdout] 305 |     struct Counter {
[INFO] [stdout]     |     -------------- function or associated item `link` not found for this struct
[INFO] [stdout] ...
[INFO] [stdout] 339 |     let counter = Counter::link().start(2).unwrap();
[INFO] [stdout]     |                            ^^^^ function or associated item not found in `Counter`
[INFO] [stdout]     |
[INFO] [stdout] note: if you're trying to build a new `handle_differing_names::Counter`, consider using `handle_differing_names::Counter::initialize` which returns `Result<handle_differing_names::Counter, ()>`
[INFO] [stdout]    --> tests/abstract_process_macro.rs:314:9
[INFO] [stdout]     |
[INFO] [stdout] 314 |         fn initialize(_config: Config<Self>, count: u32) -> Result<Self, ()> {
[INFO] [stdout]     |         ^^^^^^^^^^^^^^^^^^^^^^^^^^^^^^^^^^^^^^^^^^^^^^^^^^^^^^^^^^^^^^^^^^^^
[INFO] [stdout]     = help: items from traits can only be used if the trait is implemented and in scope
[INFO] [stdout]     = note: the following trait defines an item `link`, perhaps you need to implement it:
[INFO] [stdout]             candidate #1: `lunatic_twitchax_patch::AbstractProcess`
[INFO] [stdout] 
[INFO] [stdout] 
[INFO] [stdout] error[E0599]: no function or associated item named `link` found for struct `reply_types::A` in the current scope
[INFO] [stdout]    --> tests/abstract_process_macro.rs:377:16
[INFO] [stdout]     |
[INFO] [stdout] 346 |     struct A;
[INFO] [stdout]     |     -------- function or associated item `link` not found for this struct
[INFO] [stdout] ...
[INFO] [stdout] 377 |     let a = A::link().start(()).unwrap();
[INFO] [stdout]     |                ^^^^ function or associated item not found in `A`
[INFO] [stdout]     |
[INFO] [stdout] note: if you're trying to build a new `reply_types::A`, consider using `reply_types::A::init` which returns `Result<reply_types::A, ()>`
[INFO] [stdout]    --> tests/abstract_process_macro.rs:354:9
[INFO] [stdout]     |
[INFO] [stdout] 354 |         fn init(_: Config<Self>, _: ()) -> Result<A, ()> {
[INFO] [stdout]     |         ^^^^^^^^^^^^^^^^^^^^^^^^^^^^^^^^^^^^^^^^^^^^^^^^
[INFO] [stdout]     = help: items from traits can only be used if the trait is implemented and in scope
[INFO] [stdout]     = note: the following trait defines an item `link`, perhaps you need to implement it:
[INFO] [stdout]             candidate #1: `lunatic_twitchax_patch::AbstractProcess`
[INFO] [stdout] 
[INFO] [stdout] 
[INFO] [stdout] error[E0599]: no function or associated item named `link` found for struct `send_with_delay::Counter` in the current scope
[INFO] [stdout]    --> tests/abstract_process_macro.rs:408:28
[INFO] [stdout]     |
[INFO] [stdout] 386 |     struct Counter {
[INFO] [stdout]     |     -------------- function or associated item `link` not found for this struct
[INFO] [stdout] ...
[INFO] [stdout] 408 |     let counter = Counter::link().start(2).unwrap();
[INFO] [stdout]     |                            ^^^^ function or associated item not found in `Counter`
[INFO] [stdout]     |
[INFO] [stdout] note: if you're trying to build a new `send_with_delay::Counter`, consider using `send_with_delay::Counter::init` which returns `Result<send_with_delay::Counter, ()>`
[INFO] [stdout]    --> tests/abstract_process_macro.rs:393:9
[INFO] [stdout]     |
[INFO] [stdout] 393 |         fn init(_config: Config<Self>, count: u32) -> Result<Self, ()> {
[INFO] [stdout]     |         ^^^^^^^^^^^^^^^^^^^^^^^^^^^^^^^^^^^^^^^^^^^^^^^^^^^^^^^^^^^^^^
[INFO] [stdout]     = help: items from traits can only be used if the trait is implemented and in scope
[INFO] [stdout]     = note: the following trait defines an item `link`, perhaps you need to implement it:
[INFO] [stdout]             candidate #1: `lunatic_twitchax_patch::AbstractProcess`
[INFO] [stdout] 
[INFO] [stdout] 
[INFO] [stdout] error[E0599]: no function or associated item named `link` found for struct `request_timeout::A` in the current scope
[INFO] [stdout]    --> tests/abstract_process_macro.rs:439:22
[INFO] [stdout]     |
[INFO] [stdout] 417 |     struct A;
[INFO] [stdout]     |     -------- function or associated item `link` not found for this struct
[INFO] [stdout] ...
[INFO] [stdout] 439 |     let counter = A::link().start(()).unwrap();
[INFO] [stdout]     |                      ^^^^ function or associated item not found in `A`
[INFO] [stdout]     |
[INFO] [stdout] note: if you're trying to build a new `request_timeout::A`, consider using `request_timeout::A::init` which returns `Result<request_timeout::A, ()>`
[INFO] [stdout]    --> tests/abstract_process_macro.rs:422:9
[INFO] [stdout]     |
[INFO] [stdout] 422 |         fn init(_config: Config<Self>, _: ()) -> Result<Self, ()> {
[INFO] [stdout]     |         ^^^^^^^^^^^^^^^^^^^^^^^^^^^^^^^^^^^^^^^^^^^^^^^^^^^^^^^^^
[INFO] [stdout]     = help: items from traits can only be used if the trait is implemented and in scope
[INFO] [stdout]     = note: the following trait defines an item `link`, perhaps you need to implement it:
[INFO] [stdout]             candidate #1: `lunatic_twitchax_patch::AbstractProcess`
[INFO] [stdout] 
[INFO] [stdout] 
[INFO] [stdout] error[E0599]: no function or associated item named `link` found for struct `m::Counter` in the current scope
[INFO] [stdout]    --> tests/abstract_process_macro.rs:479:28
[INFO] [stdout]     |
[INFO] [stdout] 455 |         pub struct Counter {
[INFO] [stdout]     |         ------------------ function or associated item `link` not found for this struct
[INFO] [stdout] ...
[INFO] [stdout] 479 |     let counter = Counter::link().start(2).unwrap();
[INFO] [stdout]     |                            ^^^^ function or associated item not found in `m::Counter`
[INFO] [stdout]     |
[INFO] [stdout]     = help: items from traits can only be used if the trait is implemented and in scope
[INFO] [stdout]     = note: the following trait defines an item `link`, perhaps you need to implement it:
[INFO] [stdout]             candidate #1: `lunatic_twitchax_patch::AbstractProcess`
[INFO] [stdout] 
[INFO] [stdout] 
[INFO] [stdout] error[E0599]: no function or associated item named `link` found for struct `wrapper_rename::Counter` in the current scope
[INFO] [stdout]    --> tests/abstract_process_macro.rs:512:28
[INFO] [stdout]     |
[INFO] [stdout] 488 |     pub struct Counter {
[INFO] [stdout]     |     ------------------ function or associated item `link` not found for this struct
[INFO] [stdout] ...
[INFO] [stdout] 512 |     let counter = Counter::link().start(2).unwrap();
[INFO] [stdout]     |                            ^^^^ function or associated item not found in `Counter`
[INFO] [stdout]     |
[INFO] [stdout] note: if you're trying to build a new `wrapper_rename::Counter`, consider using `wrapper_rename::Counter::init` which returns `Result<wrapper_rename::Counter, ()>`
[INFO] [stdout]    --> tests/abstract_process_macro.rs:497:9
[INFO] [stdout]     |
[INFO] [stdout] 497 |         fn init(_config: Config<Self>, count: u32) -> Result<Self, ()> {
[INFO] [stdout]     |         ^^^^^^^^^^^^^^^^^^^^^^^^^^^^^^^^^^^^^^^^^^^^^^^^^^^^^^^^^^^^^^
[INFO] [stdout]     = help: items from traits can only be used if the trait is implemented and in scope
[INFO] [stdout]     = note: the following trait defines an item `link`, perhaps you need to implement it:
[INFO] [stdout]             candidate #1: `lunatic_twitchax_patch::AbstractProcess`
[INFO] [stdout] 
[INFO] [stdout] 
[INFO] [stdout] error[E0599]: no function or associated item named `link` found for struct `GenAdder` in the current scope
[INFO] [stdout]    --> tests/abstract_process_macro.rs:553:36
[INFO] [stdout]     |
[INFO] [stdout] 526 |     struct GenAdder<T> {
[INFO] [stdout]     |     ------------------ function or associated item `link` not found for this struct
[INFO] [stdout] ...
[INFO] [stdout] 553 |     let counter = GenAdder::<f32>::link().start(()).unwrap();
[INFO] [stdout]     |                                    ^^^^ function or associated item not found in `GenAdder<f32>`
[INFO] [stdout]     |
[INFO] [stdout] note: if you're trying to build a new `GenAdder<f32>`, consider using `GenAdder::<T>::init` which returns `Result<GenAdder<_>, ()>`
[INFO] [stdout]    --> tests/abstract_process_macro.rs:536:9
[INFO] [stdout]     |
[INFO] [stdout] 536 |         fn init(_: Config<Self>, _: ()) -> Result<Self, ()> {
[INFO] [stdout]     |         ^^^^^^^^^^^^^^^^^^^^^^^^^^^^^^^^^^^^^^^^^^^^^^^^^^^
[INFO] [stdout]     = help: items from traits can only be used if the trait is implemented and in scope
[INFO] [stdout]     = note: the following trait defines an item `link`, perhaps you need to implement it:
[INFO] [stdout]             candidate #1: `lunatic_twitchax_patch::AbstractProcess`
[INFO] [stdout] 
[INFO] [stdout] 
[INFO] [stdout] Some errors have detailed explanations: E0432, E0433, E0599.
[INFO] [stdout] 
[INFO] [stdout] For more information about an error, try `rustc --explain E0432`.
[INFO] [stdout] 
[INFO] [stderr] error: could not compile `lunatic-twitchax-patch` (test "abstract_process_macro") due to 72 previous errors
[INFO] running `Command { std: "docker" "inspect" "673a0299748147040cd8535c8cf66500ab14174cb94b160b43a7ca406cc3b4b9", kill_on_drop: false }`
[INFO] running `Command { std: "docker" "rm" "-f" "673a0299748147040cd8535c8cf66500ab14174cb94b160b43a7ca406cc3b4b9", kill_on_drop: false }`
[INFO] [stdout] 673a0299748147040cd8535c8cf66500ab14174cb94b160b43a7ca406cc3b4b9
