[INFO] fetching crate lunatic-log 0.4.0...
[INFO] testing lunatic-log-0.4.0 against nightly-2024-10-28 for randomize-layout
[INFO] extracting crate lunatic-log 0.4.0 into /workspace/builds/worker-2-tc1/source
[INFO] validating manifest of crates.io crate lunatic-log 0.4.0 on toolchain nightly-2024-10-28
[INFO] running `Command { std: CARGO_HOME="/workspace/cargo-home" RUSTUP_HOME="/workspace/rustup-home" "/workspace/cargo-home/bin/cargo" "+nightly-2024-10-28" "metadata" "--manifest-path" "Cargo.toml" "--no-deps", kill_on_drop: false }`
[INFO] removed /workspace/builds/worker-2-tc1/source/.cargo/config.toml
[INFO] started tweaking crates.io crate lunatic-log 0.4.0
[INFO] finished tweaking crates.io crate lunatic-log 0.4.0
[INFO] tweaked toml for crates.io crate lunatic-log 0.4.0 written to /workspace/builds/worker-2-tc1/source/Cargo.toml
[INFO] crate crates.io crate lunatic-log 0.4.0 already has a lockfile, it will not be regenerated
[INFO] running `Command { std: CARGO_HOME="/workspace/cargo-home" RUSTUP_HOME="/workspace/rustup-home" "/workspace/cargo-home/bin/cargo" "+nightly-2024-10-28" "fetch" "--manifest-path" "Cargo.toml", kill_on_drop: false }`
[INFO] [stderr]     Updating crates.io index
[INFO] [stderr]  Downloading crates ...
[INFO] [stderr]   Downloaded lunatic-test v0.13.0
[INFO] [stderr]   Downloaded lunatic-sys v0.13.0
[INFO] [stderr]   Downloaded thiserror-impl v1.0.32
[INFO] [stderr]   Downloaded lunatic-macros v0.13.0
[INFO] [stderr]   Downloaded paste v1.0.8
[INFO] [stderr]   Downloaded thiserror v1.0.32
[INFO] [stderr]   Downloaded lunatic v0.13.0
[INFO] [stderr]   Downloaded libc v0.2.127
[INFO] running `Command { std: "docker" "create" "-v" "/var/lib/crater-agent-workspace/builds/worker-2-tc1/target:/opt/rustwide/target:rw,Z" "-v" "/var/lib/crater-agent-workspace/builds/worker-2-tc1/source:/opt/rustwide/workdir:ro,Z" "-v" "/var/lib/crater-agent-workspace/cargo-home:/opt/rustwide/cargo-home:ro,Z" "-v" "/var/lib/crater-agent-workspace/rustup-home:/opt/rustwide/rustup-home:ro,Z" "-e" "SOURCE_DIR=/opt/rustwide/workdir" "-e" "CARGO_TARGET_DIR=/opt/rustwide/target" "-e" "CARGO_HOME=/opt/rustwide/cargo-home" "-e" "RUSTUP_HOME=/opt/rustwide/rustup-home" "-w" "/opt/rustwide/workdir" "-m" "1610612736" "--user" "0:0" "--network" "none" "ghcr.io/rust-lang/crates-build-env/linux@sha256:4a844ea9eb2546a2d2c7022eacef16ef2e8229c7fbb2c7d4d55a9ceca922f72d" "/opt/rustwide/cargo-home/bin/cargo" "+nightly-2024-10-28" "metadata" "--no-deps" "--format-version=1", kill_on_drop: false }`
[INFO] [stdout] 3ae19c737797fa21230a169f10885541146436a23963565665f436f928f85006
[INFO] running `Command { std: "docker" "start" "-a" "3ae19c737797fa21230a169f10885541146436a23963565665f436f928f85006", kill_on_drop: false }`
[INFO] running `Command { std: "docker" "inspect" "3ae19c737797fa21230a169f10885541146436a23963565665f436f928f85006", kill_on_drop: false }`
[INFO] running `Command { std: "docker" "rm" "-f" "3ae19c737797fa21230a169f10885541146436a23963565665f436f928f85006", kill_on_drop: false }`
[INFO] [stdout] 3ae19c737797fa21230a169f10885541146436a23963565665f436f928f85006
[INFO] running `Command { std: "docker" "create" "-v" "/var/lib/crater-agent-workspace/builds/worker-2-tc1/target:/opt/rustwide/target:rw,Z" "-v" "/var/lib/crater-agent-workspace/builds/worker-2-tc1/source:/opt/rustwide/workdir:ro,Z" "-v" "/var/lib/crater-agent-workspace/cargo-home:/opt/rustwide/cargo-home:ro,Z" "-v" "/var/lib/crater-agent-workspace/rustup-home:/opt/rustwide/rustup-home:ro,Z" "-e" "SOURCE_DIR=/opt/rustwide/workdir" "-e" "CARGO_TARGET_DIR=/opt/rustwide/target" "-e" "CARGO_INCREMENTAL=0" "-e" "RUST_BACKTRACE=full" "-e" "RUSTFLAGS=--cap-lints=forbid" "-e" "RUSTDOCFLAGS=--cap-lints=forbid" "-e" "CARGO_HOME=/opt/rustwide/cargo-home" "-e" "RUSTUP_HOME=/opt/rustwide/rustup-home" "-w" "/opt/rustwide/workdir" "-m" "1610612736" "--user" "0:0" "--network" "none" "ghcr.io/rust-lang/crates-build-env/linux@sha256:4a844ea9eb2546a2d2c7022eacef16ef2e8229c7fbb2c7d4d55a9ceca922f72d" "/opt/rustwide/cargo-home/bin/cargo" "+nightly-2024-10-28" "build" "--frozen" "--message-format=json", kill_on_drop: false }`
[INFO] [stdout] 7b910a33fbd217cc08ab2ddae052c45c4b11375c95d81b88551247bba4f6ac91
[INFO] running `Command { std: "docker" "start" "-a" "7b910a33fbd217cc08ab2ddae052c45c4b11375c95d81b88551247bba4f6ac91", kill_on_drop: false }`
[INFO] [stderr]    Compiling proc-macro2 v1.0.43
[INFO] [stderr]    Compiling unicode-ident v1.0.3
[INFO] [stderr]    Compiling quote v1.0.21
[INFO] [stderr]    Compiling syn v1.0.99
[INFO] [stderr]    Compiling autocfg v1.1.0
[INFO] [stderr]    Compiling serde_derive v1.0.143
[INFO] [stderr]    Compiling serde v1.0.143
[INFO] [stderr]    Compiling libc v0.2.127
[INFO] [stderr]    Compiling unicode-segmentation v1.10.1
[INFO] [stderr]    Compiling paste v1.0.8
[INFO] [stderr]    Compiling lunatic-sys v0.13.0
[INFO] [stderr]    Compiling yansi v0.5.1
[INFO] [stderr]    Compiling num-traits v0.2.15
[INFO] [stderr]    Compiling num-integer v0.1.45
[INFO] [stderr]    Compiling convert_case v0.6.0
[INFO] [stderr]    Compiling time v0.1.44
[INFO] [stderr]    Compiling chrono v0.4.20
[INFO] [stderr]    Compiling darling_core v0.14.4
[INFO] [stderr]    Compiling thiserror-impl v1.0.32
[INFO] [stderr]    Compiling lunatic-test v0.13.0
[INFO] [stderr]    Compiling thiserror v1.0.32
[INFO] [stderr]    Compiling darling_macro v0.14.4
[INFO] [stderr]    Compiling darling v0.14.4
[INFO] [stderr]    Compiling lunatic-macros v0.13.0
[INFO] [stderr]    Compiling bincode v1.3.3
[INFO] [stderr]    Compiling lunatic v0.13.0
[INFO] [stderr]    Compiling lunatic-log v0.4.0 (/opt/rustwide/workdir)
[INFO] [stderr]     Finished `dev` profile [unoptimized + debuginfo] target(s) in 9.92s
[INFO] running `Command { std: "docker" "inspect" "7b910a33fbd217cc08ab2ddae052c45c4b11375c95d81b88551247bba4f6ac91", kill_on_drop: false }`
[INFO] running `Command { std: "docker" "rm" "-f" "7b910a33fbd217cc08ab2ddae052c45c4b11375c95d81b88551247bba4f6ac91", kill_on_drop: false }`
[INFO] [stdout] 7b910a33fbd217cc08ab2ddae052c45c4b11375c95d81b88551247bba4f6ac91
[INFO] running `Command { std: "docker" "create" "-v" "/var/lib/crater-agent-workspace/builds/worker-2-tc1/target:/opt/rustwide/target:rw,Z" "-v" "/var/lib/crater-agent-workspace/builds/worker-2-tc1/source:/opt/rustwide/workdir:ro,Z" "-v" "/var/lib/crater-agent-workspace/cargo-home:/opt/rustwide/cargo-home:ro,Z" "-v" "/var/lib/crater-agent-workspace/rustup-home:/opt/rustwide/rustup-home:ro,Z" "-e" "SOURCE_DIR=/opt/rustwide/workdir" "-e" "CARGO_TARGET_DIR=/opt/rustwide/target" "-e" "CARGO_INCREMENTAL=0" "-e" "RUST_BACKTRACE=full" "-e" "RUSTFLAGS=--cap-lints=forbid" "-e" "RUSTDOCFLAGS=--cap-lints=forbid" "-e" "CARGO_HOME=/opt/rustwide/cargo-home" "-e" "RUSTUP_HOME=/opt/rustwide/rustup-home" "-w" "/opt/rustwide/workdir" "-m" "1610612736" "--user" "0:0" "--network" "none" "ghcr.io/rust-lang/crates-build-env/linux@sha256:4a844ea9eb2546a2d2c7022eacef16ef2e8229c7fbb2c7d4d55a9ceca922f72d" "/opt/rustwide/cargo-home/bin/cargo" "+nightly-2024-10-28" "test" "--frozen" "--no-run" "--message-format=json", kill_on_drop: false }`
[INFO] [stdout] ad16a2ba83110b813c353c899e231b67e66ba9c1213ebed0a26c04deb56e009b
[INFO] running `Command { std: "docker" "start" "-a" "ad16a2ba83110b813c353c899e231b67e66ba9c1213ebed0a26c04deb56e009b", kill_on_drop: false }`
[INFO] [stderr]    Compiling lunatic-log v0.4.0 (/opt/rustwide/workdir)
[INFO] [stdout] error: linking with `cc` failed: exit status: 1
[INFO] [stdout]   |
[INFO] [stdout]   = note: LC_ALL="C" PATH="/opt/rustwide/rustup-home/toolchains/nightly-2024-10-28-x86_64-unknown-linux-gnu/lib/rustlib/x86_64-unknown-linux-gnu/bin:/opt/rustwide/rustup-home/toolchains/nightly-2024-10-28-x86_64-unknown-linux-gnu/lib/rustlib/x86_64-unknown-linux-gnu/bin/self-contained:/opt/rustwide/cargo-home/bin:/usr/local/sbin:/usr/local/bin:/usr/sbin:/usr/bin:/sbin:/bin" VSLANG="1033" "cc" "-m64" "/tmp/rustcmVmNKw/symbols.o" "/opt/rustwide/target/debug/examples/info-1ef31b0147bcdccc.info.d6b3d3e12e92fc9b-cgu.0.rcgu.o" "/opt/rustwide/target/debug/examples/info-1ef31b0147bcdccc.info.d6b3d3e12e92fc9b-cgu.1.rcgu.o" "/opt/rustwide/target/debug/examples/info-1ef31b0147bcdccc.88lgr8wvij9kkf9oiju8apvtj.rcgu.o" "-Wl,--as-needed" "-Wl,-Bstatic" "/opt/rustwide/target/debug/deps/liblunatic_log-079d15b3e655c158.rlib" "/opt/rustwide/target/debug/deps/liblunatic-1651e213248d755d.rlib" "/opt/rustwide/target/debug/deps/libbincode-657da14def7c053d.rlib" "/opt/rustwide/target/debug/deps/liblunatic_sys-56d88d269e368204.rlib" "/opt/rustwide/target/debug/deps/libthiserror-eb12239a59c5f15b.rlib" "/opt/rustwide/target/debug/deps/libyansi-9acd1cf0bc164769.rlib" "/opt/rustwide/target/debug/deps/libchrono-cc49435ecde0186e.rlib" "/opt/rustwide/target/debug/deps/libnum_integer-bc5d07346cce737f.rlib" "/opt/rustwide/target/debug/deps/libnum_traits-5aa0a834e21733e8.rlib" "/opt/rustwide/target/debug/deps/libtime-61cf1e54d1c1cad3.rlib" "/opt/rustwide/target/debug/deps/liblibc-4052018296947999.rlib" "/opt/rustwide/target/debug/deps/libserde-acd782f5431fb73d.rlib" "/opt/rustwide/rustup-home/toolchains/nightly-2024-10-28-x86_64-unknown-linux-gnu/lib/rustlib/x86_64-unknown-linux-gnu/lib/libstd-fb8c387236db3c10.rlib" "/opt/rustwide/rustup-home/toolchains/nightly-2024-10-28-x86_64-unknown-linux-gnu/lib/rustlib/x86_64-unknown-linux-gnu/lib/libpanic_unwind-b251837809b2f64b.rlib" "/opt/rustwide/rustup-home/toolchains/nightly-2024-10-28-x86_64-unknown-linux-gnu/lib/rustlib/x86_64-unknown-linux-gnu/lib/libobject-cbef83eaa4e01f04.rlib" "/opt/rustwide/rustup-home/toolchains/nightly-2024-10-28-x86_64-unknown-linux-gnu/lib/rustlib/x86_64-unknown-linux-gnu/lib/libmemchr-12a772286de2fca7.rlib" "/opt/rustwide/rustup-home/toolchains/nightly-2024-10-28-x86_64-unknown-linux-gnu/lib/rustlib/x86_64-unknown-linux-gnu/lib/libaddr2line-023bbe5ada7abfc3.rlib" "/opt/rustwide/rustup-home/toolchains/nightly-2024-10-28-x86_64-unknown-linux-gnu/lib/rustlib/x86_64-unknown-linux-gnu/lib/libgimli-de2bcdf10ec69c2b.rlib" "/opt/rustwide/rustup-home/toolchains/nightly-2024-10-28-x86_64-unknown-linux-gnu/lib/rustlib/x86_64-unknown-linux-gnu/lib/librustc_demangle-8e1754df350800fd.rlib" "/opt/rustwide/rustup-home/toolchains/nightly-2024-10-28-x86_64-unknown-linux-gnu/lib/rustlib/x86_64-unknown-linux-gnu/lib/libstd_detect-06c2ab7b9c32e037.rlib" "/opt/rustwide/rustup-home/toolchains/nightly-2024-10-28-x86_64-unknown-linux-gnu/lib/rustlib/x86_64-unknown-linux-gnu/lib/libhashbrown-51d2621fc57a281b.rlib" "/opt/rustwide/rustup-home/toolchains/nightly-2024-10-28-x86_64-unknown-linux-gnu/lib/rustlib/x86_64-unknown-linux-gnu/lib/librustc_std_workspace_alloc-54a930408793772f.rlib" "/opt/rustwide/rustup-home/toolchains/nightly-2024-10-28-x86_64-unknown-linux-gnu/lib/rustlib/x86_64-unknown-linux-gnu/lib/libminiz_oxide-0c7d01cba400dcb2.rlib" "/opt/rustwide/rustup-home/toolchains/nightly-2024-10-28-x86_64-unknown-linux-gnu/lib/rustlib/x86_64-unknown-linux-gnu/lib/libadler-b9f84d69e331b75b.rlib" "/opt/rustwide/rustup-home/toolchains/nightly-2024-10-28-x86_64-unknown-linux-gnu/lib/rustlib/x86_64-unknown-linux-gnu/lib/libunwind-eec95493246aae39.rlib" "/opt/rustwide/rustup-home/toolchains/nightly-2024-10-28-x86_64-unknown-linux-gnu/lib/rustlib/x86_64-unknown-linux-gnu/lib/libcfg_if-6f6676c475e08ab0.rlib" "/opt/rustwide/rustup-home/toolchains/nightly-2024-10-28-x86_64-unknown-linux-gnu/lib/rustlib/x86_64-unknown-linux-gnu/lib/liblibc-799d520624f8b2e0.rlib" "/opt/rustwide/rustup-home/toolchains/nightly-2024-10-28-x86_64-unknown-linux-gnu/lib/rustlib/x86_64-unknown-linux-gnu/lib/liballoc-fcf93d4842acd9a9.rlib" "/opt/rustwide/rustup-home/toolchains/nightly-2024-10-28-x86_64-unknown-linux-gnu/lib/rustlib/x86_64-unknown-linux-gnu/lib/librustc_std_workspace_core-395a38b8e0851c9b.rlib" "/opt/rustwide/rustup-home/toolchains/nightly-2024-10-28-x86_64-unknown-linux-gnu/lib/rustlib/x86_64-unknown-linux-gnu/lib/libcore-d453bab70303062c.rlib" "/opt/rustwide/rustup-home/toolchains/nightly-2024-10-28-x86_64-unknown-linux-gnu/lib/rustlib/x86_64-unknown-linux-gnu/lib/libcompiler_builtins-0e6386368b0a24e8.rlib" "-Wl,-Bdynamic" "-lgcc_s" "-lutil" "-lrt" "-lpthread" "-lm" "-ldl" "-lc" "-B/opt/rustwide/rustup-home/toolchains/nightly-2024-10-28-x86_64-unknown-linux-gnu/lib/rustlib/x86_64-unknown-linux-gnu/bin/gcc-ld" "-fuse-ld=lld" "-Wl,--eh-frame-hdr" "-Wl,-z,noexecstack" "-L" "/opt/rustwide/rustup-home/toolchains/nightly-2024-10-28-x86_64-unknown-linux-gnu/lib/rustlib/x86_64-unknown-linux-gnu/lib" "-o" "/opt/rustwide/target/debug/examples/info-1ef31b0147bcdccc" "-Wl,--gc-sections" "-pie" "-Wl,-z,relro,-z,now" "-nodefaultlibs"
[INFO] [stdout]   = note: rust-lld: error: undefined symbol: receive
[INFO] [stdout]           >>> referenced by mailbox.rs:275 (/opt/rustwide/cargo-home/registry/src/index.crates.io-6f17d22bba15001f/lunatic-0.13.0/src/mailbox.rs:275)
[INFO] [stdout]           >>>               /opt/rustwide/target/debug/examples/info-1ef31b0147bcdccc.info.d6b3d3e12e92fc9b-cgu.0.rcgu.o:(lunatic::mailbox::Mailbox$LT$M$C$S$C$L$GT$::receive_::h559687a85ab5845e)
[INFO] [stdout]           >>> referenced by mailbox.rs:275 (/opt/rustwide/cargo-home/registry/src/index.crates.io-6f17d22bba15001f/lunatic-0.13.0/src/mailbox.rs:275)
[INFO] [stdout]           >>>               /opt/rustwide/target/debug/examples/info-1ef31b0147bcdccc.info.d6b3d3e12e92fc9b-cgu.0.rcgu.o:(lunatic::mailbox::Mailbox$LT$M$C$S$C$L$GT$::receive_::hefb9682f7d058e36)
[INFO] [stdout]           
[INFO] [stdout]           rust-lld: error: undefined symbol: get_tag
[INFO] [stdout]           >>> referenced by mailbox.rs:282 (/opt/rustwide/cargo-home/registry/src/index.crates.io-6f17d22bba15001f/lunatic-0.13.0/src/mailbox.rs:282)
[INFO] [stdout]           >>>               /opt/rustwide/target/debug/examples/info-1ef31b0147bcdccc.info.d6b3d3e12e92fc9b-cgu.0.rcgu.o:(lunatic::mailbox::Mailbox$LT$M$C$S$C$L$GT$::receive_::h559687a85ab5845e)
[INFO] [stdout]           >>> referenced by mailbox.rs:282 (/opt/rustwide/cargo-home/registry/src/index.crates.io-6f17d22bba15001f/lunatic-0.13.0/src/mailbox.rs:282)
[INFO] [stdout]           >>>               /opt/rustwide/target/debug/examples/info-1ef31b0147bcdccc.info.d6b3d3e12e92fc9b-cgu.0.rcgu.o:(lunatic::mailbox::Mailbox$LT$M$C$S$C$L$GT$::receive_::hefb9682f7d058e36)
[INFO] [stdout]           
[INFO] [stdout]           rust-lld: error: undefined symbol: get_process_id
[INFO] [stdout]           >>> referenced by mailbox.rs:285 (/opt/rustwide/cargo-home/registry/src/index.crates.io-6f17d22bba15001f/lunatic-0.13.0/src/mailbox.rs:285)
[INFO] [stdout]           >>>               /opt/rustwide/target/debug/examples/info-1ef31b0147bcdccc.info.d6b3d3e12e92fc9b-cgu.0.rcgu.o:(lunatic::mailbox::Mailbox$LT$M$C$S$C$L$GT$::receive_::h559687a85ab5845e)
[INFO] [stdout]           >>> referenced by mailbox.rs:285 (/opt/rustwide/cargo-home/registry/src/index.crates.io-6f17d22bba15001f/lunatic-0.13.0/src/mailbox.rs:285)
[INFO] [stdout]           >>>               /opt/rustwide/target/debug/examples/info-1ef31b0147bcdccc.info.d6b3d3e12e92fc9b-cgu.0.rcgu.o:(lunatic::mailbox::Mailbox$LT$M$C$S$C$L$GT$::receive_::hefb9682f7d058e36)
[INFO] [stdout]           
[INFO] [stdout]           rust-lld: error: undefined symbol: create_data
[INFO] [stdout]           >>> referenced by process.rs:433 (/opt/rustwide/cargo-home/registry/src/index.crates.io-6f17d22bba15001f/lunatic-0.13.0/src/function/process.rs:433)
[INFO] [stdout]           >>>               /opt/rustwide/target/debug/examples/info-1ef31b0147bcdccc.info.d6b3d3e12e92fc9b-cgu.1.rcgu.o:(lunatic::function::process::Process$LT$M$C$S$GT$::send::h0206b490f2229d65)
[INFO] [stdout]           >>> referenced by process.rs:433 (/opt/rustwide/cargo-home/registry/src/index.crates.io-6f17d22bba15001f/lunatic-0.13.0/src/function/process.rs:433)
[INFO] [stdout]           >>>               lunatic_log-079d15b3e655c158.lunatic_log.3c61c9e00f1a5be0-cgu.1.rcgu.o:(lunatic::function::process::Process$LT$M$C$S$GT$::send::ha469dc2f8ecd80c0) in archive /opt/rustwide/target/debug/deps/liblunatic_log-079d15b3e655c158.rlib
[INFO] [stdout]           
[INFO] [stdout]           rust-lld: error: undefined symbol: put
[INFO] [stdout]           >>> referenced by process.rs:399 (/opt/rustwide/cargo-home/registry/src/index.crates.io-6f17d22bba15001f/lunatic-0.13.0/src/function/process.rs:399)
[INFO] [stdout]           >>>               /opt/rustwide/target/debug/examples/info-1ef31b0147bcdccc.info.d6b3d3e12e92fc9b-cgu.1.rcgu.o:(lunatic::function::process::Process$LT$M$C$S$GT$::register::h11d1363160d69846)
[INFO] [stdout]           
[INFO] [stdout]           rust-lld: error: undefined symbol: drop_config
[INFO] [stdout]           >>> referenced by config.rs:20 (src/config.rs:20)
[INFO] [stdout]           >>>               lunatic-1651e213248d755d.lunatic.be37fccb1c88b47c-cgu.1.rcgu.o:(_$LT$lunatic..config..ProcessConfigType$u20$as$u20$core..ops..drop..Drop$GT$::drop::h4f222e60ee6d3899) in archive /opt/rustwide/target/debug/deps/liblunatic-1651e213248d755d.rlib
[INFO] [stdout]           
[INFO] [stdout]           rust-lld: error: undefined symbol: drop
[INFO] [stdout]           >>> referenced by error.rs:25 (src/error.rs:25)
[INFO] [stdout]           >>>               lunatic-1651e213248d755d.lunatic.be37fccb1c88b47c-cgu.0.rcgu.o:(_$LT$lunatic..error..LunaticError$u20$as$u20$core..ops..drop..Drop$GT$::drop::h1c5b63ea1a11ac44) in archive /opt/rustwide/target/debug/deps/liblunatic-1651e213248d755d.rlib
[INFO] [stdout]           
[INFO] [stdout]           rust-lld: error: undefined symbol: drop_module
[INFO] [stdout]           >>> referenced by module.rs:24 (src/module.rs:24)
[INFO] [stdout]           >>>               lunatic-1651e213248d755d.lunatic.be37fccb1c88b47c-cgu.1.rcgu.o:(_$LT$lunatic..module..WasmModule$u20$as$u20$core..ops..drop..Drop$GT$::drop::hd8547072a25a0dc4) in archive /opt/rustwide/target/debug/deps/liblunatic-1651e213248d755d.rlib
[INFO] [stdout]           
[INFO] [stdout]           rust-lld: error: undefined symbol: string_size
[INFO] [stdout]           >>> referenced by error.rs:37 (src/error.rs:37)
[INFO] [stdout]           >>>               lunatic-1651e213248d755d.lunatic.be37fccb1c88b47c-cgu.0.rcgu.o:(_$LT$lunatic..error..LunaticError$u20$as$u20$core..fmt..Debug$GT$::fmt::hbbe239094225ad29) in archive /opt/rustwide/target/debug/deps/liblunatic-1651e213248d755d.rlib
[INFO] [stdout]           
[INFO] [stdout]           rust-lld: error: undefined symbol: to_string
[INFO] [stdout]           >>> referenced by error.rs:39 (src/error.rs:39)
[INFO] [stdout]           >>>               lunatic-1651e213248d755d.lunatic.be37fccb1c88b47c-cgu.0.rcgu.o:(_$LT$lunatic..error..LunaticError$u20$as$u20$core..fmt..Debug$GT$::fmt::hbbe239094225ad29) in archive /opt/rustwide/target/debug/deps/liblunatic-1651e213248d755d.rlib
[INFO] [stdout]           
[INFO] [stdout]           rust-lld: error: undefined symbol: module_id
[INFO] [stdout]           >>> referenced by mod.rs:44 (src/host/mod.rs:44)
[INFO] [stdout]           >>>               lunatic-1651e213248d755d.lunatic.be37fccb1c88b47c-cgu.0.rcgu.o:(lunatic::host::spawn::h354abb27c8789cd9) in archive /opt/rustwide/target/debug/deps/liblunatic-1651e213248d755d.rlib
[INFO] [stdout]           
[INFO] [stdout]           rust-lld: error: undefined symbol: spawn
[INFO] [stdout]           >>> referenced by mod.rs:41 (src/host/mod.rs:41)
[INFO] [stdout]           >>>               lunatic-1651e213248d755d.lunatic.be37fccb1c88b47c-cgu.0.rcgu.o:(lunatic::host::spawn::h354abb27c8789cd9) in archive /opt/rustwide/target/debug/deps/liblunatic-1651e213248d755d.rlib
[INFO] [stdout]           >>> referenced by mod.rs:66 (src/host/mod.rs:66)
[INFO] [stdout]           >>>               lunatic-1651e213248d755d.lunatic.be37fccb1c88b47c-cgu.0.rcgu.o:(lunatic::host::spawn::h354abb27c8789cd9) in archive /opt/rustwide/target/debug/deps/liblunatic-1651e213248d755d.rlib
[INFO] [stdout]           
[INFO] [stdout]           rust-lld: error: undefined symbol: get_or_spawn
[INFO] [stdout]           >>> referenced by mod.rs:52 (src/host/mod.rs:52)
[INFO] [stdout]           >>>               lunatic-1651e213248d755d.lunatic.be37fccb1c88b47c-cgu.0.rcgu.o:(lunatic::host::spawn::h354abb27c8789cd9) in archive /opt/rustwide/target/debug/deps/liblunatic-1651e213248d755d.rlib
[INFO] [stdout]           
[INFO] [stdout]           rust-lld: error: undefined symbol: sleep_ms
[INFO] [stdout]           >>> referenced by lib.rs:159 (src/lib.rs:159)
[INFO] [stdout]           >>>               lunatic-1651e213248d755d.lunatic.be37fccb1c88b47c-cgu.1.rcgu.o:(lunatic::sleep::h5e84d285efedbb3c) in archive /opt/rustwide/target/debug/deps/liblunatic-1651e213248d755d.rlib
[INFO] [stdout]           
[INFO] [stdout]           rust-lld: error: undefined symbol: node_id
[INFO] [stdout]           >>> referenced by mod.rs:102 (src/host/mod.rs:102)
[INFO] [stdout]           >>>               lunatic-1651e213248d755d.lunatic.be37fccb1c88b47c-cgu.0.rcgu.o:(lunatic::host::node_id::hb925eb4bbe4acc09) in archive /opt/rustwide/target/debug/deps/liblunatic-1651e213248d755d.rlib
[INFO] [stdout]           
[INFO] [stdout]           rust-lld: error: undefined symbol: read_data
[INFO] [stdout]           >>> referenced by serializer.rs:208 (src/serializer.rs:208)
[INFO] [stdout]           >>>               lunatic-1651e213248d755d.lunatic.be37fccb1c88b47c-cgu.0.rcgu.o:(_$LT$lunatic..serializer..MessageRw$u20$as$u20$std..io..Read$GT$::read::h938d43a1c6a15b5b) in archive /opt/rustwide/target/debug/deps/liblunatic-1651e213248d755d.rlib
[INFO] [stdout]           
[INFO] [stdout]           rust-lld: error: undefined symbol: write_data
[INFO] [stdout]           >>> referenced by serializer.rs:214 (src/serializer.rs:214)
[INFO] [stdout]           >>>               lunatic-1651e213248d755d.lunatic.be37fccb1c88b47c-cgu.0.rcgu.o:(_$LT$lunatic..serializer..MessageRw$u20$as$u20$std..io..Write$GT$::write::h36a7e3ee6faa24ae) in archive /opt/rustwide/target/debug/deps/liblunatic-1651e213248d755d.rlib
[INFO] [stdout]           
[INFO] [stdout]           rust-lld: error: undefined symbol: get
[INFO] [stdout]           >>> referenced by process.rs:408 (/opt/rustwide/cargo-home/registry/src/index.crates.io-6f17d22bba15001f/lunatic-0.13.0/src/function/process.rs:408)
[INFO] [stdout]           >>>               lunatic_log-079d15b3e655c158.lunatic_log.3c61c9e00f1a5be0-cgu.1.rcgu.o:(lunatic::function::process::Process$LT$M$C$S$GT$::lookup::h33f88f0602c19bc1) in archive /opt/rustwide/target/debug/deps/liblunatic_log-079d15b3e655c158.rlib
[INFO] [stdout]           collect2: error: ld returned 1 exit status
[INFO] [stdout]           
[INFO] [stdout] 
[INFO] [stdout] 
[INFO] [stderr] error: could not compile `lunatic-log` (example "info") due to 1 previous error
[INFO] [stderr] warning: build failed, waiting for other jobs to finish...
[INFO] [stdout] error: linking with `cc` failed: exit status: 1
[INFO] [stdout]   |
[INFO] [stdout]   = note: LC_ALL="C" PATH="/opt/rustwide/rustup-home/toolchains/nightly-2024-10-28-x86_64-unknown-linux-gnu/lib/rustlib/x86_64-unknown-linux-gnu/bin:/opt/rustwide/rustup-home/toolchains/nightly-2024-10-28-x86_64-unknown-linux-gnu/lib/rustlib/x86_64-unknown-linux-gnu/bin/self-contained:/opt/rustwide/cargo-home/bin:/usr/local/sbin:/usr/local/bin:/usr/sbin:/usr/bin:/sbin:/bin" VSLANG="1033" "cc" "-m64" "/tmp/rustcht2GII/symbols.o" "/opt/rustwide/target/debug/examples/pretty-515007c9682249eb.pretty.eec46fefd929aa3a-cgu.0.rcgu.o" "/opt/rustwide/target/debug/examples/pretty-515007c9682249eb.pretty.eec46fefd929aa3a-cgu.1.rcgu.o" "/opt/rustwide/target/debug/examples/pretty-515007c9682249eb.00p73l3jzr41d37ak0bz2vuue.rcgu.o" "-Wl,--as-needed" "-Wl,-Bstatic" "/opt/rustwide/target/debug/deps/liblunatic_log-079d15b3e655c158.rlib" "/opt/rustwide/target/debug/deps/liblunatic-1651e213248d755d.rlib" "/opt/rustwide/target/debug/deps/libbincode-657da14def7c053d.rlib" "/opt/rustwide/target/debug/deps/liblunatic_sys-56d88d269e368204.rlib" "/opt/rustwide/target/debug/deps/libthiserror-eb12239a59c5f15b.rlib" "/opt/rustwide/target/debug/deps/libyansi-9acd1cf0bc164769.rlib" "/opt/rustwide/target/debug/deps/libchrono-cc49435ecde0186e.rlib" "/opt/rustwide/target/debug/deps/libnum_integer-bc5d07346cce737f.rlib" "/opt/rustwide/target/debug/deps/libnum_traits-5aa0a834e21733e8.rlib" "/opt/rustwide/target/debug/deps/libtime-61cf1e54d1c1cad3.rlib" "/opt/rustwide/target/debug/deps/liblibc-4052018296947999.rlib" "/opt/rustwide/target/debug/deps/libserde-acd782f5431fb73d.rlib" "/opt/rustwide/rustup-home/toolchains/nightly-2024-10-28-x86_64-unknown-linux-gnu/lib/rustlib/x86_64-unknown-linux-gnu/lib/libstd-fb8c387236db3c10.rlib" "/opt/rustwide/rustup-home/toolchains/nightly-2024-10-28-x86_64-unknown-linux-gnu/lib/rustlib/x86_64-unknown-linux-gnu/lib/libpanic_unwind-b251837809b2f64b.rlib" "/opt/rustwide/rustup-home/toolchains/nightly-2024-10-28-x86_64-unknown-linux-gnu/lib/rustlib/x86_64-unknown-linux-gnu/lib/libobject-cbef83eaa4e01f04.rlib" "/opt/rustwide/rustup-home/toolchains/nightly-2024-10-28-x86_64-unknown-linux-gnu/lib/rustlib/x86_64-unknown-linux-gnu/lib/libmemchr-12a772286de2fca7.rlib" "/opt/rustwide/rustup-home/toolchains/nightly-2024-10-28-x86_64-unknown-linux-gnu/lib/rustlib/x86_64-unknown-linux-gnu/lib/libaddr2line-023bbe5ada7abfc3.rlib" "/opt/rustwide/rustup-home/toolchains/nightly-2024-10-28-x86_64-unknown-linux-gnu/lib/rustlib/x86_64-unknown-linux-gnu/lib/libgimli-de2bcdf10ec69c2b.rlib" "/opt/rustwide/rustup-home/toolchains/nightly-2024-10-28-x86_64-unknown-linux-gnu/lib/rustlib/x86_64-unknown-linux-gnu/lib/librustc_demangle-8e1754df350800fd.rlib" "/opt/rustwide/rustup-home/toolchains/nightly-2024-10-28-x86_64-unknown-linux-gnu/lib/rustlib/x86_64-unknown-linux-gnu/lib/libstd_detect-06c2ab7b9c32e037.rlib" "/opt/rustwide/rustup-home/toolchains/nightly-2024-10-28-x86_64-unknown-linux-gnu/lib/rustlib/x86_64-unknown-linux-gnu/lib/libhashbrown-51d2621fc57a281b.rlib" "/opt/rustwide/rustup-home/toolchains/nightly-2024-10-28-x86_64-unknown-linux-gnu/lib/rustlib/x86_64-unknown-linux-gnu/lib/librustc_std_workspace_alloc-54a930408793772f.rlib" "/opt/rustwide/rustup-home/toolchains/nightly-2024-10-28-x86_64-unknown-linux-gnu/lib/rustlib/x86_64-unknown-linux-gnu/lib/libminiz_oxide-0c7d01cba400dcb2.rlib" "/opt/rustwide/rustup-home/toolchains/nightly-2024-10-28-x86_64-unknown-linux-gnu/lib/rustlib/x86_64-unknown-linux-gnu/lib/libadler-b9f84d69e331b75b.rlib" "/opt/rustwide/rustup-home/toolchains/nightly-2024-10-28-x86_64-unknown-linux-gnu/lib/rustlib/x86_64-unknown-linux-gnu/lib/libunwind-eec95493246aae39.rlib" "/opt/rustwide/rustup-home/toolchains/nightly-2024-10-28-x86_64-unknown-linux-gnu/lib/rustlib/x86_64-unknown-linux-gnu/lib/libcfg_if-6f6676c475e08ab0.rlib" "/opt/rustwide/rustup-home/toolchains/nightly-2024-10-28-x86_64-unknown-linux-gnu/lib/rustlib/x86_64-unknown-linux-gnu/lib/liblibc-799d520624f8b2e0.rlib" "/opt/rustwide/rustup-home/toolchains/nightly-2024-10-28-x86_64-unknown-linux-gnu/lib/rustlib/x86_64-unknown-linux-gnu/lib/liballoc-fcf93d4842acd9a9.rlib" "/opt/rustwide/rustup-home/toolchains/nightly-2024-10-28-x86_64-unknown-linux-gnu/lib/rustlib/x86_64-unknown-linux-gnu/lib/librustc_std_workspace_core-395a38b8e0851c9b.rlib" "/opt/rustwide/rustup-home/toolchains/nightly-2024-10-28-x86_64-unknown-linux-gnu/lib/rustlib/x86_64-unknown-linux-gnu/lib/libcore-d453bab70303062c.rlib" "/opt/rustwide/rustup-home/toolchains/nightly-2024-10-28-x86_64-unknown-linux-gnu/lib/rustlib/x86_64-unknown-linux-gnu/lib/libcompiler_builtins-0e6386368b0a24e8.rlib" "-Wl,-Bdynamic" "-lgcc_s" "-lutil" "-lrt" "-lpthread" "-lm" "-ldl" "-lc" "-B/opt/rustwide/rustup-home/toolchains/nightly-2024-10-28-x86_64-unknown-linux-gnu/lib/rustlib/x86_64-unknown-linux-gnu/bin/gcc-ld" "-fuse-ld=lld" "-Wl,--eh-frame-hdr" "-Wl,-z,noexecstack" "-L" "/opt/rustwide/rustup-home/toolchains/nightly-2024-10-28-x86_64-unknown-linux-gnu/lib/rustlib/x86_64-unknown-linux-gnu/lib" "-o" "/opt/rustwide/target/debug/examples/pretty-515007c9682249eb" "-Wl,--gc-sections" "-pie" "-Wl,-z,relro,-z,now" "-nodefaultlibs"
[INFO] [stdout]   = note: rust-lld: error: undefined symbol: receive
[INFO] [stdout]           >>> referenced by mailbox.rs:275 (/opt/rustwide/cargo-home/registry/src/index.crates.io-6f17d22bba15001f/lunatic-0.13.0/src/mailbox.rs:275)
[INFO] [stdout]           >>>               /opt/rustwide/target/debug/examples/pretty-515007c9682249eb.pretty.eec46fefd929aa3a-cgu.0.rcgu.o:(lunatic::mailbox::Mailbox$LT$M$C$S$C$L$GT$::receive_::h021fa44c3c33b90a)
[INFO] [stdout]           >>> referenced by mailbox.rs:275 (/opt/rustwide/cargo-home/registry/src/index.crates.io-6f17d22bba15001f/lunatic-0.13.0/src/mailbox.rs:275)
[INFO] [stdout]           >>>               /opt/rustwide/target/debug/examples/pretty-515007c9682249eb.pretty.eec46fefd929aa3a-cgu.0.rcgu.o:(lunatic::mailbox::Mailbox$LT$M$C$S$C$L$GT$::receive_::hbb091ed176749316)
[INFO] [stdout]           
[INFO] [stdout]           rust-lld: error: undefined symbol: get_tag
[INFO] [stdout]           >>> referenced by mailbox.rs:282 (/opt/rustwide/cargo-home/registry/src/index.crates.io-6f17d22bba15001f/lunatic-0.13.0/src/mailbox.rs:282)
[INFO] [stdout]           >>>               /opt/rustwide/target/debug/examples/pretty-515007c9682249eb.pretty.eec46fefd929aa3a-cgu.0.rcgu.o:(lunatic::mailbox::Mailbox$LT$M$C$S$C$L$GT$::receive_::h021fa44c3c33b90a)
[INFO] [stdout]           >>> referenced by mailbox.rs:282 (/opt/rustwide/cargo-home/registry/src/index.crates.io-6f17d22bba15001f/lunatic-0.13.0/src/mailbox.rs:282)
[INFO] [stdout]           >>>               /opt/rustwide/target/debug/examples/pretty-515007c9682249eb.pretty.eec46fefd929aa3a-cgu.0.rcgu.o:(lunatic::mailbox::Mailbox$LT$M$C$S$C$L$GT$::receive_::hbb091ed176749316)
[INFO] [stdout]           
[INFO] [stdout]           rust-lld: error: undefined symbol: get_process_id
[INFO] [stdout]           >>> referenced by mailbox.rs:285 (/opt/rustwide/cargo-home/registry/src/index.crates.io-6f17d22bba15001f/lunatic-0.13.0/src/mailbox.rs:285)
[INFO] [stdout]           >>>               /opt/rustwide/target/debug/examples/pretty-515007c9682249eb.pretty.eec46fefd929aa3a-cgu.0.rcgu.o:(lunatic::mailbox::Mailbox$LT$M$C$S$C$L$GT$::receive_::h021fa44c3c33b90a)
[INFO] [stdout]           >>> referenced by mailbox.rs:285 (/opt/rustwide/cargo-home/registry/src/index.crates.io-6f17d22bba15001f/lunatic-0.13.0/src/mailbox.rs:285)
[INFO] [stdout]           >>>               /opt/rustwide/target/debug/examples/pretty-515007c9682249eb.pretty.eec46fefd929aa3a-cgu.0.rcgu.o:(lunatic::mailbox::Mailbox$LT$M$C$S$C$L$GT$::receive_::hbb091ed176749316)
[INFO] [stdout]           
[INFO] [stdout]           rust-lld: error: undefined symbol: create_data
[INFO] [stdout]           >>> referenced by process.rs:433 (/opt/rustwide/cargo-home/registry/src/index.crates.io-6f17d22bba15001f/lunatic-0.13.0/src/function/process.rs:433)
[INFO] [stdout]           >>>               /opt/rustwide/target/debug/examples/pretty-515007c9682249eb.pretty.eec46fefd929aa3a-cgu.0.rcgu.o:(lunatic::function::process::Process$LT$M$C$S$GT$::send::h3f5e6013da96f1ea)
[INFO] [stdout]           >>> referenced by process.rs:433 (/opt/rustwide/cargo-home/registry/src/index.crates.io-6f17d22bba15001f/lunatic-0.13.0/src/function/process.rs:433)
[INFO] [stdout]           >>>               lunatic_log-079d15b3e655c158.lunatic_log.3c61c9e00f1a5be0-cgu.1.rcgu.o:(lunatic::function::process::Process$LT$M$C$S$GT$::send::ha469dc2f8ecd80c0) in archive /opt/rustwide/target/debug/deps/liblunatic_log-079d15b3e655c158.rlib
[INFO] [stdout]           
[INFO] [stdout]           rust-lld: error: undefined symbol: put
[INFO] [stdout]           >>> referenced by process.rs:399 (/opt/rustwide/cargo-home/registry/src/index.crates.io-6f17d22bba15001f/lunatic-0.13.0/src/function/process.rs:399)
[INFO] [stdout]           >>>               /opt/rustwide/target/debug/examples/pretty-515007c9682249eb.pretty.eec46fefd929aa3a-cgu.0.rcgu.o:(lunatic::function::process::Process$LT$M$C$S$GT$::register::hcfee3d2435255ce7)
[INFO] [stdout]           
[INFO] [stdout]           rust-lld: error: undefined symbol: get
[INFO] [stdout]           >>> referenced by process.rs:408 (/opt/rustwide/cargo-home/registry/src/index.crates.io-6f17d22bba15001f/lunatic-0.13.0/src/function/process.rs:408)
[INFO] [stdout]           >>>               lunatic_log-079d15b3e655c158.lunatic_log.3c61c9e00f1a5be0-cgu.1.rcgu.o:(lunatic::function::process::Process$LT$M$C$S$GT$::lookup::h33f88f0602c19bc1) in archive /opt/rustwide/target/debug/deps/liblunatic_log-079d15b3e655c158.rlib
[INFO] [stdout]           
[INFO] [stdout]           rust-lld: error: undefined symbol: drop
[INFO] [stdout]           >>> referenced by error.rs:25 (src/error.rs:25)
[INFO] [stdout]           >>>               lunatic-1651e213248d755d.lunatic.be37fccb1c88b47c-cgu.0.rcgu.o:(_$LT$lunatic..error..LunaticError$u20$as$u20$core..ops..drop..Drop$GT$::drop::h1c5b63ea1a11ac44) in archive /opt/rustwide/target/debug/deps/liblunatic-1651e213248d755d.rlib
[INFO] [stdout]           
[INFO] [stdout]           rust-lld: error: undefined symbol: string_size
[INFO] [stdout]           >>> referenced by error.rs:37 (src/error.rs:37)
[INFO] [stdout]           >>>               lunatic-1651e213248d755d.lunatic.be37fccb1c88b47c-cgu.0.rcgu.o:(_$LT$lunatic..error..LunaticError$u20$as$u20$core..fmt..Debug$GT$::fmt::hbbe239094225ad29) in archive /opt/rustwide/target/debug/deps/liblunatic-1651e213248d755d.rlib
[INFO] [stdout]           
[INFO] [stdout]           rust-lld: error: undefined symbol: to_string
[INFO] [stdout]           >>> referenced by error.rs:39 (src/error.rs:39)
[INFO] [stdout]           >>>               lunatic-1651e213248d755d.lunatic.be37fccb1c88b47c-cgu.0.rcgu.o:(_$LT$lunatic..error..LunaticError$u20$as$u20$core..fmt..Debug$GT$::fmt::hbbe239094225ad29) in archive /opt/rustwide/target/debug/deps/liblunatic-1651e213248d755d.rlib
[INFO] [stdout]           
[INFO] [stdout]           rust-lld: error: undefined symbol: module_id
[INFO] [stdout]           >>> referenced by mod.rs:44 (src/host/mod.rs:44)
[INFO] [stdout]           >>>               lunatic-1651e213248d755d.lunatic.be37fccb1c88b47c-cgu.0.rcgu.o:(lunatic::host::spawn::h354abb27c8789cd9) in archive /opt/rustwide/target/debug/deps/liblunatic-1651e213248d755d.rlib
[INFO] [stdout]           
[INFO] [stdout]           rust-lld: error: undefined symbol: spawn
[INFO] [stdout]           >>> referenced by mod.rs:41 (src/host/mod.rs:41)
[INFO] [stdout]           >>>               lunatic-1651e213248d755d.lunatic.be37fccb1c88b47c-cgu.0.rcgu.o:(lunatic::host::spawn::h354abb27c8789cd9) in archive /opt/rustwide/target/debug/deps/liblunatic-1651e213248d755d.rlib
[INFO] [stdout]           >>> referenced by mod.rs:66 (src/host/mod.rs:66)
[INFO] [stdout]           >>>               lunatic-1651e213248d755d.lunatic.be37fccb1c88b47c-cgu.0.rcgu.o:(lunatic::host::spawn::h354abb27c8789cd9) in archive /opt/rustwide/target/debug/deps/liblunatic-1651e213248d755d.rlib
[INFO] [stdout]           
[INFO] [stdout]           rust-lld: error: undefined symbol: get_or_spawn
[INFO] [stdout]           >>> referenced by mod.rs:52 (src/host/mod.rs:52)
[INFO] [stdout]           >>>               lunatic-1651e213248d755d.lunatic.be37fccb1c88b47c-cgu.0.rcgu.o:(lunatic::host::spawn::h354abb27c8789cd9) in archive /opt/rustwide/target/debug/deps/liblunatic-1651e213248d755d.rlib
[INFO] [stdout]           
[INFO] [stdout]           rust-lld: error: undefined symbol: node_id
[INFO] [stdout]           >>> referenced by mod.rs:102 (src/host/mod.rs:102)
[INFO] [stdout]           >>>               lunatic-1651e213248d755d.lunatic.be37fccb1c88b47c-cgu.0.rcgu.o:(lunatic::host::node_id::hb925eb4bbe4acc09) in archive /opt/rustwide/target/debug/deps/liblunatic-1651e213248d755d.rlib
[INFO] [stdout]           
[INFO] [stdout]           rust-lld: error: undefined symbol: read_data
[INFO] [stdout]           >>> referenced by serializer.rs:208 (src/serializer.rs:208)
[INFO] [stdout]           >>>               lunatic-1651e213248d755d.lunatic.be37fccb1c88b47c-cgu.0.rcgu.o:(_$LT$lunatic..serializer..MessageRw$u20$as$u20$std..io..Read$GT$::read::h938d43a1c6a15b5b) in archive /opt/rustwide/target/debug/deps/liblunatic-1651e213248d755d.rlib
[INFO] [stdout]           
[INFO] [stdout]           rust-lld: error: undefined symbol: write_data
[INFO] [stdout]           >>> referenced by serializer.rs:214 (src/serializer.rs:214)
[INFO] [stdout]           >>>               lunatic-1651e213248d755d.lunatic.be37fccb1c88b47c-cgu.0.rcgu.o:(_$LT$lunatic..serializer..MessageRw$u20$as$u20$std..io..Write$GT$::write::h36a7e3ee6faa24ae) in archive /opt/rustwide/target/debug/deps/liblunatic-1651e213248d755d.rlib
[INFO] [stdout]           
[INFO] [stdout]           rust-lld: error: undefined symbol: drop_config
[INFO] [stdout]           >>> referenced by config.rs:20 (src/config.rs:20)
[INFO] [stdout]           >>>               lunatic-1651e213248d755d.lunatic.be37fccb1c88b47c-cgu.1.rcgu.o:(_$LT$lunatic..config..ProcessConfigType$u20$as$u20$core..ops..drop..Drop$GT$::drop::h4f222e60ee6d3899) in archive /opt/rustwide/target/debug/deps/liblunatic-1651e213248d755d.rlib
[INFO] [stdout]           
[INFO] [stdout]           rust-lld: error: undefined symbol: drop_module
[INFO] [stdout]           >>> referenced by module.rs:24 (src/module.rs:24)
[INFO] [stdout]           >>>               lunatic-1651e213248d755d.lunatic.be37fccb1c88b47c-cgu.1.rcgu.o:(_$LT$lunatic..module..WasmModule$u20$as$u20$core..ops..drop..Drop$GT$::drop::hd8547072a25a0dc4) in archive /opt/rustwide/target/debug/deps/liblunatic-1651e213248d755d.rlib
[INFO] [stdout]           
[INFO] [stdout]           rust-lld: error: undefined symbol: sleep_ms
[INFO] [stdout]           >>> referenced by lib.rs:159 (src/lib.rs:159)
[INFO] [stdout]           >>>               lunatic-1651e213248d755d.lunatic.be37fccb1c88b47c-cgu.1.rcgu.o:(lunatic::sleep::h5e84d285efedbb3c) in archive /opt/rustwide/target/debug/deps/liblunatic-1651e213248d755d.rlib
[INFO] [stdout]           collect2: error: ld returned 1 exit status
[INFO] [stdout]           
[INFO] [stdout] 
[INFO] [stdout] 
[INFO] [stdout] error: linking with `cc` failed: exit status: 1
[INFO] [stdout]   |
[INFO] [stdout]   = note: LC_ALL="C" PATH="/opt/rustwide/rustup-home/toolchains/nightly-2024-10-28-x86_64-unknown-linux-gnu/lib/rustlib/x86_64-unknown-linux-gnu/bin:/opt/rustwide/rustup-home/toolchains/nightly-2024-10-28-x86_64-unknown-linux-gnu/lib/rustlib/x86_64-unknown-linux-gnu/bin/self-contained:/opt/rustwide/cargo-home/bin:/usr/local/sbin:/usr/local/bin:/usr/sbin:/usr/bin:/sbin:/bin" VSLANG="1033" "cc" "-m64" "/tmp/rustcK2QlW6/symbols.o" "/opt/rustwide/target/debug/examples/multiple-fb7889f3d84d5e8c.multiple.ac7a7469c40a36bd-cgu.0.rcgu.o" "/opt/rustwide/target/debug/examples/multiple-fb7889f3d84d5e8c.multiple.ac7a7469c40a36bd-cgu.1.rcgu.o" "/opt/rustwide/target/debug/examples/multiple-fb7889f3d84d5e8c.ao90sgipsfvu0cv8dngs7n57b.rcgu.o" "-Wl,--as-needed" "-Wl,-Bstatic" "/opt/rustwide/target/debug/deps/liblunatic_log-079d15b3e655c158.rlib" "/opt/rustwide/target/debug/deps/liblunatic-1651e213248d755d.rlib" "/opt/rustwide/target/debug/deps/libbincode-657da14def7c053d.rlib" "/opt/rustwide/target/debug/deps/liblunatic_sys-56d88d269e368204.rlib" "/opt/rustwide/target/debug/deps/libthiserror-eb12239a59c5f15b.rlib" "/opt/rustwide/target/debug/deps/libyansi-9acd1cf0bc164769.rlib" "/opt/rustwide/target/debug/deps/libchrono-cc49435ecde0186e.rlib" "/opt/rustwide/target/debug/deps/libnum_integer-bc5d07346cce737f.rlib" "/opt/rustwide/target/debug/deps/libnum_traits-5aa0a834e21733e8.rlib" "/opt/rustwide/target/debug/deps/libtime-61cf1e54d1c1cad3.rlib" "/opt/rustwide/target/debug/deps/liblibc-4052018296947999.rlib" "/opt/rustwide/target/debug/deps/libserde-acd782f5431fb73d.rlib" "/opt/rustwide/rustup-home/toolchains/nightly-2024-10-28-x86_64-unknown-linux-gnu/lib/rustlib/x86_64-unknown-linux-gnu/lib/libstd-fb8c387236db3c10.rlib" "/opt/rustwide/rustup-home/toolchains/nightly-2024-10-28-x86_64-unknown-linux-gnu/lib/rustlib/x86_64-unknown-linux-gnu/lib/libpanic_unwind-b251837809b2f64b.rlib" "/opt/rustwide/rustup-home/toolchains/nightly-2024-10-28-x86_64-unknown-linux-gnu/lib/rustlib/x86_64-unknown-linux-gnu/lib/libobject-cbef83eaa4e01f04.rlib" "/opt/rustwide/rustup-home/toolchains/nightly-2024-10-28-x86_64-unknown-linux-gnu/lib/rustlib/x86_64-unknown-linux-gnu/lib/libmemchr-12a772286de2fca7.rlib" "/opt/rustwide/rustup-home/toolchains/nightly-2024-10-28-x86_64-unknown-linux-gnu/lib/rustlib/x86_64-unknown-linux-gnu/lib/libaddr2line-023bbe5ada7abfc3.rlib" "/opt/rustwide/rustup-home/toolchains/nightly-2024-10-28-x86_64-unknown-linux-gnu/lib/rustlib/x86_64-unknown-linux-gnu/lib/libgimli-de2bcdf10ec69c2b.rlib" "/opt/rustwide/rustup-home/toolchains/nightly-2024-10-28-x86_64-unknown-linux-gnu/lib/rustlib/x86_64-unknown-linux-gnu/lib/librustc_demangle-8e1754df350800fd.rlib" "/opt/rustwide/rustup-home/toolchains/nightly-2024-10-28-x86_64-unknown-linux-gnu/lib/rustlib/x86_64-unknown-linux-gnu/lib/libstd_detect-06c2ab7b9c32e037.rlib" "/opt/rustwide/rustup-home/toolchains/nightly-2024-10-28-x86_64-unknown-linux-gnu/lib/rustlib/x86_64-unknown-linux-gnu/lib/libhashbrown-51d2621fc57a281b.rlib" "/opt/rustwide/rustup-home/toolchains/nightly-2024-10-28-x86_64-unknown-linux-gnu/lib/rustlib/x86_64-unknown-linux-gnu/lib/librustc_std_workspace_alloc-54a930408793772f.rlib" "/opt/rustwide/rustup-home/toolchains/nightly-2024-10-28-x86_64-unknown-linux-gnu/lib/rustlib/x86_64-unknown-linux-gnu/lib/libminiz_oxide-0c7d01cba400dcb2.rlib" "/opt/rustwide/rustup-home/toolchains/nightly-2024-10-28-x86_64-unknown-linux-gnu/lib/rustlib/x86_64-unknown-linux-gnu/lib/libadler-b9f84d69e331b75b.rlib" "/opt/rustwide/rustup-home/toolchains/nightly-2024-10-28-x86_64-unknown-linux-gnu/lib/rustlib/x86_64-unknown-linux-gnu/lib/libunwind-eec95493246aae39.rlib" "/opt/rustwide/rustup-home/toolchains/nightly-2024-10-28-x86_64-unknown-linux-gnu/lib/rustlib/x86_64-unknown-linux-gnu/lib/libcfg_if-6f6676c475e08ab0.rlib" "/opt/rustwide/rustup-home/toolchains/nightly-2024-10-28-x86_64-unknown-linux-gnu/lib/rustlib/x86_64-unknown-linux-gnu/lib/liblibc-799d520624f8b2e0.rlib" "/opt/rustwide/rustup-home/toolchains/nightly-2024-10-28-x86_64-unknown-linux-gnu/lib/rustlib/x86_64-unknown-linux-gnu/lib/liballoc-fcf93d4842acd9a9.rlib" "/opt/rustwide/rustup-home/toolchains/nightly-2024-10-28-x86_64-unknown-linux-gnu/lib/rustlib/x86_64-unknown-linux-gnu/lib/librustc_std_workspace_core-395a38b8e0851c9b.rlib" "/opt/rustwide/rustup-home/toolchains/nightly-2024-10-28-x86_64-unknown-linux-gnu/lib/rustlib/x86_64-unknown-linux-gnu/lib/libcore-d453bab70303062c.rlib" "/opt/rustwide/rustup-home/toolchains/nightly-2024-10-28-x86_64-unknown-linux-gnu/lib/rustlib/x86_64-unknown-linux-gnu/lib/libcompiler_builtins-0e6386368b0a24e8.rlib" "-Wl,-Bdynamic" "-lgcc_s" "-lutil" "-lrt" "-lpthread" "-lm" "-ldl" "-lc" "-B/opt/rustwide/rustup-home/toolchains/nightly-2024-10-28-x86_64-unknown-linux-gnu/lib/rustlib/x86_64-unknown-linux-gnu/bin/gcc-ld" "-fuse-ld=lld" "-Wl,--eh-frame-hdr" "-Wl,-z,noexecstack" "-L" "/opt/rustwide/rustup-home/toolchains/nightly-2024-10-28-x86_64-unknown-linux-gnu/lib/rustlib/x86_64-unknown-linux-gnu/lib" "-o" "/opt/rustwide/target/debug/examples/multiple-fb7889f3d84d5e8c" "-Wl,--gc-sections" "-pie" "-Wl,-z,relro,-z,now" "-nodefaultlibs"
[INFO] [stdout]   = note: rust-lld: error: undefined symbol: receive
[INFO] [stdout]           >>> referenced by mailbox.rs:275 (/opt/rustwide/cargo-home/registry/src/index.crates.io-6f17d22bba15001f/lunatic-0.13.0/src/mailbox.rs:275)
[INFO] [stdout]           >>>               /opt/rustwide/target/debug/examples/multiple-fb7889f3d84d5e8c.multiple.ac7a7469c40a36bd-cgu.0.rcgu.o:(lunatic::mailbox::Mailbox$LT$M$C$S$C$L$GT$::receive_::h85083ab86f843bac)
[INFO] [stdout]           >>> referenced by mailbox.rs:275 (/opt/rustwide/cargo-home/registry/src/index.crates.io-6f17d22bba15001f/lunatic-0.13.0/src/mailbox.rs:275)
[INFO] [stdout]           >>>               /opt/rustwide/target/debug/examples/multiple-fb7889f3d84d5e8c.multiple.ac7a7469c40a36bd-cgu.0.rcgu.o:(lunatic::mailbox::Mailbox$LT$M$C$S$C$L$GT$::receive_::h9e6cc48bcad4ddd9)
[INFO] [stdout]           >>> referenced by mailbox.rs:275 (/opt/rustwide/cargo-home/registry/src/index.crates.io-6f17d22bba15001f/lunatic-0.13.0/src/mailbox.rs:275)
[INFO] [stdout]           >>>               /opt/rustwide/target/debug/examples/multiple-fb7889f3d84d5e8c.multiple.ac7a7469c40a36bd-cgu.0.rcgu.o:(lunatic::mailbox::Mailbox$LT$M$C$S$C$L$GT$::receive_::hafaa2fb8491e95c2)
[INFO] [stdout]           
[INFO] [stdout]           rust-lld: error: undefined symbol: get_tag
[INFO] [stdout]           >>> referenced by mailbox.rs:282 (/opt/rustwide/cargo-home/registry/src/index.crates.io-6f17d22bba15001f/lunatic-0.13.0/src/mailbox.rs:282)
[INFO] [stdout]           >>>               /opt/rustwide/target/debug/examples/multiple-fb7889f3d84d5e8c.multiple.ac7a7469c40a36bd-cgu.0.rcgu.o:(lunatic::mailbox::Mailbox$LT$M$C$S$C$L$GT$::receive_::h85083ab86f843bac)
[INFO] [stdout]           >>> referenced by mailbox.rs:282 (/opt/rustwide/cargo-home/registry/src/index.crates.io-6f17d22bba15001f/lunatic-0.13.0/src/mailbox.rs:282)
[INFO] [stdout]           >>>               /opt/rustwide/target/debug/examples/multiple-fb7889f3d84d5e8c.multiple.ac7a7469c40a36bd-cgu.0.rcgu.o:(lunatic::mailbox::Mailbox$LT$M$C$S$C$L$GT$::receive_::h9e6cc48bcad4ddd9)
[INFO] [stdout]           >>> referenced by mailbox.rs:282 (/opt/rustwide/cargo-home/registry/src/index.crates.io-6f17d22bba15001f/lunatic-0.13.0/src/mailbox.rs:282)
[INFO] [stdout]           >>>               /opt/rustwide/target/debug/examples/multiple-fb7889f3d84d5e8c.multiple.ac7a7469c40a36bd-cgu.0.rcgu.o:(lunatic::mailbox::Mailbox$LT$M$C$S$C$L$GT$::receive_::hafaa2fb8491e95c2)
[INFO] [stdout]           
[INFO] [stdout]           rust-lld: error: undefined symbol: get_process_id
[INFO] [stdout]           >>> referenced by mailbox.rs:285 (/opt/rustwide/cargo-home/registry/src/index.crates.io-6f17d22bba15001f/lunatic-0.13.0/src/mailbox.rs:285)
[INFO] [stdout]           >>>               /opt/rustwide/target/debug/examples/multiple-fb7889f3d84d5e8c.multiple.ac7a7469c40a36bd-cgu.0.rcgu.o:(lunatic::mailbox::Mailbox$LT$M$C$S$C$L$GT$::receive_::h85083ab86f843bac)
[INFO] [stdout]           >>> referenced by mailbox.rs:285 (/opt/rustwide/cargo-home/registry/src/index.crates.io-6f17d22bba15001f/lunatic-0.13.0/src/mailbox.rs:285)
[INFO] [stdout]           >>>               /opt/rustwide/target/debug/examples/multiple-fb7889f3d84d5e8c.multiple.ac7a7469c40a36bd-cgu.0.rcgu.o:(lunatic::mailbox::Mailbox$LT$M$C$S$C$L$GT$::receive_::h9e6cc48bcad4ddd9)
[INFO] [stdout]           >>> referenced by mailbox.rs:285 (/opt/rustwide/cargo-home/registry/src/index.crates.io-6f17d22bba15001f/lunatic-0.13.0/src/mailbox.rs:285)
[INFO] [stdout]           >>>               /opt/rustwide/target/debug/examples/multiple-fb7889f3d84d5e8c.multiple.ac7a7469c40a36bd-cgu.0.rcgu.o:(lunatic::mailbox::Mailbox$LT$M$C$S$C$L$GT$::receive_::hafaa2fb8491e95c2)
[INFO] [stdout]           
[INFO] [stdout]           rust-lld: error: undefined symbol: create_data
[INFO] [stdout]           >>> referenced by process.rs:433 (/opt/rustwide/cargo-home/registry/src/index.crates.io-6f17d22bba15001f/lunatic-0.13.0/src/function/process.rs:433)
[INFO] [stdout]           >>>               /opt/rustwide/target/debug/examples/multiple-fb7889f3d84d5e8c.multiple.ac7a7469c40a36bd-cgu.0.rcgu.o:(lunatic::function::process::Process$LT$M$C$S$GT$::send::h112ca12d3f1208bc)
[INFO] [stdout]           >>> referenced by process.rs:433 (/opt/rustwide/cargo-home/registry/src/index.crates.io-6f17d22bba15001f/lunatic-0.13.0/src/function/process.rs:433)
[INFO] [stdout]           >>>               /opt/rustwide/target/debug/examples/multiple-fb7889f3d84d5e8c.multiple.ac7a7469c40a36bd-cgu.0.rcgu.o:(lunatic::function::process::Process$LT$M$C$S$GT$::send::h317e7443c6807849)
[INFO] [stdout]           >>> referenced by process.rs:433 (/opt/rustwide/cargo-home/registry/src/index.crates.io-6f17d22bba15001f/lunatic-0.13.0/src/function/process.rs:433)
[INFO] [stdout]           >>>               lunatic_log-079d15b3e655c158.lunatic_log.3c61c9e00f1a5be0-cgu.1.rcgu.o:(lunatic::function::process::Process$LT$M$C$S$GT$::send::ha469dc2f8ecd80c0) in archive /opt/rustwide/target/debug/deps/liblunatic_log-079d15b3e655c158.rlib
[INFO] [stdout]           
[INFO] [stdout]           rust-lld: error: undefined symbol: put
[INFO] [stdout]           >>> referenced by process.rs:399 (/opt/rustwide/cargo-home/registry/src/index.crates.io-6f17d22bba15001f/lunatic-0.13.0/src/function/process.rs:399)
[INFO] [stdout]           >>>               /opt/rustwide/target/debug/examples/multiple-fb7889f3d84d5e8c.multiple.ac7a7469c40a36bd-cgu.0.rcgu.o:(lunatic::function::process::Process$LT$M$C$S$GT$::register::h3901b70b983c4e51)
[INFO] [stdout]           
[INFO] [stdout]           rust-lld: error: undefined symbol: get
[INFO] [stdout]           >>> referenced by process.rs:408 (/opt/rustwide/cargo-home/registry/src/index.crates.io-6f17d22bba15001f/lunatic-0.13.0/src/function/process.rs:408)
[INFO] [stdout]           >>>               lunatic_log-079d15b3e655c158.lunatic_log.3c61c9e00f1a5be0-cgu.1.rcgu.o:(lunatic::function::process::Process$LT$M$C$S$GT$::lookup::h33f88f0602c19bc1) in archive /opt/rustwide/target/debug/deps/liblunatic_log-079d15b3e655c158.rlib
[INFO] [stdout]           
[INFO] [stdout]           rust-lld: error: undefined symbol: drop
[INFO] [stdout]           >>> referenced by error.rs:25 (src/error.rs:25)
[INFO] [stdout]           >>>               lunatic-1651e213248d755d.lunatic.be37fccb1c88b47c-cgu.0.rcgu.o:(_$LT$lunatic..error..LunaticError$u20$as$u20$core..ops..drop..Drop$GT$::drop::h1c5b63ea1a11ac44) in archive /opt/rustwide/target/debug/deps/liblunatic-1651e213248d755d.rlib
[INFO] [stdout]           
[INFO] [stdout]           rust-lld: error: undefined symbol: string_size
[INFO] [stdout]           >>> referenced by error.rs:37 (src/error.rs:37)
[INFO] [stdout]           >>>               lunatic-1651e213248d755d.lunatic.be37fccb1c88b47c-cgu.0.rcgu.o:(_$LT$lunatic..error..LunaticError$u20$as$u20$core..fmt..Debug$GT$::fmt::hbbe239094225ad29) in archive /opt/rustwide/target/debug/deps/liblunatic-1651e213248d755d.rlib
[INFO] [stdout]           
[INFO] [stdout]           rust-lld: error: undefined symbol: to_string
[INFO] [stdout]           >>> referenced by error.rs:39 (src/error.rs:39)
[INFO] [stdout]           >>>               lunatic-1651e213248d755d.lunatic.be37fccb1c88b47c-cgu.0.rcgu.o:(_$LT$lunatic..error..LunaticError$u20$as$u20$core..fmt..Debug$GT$::fmt::hbbe239094225ad29) in archive /opt/rustwide/target/debug/deps/liblunatic-1651e213248d755d.rlib
[INFO] [stdout]           
[INFO] [stdout]           rust-lld: error: undefined symbol: module_id
[INFO] [stdout]           >>> referenced by mod.rs:44 (src/host/mod.rs:44)
[INFO] [stdout]           >>>               lunatic-1651e213248d755d.lunatic.be37fccb1c88b47c-cgu.0.rcgu.o:(lunatic::host::spawn::h354abb27c8789cd9) in archive /opt/rustwide/target/debug/deps/liblunatic-1651e213248d755d.rlib
[INFO] [stdout]           
[INFO] [stdout]           rust-lld: error: undefined symbol: spawn
[INFO] [stdout]           >>> referenced by mod.rs:41 (src/host/mod.rs:41)
[INFO] [stdout]           >>>               lunatic-1651e213248d755d.lunatic.be37fccb1c88b47c-cgu.0.rcgu.o:(lunatic::host::spawn::h354abb27c8789cd9) in archive /opt/rustwide/target/debug/deps/liblunatic-1651e213248d755d.rlib
[INFO] [stdout]           >>> referenced by mod.rs:66 (src/host/mod.rs:66)
[INFO] [stdout]           >>>               lunatic-1651e213248d755d.lunatic.be37fccb1c88b47c-cgu.0.rcgu.o:(lunatic::host::spawn::h354abb27c8789cd9) in archive /opt/rustwide/target/debug/deps/liblunatic-1651e213248d755d.rlib
[INFO] [stdout]           
[INFO] [stdout]           rust-lld: error: undefined symbol: get_or_spawn
[INFO] [stdout]           >>> referenced by mod.rs:52 (src/host/mod.rs:52)
[INFO] [stdout]           >>>               lunatic-1651e213248d755d.lunatic.be37fccb1c88b47c-cgu.0.rcgu.o:(lunatic::host::spawn::h354abb27c8789cd9) in archive /opt/rustwide/target/debug/deps/liblunatic-1651e213248d755d.rlib
[INFO] [stdout]           
[INFO] [stdout]           rust-lld: error: undefined symbol: node_id
[INFO] [stdout]           >>> referenced by mod.rs:102 (src/host/mod.rs:102)
[INFO] [stdout]           >>>               lunatic-1651e213248d755d.lunatic.be37fccb1c88b47c-cgu.0.rcgu.o:(lunatic::host::node_id::hb925eb4bbe4acc09) in archive /opt/rustwide/target/debug/deps/liblunatic-1651e213248d755d.rlib
[INFO] [stdout]           
[INFO] [stdout]           rust-lld: error: undefined symbol: read_data
[INFO] [stdout]           >>> referenced by serializer.rs:208 (src/serializer.rs:208)
[INFO] [stdout]           >>>               lunatic-1651e213248d755d.lunatic.be37fccb1c88b47c-cgu.0.rcgu.o:(_$LT$lunatic..serializer..MessageRw$u20$as$u20$std..io..Read$GT$::read::h938d43a1c6a15b5b) in archive /opt/rustwide/target/debug/deps/liblunatic-1651e213248d755d.rlib
[INFO] [stdout]           
[INFO] [stdout]           rust-lld: error: undefined symbol: write_data
[INFO] [stdout]           >>> referenced by serializer.rs:214 (src/serializer.rs:214)
[INFO] [stdout]           >>>               lunatic-1651e213248d755d.lunatic.be37fccb1c88b47c-cgu.0.rcgu.o:(_$LT$lunatic..serializer..MessageRw$u20$as$u20$std..io..Write$GT$::write::h36a7e3ee6faa24ae) in archive /opt/rustwide/target/debug/deps/liblunatic-1651e213248d755d.rlib
[INFO] [stdout]           
[INFO] [stdout]           rust-lld: error: undefined symbol: drop_config
[INFO] [stdout]           >>> referenced by config.rs:20 (src/config.rs:20)
[INFO] [stdout]           >>>               lunatic-1651e213248d755d.lunatic.be37fccb1c88b47c-cgu.1.rcgu.o:(_$LT$lunatic..config..ProcessConfigType$u20$as$u20$core..ops..drop..Drop$GT$::drop::h4f222e60ee6d3899) in archive /opt/rustwide/target/debug/deps/liblunatic-1651e213248d755d.rlib
[INFO] [stdout]           
[INFO] [stdout]           rust-lld: error: undefined symbol: drop_module
[INFO] [stdout]           >>> referenced by module.rs:24 (src/module.rs:24)
[INFO] [stdout]           >>>               lunatic-1651e213248d755d.lunatic.be37fccb1c88b47c-cgu.1.rcgu.o:(_$LT$lunatic..module..WasmModule$u20$as$u20$core..ops..drop..Drop$GT$::drop::hd8547072a25a0dc4) in archive /opt/rustwide/target/debug/deps/liblunatic-1651e213248d755d.rlib
[INFO] [stdout]           
[INFO] [stdout]           rust-lld: error: undefined symbol: sleep_ms
[INFO] [stdout]           >>> referenced by lib.rs:159 (src/lib.rs:159)
[INFO] [stdout]           >>>               lunatic-1651e213248d755d.lunatic.be37fccb1c88b47c-cgu.1.rcgu.o:(lunatic::sleep::h5e84d285efedbb3c) in archive /opt/rustwide/target/debug/deps/liblunatic-1651e213248d755d.rlib
[INFO] [stdout]           collect2: error: ld returned 1 exit status
[INFO] [stdout]           
[INFO] [stdout] 
[INFO] [stdout] 
[INFO] [stderr] error: could not compile `lunatic-log` (example "multiple") due to 1 previous error
[INFO] [stderr] error: could not compile `lunatic-log` (example "pretty") due to 1 previous error
[INFO] running `Command { std: "docker" "inspect" "ad16a2ba83110b813c353c899e231b67e66ba9c1213ebed0a26c04deb56e009b", kill_on_drop: false }`
[INFO] running `Command { std: "docker" "rm" "-f" "ad16a2ba83110b813c353c899e231b67e66ba9c1213ebed0a26c04deb56e009b", kill_on_drop: false }`
[INFO] [stdout] ad16a2ba83110b813c353c899e231b67e66ba9c1213ebed0a26c04deb56e009b
