[INFO] fetching crate lumina-node 0.5.1...
[INFO] testing lumina-node-0.5.1 against nightly-2024-10-28 for randomize-layout
[INFO] extracting crate lumina-node 0.5.1 into /workspace/builds/worker-4-tc1/source
[INFO] validating manifest of crates.io crate lumina-node 0.5.1 on toolchain nightly-2024-10-28
[INFO] running `Command { std: CARGO_HOME="/workspace/cargo-home" RUSTUP_HOME="/workspace/rustup-home" "/workspace/cargo-home/bin/cargo" "+nightly-2024-10-28" "metadata" "--manifest-path" "Cargo.toml" "--no-deps", kill_on_drop: false }`
[INFO] started tweaking crates.io crate lumina-node 0.5.1
[INFO] removed 0 missing tests
[INFO] finished tweaking crates.io crate lumina-node 0.5.1
[INFO] tweaked toml for crates.io crate lumina-node 0.5.1 written to /workspace/builds/worker-4-tc1/source/Cargo.toml
[INFO] running `Command { std: CARGO_HOME="/workspace/cargo-home" RUSTUP_HOME="/workspace/rustup-home" "/workspace/cargo-home/bin/cargo" "+nightly-2024-10-28" "generate-lockfile" "--manifest-path" "Cargo.toml", kill_on_drop: false }`
[INFO] [stderr]     Updating crates.io index
[INFO] [stderr]      Locking 501 packages to latest compatible versions
[INFO] [stderr]       Adding celestia-proto v0.4.1 (available: v0.5.0)
[INFO] [stderr]       Adding celestia-rpc v0.6.0 (available: v0.7.0)
[INFO] [stderr]       Adding celestia-types v0.6.1 (available: v0.7.0)
[INFO] [stderr]       Adding dashmap v5.5.3 (available: v6.1.0)
[INFO] [stderr]       Adding libp2p-websocket-websys v0.3.3 (available: v0.4.0)
[INFO] [stderr]       Adding prost v0.12.6 (available: v0.13.3)
[INFO] [stderr]       Adding rstest v0.21.0 (available: v0.23.0)
[INFO] running `Command { std: CARGO_HOME="/workspace/cargo-home" RUSTUP_HOME="/workspace/rustup-home" "/workspace/cargo-home/bin/cargo" "+nightly-2024-10-28" "fetch" "--manifest-path" "Cargo.toml", kill_on_drop: false }`
[INFO] [stderr]  Downloading crates ...
[INFO] [stderr]   Downloaded libp2p-websocket-websys v0.3.3
[INFO] [stderr]   Downloaded rstest_macros v0.21.0
[INFO] [stderr]   Downloaded libp2p-websocket-websys v0.4.0
[INFO] [stderr]   Downloaded jsonrpsee v0.24.7
[INFO] [stderr]   Downloaded rstest v0.21.0
[INFO] [stderr]   Downloaded multihash-derive-impl v0.1.2
[INFO] [stderr]   Downloaded multihash-derive v0.9.1
[INFO] [stderr]   Downloaded jsonrpsee-http-client v0.24.7
[INFO] [stderr]   Downloaded jsonrpsee-core v0.24.7
[INFO] [stderr]   Downloaded celestia-tendermint-proto v0.32.3
[INFO] [stderr]   Downloaded multihash-codetable v0.1.4
[INFO] [stderr]   Downloaded strobe-rs v0.10.0
[INFO] [stderr]   Downloaded celestia-proto v0.4.1
[INFO] [stderr]   Downloaded beetswap v0.4.0
[INFO] [stderr]   Downloaded celestia-tendermint v0.32.3
[INFO] [stderr]   Downloaded leopard-codec v0.1.0
[INFO] [stderr]   Downloaded jsonrpsee-proc-macros v0.24.7
[INFO] [stderr]   Downloaded jsonrpsee-client-transport v0.24.7
[INFO] [stderr]   Downloaded jsonrpsee-types v0.24.7
[INFO] [stderr]   Downloaded celestia-types v0.6.1
[INFO] [stderr]   Downloaded jsonrpsee-ws-client v0.24.7
[INFO] [stderr]   Downloaded celestia-rpc v0.6.0
[INFO] [stderr]   Downloaded nmt-rs v0.2.3
[INFO] [stderr]   Downloaded libp2p-websocket v0.44.0
[INFO] [stderr]   Downloaded rexie v0.6.2
[INFO] [stderr]   Downloaded blockstore v0.7.0
[INFO] [stderr]   Downloaded idb v0.6.4
[INFO] [stderr]   Downloaded libp2p-webtransport-websys v0.4.0
[INFO] running `Command { std: "docker" "create" "-v" "/var/lib/crater-agent-workspace/builds/worker-4-tc1/target:/opt/rustwide/target:rw,Z" "-v" "/var/lib/crater-agent-workspace/builds/worker-4-tc1/source:/opt/rustwide/workdir:ro,Z" "-v" "/var/lib/crater-agent-workspace/cargo-home:/opt/rustwide/cargo-home:ro,Z" "-v" "/var/lib/crater-agent-workspace/rustup-home:/opt/rustwide/rustup-home:ro,Z" "-e" "SOURCE_DIR=/opt/rustwide/workdir" "-e" "CARGO_TARGET_DIR=/opt/rustwide/target" "-e" "CARGO_HOME=/opt/rustwide/cargo-home" "-e" "RUSTUP_HOME=/opt/rustwide/rustup-home" "-w" "/opt/rustwide/workdir" "-m" "1610612736" "--user" "0:0" "--network" "none" "ghcr.io/rust-lang/crates-build-env/linux@sha256:4a844ea9eb2546a2d2c7022eacef16ef2e8229c7fbb2c7d4d55a9ceca922f72d" "/opt/rustwide/cargo-home/bin/cargo" "+nightly-2024-10-28" "metadata" "--no-deps" "--format-version=1", kill_on_drop: false }`
[INFO] [stdout] fa5b04590409eece1001ad0c0404726fda69bdd595fcfe053a2c31014c63013c
[INFO] running `Command { std: "docker" "start" "-a" "fa5b04590409eece1001ad0c0404726fda69bdd595fcfe053a2c31014c63013c", kill_on_drop: false }`
[INFO] running `Command { std: "docker" "inspect" "fa5b04590409eece1001ad0c0404726fda69bdd595fcfe053a2c31014c63013c", kill_on_drop: false }`
[INFO] running `Command { std: "docker" "rm" "-f" "fa5b04590409eece1001ad0c0404726fda69bdd595fcfe053a2c31014c63013c", kill_on_drop: false }`
[INFO] [stdout] fa5b04590409eece1001ad0c0404726fda69bdd595fcfe053a2c31014c63013c
[INFO] running `Command { std: "docker" "create" "-v" "/var/lib/crater-agent-workspace/builds/worker-4-tc1/target:/opt/rustwide/target:rw,Z" "-v" "/var/lib/crater-agent-workspace/builds/worker-4-tc1/source:/opt/rustwide/workdir:ro,Z" "-v" "/var/lib/crater-agent-workspace/cargo-home:/opt/rustwide/cargo-home:ro,Z" "-v" "/var/lib/crater-agent-workspace/rustup-home:/opt/rustwide/rustup-home:ro,Z" "-e" "SOURCE_DIR=/opt/rustwide/workdir" "-e" "CARGO_TARGET_DIR=/opt/rustwide/target" "-e" "CARGO_INCREMENTAL=0" "-e" "RUST_BACKTRACE=full" "-e" "RUSTFLAGS=--cap-lints=forbid" "-e" "RUSTDOCFLAGS=--cap-lints=forbid" "-e" "CARGO_HOME=/opt/rustwide/cargo-home" "-e" "RUSTUP_HOME=/opt/rustwide/rustup-home" "-w" "/opt/rustwide/workdir" "-m" "1610612736" "--user" "0:0" "--network" "none" "ghcr.io/rust-lang/crates-build-env/linux@sha256:4a844ea9eb2546a2d2c7022eacef16ef2e8229c7fbb2c7d4d55a9ceca922f72d" "/opt/rustwide/cargo-home/bin/cargo" "+nightly-2024-10-28" "build" "--frozen" "--message-format=json", kill_on_drop: false }`
[INFO] [stdout] d76d7f77a1ce415c909da9acb14d9cb1e1717f8b6bf1f5909a129d6a4342c441
[INFO] running `Command { std: "docker" "start" "-a" "d76d7f77a1ce415c909da9acb14d9cb1e1717f8b6bf1f5909a129d6a4342c441", kill_on_drop: false }`
[INFO] [stderr]    Compiling proc-macro2 v1.0.89
[INFO] [stderr]    Compiling libc v0.2.161
[INFO] [stderr]    Compiling memchr v2.7.4
[INFO] [stderr]    Compiling pin-project-lite v0.2.15
[INFO] [stderr]    Compiling byteorder v1.5.0
[INFO] [stderr]    Compiling futures-core v0.3.31
[INFO] [stderr]    Compiling futures-io v0.3.31
[INFO] [stderr]    Compiling futures-sink v0.3.31
[INFO] [stderr]    Compiling slab v0.4.9
[INFO] [stderr]    Compiling futures-task v0.3.31
[INFO] [stderr]    Compiling subtle v2.6.1
[INFO] [stderr]    Compiling log v0.4.22
[INFO] [stderr]    Compiling semver v1.0.23
[INFO] [stderr]    Compiling syn v1.0.109
[INFO] [stderr]    Compiling crypto-common v0.1.6
[INFO] [stderr]    Compiling lock_api v0.4.12
[INFO] [stderr]    Compiling parking_lot_core v0.9.10
[INFO] [stderr]    Compiling futures-channel v0.3.31
[INFO] [stderr]    Compiling tinyvec_macros v0.1.1
[INFO] [stderr]    Compiling anyhow v1.0.92
[INFO] [stderr]    Compiling digest v0.10.7
[INFO] [stderr]    Compiling tinyvec v1.8.0
[INFO] [stderr]    Compiling unsigned-varint v0.8.0
[INFO] [stderr]    Compiling data-encoding v2.6.0
[INFO] [stderr]    Compiling tracing-core v0.1.32
[INFO] [stderr]    Compiling unicode-bidi v0.3.17
[INFO] [stderr]    Compiling signature v2.2.0
[INFO] [stderr]    Compiling static_assertions v1.1.0
[INFO] [stderr]    Compiling sha2 v0.10.8
[INFO] [stderr]    Compiling base-x v0.2.11
[INFO] [stderr]    Compiling form_urlencoded v1.2.1
[INFO] [stderr]    Compiling ed25519 v2.2.3
[INFO] [stderr]    Compiling hmac v0.12.1
[INFO] [stderr]    Compiling quick-protobuf v0.8.1
[INFO] [stderr]    Compiling shlex v1.3.0
[INFO] [stderr]    Compiling hkdf v0.12.4
[INFO] [stderr]    Compiling rustc_version v0.4.1
[INFO] [stderr]    Compiling futures-timer v3.0.3
[INFO] [stderr]    Compiling core2 v0.4.0
[INFO] [stderr]    Compiling cc v1.1.31
[INFO] [stderr]    Compiling heck v0.5.0
[INFO] [stderr]    Compiling bs58 v0.5.1
[INFO] [stderr]    Compiling unsigned-varint v0.7.2
[INFO] [stderr]    Compiling quote v1.0.37
[INFO] [stderr]    Compiling curve25519-dalek v4.1.3
[INFO] [stderr]    Compiling web-time v1.1.0
[INFO] [stderr]    Compiling either v1.13.0
[INFO] [stderr]    Compiling arrayref v0.3.9
[INFO] [stderr]    Compiling void v1.0.2
[INFO] [stderr]    Compiling regex-syntax v0.8.5
[INFO] [stderr]    Compiling num-conv v0.1.0
[INFO] [stderr]    Compiling paste v1.0.15
[INFO] [stderr]    Compiling syn v2.0.86
[INFO] [stderr]    Compiling unicode-normalization v0.1.24
[INFO] [stderr]    Compiling deranged v0.3.11
[INFO] [stderr]    Compiling num-traits v0.2.19
[INFO] [stderr]    Compiling itertools v0.12.1
[INFO] [stderr]    Compiling time-macros v0.2.18
[INFO] [stderr]    Compiling hashbrown v0.15.0
[INFO] [stderr]    Compiling allocator-api2 v0.2.18
[INFO] [stderr]    Compiling untrusted v0.9.0
[INFO] [stderr]    Compiling foldhash v0.1.3
[INFO] [stderr]    Compiling spin v0.9.8
[INFO] [stderr]    Compiling rustls-pki-types v1.10.0
[INFO] [stderr]    Compiling bytes v1.8.0
[INFO] [stderr]    Compiling beef v0.5.2
[INFO] [stderr]    Compiling idna v0.5.0
[INFO] [stderr]    Compiling base64 v0.22.1
[INFO] [stderr]    Compiling indexmap v2.6.0
[INFO] [stderr]    Compiling rustls v0.23.16
[INFO] [stderr]    Compiling getrandom v0.2.15
[INFO] [stderr]    Compiling num_cpus v1.16.0
[INFO] [stderr]    Compiling socket2 v0.5.7
[INFO] [stderr]    Compiling mio v1.0.2
[INFO] [stderr]    Compiling rand_core v0.6.4
[INFO] [stderr]    Compiling url v2.5.2
[INFO] [stderr]    Compiling nom v7.1.3
[INFO] [stderr]    Compiling ring v0.17.8
[INFO] [stderr]    Compiling lru v0.12.5
[INFO] [stderr]    Compiling rustix v0.38.38
[INFO] [stderr]    Compiling unicode-width v0.1.14
[INFO] [stderr]    Compiling itertools v0.13.0
[INFO] [stderr]    Compiling eyre v0.6.12
[INFO] [stderr]    Compiling bitflags v2.6.0
[INFO] [stderr]    Compiling prettyplease v0.2.25
[INFO] [stderr]    Compiling linux-raw-sys v0.4.14
[INFO] [stderr]    Compiling ipnet v2.10.1
[INFO] [stderr]    Compiling ring v0.16.20
[INFO] [stderr]    Compiling num-integer v0.1.46
[INFO] [stderr]    Compiling indenter v0.3.3
[INFO] [stderr]    Compiling fixedbitset v0.4.2
[INFO] [stderr]    Compiling time v0.3.36
[INFO] [stderr]    Compiling winnow v0.6.20
[INFO] [stderr]    Compiling hex v0.4.3
[INFO] [stderr]    Compiling oid-registry v0.7.1
[INFO] [stderr]    Compiling fastrand v2.1.1
[INFO] [stderr]    Compiling cfg_aliases v0.2.1
[INFO] [stderr]    Compiling toml_datetime v0.6.8
[INFO] [stderr]    Compiling regex-automata v0.4.8
[INFO] [stderr]    Compiling quinn-udp v0.5.6
[INFO] [stderr]    Compiling num-bigint v0.4.6
[INFO] [stderr]    Compiling petgraph v0.6.5
[INFO] [stderr]    Compiling nix v0.24.3
[INFO] [stderr]    Compiling digest v0.9.0
[INFO] [stderr]    Compiling crunchy v0.2.2
[INFO] [stderr]    Compiling match_cfg v0.1.0
[INFO] [stderr]    Compiling redb v2.2.0
[INFO] [stderr]    Compiling multimap v0.10.0
[INFO] [stderr]    Compiling hashbrown v0.14.5
[INFO] [stderr]    Compiling spin v0.5.2
[INFO] [stderr]    Compiling data-encoding-macro-internal v0.1.13
[INFO] [stderr]    Compiling rusticata-macros v4.1.0
[INFO] [stderr]    Compiling untrusted v0.7.1
[INFO] [stderr]    Compiling httparse v1.9.5
[INFO] [stderr]    Compiling num-derive v0.3.3
[INFO] [stderr]    Compiling hostname v0.3.1
[INFO] [stderr]    Compiling data-encoding-macro v0.1.15
[INFO] [stderr]    Compiling multibase v0.9.1
[INFO] [stderr]    Compiling yasna v0.5.2
[INFO] [stderr]    Compiling flex-error v0.4.4
[INFO] [stderr]    Compiling pem v3.0.4
[INFO] [stderr]    Compiling idna v0.4.0
[INFO] [stderr]    Compiling snow v0.9.6
[INFO] [stderr]    Compiling aho-corasick v1.1.3
[INFO] [stderr]    Compiling block-buffer v0.9.0
[INFO] [stderr]    Compiling toml_edit v0.22.22
[INFO] [stderr]    Compiling quick-error v1.2.3
[INFO] [stderr]    Compiling nohash-hasher v0.2.0
[INFO] [stderr]    Compiling serde_json v1.0.132
[INFO] [stderr]    Compiling subtle-ng v2.5.0
[INFO] [stderr]    Compiling tempfile v3.13.0
[INFO] [stderr]    Compiling rustc-hash v2.0.0
[INFO] [stderr]    Compiling regex v1.11.1
[INFO] [stderr]    Compiling prometheus-client v0.22.3
[INFO] [stderr]    Compiling opaque-debug v0.3.1
[INFO] [stderr]    Compiling sha2 v0.9.9
[INFO] [stderr]    Compiling resolv-conf v0.7.0
[INFO] [stderr]    Compiling synstructure v0.13.1
[INFO] [stderr]    Compiling logos-codegen v0.14.2
[INFO] [stderr]    Compiling lru-cache v0.1.2
[INFO] [stderr]    Compiling sha1 v0.10.6
[INFO] [stderr]    Compiling unicode-xid v0.2.6
[INFO] [stderr]    Compiling leopard-codec v0.1.0
[INFO] [stderr]    Compiling dtoa v1.0.9
[INFO] [stderr]    Compiling const_format_proc_macros v0.2.33
[INFO] [stderr]    Compiling uint v0.9.5
[INFO] [stderr]    Compiling arrayvec v0.7.6
[INFO] [stderr]    Compiling webpki-roots v0.25.4
[INFO] [stderr]    Compiling ruint-macro v1.2.1
[INFO] [stderr]    Compiling hex_fmt v0.3.0
[INFO] [stderr]    Compiling instant v0.1.13
[INFO] [stderr]    Compiling bech32 v0.11.0
[INFO] [stderr]    Compiling rustls-pemfile v2.2.0
[INFO] [stderr]    Compiling const_format v0.2.33
[INFO] [stderr]    Compiling serde_derive v1.0.214
[INFO] [stderr]    Compiling thiserror-impl v1.0.66
[INFO] [stderr]    Compiling futures-macro v0.3.31
[INFO] [stderr]    Compiling zeroize_derive v1.4.2
[INFO] [stderr]    Compiling zerocopy-derive v0.7.35
[INFO] [stderr]    Compiling tracing-attributes v0.1.27
[INFO] [stderr]    Compiling tokio-macros v2.4.0
[INFO] [stderr]    Compiling curve25519-dalek-derive v0.1.1
[INFO] [stderr]    Compiling pin-project-internal v1.1.7
[INFO] [stderr]    Compiling prost-derive v0.12.6
[INFO] [stderr]    Compiling libp2p-swarm-derive v0.35.0
[INFO] [stderr]    Compiling rustls-webpki v0.102.8
[INFO] [stderr]    Compiling zeroize v1.8.1
[INFO] [stderr]    Compiling logos-derive v0.14.2
[INFO] [stderr]    Compiling futures-util v0.3.31
[INFO] [stderr]    Compiling zerocopy v0.7.35
[INFO] [stderr]    Compiling miette-derive v7.2.0
[INFO] [stderr]    Compiling logos v0.14.2
[INFO] [stderr]    Compiling asn1-rs-impl v0.2.0
[INFO] [stderr]    Compiling thiserror v1.0.66
[INFO] [stderr]    Compiling displaydoc v0.2.5
[INFO] [stderr]    Compiling pin-project v1.1.7
[INFO] [stderr]    Compiling netlink-packet-utils v0.5.2
[INFO] [stderr]    Compiling asn1-rs-derive v0.5.1
[INFO] [stderr]    Compiling tracing v0.1.40
[INFO] [stderr]    Compiling netlink-packet-core v0.4.2
[INFO] [stderr]    Compiling ppv-lite86 v0.2.20
[INFO] [stderr]    Compiling prost-derive v0.13.3
[INFO] [stderr]    Compiling async-trait v0.1.83
[INFO] [stderr]    Compiling netlink-packet-route v0.12.0
[INFO] [stderr]    Compiling subtle-encoding v0.5.1
[INFO] [stderr]    Compiling proc-macro-crate v3.2.0
[INFO] [stderr]    Compiling enum-as-inner v0.6.1
[INFO] [stderr]    Compiling prost v0.12.6
[INFO] [stderr]    Compiling rand_chacha v0.3.1
[INFO] [stderr]    Compiling asn1-rs v0.6.2
[INFO] [stderr]    Compiling miette v7.2.0
[INFO] [stderr]    Compiling rand v0.8.5
[INFO] [stderr]    Compiling ed25519-dalek v2.1.1
[INFO] [stderr]    Compiling prost-types v0.12.6
[INFO] [stderr]    Compiling multihash-derive-impl v0.1.2
[INFO] [stderr]    Compiling curve25519-dalek-ng v4.1.1
[INFO] [stderr]    Compiling rcgen v0.11.3
[INFO] [stderr]    Compiling rustls-webpki v0.101.7
[INFO] [stderr]    Compiling prometheus-client-derive-encode v0.4.2
[INFO] [stderr]    Compiling x25519-dalek v2.0.1
[INFO] [stderr]    Compiling ed25519-consensus v2.1.0
[INFO] [stderr]    Compiling serde_repr v0.1.19
[INFO] [stderr]    Compiling der-parser v9.0.0
[INFO] [stderr]    Compiling prost-reflect v0.13.1
[INFO] [stderr]    Compiling protox-parse v0.6.1
[INFO] [stderr]    Compiling prost-build v0.12.6
[INFO] [stderr]    Compiling enum_dispatch v0.3.13
[INFO] [stderr]    Compiling serde v1.0.214
[INFO] [stderr]    Compiling futures-executor v0.3.31
[INFO] [stderr]    Compiling futures-bounded v0.2.4
[INFO] [stderr]    Compiling x509-parser v0.16.0
[INFO] [stderr]    Compiling futures v0.3.31
[INFO] [stderr]    Compiling rw-stream-sink v0.4.0
[INFO] [stderr]    Compiling futures-ticker v0.0.3
[INFO] [stderr]    Compiling futures-rustls v0.26.0
[INFO] [stderr]    Compiling protox v0.6.1
[INFO] [stderr]    Compiling celestia-proto v0.4.1
[INFO] [stderr]    Compiling smallvec v1.13.2
[INFO] [stderr]    Compiling multihash v0.19.2
[INFO] [stderr]    Compiling serde_bytes v0.11.15
[INFO] [stderr]    Compiling ruint v1.12.3
[INFO] [stderr]    Compiling libp2p-identity v0.2.9
[INFO] [stderr]    Compiling multihash-derive v0.9.1
[INFO] [stderr]    Compiling cid v0.11.1
[INFO] [stderr]    Compiling multihash-codetable v0.1.4
[INFO] [stderr]    Compiling parking_lot v0.12.3
[INFO] [stderr]    Compiling dashmap v6.1.0
[INFO] [stderr]    Compiling dashmap v5.5.3
[INFO] [stderr]    Compiling tokio v1.41.0
[INFO] [stderr]    Compiling multistream-select v0.13.0
[INFO] [stderr]    Compiling asynchronous-codec v0.7.0
[INFO] [stderr]    Compiling prost v0.13.3
[INFO] [stderr]    Compiling quinn-proto v0.11.8
[INFO] [stderr]    Compiling soketto v0.8.0
[INFO] [stderr]    Compiling nmt-rs v0.2.3
[INFO] [stderr]    Compiling multiaddr v0.18.2
[INFO] [stderr]    Compiling quick-protobuf-codec v0.3.1
[INFO] [stderr]    Compiling yamux v0.12.1
[INFO] [stderr]    Compiling yamux v0.13.3
[INFO] [stderr]    Compiling prost-types v0.13.3
[INFO] [stderr]    Compiling libp2p-core v0.42.0
[INFO] [stderr]    Compiling libp2p-tls v0.5.0
[INFO] [stderr]    Compiling libp2p-noise v0.45.0
[INFO] [stderr]    Compiling libp2p-websocket v0.44.0
[INFO] [stderr]    Compiling libp2p-yamux v0.46.0
[INFO] [stderr]    Compiling celestia-tendermint-proto v0.32.3
[INFO] [stderr]    Compiling libp2p-swarm v0.45.1
[INFO] [stderr]    Compiling netlink-sys v0.8.6
[INFO] [stderr]    Compiling hickory-proto v0.24.1
[INFO] [stderr]    Compiling blockstore v0.7.0
[INFO] [stderr]    Compiling quinn v0.11.5
[INFO] [stderr]    Compiling tokio-util v0.7.12
[INFO] [stderr]    Compiling backoff v0.4.0
[INFO] [stderr]    Compiling netlink-proto v0.10.0
[INFO] [stderr]    Compiling rtnetlink v0.10.1
[INFO] [stderr]    Compiling if-watch v3.2.0
[INFO] [stderr]    Compiling libp2p-request-response v0.27.0
[INFO] [stderr]    Compiling libp2p-allow-block-list v0.4.0
[INFO] [stderr]    Compiling libp2p-connection-limits v0.4.0
[INFO] [stderr]    Compiling libp2p-kad v0.46.2
[INFO] [stderr]    Compiling libp2p-gossipsub v0.47.0
[INFO] [stderr]    Compiling libp2p-identify v0.45.0
[INFO] [stderr]    Compiling libp2p-ping v0.45.0
[INFO] [stderr]    Compiling beetswap v0.4.0
[INFO] [stderr]    Compiling libp2p-autonat v0.13.0
[INFO] [stderr]    Compiling libp2p-quic v0.11.1
[INFO] [stderr]    Compiling libp2p-tcp v0.42.0
[INFO] [stderr]    Compiling hickory-resolver v0.24.1
[INFO] [stderr]    Compiling celestia-tendermint v0.32.3
[INFO] [stderr]    Compiling libp2p-dns v0.42.0
[INFO] [stdout] error[E0277]: the trait bound `celestia_tendermint_proto::v0_34::abci::Event: prost::Message` is not satisfied
[INFO] [stdout]     --> /opt/rustwide/target/debug/build/celestia-proto-1d8f03f48ae333c5/out/cosmos.base.abci.v1beta1.rs:7:28
[INFO] [stdout]      |
[INFO] [stdout] 7    | #[derive(Clone, PartialEq, ::prost::Message)]
[INFO] [stdout]      |                            ^^^^^^^^^^^^^^^^ the trait `prost::Message` is not implemented for `celestia_tendermint_proto::v0_34::abci::Event`
[INFO] [stdout]      |
[INFO] [stdout]      = help: the following other types implement trait `prost::Message`:
[INFO] [stdout]                ()
[INFO] [stdout]                AbciMessageLog
[INFO] [stdout]                Annotation
[INFO] [stdout]                Api
[INFO] [stdout]                Attribute
[INFO] [stdout]                AuthInfo
[INFO] [stdout]                AuxSignerData
[INFO] [stdout]                BadEncoding
[INFO] [stdout]              and 154 others
[INFO] [stdout] note: required by a bound in `prost::encoding::message::encode`
[INFO] [stdout]     --> /opt/rustwide/cargo-home/registry/src/index.crates.io-6f17d22bba15001f/prost-0.12.6/src/encoding.rs:1060:12
[INFO] [stdout]      |
[INFO] [stdout] 1058 |     pub fn encode<M, B>(tag: u32, msg: &M, buf: &mut B)
[INFO] [stdout]      |            ------ required by a bound in this function
[INFO] [stdout] 1059 |     where
[INFO] [stdout] 1060 |         M: Message,
[INFO] [stdout]      |            ^^^^^^^ required by this bound in `encode`
[INFO] [stdout]      = note: this error originates in the derive macro `::prost::Message` (in Nightly builds, run with -Z macro-backtrace for more info)
[INFO] [stdout] 
[INFO] [stdout] 
[INFO] [stdout] error[E0277]: the trait bound `celestia_tendermint_proto::v0_34::abci::Event: prost::Message` is not satisfied
[INFO] [stdout]     --> /opt/rustwide/target/debug/build/celestia-proto-1d8f03f48ae333c5/out/cosmos.base.abci.v1beta1.rs:7:28
[INFO] [stdout]      |
[INFO] [stdout] 7    | #[derive(Clone, PartialEq, ::prost::Message)]
[INFO] [stdout]      |                            ^^^^^^^^^^^^^^^^ the trait `prost::Message` is not implemented for `celestia_tendermint_proto::v0_34::abci::Event`
[INFO] [stdout]      |
[INFO] [stdout]      = help: the following other types implement trait `prost::Message`:
[INFO] [stdout]                ()
[INFO] [stdout]                AbciMessageLog
[INFO] [stdout]                Annotation
[INFO] [stdout]                Api
[INFO] [stdout]                Attribute
[INFO] [stdout]                AuthInfo
[INFO] [stdout]                AuxSignerData
[INFO] [stdout]                BadEncoding
[INFO] [stdout]              and 154 others
[INFO] [stdout] note: required by a bound in `prost::encoding::message::merge_repeated`
[INFO] [stdout]     --> /opt/rustwide/cargo-home/registry/src/index.crates.io-6f17d22bba15001f/prost-0.12.6/src/encoding.rs:1108:12
[INFO] [stdout]      |
[INFO] [stdout] 1101 |     pub fn merge_repeated<M, B>(
[INFO] [stdout]      |            -------------- required by a bound in this function
[INFO] [stdout] ...
[INFO] [stdout] 1108 |         M: Message + Default,
[INFO] [stdout]      |            ^^^^^^^ required by this bound in `merge_repeated`
[INFO] [stdout]      = note: this error originates in the derive macro `::prost::Message` (in Nightly builds, run with -Z macro-backtrace for more info)
[INFO] [stdout] 
[INFO] [stdout] 
[INFO] [stdout] error[E0277]: the trait bound `celestia_tendermint_proto::v0_34::abci::Event: prost::Message` is not satisfied
[INFO] [stdout]     --> /opt/rustwide/target/debug/build/celestia-proto-1d8f03f48ae333c5/out/cosmos.base.abci.v1beta1.rs:7:28
[INFO] [stdout]      |
[INFO] [stdout] 7    | #[derive(Clone, PartialEq, ::prost::Message)]
[INFO] [stdout]      |                            ^^^^^^^^^^^^^^^^ the trait `prost::Message` is not implemented for `celestia_tendermint_proto::v0_34::abci::Event`
[INFO] [stdout]      |
[INFO] [stdout]      = help: the following other types implement trait `prost::Message`:
[INFO] [stdout]                ()
[INFO] [stdout]                AbciMessageLog
[INFO] [stdout]                Annotation
[INFO] [stdout]                Api
[INFO] [stdout]                Attribute
[INFO] [stdout]                AuthInfo
[INFO] [stdout]                AuxSignerData
[INFO] [stdout]                BadEncoding
[INFO] [stdout]              and 154 others
[INFO] [stdout] note: required by a bound in `prost::encoding::message::encoded_len_repeated`
[INFO] [stdout]     --> /opt/rustwide/cargo-home/registry/src/index.crates.io-6f17d22bba15001f/prost-0.12.6/src/encoding.rs:1130:12
[INFO] [stdout]      |
[INFO] [stdout] 1128 |     pub fn encoded_len_repeated<M>(tag: u32, messages: &[M]) -> usize
[INFO] [stdout]      |            -------------------- required by a bound in this function
[INFO] [stdout] 1129 |     where
[INFO] [stdout] 1130 |         M: Message,
[INFO] [stdout]      |            ^^^^^^^ required by this bound in `encoded_len_repeated`
[INFO] [stdout]      = note: this error originates in the derive macro `::prost::Message` (in Nightly builds, run with -Z macro-backtrace for more info)
[INFO] [stdout] 
[INFO] [stdout] 
[INFO] [stdout] error[E0277]: the trait bound `celestia_tendermint_proto::v0_34::abci::Event: prost::Message` is not satisfied
[INFO] [stdout]     --> /opt/rustwide/target/debug/build/celestia-proto-1d8f03f48ae333c5/out/cosmos.base.abci.v1beta1.rs:114:28
[INFO] [stdout]      |
[INFO] [stdout] 114  | #[derive(Clone, PartialEq, ::prost::Message)]
[INFO] [stdout]      |                            ^^^^^^^^^^^^^^^^ the trait `prost::Message` is not implemented for `celestia_tendermint_proto::v0_34::abci::Event`
[INFO] [stdout]      |
[INFO] [stdout]      = help: the following other types implement trait `prost::Message`:
[INFO] [stdout]                ()
[INFO] [stdout]                AbciMessageLog
[INFO] [stdout]                Annotation
[INFO] [stdout]                Api
[INFO] [stdout]                Attribute
[INFO] [stdout]                AuthInfo
[INFO] [stdout]                AuxSignerData
[INFO] [stdout]                BadEncoding
[INFO] [stdout]              and 154 others
[INFO] [stdout] note: required by a bound in `prost::encoding::message::encode`
[INFO] [stdout]     --> /opt/rustwide/cargo-home/registry/src/index.crates.io-6f17d22bba15001f/prost-0.12.6/src/encoding.rs:1060:12
[INFO] [stdout]      |
[INFO] [stdout] 1058 |     pub fn encode<M, B>(tag: u32, msg: &M, buf: &mut B)
[INFO] [stdout]      |            ------ required by a bound in this function
[INFO] [stdout] 1059 |     where
[INFO] [stdout] 1060 |         M: Message,
[INFO] [stdout]      |            ^^^^^^^ required by this bound in `encode`
[INFO] [stdout]      = note: this error originates in the derive macro `::prost::Message` (in Nightly builds, run with -Z macro-backtrace for more info)
[INFO] [stdout] 
[INFO] [stdout] 
[INFO] [stdout] error[E0277]: the trait bound `celestia_tendermint_proto::v0_34::abci::Event: prost::Message` is not satisfied
[INFO] [stdout]     --> /opt/rustwide/target/debug/build/celestia-proto-1d8f03f48ae333c5/out/cosmos.base.abci.v1beta1.rs:114:28
[INFO] [stdout]      |
[INFO] [stdout] 114  | #[derive(Clone, PartialEq, ::prost::Message)]
[INFO] [stdout]      |                            ^^^^^^^^^^^^^^^^ the trait `prost::Message` is not implemented for `celestia_tendermint_proto::v0_34::abci::Event`
[INFO] [stdout]      |
[INFO] [stdout]      = help: the following other types implement trait `prost::Message`:
[INFO] [stdout]                ()
[INFO] [stdout]                AbciMessageLog
[INFO] [stdout]                Annotation
[INFO] [stdout]                Api
[INFO] [stdout]                Attribute
[INFO] [stdout]                AuthInfo
[INFO] [stdout]                AuxSignerData
[INFO] [stdout]                BadEncoding
[INFO] [stdout]              and 154 others
[INFO] [stdout] note: required by a bound in `prost::encoding::message::merge_repeated`
[INFO] [stdout]     --> /opt/rustwide/cargo-home/registry/src/index.crates.io-6f17d22bba15001f/prost-0.12.6/src/encoding.rs:1108:12
[INFO] [stdout]      |
[INFO] [stdout] 1101 |     pub fn merge_repeated<M, B>(
[INFO] [stdout]      |            -------------- required by a bound in this function
[INFO] [stdout] ...
[INFO] [stdout] 1108 |         M: Message + Default,
[INFO] [stdout]      |            ^^^^^^^ required by this bound in `merge_repeated`
[INFO] [stdout]      = note: this error originates in the derive macro `::prost::Message` (in Nightly builds, run with -Z macro-backtrace for more info)
[INFO] [stdout] 
[INFO] [stdout] 
[INFO] [stdout] error[E0277]: the trait bound `celestia_tendermint_proto::v0_34::abci::Event: prost::Message` is not satisfied
[INFO] [stdout]     --> /opt/rustwide/target/debug/build/celestia-proto-1d8f03f48ae333c5/out/cosmos.base.abci.v1beta1.rs:114:28
[INFO] [stdout]      |
[INFO] [stdout] 114  | #[derive(Clone, PartialEq, ::prost::Message)]
[INFO] [stdout]      |                            ^^^^^^^^^^^^^^^^ the trait `prost::Message` is not implemented for `celestia_tendermint_proto::v0_34::abci::Event`
[INFO] [stdout]      |
[INFO] [stdout]      = help: the following other types implement trait `prost::Message`:
[INFO] [stdout]                ()
[INFO] [stdout]                AbciMessageLog
[INFO] [stdout]                Annotation
[INFO] [stdout]                Api
[INFO] [stdout]                Attribute
[INFO] [stdout]                AuthInfo
[INFO] [stdout]                AuxSignerData
[INFO] [stdout]                BadEncoding
[INFO] [stdout]              and 154 others
[INFO] [stdout] note: required by a bound in `prost::encoding::message::encoded_len_repeated`
[INFO] [stdout]     --> /opt/rustwide/cargo-home/registry/src/index.crates.io-6f17d22bba15001f/prost-0.12.6/src/encoding.rs:1130:12
[INFO] [stdout]      |
[INFO] [stdout] 1128 |     pub fn encoded_len_repeated<M>(tag: u32, messages: &[M]) -> usize
[INFO] [stdout]      |            -------------------- required by a bound in this function
[INFO] [stdout] 1129 |     where
[INFO] [stdout] 1130 |         M: Message,
[INFO] [stdout]      |            ^^^^^^^ required by this bound in `encoded_len_repeated`
[INFO] [stdout]      = note: this error originates in the derive macro `::prost::Message` (in Nightly builds, run with -Z macro-backtrace for more info)
[INFO] [stdout] 
[INFO] [stdout] 
[INFO] [stdout] error[E0277]: the trait bound `celestia_tendermint_proto::v0_34::types::Header: prost::Message` is not satisfied
[INFO] [stdout]     --> /opt/rustwide/target/debug/build/celestia-proto-1d8f03f48ae333c5/out/cosmos.staking.v1beta1.rs:7:28
[INFO] [stdout]      |
[INFO] [stdout] 7    | #[derive(Clone, PartialEq, ::prost::Message)]
[INFO] [stdout]      |                            ^^^^^^^^^^^^^^^^ the trait `prost::Message` is not implemented for `celestia_tendermint_proto::v0_34::types::Header`
[INFO] [stdout]      |
[INFO] [stdout]      = help: the following other types implement trait `prost::Message`:
[INFO] [stdout]                ()
[INFO] [stdout]                AbciMessageLog
[INFO] [stdout]                Annotation
[INFO] [stdout]                Api
[INFO] [stdout]                Attribute
[INFO] [stdout]                AuthInfo
[INFO] [stdout]                AuxSignerData
[INFO] [stdout]                BadEncoding
[INFO] [stdout]              and 154 others
[INFO] [stdout] note: required by a bound in `prost::encoding::message::encode`
[INFO] [stdout]     --> /opt/rustwide/cargo-home/registry/src/index.crates.io-6f17d22bba15001f/prost-0.12.6/src/encoding.rs:1060:12
[INFO] [stdout]      |
[INFO] [stdout] 1058 |     pub fn encode<M, B>(tag: u32, msg: &M, buf: &mut B)
[INFO] [stdout]      |            ------ required by a bound in this function
[INFO] [stdout] 1059 |     where
[INFO] [stdout] 1060 |         M: Message,
[INFO] [stdout]      |            ^^^^^^^ required by this bound in `encode`
[INFO] [stdout]      = note: this error originates in the derive macro `::prost::Message` (in Nightly builds, run with -Z macro-backtrace for more info)
[INFO] [stdout] 
[INFO] [stdout] 
[INFO] [stdout] error[E0277]: the trait bound `celestia_tendermint_proto::v0_34::types::Header: prost::Message` is not satisfied
[INFO] [stdout]     --> /opt/rustwide/target/debug/build/celestia-proto-1d8f03f48ae333c5/out/cosmos.staking.v1beta1.rs:7:28
[INFO] [stdout]      |
[INFO] [stdout] 7    | #[derive(Clone, PartialEq, ::prost::Message)]
[INFO] [stdout]      |                            ^^^^^^^^^^^^^^^^ the trait `prost::Message` is not implemented for `celestia_tendermint_proto::v0_34::types::Header`
[INFO] [stdout]      |
[INFO] [stdout]      = help: the following other types implement trait `prost::Message`:
[INFO] [stdout]                ()
[INFO] [stdout]                AbciMessageLog
[INFO] [stdout]                Annotation
[INFO] [stdout]                Api
[INFO] [stdout]                Attribute
[INFO] [stdout]                AuthInfo
[INFO] [stdout]                AuxSignerData
[INFO] [stdout]                BadEncoding
[INFO] [stdout]              and 154 others
[INFO] [stdout] note: required by a bound in `prost::encoding::message::merge`
[INFO] [stdout]     --> /opt/rustwide/cargo-home/registry/src/index.crates.io-6f17d22bba15001f/prost-0.12.6/src/encoding.rs:1075:12
[INFO] [stdout]      |
[INFO] [stdout] 1068 |     pub fn merge<M, B>(
[INFO] [stdout]      |            ----- required by a bound in this function
[INFO] [stdout] ...
[INFO] [stdout] 1075 |         M: Message,
[INFO] [stdout]      |            ^^^^^^^ required by this bound in `merge`
[INFO] [stdout]      = note: this error originates in the derive macro `::prost::Message` (in Nightly builds, run with -Z macro-backtrace for more info)
[INFO] [stdout] 
[INFO] [stdout] 
[INFO] [stdout] error[E0277]: the trait bound `celestia_tendermint_proto::v0_34::types::Header: prost::Message` is not satisfied
[INFO] [stdout]     --> /opt/rustwide/target/debug/build/celestia-proto-1d8f03f48ae333c5/out/cosmos.staking.v1beta1.rs:7:28
[INFO] [stdout]      |
[INFO] [stdout] 7    | #[derive(Clone, PartialEq, ::prost::Message)]
[INFO] [stdout]      |                            ^^^^^^^^^^^^^^^^ the trait `prost::Message` is not implemented for `celestia_tendermint_proto::v0_34::types::Header`
[INFO] [stdout]      |
[INFO] [stdout]      = help: the following other types implement trait `prost::Message`:
[INFO] [stdout]                ()
[INFO] [stdout]                AbciMessageLog
[INFO] [stdout]                Annotation
[INFO] [stdout]                Api
[INFO] [stdout]                Attribute
[INFO] [stdout]                AuthInfo
[INFO] [stdout]                AuxSignerData
[INFO] [stdout]                BadEncoding
[INFO] [stdout]              and 154 others
[INFO] [stdout] note: required by a bound in `prost::encoding::message::encoded_len`
[INFO] [stdout]     --> /opt/rustwide/cargo-home/registry/src/index.crates.io-6f17d22bba15001f/prost-0.12.6/src/encoding.rs:1121:12
[INFO] [stdout]      |
[INFO] [stdout] 1119 |     pub fn encoded_len<M>(tag: u32, msg: &M) -> usize
[INFO] [stdout]      |            ----------- required by a bound in this function
[INFO] [stdout] 1120 |     where
[INFO] [stdout] 1121 |         M: Message,
[INFO] [stdout]      |            ^^^^^^^ required by this bound in `encoded_len`
[INFO] [stdout]      = note: this error originates in the derive macro `::prost::Message` (in Nightly builds, run with -Z macro-backtrace for more info)
[INFO] [stdout] 
[INFO] [stdout] 
[INFO] [stdout] error[E0277]: the trait bound `celestia_tendermint_proto::google::protobuf::Timestamp: prost::Message` is not satisfied
[INFO] [stdout]     --> /opt/rustwide/target/debug/build/celestia-proto-1d8f03f48ae333c5/out/cosmos.staking.v1beta1.rs:33:28
[INFO] [stdout]      |
[INFO] [stdout] 33   | #[derive(Clone, PartialEq, ::prost::Message)]
[INFO] [stdout]      |                            ^^^^^^^^^^^^^^^^ the trait `prost::Message` is not implemented for `celestia_tendermint_proto::google::protobuf::Timestamp`
[INFO] [stdout]      |
[INFO] [stdout]      = help: the following other types implement trait `prost::Message`:
[INFO] [stdout]                ()
[INFO] [stdout]                AbciMessageLog
[INFO] [stdout]                Annotation
[INFO] [stdout]                Api
[INFO] [stdout]                Attribute
[INFO] [stdout]                AuthInfo
[INFO] [stdout]                AuxSignerData
[INFO] [stdout]                BadEncoding
[INFO] [stdout]              and 154 others
[INFO] [stdout] note: required by a bound in `prost::encoding::message::encode`
[INFO] [stdout]     --> /opt/rustwide/cargo-home/registry/src/index.crates.io-6f17d22bba15001f/prost-0.12.6/src/encoding.rs:1060:12
[INFO] [stdout]      |
[INFO] [stdout] 1058 |     pub fn encode<M, B>(tag: u32, msg: &M, buf: &mut B)
[INFO] [stdout]      |            ------ required by a bound in this function
[INFO] [stdout] 1059 |     where
[INFO] [stdout] 1060 |         M: Message,
[INFO] [stdout]      |            ^^^^^^^ required by this bound in `encode`
[INFO] [stdout]      = note: this error originates in the derive macro `::prost::Message` (in Nightly builds, run with -Z macro-backtrace for more info)
[INFO] [stdout] 
[INFO] [stdout] 
[INFO] [stdout] error[E0277]: the trait bound `celestia_tendermint_proto::google::protobuf::Timestamp: prost::Message` is not satisfied
[INFO] [stdout]     --> /opt/rustwide/target/debug/build/celestia-proto-1d8f03f48ae333c5/out/cosmos.staking.v1beta1.rs:33:28
[INFO] [stdout]      |
[INFO] [stdout] 33   | #[derive(Clone, PartialEq, ::prost::Message)]
[INFO] [stdout]      |                            ^^^^^^^^^^^^^^^^ the trait `prost::Message` is not implemented for `celestia_tendermint_proto::google::protobuf::Timestamp`
[INFO] [stdout]      |
[INFO] [stdout]      = help: the following other types implement trait `prost::Message`:
[INFO] [stdout]                ()
[INFO] [stdout]                AbciMessageLog
[INFO] [stdout]                Annotation
[INFO] [stdout]                Api
[INFO] [stdout]                Attribute
[INFO] [stdout]                AuthInfo
[INFO] [stdout]                AuxSignerData
[INFO] [stdout]                BadEncoding
[INFO] [stdout]              and 154 others
[INFO] [stdout] note: required by a bound in `prost::encoding::message::merge`
[INFO] [stdout]     --> /opt/rustwide/cargo-home/registry/src/index.crates.io-6f17d22bba15001f/prost-0.12.6/src/encoding.rs:1075:12
[INFO] [stdout]      |
[INFO] [stdout] 1068 |     pub fn merge<M, B>(
[INFO] [stdout]      |            ----- required by a bound in this function
[INFO] [stdout] ...
[INFO] [stdout] 1075 |         M: Message,
[INFO] [stdout]      |            ^^^^^^^ required by this bound in `merge`
[INFO] [stdout]      = note: this error originates in the derive macro `::prost::Message` (in Nightly builds, run with -Z macro-backtrace for more info)
[INFO] [stdout] 
[INFO] [stdout] 
[INFO] [stdout] error[E0277]: the trait bound `celestia_tendermint_proto::google::protobuf::Timestamp: prost::Message` is not satisfied
[INFO] [stdout]     --> /opt/rustwide/target/debug/build/celestia-proto-1d8f03f48ae333c5/out/cosmos.staking.v1beta1.rs:33:28
[INFO] [stdout]      |
[INFO] [stdout] 33   | #[derive(Clone, PartialEq, ::prost::Message)]
[INFO] [stdout]      |                            ^^^^^^^^^^^^^^^^ the trait `prost::Message` is not implemented for `celestia_tendermint_proto::google::protobuf::Timestamp`
[INFO] [stdout]      |
[INFO] [stdout]      = help: the following other types implement trait `prost::Message`:
[INFO] [stdout]                ()
[INFO] [stdout]                AbciMessageLog
[INFO] [stdout]                Annotation
[INFO] [stdout]                Api
[INFO] [stdout]                Attribute
[INFO] [stdout]                AuthInfo
[INFO] [stdout]                AuxSignerData
[INFO] [stdout]                BadEncoding
[INFO] [stdout]              and 154 others
[INFO] [stdout] note: required by a bound in `prost::encoding::message::encoded_len`
[INFO] [stdout]     --> /opt/rustwide/cargo-home/registry/src/index.crates.io-6f17d22bba15001f/prost-0.12.6/src/encoding.rs:1121:12
[INFO] [stdout]      |
[INFO] [stdout] 1119 |     pub fn encoded_len<M>(tag: u32, msg: &M) -> usize
[INFO] [stdout]      |            ----------- required by a bound in this function
[INFO] [stdout] 1120 |     where
[INFO] [stdout] 1121 |         M: Message,
[INFO] [stdout]      |            ^^^^^^^ required by this bound in `encoded_len`
[INFO] [stdout]      = note: this error originates in the derive macro `::prost::Message` (in Nightly builds, run with -Z macro-backtrace for more info)
[INFO] [stdout] 
[INFO] [stdout] 
[INFO] [stdout] error[E0277]: the trait bound `celestia_tendermint_proto::google::protobuf::Timestamp: prost::Message` is not satisfied
[INFO] [stdout]     --> /opt/rustwide/target/debug/build/celestia-proto-1d8f03f48ae333c5/out/cosmos.staking.v1beta1.rs:73:28
[INFO] [stdout]      |
[INFO] [stdout] 73   | #[derive(Clone, PartialEq, ::prost::Message)]
[INFO] [stdout]      |                            ^^^^^^^^^^^^^^^^ the trait `prost::Message` is not implemented for `celestia_tendermint_proto::google::protobuf::Timestamp`
[INFO] [stdout]      |
[INFO] [stdout]      = help: the following other types implement trait `prost::Message`:
[INFO] [stdout]                ()
[INFO] [stdout]                AbciMessageLog
[INFO] [stdout]                Annotation
[INFO] [stdout]                Api
[INFO] [stdout]                Attribute
[INFO] [stdout]                AuthInfo
[INFO] [stdout]                AuxSignerData
[INFO] [stdout]                BadEncoding
[INFO] [stdout]              and 154 others
[INFO] [stdout] note: required by a bound in `prost::encoding::message::encode`
[INFO] [stdout]     --> /opt/rustwide/cargo-home/registry/src/index.crates.io-6f17d22bba15001f/prost-0.12.6/src/encoding.rs:1060:12
[INFO] [stdout]      |
[INFO] [stdout] 1058 |     pub fn encode<M, B>(tag: u32, msg: &M, buf: &mut B)
[INFO] [stdout]      |            ------ required by a bound in this function
[INFO] [stdout] 1059 |     where
[INFO] [stdout] 1060 |         M: Message,
[INFO] [stdout]      |            ^^^^^^^ required by this bound in `encode`
[INFO] [stdout]      = note: this error originates in the derive macro `::prost::Message` (in Nightly builds, run with -Z macro-backtrace for more info)
[INFO] [stdout] 
[INFO] [stdout] 
[INFO] [stdout] error[E0277]: the trait bound `celestia_tendermint_proto::google::protobuf::Timestamp: prost::Message` is not satisfied
[INFO] [stdout]     --> /opt/rustwide/target/debug/build/celestia-proto-1d8f03f48ae333c5/out/cosmos.staking.v1beta1.rs:73:28
[INFO] [stdout]      |
[INFO] [stdout] 73   | #[derive(Clone, PartialEq, ::prost::Message)]
[INFO] [stdout]      |                            ^^^^^^^^^^^^^^^^ the trait `prost::Message` is not implemented for `celestia_tendermint_proto::google::protobuf::Timestamp`
[INFO] [stdout]      |
[INFO] [stdout]      = help: the following other types implement trait `prost::Message`:
[INFO] [stdout]                ()
[INFO] [stdout]                AbciMessageLog
[INFO] [stdout]                Annotation
[INFO] [stdout]                Api
[INFO] [stdout]                Attribute
[INFO] [stdout]                AuthInfo
[INFO] [stdout]                AuxSignerData
[INFO] [stdout]                BadEncoding
[INFO] [stdout]              and 154 others
[INFO] [stdout] note: required by a bound in `prost::encoding::message::merge`
[INFO] [stdout]     --> /opt/rustwide/cargo-home/registry/src/index.crates.io-6f17d22bba15001f/prost-0.12.6/src/encoding.rs:1075:12
[INFO] [stdout]      |
[INFO] [stdout] 1068 |     pub fn merge<M, B>(
[INFO] [stdout]      |            ----- required by a bound in this function
[INFO] [stdout] ...
[INFO] [stdout] 1075 |         M: Message,
[INFO] [stdout]      |            ^^^^^^^ required by this bound in `merge`
[INFO] [stdout]      = note: this error originates in the derive macro `::prost::Message` (in Nightly builds, run with -Z macro-backtrace for more info)
[INFO] [stdout] 
[INFO] [stdout] 
[INFO] [stdout] error[E0277]: the trait bound `celestia_tendermint_proto::google::protobuf::Timestamp: prost::Message` is not satisfied
[INFO] [stdout]     --> /opt/rustwide/target/debug/build/celestia-proto-1d8f03f48ae333c5/out/cosmos.staking.v1beta1.rs:73:28
[INFO] [stdout]      |
[INFO] [stdout] 73   | #[derive(Clone, PartialEq, ::prost::Message)]
[INFO] [stdout]      |                            ^^^^^^^^^^^^^^^^ the trait `prost::Message` is not implemented for `celestia_tendermint_proto::google::protobuf::Timestamp`
[INFO] [stdout]      |
[INFO] [stdout]      = help: the following other types implement trait `prost::Message`:
[INFO] [stdout]                ()
[INFO] [stdout]                AbciMessageLog
[INFO] [stdout]                Annotation
[INFO] [stdout]                Api
[INFO] [stdout]                Attribute
[INFO] [stdout]                AuthInfo
[INFO] [stdout]                AuxSignerData
[INFO] [stdout]                BadEncoding
[INFO] [stdout]              and 154 others
[INFO] [stdout] note: required by a bound in `prost::encoding::message::encoded_len`
[INFO] [stdout]     --> /opt/rustwide/cargo-home/registry/src/index.crates.io-6f17d22bba15001f/prost-0.12.6/src/encoding.rs:1121:12
[INFO] [stdout]      |
[INFO] [stdout] 1119 |     pub fn encoded_len<M>(tag: u32, msg: &M) -> usize
[INFO] [stdout]      |            ----------- required by a bound in this function
[INFO] [stdout] 1120 |     where
[INFO] [stdout] 1121 |         M: Message,
[INFO] [stdout]      |            ^^^^^^^ required by this bound in `encoded_len`
[INFO] [stdout]      = note: this error originates in the derive macro `::prost::Message` (in Nightly builds, run with -Z macro-backtrace for more info)
[INFO] [stdout] 
[INFO] [stdout] 
[INFO] [stdout] error[E0277]: the trait bound `celestia_tendermint_proto::google::protobuf::Timestamp: prost::Message` is not satisfied
[INFO] [stdout]     --> /opt/rustwide/target/debug/build/celestia-proto-1d8f03f48ae333c5/out/cosmos.staking.v1beta1.rs:200:28
[INFO] [stdout]      |
[INFO] [stdout] 200  | #[derive(Clone, PartialEq, ::prost::Message)]
[INFO] [stdout]      |                            ^^^^^^^^^^^^^^^^ the trait `prost::Message` is not implemented for `celestia_tendermint_proto::google::protobuf::Timestamp`
[INFO] [stdout]      |
[INFO] [stdout]      = help: the following other types implement trait `prost::Message`:
[INFO] [stdout]                ()
[INFO] [stdout]                AbciMessageLog
[INFO] [stdout]                Annotation
[INFO] [stdout]                Api
[INFO] [stdout]                Attribute
[INFO] [stdout]                AuthInfo
[INFO] [stdout]                AuxSignerData
[INFO] [stdout]                BadEncoding
[INFO] [stdout]              and 154 others
[INFO] [stdout] note: required by a bound in `prost::encoding::message::encode`
[INFO] [stdout]     --> /opt/rustwide/cargo-home/registry/src/index.crates.io-6f17d22bba15001f/prost-0.12.6/src/encoding.rs:1060:12
[INFO] [stdout]      |
[INFO] [stdout] 1058 |     pub fn encode<M, B>(tag: u32, msg: &M, buf: &mut B)
[INFO] [stdout]      |            ------ required by a bound in this function
[INFO] [stdout] 1059 |     where
[INFO] [stdout] 1060 |         M: Message,
[INFO] [stdout]      |            ^^^^^^^ required by this bound in `encode`
[INFO] [stdout]      = note: this error originates in the derive macro `::prost::Message` (in Nightly builds, run with -Z macro-backtrace for more info)
[INFO] [stdout] 
[INFO] [stdout] 
[INFO] [stdout] error[E0277]: the trait bound `celestia_tendermint_proto::google::protobuf::Timestamp: prost::Message` is not satisfied
[INFO] [stdout]     --> /opt/rustwide/target/debug/build/celestia-proto-1d8f03f48ae333c5/out/cosmos.staking.v1beta1.rs:200:28
[INFO] [stdout]      |
[INFO] [stdout] 200  | #[derive(Clone, PartialEq, ::prost::Message)]
[INFO] [stdout]      |                            ^^^^^^^^^^^^^^^^ the trait `prost::Message` is not implemented for `celestia_tendermint_proto::google::protobuf::Timestamp`
[INFO] [stdout]      |
[INFO] [stdout]      = help: the following other types implement trait `prost::Message`:
[INFO] [stdout]                ()
[INFO] [stdout]                AbciMessageLog
[INFO] [stdout]                Annotation
[INFO] [stdout]                Api
[INFO] [stdout]                Attribute
[INFO] [stdout]                AuthInfo
[INFO] [stdout]                AuxSignerData
[INFO] [stdout]                BadEncoding
[INFO] [stdout]              and 154 others
[INFO] [stdout] note: required by a bound in `prost::encoding::message::merge`
[INFO] [stdout]     --> /opt/rustwide/cargo-home/registry/src/index.crates.io-6f17d22bba15001f/prost-0.12.6/src/encoding.rs:1075:12
[INFO] [stdout]      |
[INFO] [stdout] 1068 |     pub fn merge<M, B>(
[INFO] [stdout]      |            ----- required by a bound in this function
[INFO] [stdout] ...
[INFO] [stdout] 1075 |         M: Message,
[INFO] [stdout]      |            ^^^^^^^ required by this bound in `merge`
[INFO] [stdout]      = note: this error originates in the derive macro `::prost::Message` (in Nightly builds, run with -Z macro-backtrace for more info)
[INFO] [stdout] 
[INFO] [stdout] 
[INFO] [stdout] error[E0277]: the trait bound `celestia_tendermint_proto::google::protobuf::Timestamp: prost::Message` is not satisfied
[INFO] [stdout]     --> /opt/rustwide/target/debug/build/celestia-proto-1d8f03f48ae333c5/out/cosmos.staking.v1beta1.rs:200:28
[INFO] [stdout]      |
[INFO] [stdout] 200  | #[derive(Clone, PartialEq, ::prost::Message)]
[INFO] [stdout]      |                            ^^^^^^^^^^^^^^^^ the trait `prost::Message` is not implemented for `celestia_tendermint_proto::google::protobuf::Timestamp`
[INFO] [stdout]      |
[INFO] [stdout]      = help: the following other types implement trait `prost::Message`:
[INFO] [stdout]                ()
[INFO] [stdout]                AbciMessageLog
[INFO] [stdout]                Annotation
[INFO] [stdout]                Api
[INFO] [stdout]                Attribute
[INFO] [stdout]                AuthInfo
[INFO] [stdout]                AuxSignerData
[INFO] [stdout]                BadEncoding
[INFO] [stdout]              and 154 others
[INFO] [stdout] note: required by a bound in `prost::encoding::message::encoded_len`
[INFO] [stdout]     --> /opt/rustwide/cargo-home/registry/src/index.crates.io-6f17d22bba15001f/prost-0.12.6/src/encoding.rs:1121:12
[INFO] [stdout]      |
[INFO] [stdout] 1119 |     pub fn encoded_len<M>(tag: u32, msg: &M) -> usize
[INFO] [stdout]      |            ----------- required by a bound in this function
[INFO] [stdout] 1120 |     where
[INFO] [stdout] 1121 |         M: Message,
[INFO] [stdout]      |            ^^^^^^^ required by this bound in `encoded_len`
[INFO] [stdout]      = note: this error originates in the derive macro `::prost::Message` (in Nightly builds, run with -Z macro-backtrace for more info)
[INFO] [stdout] 
[INFO] [stdout] 
[INFO] [stdout] error[E0277]: the trait bound `celestia_tendermint_proto::google::protobuf::Timestamp: prost::Message` is not satisfied
[INFO] [stdout]     --> /opt/rustwide/target/debug/build/celestia-proto-1d8f03f48ae333c5/out/cosmos.staking.v1beta1.rs:222:28
[INFO] [stdout]      |
[INFO] [stdout] 222  | #[derive(Clone, PartialEq, ::prost::Message)]
[INFO] [stdout]      |                            ^^^^^^^^^^^^^^^^ the trait `prost::Message` is not implemented for `celestia_tendermint_proto::google::protobuf::Timestamp`
[INFO] [stdout]      |
[INFO] [stdout]      = help: the following other types implement trait `prost::Message`:
[INFO] [stdout]                ()
[INFO] [stdout]                AbciMessageLog
[INFO] [stdout]                Annotation
[INFO] [stdout]                Api
[INFO] [stdout]                Attribute
[INFO] [stdout]                AuthInfo
[INFO] [stdout]                AuxSignerData
[INFO] [stdout]                BadEncoding
[INFO] [stdout]              and 154 others
[INFO] [stdout] note: required by a bound in `prost::encoding::message::encode`
[INFO] [stdout]     --> /opt/rustwide/cargo-home/registry/src/index.crates.io-6f17d22bba15001f/prost-0.12.6/src/encoding.rs:1060:12
[INFO] [stdout]      |
[INFO] [stdout] 1058 |     pub fn encode<M, B>(tag: u32, msg: &M, buf: &mut B)
[INFO] [stdout]      |            ------ required by a bound in this function
[INFO] [stdout] 1059 |     where
[INFO] [stdout] 1060 |         M: Message,
[INFO] [stdout]      |            ^^^^^^^ required by this bound in `encode`
[INFO] [stdout]      = note: this error originates in the derive macro `::prost::Message` (in Nightly builds, run with -Z macro-backtrace for more info)
[INFO] [stdout] 
[INFO] [stdout] 
[INFO] [stdout] error[E0277]: the trait bound `celestia_tendermint_proto::google::protobuf::Timestamp: prost::Message` is not satisfied
[INFO] [stdout]     --> /opt/rustwide/target/debug/build/celestia-proto-1d8f03f48ae333c5/out/cosmos.staking.v1beta1.rs:222:28
[INFO] [stdout]      |
[INFO] [stdout] 222  | #[derive(Clone, PartialEq, ::prost::Message)]
[INFO] [stdout]      |                            ^^^^^^^^^^^^^^^^ the trait `prost::Message` is not implemented for `celestia_tendermint_proto::google::protobuf::Timestamp`
[INFO] [stdout]      |
[INFO] [stdout]      = help: the following other types implement trait `prost::Message`:
[INFO] [stdout]                ()
[INFO] [stdout]                AbciMessageLog
[INFO] [stdout]                Annotation
[INFO] [stdout]                Api
[INFO] [stdout]                Attribute
[INFO] [stdout]                AuthInfo
[INFO] [stdout]                AuxSignerData
[INFO] [stdout]                BadEncoding
[INFO] [stdout]              and 154 others
[INFO] [stdout] note: required by a bound in `prost::encoding::message::merge`
[INFO] [stdout]     --> /opt/rustwide/cargo-home/registry/src/index.crates.io-6f17d22bba15001f/prost-0.12.6/src/encoding.rs:1075:12
[INFO] [stdout]      |
[INFO] [stdout] 1068 |     pub fn merge<M, B>(
[INFO] [stdout]      |            ----- required by a bound in this function
[INFO] [stdout] ...
[INFO] [stdout] 1075 |         M: Message,
[INFO] [stdout]      |            ^^^^^^^ required by this bound in `merge`
[INFO] [stdout]      = note: this error originates in the derive macro `::prost::Message` (in Nightly builds, run with -Z macro-backtrace for more info)
[INFO] [stdout] 
[INFO] [stdout] 
[INFO] [stdout] error[E0277]: the trait bound `celestia_tendermint_proto::google::protobuf::Timestamp: prost::Message` is not satisfied
[INFO] [stdout]     --> /opt/rustwide/target/debug/build/celestia-proto-1d8f03f48ae333c5/out/cosmos.staking.v1beta1.rs:222:28
[INFO] [stdout]      |
[INFO] [stdout] 222  | #[derive(Clone, PartialEq, ::prost::Message)]
[INFO] [stdout]      |                            ^^^^^^^^^^^^^^^^ the trait `prost::Message` is not implemented for `celestia_tendermint_proto::google::protobuf::Timestamp`
[INFO] [stdout]      |
[INFO] [stdout]      = help: the following other types implement trait `prost::Message`:
[INFO] [stdout]                ()
[INFO] [stdout]                AbciMessageLog
[INFO] [stdout]                Annotation
[INFO] [stdout]                Api
[INFO] [stdout]                Attribute
[INFO] [stdout]                AuthInfo
[INFO] [stdout]                AuxSignerData
[INFO] [stdout]                BadEncoding
[INFO] [stdout]              and 154 others
[INFO] [stdout] note: required by a bound in `prost::encoding::message::encoded_len`
[INFO] [stdout]     --> /opt/rustwide/cargo-home/registry/src/index.crates.io-6f17d22bba15001f/prost-0.12.6/src/encoding.rs:1121:12
[INFO] [stdout]      |
[INFO] [stdout] 1119 |     pub fn encoded_len<M>(tag: u32, msg: &M) -> usize
[INFO] [stdout]      |            ----------- required by a bound in this function
[INFO] [stdout] 1120 |     where
[INFO] [stdout] 1121 |         M: Message,
[INFO] [stdout]      |            ^^^^^^^ required by this bound in `encoded_len`
[INFO] [stdout]      = note: this error originates in the derive macro `::prost::Message` (in Nightly builds, run with -Z macro-backtrace for more info)
[INFO] [stdout] 
[INFO] [stdout] 
[INFO] [stdout] error[E0277]: the trait bound `celestia_tendermint_proto::google::protobuf::Duration: prost::Message` is not satisfied
[INFO] [stdout]     --> /opt/rustwide/target/debug/build/celestia-proto-1d8f03f48ae333c5/out/cosmos.staking.v1beta1.rs:264:28
[INFO] [stdout]      |
[INFO] [stdout] 264  | #[derive(Clone, PartialEq, ::prost::Message)]
[INFO] [stdout]      |                            ^^^^^^^^^^^^^^^^ the trait `prost::Message` is not implemented for `celestia_tendermint_proto::google::protobuf::Duration`
[INFO] [stdout]      |
[INFO] [stdout]      = help: the following other types implement trait `prost::Message`:
[INFO] [stdout]                ()
[INFO] [stdout]                AbciMessageLog
[INFO] [stdout]                Annotation
[INFO] [stdout]                Api
[INFO] [stdout]                Attribute
[INFO] [stdout]                AuthInfo
[INFO] [stdout]                AuxSignerData
[INFO] [stdout]                BadEncoding
[INFO] [stdout]              and 154 others
[INFO] [stdout] note: required by a bound in `prost::encoding::message::encode`
[INFO] [stdout]     --> /opt/rustwide/cargo-home/registry/src/index.crates.io-6f17d22bba15001f/prost-0.12.6/src/encoding.rs:1060:12
[INFO] [stdout]      |
[INFO] [stdout] 1058 |     pub fn encode<M, B>(tag: u32, msg: &M, buf: &mut B)
[INFO] [stdout]      |            ------ required by a bound in this function
[INFO] [stdout] 1059 |     where
[INFO] [stdout] 1060 |         M: Message,
[INFO] [stdout]      |            ^^^^^^^ required by this bound in `encode`
[INFO] [stdout]      = note: this error originates in the derive macro `::prost::Message` (in Nightly builds, run with -Z macro-backtrace for more info)
[INFO] [stdout] 
[INFO] [stdout] 
[INFO] [stdout] error[E0277]: the trait bound `celestia_tendermint_proto::google::protobuf::Duration: prost::Message` is not satisfied
[INFO] [stdout]     --> /opt/rustwide/target/debug/build/celestia-proto-1d8f03f48ae333c5/out/cosmos.staking.v1beta1.rs:264:28
[INFO] [stdout]      |
[INFO] [stdout] 264  | #[derive(Clone, PartialEq, ::prost::Message)]
[INFO] [stdout]      |                            ^^^^^^^^^^^^^^^^ the trait `prost::Message` is not implemented for `celestia_tendermint_proto::google::protobuf::Duration`
[INFO] [stdout]      |
[INFO] [stdout]      = help: the following other types implement trait `prost::Message`:
[INFO] [stdout]                ()
[INFO] [stdout]                AbciMessageLog
[INFO] [stdout]                Annotation
[INFO] [stdout]                Api
[INFO] [stdout]                Attribute
[INFO] [stdout]                AuthInfo
[INFO] [stdout]                AuxSignerData
[INFO] [stdout]                BadEncoding
[INFO] [stdout]              and 154 others
[INFO] [stdout] note: required by a bound in `prost::encoding::message::merge`
[INFO] [stdout]     --> /opt/rustwide/cargo-home/registry/src/index.crates.io-6f17d22bba15001f/prost-0.12.6/src/encoding.rs:1075:12
[INFO] [stdout]      |
[INFO] [stdout] 1068 |     pub fn merge<M, B>(
[INFO] [stdout]      |            ----- required by a bound in this function
[INFO] [stdout] ...
[INFO] [stdout] 1075 |         M: Message,
[INFO] [stdout]      |            ^^^^^^^ required by this bound in `merge`
[INFO] [stdout]      = note: this error originates in the derive macro `::prost::Message` (in Nightly builds, run with -Z macro-backtrace for more info)
[INFO] [stdout] 
[INFO] [stdout] 
[INFO] [stdout] error[E0277]: the trait bound `celestia_tendermint_proto::google::protobuf::Duration: prost::Message` is not satisfied
[INFO] [stdout]     --> /opt/rustwide/target/debug/build/celestia-proto-1d8f03f48ae333c5/out/cosmos.staking.v1beta1.rs:264:28
[INFO] [stdout]      |
[INFO] [stdout] 264  | #[derive(Clone, PartialEq, ::prost::Message)]
[INFO] [stdout]      |                            ^^^^^^^^^^^^^^^^ the trait `prost::Message` is not implemented for `celestia_tendermint_proto::google::protobuf::Duration`
[INFO] [stdout]      |
[INFO] [stdout]      = help: the following other types implement trait `prost::Message`:
[INFO] [stdout]                ()
[INFO] [stdout]                AbciMessageLog
[INFO] [stdout]                Annotation
[INFO] [stdout]                Api
[INFO] [stdout]                Attribute
[INFO] [stdout]                AuthInfo
[INFO] [stdout]                AuxSignerData
[INFO] [stdout]                BadEncoding
[INFO] [stdout]              and 154 others
[INFO] [stdout] note: required by a bound in `prost::encoding::message::encoded_len`
[INFO] [stdout]     --> /opt/rustwide/cargo-home/registry/src/index.crates.io-6f17d22bba15001f/prost-0.12.6/src/encoding.rs:1121:12
[INFO] [stdout]      |
[INFO] [stdout] 1119 |     pub fn encoded_len<M>(tag: u32, msg: &M) -> usize
[INFO] [stdout]      |            ----------- required by a bound in this function
[INFO] [stdout] 1120 |     where
[INFO] [stdout] 1121 |         M: Message,
[INFO] [stdout]      |            ^^^^^^^ required by this bound in `encoded_len`
[INFO] [stdout]      = note: this error originates in the derive macro `::prost::Message` (in Nightly builds, run with -Z macro-backtrace for more info)
[INFO] [stdout] 
[INFO] [stdout] 
[INFO] [stderr]    Compiling libp2p v0.54.1
[INFO] [stdout] error[E0277]: the trait bound `celestia_tendermint_proto::v0_34::types::Header: prost::Message` is not satisfied
[INFO] [stdout]     --> /opt/rustwide/target/debug/build/celestia-proto-1d8f03f48ae333c5/out/header.pb.rs:5:28
[INFO] [stdout]      |
[INFO] [stdout] 5    | #[derive(Clone, PartialEq, ::prost::Message)]
[INFO] [stdout]      |                            ^^^^^^^^^^^^^^^^ the trait `prost::Message` is not implemented for `celestia_tendermint_proto::v0_34::types::Header`
[INFO] [stdout]      |
[INFO] [stdout]      = help: the following other types implement trait `prost::Message`:
[INFO] [stdout]                ()
[INFO] [stdout]                AbciMessageLog
[INFO] [stdout]                Annotation
[INFO] [stdout]                Api
[INFO] [stdout]                Attribute
[INFO] [stdout]                AuthInfo
[INFO] [stdout]                AuxSignerData
[INFO] [stdout]                BadEncoding
[INFO] [stdout]              and 154 others
[INFO] [stdout] note: required by a bound in `prost::encoding::message::encode`
[INFO] [stdout]     --> /opt/rustwide/cargo-home/registry/src/index.crates.io-6f17d22bba15001f/prost-0.12.6/src/encoding.rs:1060:12
[INFO] [stdout]      |
[INFO] [stdout] 1058 |     pub fn encode<M, B>(tag: u32, msg: &M, buf: &mut B)
[INFO] [stdout]      |            ------ required by a bound in this function
[INFO] [stdout] 1059 |     where
[INFO] [stdout] 1060 |         M: Message,
[INFO] [stdout]      |            ^^^^^^^ required by this bound in `encode`
[INFO] [stdout]      = note: this error originates in the derive macro `::prost::Message` (in Nightly builds, run with -Z macro-backtrace for more info)
[INFO] [stdout] 
[INFO] [stdout] 
[INFO] [stdout] error[E0277]: the trait bound `celestia_tendermint_proto::v0_34::types::Commit: prost::Message` is not satisfied
[INFO] [stdout]     --> /opt/rustwide/target/debug/build/celestia-proto-1d8f03f48ae333c5/out/header.pb.rs:5:28
[INFO] [stdout]      |
[INFO] [stdout] 5    | #[derive(Clone, PartialEq, ::prost::Message)]
[INFO] [stdout]      |                            ^^^^^^^^^^^^^^^^ the trait `prost::Message` is not implemented for `celestia_tendermint_proto::v0_34::types::Commit`
[INFO] [stdout]      |
[INFO] [stdout]      = help: the following other types implement trait `prost::Message`:
[INFO] [stdout]                ()
[INFO] [stdout]                AbciMessageLog
[INFO] [stdout]                Annotation
[INFO] [stdout]                Api
[INFO] [stdout]                Attribute
[INFO] [stdout]                AuthInfo
[INFO] [stdout]                AuxSignerData
[INFO] [stdout]                BadEncoding
[INFO] [stdout]              and 154 others
[INFO] [stdout] note: required by a bound in `prost::encoding::message::encode`
[INFO] [stdout]     --> /opt/rustwide/cargo-home/registry/src/index.crates.io-6f17d22bba15001f/prost-0.12.6/src/encoding.rs:1060:12
[INFO] [stdout]      |
[INFO] [stdout] 1058 |     pub fn encode<M, B>(tag: u32, msg: &M, buf: &mut B)
[INFO] [stdout]      |            ------ required by a bound in this function
[INFO] [stdout] 1059 |     where
[INFO] [stdout] 1060 |         M: Message,
[INFO] [stdout]      |            ^^^^^^^ required by this bound in `encode`
[INFO] [stdout]      = note: this error originates in the derive macro `::prost::Message` (in Nightly builds, run with -Z macro-backtrace for more info)
[INFO] [stdout] 
[INFO] [stdout] 
[INFO] [stdout] error[E0277]: the trait bound `celestia_tendermint_proto::v0_34::types::ValidatorSet: prost::Message` is not satisfied
[INFO] [stdout]     --> /opt/rustwide/target/debug/build/celestia-proto-1d8f03f48ae333c5/out/header.pb.rs:5:28
[INFO] [stdout]      |
[INFO] [stdout] 5    | #[derive(Clone, PartialEq, ::prost::Message)]
[INFO] [stdout]      |                            ^^^^^^^^^^^^^^^^ the trait `prost::Message` is not implemented for `celestia_tendermint_proto::v0_34::types::ValidatorSet`
[INFO] [stdout]      |
[INFO] [stdout]      = help: the following other types implement trait `prost::Message`:
[INFO] [stdout]                ()
[INFO] [stdout]                AbciMessageLog
[INFO] [stdout]                Annotation
[INFO] [stdout]                Api
[INFO] [stdout]                Attribute
[INFO] [stdout]                AuthInfo
[INFO] [stdout]                AuxSignerData
[INFO] [stdout]                BadEncoding
[INFO] [stdout]              and 154 others
[INFO] [stdout] note: required by a bound in `prost::encoding::message::encode`
[INFO] [stdout]     --> /opt/rustwide/cargo-home/registry/src/index.crates.io-6f17d22bba15001f/prost-0.12.6/src/encoding.rs:1060:12
[INFO] [stdout]      |
[INFO] [stdout] 1058 |     pub fn encode<M, B>(tag: u32, msg: &M, buf: &mut B)
[INFO] [stdout]      |            ------ required by a bound in this function
[INFO] [stdout] 1059 |     where
[INFO] [stdout] 1060 |         M: Message,
[INFO] [stdout]      |            ^^^^^^^ required by this bound in `encode`
[INFO] [stdout]      = note: this error originates in the derive macro `::prost::Message` (in Nightly builds, run with -Z macro-backtrace for more info)
[INFO] [stdout] 
[INFO] [stdout] 
[INFO] [stdout] error[E0277]: the trait bound `celestia_tendermint_proto::v0_34::types::Header: prost::Message` is not satisfied
[INFO] [stdout]     --> /opt/rustwide/target/debug/build/celestia-proto-1d8f03f48ae333c5/out/header.pb.rs:5:28
[INFO] [stdout]      |
[INFO] [stdout] 5    | #[derive(Clone, PartialEq, ::prost::Message)]
[INFO] [stdout]      |                            ^^^^^^^^^^^^^^^^ the trait `prost::Message` is not implemented for `celestia_tendermint_proto::v0_34::types::Header`
[INFO] [stdout]      |
[INFO] [stdout]      = help: the following other types implement trait `prost::Message`:
[INFO] [stdout]                ()
[INFO] [stdout]                AbciMessageLog
[INFO] [stdout]                Annotation
[INFO] [stdout]                Api
[INFO] [stdout]                Attribute
[INFO] [stdout]                AuthInfo
[INFO] [stdout]                AuxSignerData
[INFO] [stdout]                BadEncoding
[INFO] [stdout]              and 154 others
[INFO] [stdout] note: required by a bound in `prost::encoding::message::merge`
[INFO] [stdout]     --> /opt/rustwide/cargo-home/registry/src/index.crates.io-6f17d22bba15001f/prost-0.12.6/src/encoding.rs:1075:12
[INFO] [stdout]      |
[INFO] [stdout] 1068 |     pub fn merge<M, B>(
[INFO] [stdout]      |            ----- required by a bound in this function
[INFO] [stdout] ...
[INFO] [stdout] 1075 |         M: Message,
[INFO] [stdout]      |            ^^^^^^^ required by this bound in `merge`
[INFO] [stdout]      = note: this error originates in the derive macro `::prost::Message` (in Nightly builds, run with -Z macro-backtrace for more info)
[INFO] [stdout] 
[INFO] [stdout] 
[INFO] [stdout] error[E0277]: the trait bound `celestia_tendermint_proto::v0_34::types::Commit: prost::Message` is not satisfied
[INFO] [stdout]     --> /opt/rustwide/target/debug/build/celestia-proto-1d8f03f48ae333c5/out/header.pb.rs:5:28
[INFO] [stdout]      |
[INFO] [stdout] 5    | #[derive(Clone, PartialEq, ::prost::Message)]
[INFO] [stdout]      |                            ^^^^^^^^^^^^^^^^ the trait `prost::Message` is not implemented for `celestia_tendermint_proto::v0_34::types::Commit`
[INFO] [stdout]      |
[INFO] [stdout]      = help: the following other types implement trait `prost::Message`:
[INFO] [stdout]                ()
[INFO] [stdout]                AbciMessageLog
[INFO] [stdout]                Annotation
[INFO] [stdout]                Api
[INFO] [stdout]                Attribute
[INFO] [stdout]                AuthInfo
[INFO] [stdout]                AuxSignerData
[INFO] [stdout]                BadEncoding
[INFO] [stdout]              and 154 others
[INFO] [stdout] note: required by a bound in `prost::encoding::message::merge`
[INFO] [stdout]     --> /opt/rustwide/cargo-home/registry/src/index.crates.io-6f17d22bba15001f/prost-0.12.6/src/encoding.rs:1075:12
[INFO] [stdout]      |
[INFO] [stdout] 1068 |     pub fn merge<M, B>(
[INFO] [stdout]      |            ----- required by a bound in this function
[INFO] [stdout] ...
[INFO] [stdout] 1075 |         M: Message,
[INFO] [stdout]      |            ^^^^^^^ required by this bound in `merge`
[INFO] [stdout]      = note: this error originates in the derive macro `::prost::Message` (in Nightly builds, run with -Z macro-backtrace for more info)
[INFO] [stdout] 
[INFO] [stdout] 
[INFO] [stdout] error[E0277]: the trait bound `celestia_tendermint_proto::v0_34::types::ValidatorSet: prost::Message` is not satisfied
[INFO] [stdout]     --> /opt/rustwide/target/debug/build/celestia-proto-1d8f03f48ae333c5/out/header.pb.rs:5:28
[INFO] [stdout]      |
[INFO] [stdout] 5    | #[derive(Clone, PartialEq, ::prost::Message)]
[INFO] [stdout]      |                            ^^^^^^^^^^^^^^^^ the trait `prost::Message` is not implemented for `celestia_tendermint_proto::v0_34::types::ValidatorSet`
[INFO] [stdout]      |
[INFO] [stdout]      = help: the following other types implement trait `prost::Message`:
[INFO] [stdout]                ()
[INFO] [stdout]                AbciMessageLog
[INFO] [stdout]                Annotation
[INFO] [stdout]                Api
[INFO] [stdout]                Attribute
[INFO] [stdout]                AuthInfo
[INFO] [stdout]                AuxSignerData
[INFO] [stdout]                BadEncoding
[INFO] [stdout]              and 154 others
[INFO] [stdout] note: required by a bound in `prost::encoding::message::merge`
[INFO] [stdout]     --> /opt/rustwide/cargo-home/registry/src/index.crates.io-6f17d22bba15001f/prost-0.12.6/src/encoding.rs:1075:12
[INFO] [stdout]      |
[INFO] [stdout] 1068 |     pub fn merge<M, B>(
[INFO] [stdout]      |            ----- required by a bound in this function
[INFO] [stdout] ...
[INFO] [stdout] 1075 |         M: Message,
[INFO] [stdout]      |            ^^^^^^^ required by this bound in `merge`
[INFO] [stdout]      = note: this error originates in the derive macro `::prost::Message` (in Nightly builds, run with -Z macro-backtrace for more info)
[INFO] [stdout] 
[INFO] [stdout] 
[INFO] [stdout] error[E0277]: the trait bound `celestia_tendermint_proto::v0_34::types::Header: prost::Message` is not satisfied
[INFO] [stdout]     --> /opt/rustwide/target/debug/build/celestia-proto-1d8f03f48ae333c5/out/header.pb.rs:5:28
[INFO] [stdout]      |
[INFO] [stdout] 5    | #[derive(Clone, PartialEq, ::prost::Message)]
[INFO] [stdout]      |                            ^^^^^^^^^^^^^^^^ the trait `prost::Message` is not implemented for `celestia_tendermint_proto::v0_34::types::Header`
[INFO] [stdout]      |
[INFO] [stdout]      = help: the following other types implement trait `prost::Message`:
[INFO] [stdout]                ()
[INFO] [stdout]                AbciMessageLog
[INFO] [stdout]                Annotation
[INFO] [stdout]                Api
[INFO] [stdout]                Attribute
[INFO] [stdout]                AuthInfo
[INFO] [stdout]                AuxSignerData
[INFO] [stdout]                BadEncoding
[INFO] [stdout]              and 154 others
[INFO] [stdout] note: required by a bound in `prost::encoding::message::encoded_len`
[INFO] [stdout]     --> /opt/rustwide/cargo-home/registry/src/index.crates.io-6f17d22bba15001f/prost-0.12.6/src/encoding.rs:1121:12
[INFO] [stdout]      |
[INFO] [stdout] 1119 |     pub fn encoded_len<M>(tag: u32, msg: &M) -> usize
[INFO] [stdout]      |            ----------- required by a bound in this function
[INFO] [stdout] 1120 |     where
[INFO] [stdout] 1121 |         M: Message,
[INFO] [stdout]      |            ^^^^^^^ required by this bound in `encoded_len`
[INFO] [stdout]      = note: this error originates in the derive macro `::prost::Message` (in Nightly builds, run with -Z macro-backtrace for more info)
[INFO] [stdout] 
[INFO] [stdout] 
[INFO] [stdout] error[E0277]: the trait bound `celestia_tendermint_proto::v0_34::types::Commit: prost::Message` is not satisfied
[INFO] [stdout]     --> /opt/rustwide/target/debug/build/celestia-proto-1d8f03f48ae333c5/out/header.pb.rs:5:28
[INFO] [stdout]      |
[INFO] [stdout] 5    | #[derive(Clone, PartialEq, ::prost::Message)]
[INFO] [stdout]      |                            ^^^^^^^^^^^^^^^^ the trait `prost::Message` is not implemented for `celestia_tendermint_proto::v0_34::types::Commit`
[INFO] [stdout]      |
[INFO] [stdout]      = help: the following other types implement trait `prost::Message`:
[INFO] [stdout]                ()
[INFO] [stdout]                AbciMessageLog
[INFO] [stdout]                Annotation
[INFO] [stdout]                Api
[INFO] [stdout]                Attribute
[INFO] [stdout]                AuthInfo
[INFO] [stdout]                AuxSignerData
[INFO] [stdout]                BadEncoding
[INFO] [stdout]              and 154 others
[INFO] [stdout] note: required by a bound in `prost::encoding::message::encoded_len`
[INFO] [stdout]     --> /opt/rustwide/cargo-home/registry/src/index.crates.io-6f17d22bba15001f/prost-0.12.6/src/encoding.rs:1121:12
[INFO] [stdout]      |
[INFO] [stdout] 1119 |     pub fn encoded_len<M>(tag: u32, msg: &M) -> usize
[INFO] [stdout]      |            ----------- required by a bound in this function
[INFO] [stdout] 1120 |     where
[INFO] [stdout] 1121 |         M: Message,
[INFO] [stdout]      |            ^^^^^^^ required by this bound in `encoded_len`
[INFO] [stdout]      = note: this error originates in the derive macro `::prost::Message` (in Nightly builds, run with -Z macro-backtrace for more info)
[INFO] [stdout] 
[INFO] [stdout] 
[INFO] [stdout] error[E0277]: the trait bound `celestia_tendermint_proto::v0_34::types::ValidatorSet: prost::Message` is not satisfied
[INFO] [stdout]     --> /opt/rustwide/target/debug/build/celestia-proto-1d8f03f48ae333c5/out/header.pb.rs:5:28
[INFO] [stdout]      |
[INFO] [stdout] 5    | #[derive(Clone, PartialEq, ::prost::Message)]
[INFO] [stdout]      |                            ^^^^^^^^^^^^^^^^ the trait `prost::Message` is not implemented for `celestia_tendermint_proto::v0_34::types::ValidatorSet`
[INFO] [stdout]      |
[INFO] [stdout]      = help: the following other types implement trait `prost::Message`:
[INFO] [stdout]                ()
[INFO] [stdout]                AbciMessageLog
[INFO] [stdout]                Annotation
[INFO] [stdout]                Api
[INFO] [stdout]                Attribute
[INFO] [stdout]                AuthInfo
[INFO] [stdout]                AuxSignerData
[INFO] [stdout]                BadEncoding
[INFO] [stdout]              and 154 others
[INFO] [stdout] note: required by a bound in `prost::encoding::message::encoded_len`
[INFO] [stdout]     --> /opt/rustwide/cargo-home/registry/src/index.crates.io-6f17d22bba15001f/prost-0.12.6/src/encoding.rs:1121:12
[INFO] [stdout]      |
[INFO] [stdout] 1119 |     pub fn encoded_len<M>(tag: u32, msg: &M) -> usize
[INFO] [stdout]      |            ----------- required by a bound in this function
[INFO] [stdout] 1120 |     where
[INFO] [stdout] 1121 |         M: Message,
[INFO] [stdout]      |            ^^^^^^^ required by this bound in `encoded_len`
[INFO] [stdout]      = note: this error originates in the derive macro `::prost::Message` (in Nightly builds, run with -Z macro-backtrace for more info)
[INFO] [stdout] 
[INFO] [stdout] 
[INFO] [stdout] For more information about this error, try `rustc --explain E0277`.
[INFO] [stdout] 
[INFO] [stderr] error: could not compile `celestia-proto` (lib) due to 33 previous errors
[INFO] [stderr] warning: build failed, waiting for other jobs to finish...
[INFO] running `Command { std: "docker" "inspect" "d76d7f77a1ce415c909da9acb14d9cb1e1717f8b6bf1f5909a129d6a4342c441", kill_on_drop: false }`
[INFO] running `Command { std: "docker" "rm" "-f" "d76d7f77a1ce415c909da9acb14d9cb1e1717f8b6bf1f5909a129d6a4342c441", kill_on_drop: false }`
[INFO] [stdout] d76d7f77a1ce415c909da9acb14d9cb1e1717f8b6bf1f5909a129d6a4342c441
