[INFO] fetching crate lucet-wasi 0.6.1...
[INFO] testing lucet-wasi-0.6.1 against nightly-2024-10-28 for randomize-layout
[INFO] extracting crate lucet-wasi 0.6.1 into /workspace/builds/worker-1-tc1/source
[INFO] validating manifest of crates.io crate lucet-wasi 0.6.1 on toolchain nightly-2024-10-28
[INFO] running `Command { std: CARGO_HOME="/workspace/cargo-home" RUSTUP_HOME="/workspace/rustup-home" "/workspace/cargo-home/bin/cargo" "+nightly-2024-10-28" "metadata" "--manifest-path" "Cargo.toml" "--no-deps", kill_on_drop: false }`
[INFO] started tweaking crates.io crate lucet-wasi 0.6.1
[INFO] finished tweaking crates.io crate lucet-wasi 0.6.1
[INFO] tweaked toml for crates.io crate lucet-wasi 0.6.1 written to /workspace/builds/worker-1-tc1/source/Cargo.toml
[INFO] crate crates.io crate lucet-wasi 0.6.1 already has a lockfile, it will not be regenerated
[INFO] running `Command { std: CARGO_HOME="/workspace/cargo-home" RUSTUP_HOME="/workspace/rustup-home" "/workspace/cargo-home/bin/cargo" "+nightly-2024-10-28" "fetch" "--manifest-path" "Cargo.toml", kill_on_drop: false }`
[INFO] [stderr]     Updating crates.io index
[INFO] [stderr]  Downloading crates ...
[INFO] [stderr]   Downloaded leb128 v0.2.4
[INFO] [stderr]   Downloaded cvt v0.1.1
[INFO] [stderr]   Downloaded wast v3.0.4
[INFO] [stderr]   Downloaded lucet-runtime-macros v0.6.1
[INFO] [stderr]   Downloaded serde-big-array v0.2.0
[INFO] [stderr]   Downloaded scroll_derive v0.10.1
[INFO] [stderr]   Downloaded which v3.1.0
[INFO] [stderr]   Downloaded thiserror-impl v1.0.11
[INFO] [stderr]   Downloaded packed_struct_codegen v0.3.0
[INFO] [stderr]   Downloaded cpu-time v1.0.0
[INFO] [stderr]   Downloaded string-interner v0.7.1
[INFO] [stderr]   Downloaded wabt v0.9.2
[INFO] [stderr]   Downloaded cranelift-bforest v0.51.0
[INFO] [stderr]   Downloaded cranelift-native v0.51.0
[INFO] [stderr]   Downloaded cranelift-wasm v0.51.0
[INFO] [stderr]   Downloaded num-derive v0.3.0
[INFO] [stderr]   Downloaded lucet-runtime v0.6.1
[INFO] [stderr]   Downloaded lucet-wasi-sdk v0.6.1
[INFO] [stderr]   Downloaded lucet-runtime-internals v0.6.1
[INFO] [stderr]   Downloaded goblin v0.0.24
[INFO] [stderr]   Downloaded bindgen v0.51.1
[INFO] [stderr]   Downloaded cranelift-codegen v0.51.0
[INFO] [stderr]   Downloaded cranelift-codegen-meta v0.51.0
[INFO] [stderr]   Downloaded goblin v0.1.3
[INFO] [stderr]   Downloaded syn v1.0.14
[INFO] [stderr]   Downloaded parity-wasm v0.41.0
[INFO] [stderr]   Downloaded serde_json v1.0.48
[INFO] [stderr]   Downloaded lucetc v0.6.1
[INFO] [stderr]   Downloaded cranelift-frontend v0.51.0
[INFO] [stderr]   Downloaded object v0.14.1
[INFO] [stderr]   Downloaded target-lexicon v0.9.0
[INFO] [stderr]   Downloaded anyhow v1.0.26
[INFO] [stderr]   Downloaded wabt-sys v0.7.0
[INFO] [stderr]   Downloaded filetime v0.2.8
[INFO] [stderr]   Downloaded bimap v0.2.0
[INFO] [stderr]   Downloaded cranelift-faerie v0.51.0
[INFO] [stderr]   Downloaded wasmonkey v0.1.9
[INFO] [stderr]   Downloaded wasi-common-cbindgen v0.7.0
[INFO] [stderr]   Downloaded cranelift-module v0.51.0
[INFO] [stderr]   Downloaded faerie v0.12.0
[INFO] [stderr]   Downloaded witx v0.4.0
[INFO] [stderr]   Downloaded wig v0.7.0
[INFO] [stderr]   Downloaded winx v0.7.0
[INFO] [stderr]   Downloaded wasi-common v0.7.0
[INFO] [stderr]   Downloaded proc-macro2 v1.0.8
[INFO] [stderr]   Downloaded packed_struct v0.3.0
[INFO] [stderr]   Downloaded cranelift-codegen-shared v0.51.0
[INFO] [stderr]   Downloaded smallvec v1.2.0
[INFO] [stderr]   Downloaded memchr v2.3.2
[INFO] [stderr]   Downloaded scroll v0.10.1
[INFO] [stderr]   Downloaded parity-wasm v0.40.3
[INFO] [stderr]   Downloaded lucet-module v0.6.1
[INFO] [stderr]   Downloaded lucet-validate v0.6.1
[INFO] [stderr]   Downloaded scrypt v0.2.0
[INFO] [stderr]   Downloaded raw-cpuid v6.1.0
[INFO] [stderr]   Downloaded cmake v0.1.42
[INFO] [stderr]   Downloaded scroll v0.9.2
[INFO] [stderr]   Downloaded siphasher v0.3.1
[INFO] [stderr]   Downloaded backtrace v0.3.44
[INFO] [stderr]   Downloaded cranelift-entity v0.51.0
[INFO] [stderr]   Downloaded wasmparser v0.39.3
[INFO] [stderr]   Downloaded human-size v0.4.0
[INFO] [stderr]   Downloaded derivative v1.0.3
[INFO] [stderr]   Downloaded target-lexicon v0.8.1
[INFO] [stderr]   Downloaded scroll_derive v0.9.5
[INFO] [stderr]   Downloaded xfailure v0.1.0
[INFO] [stderr]   Downloaded getrandom v0.1.3
[INFO] [stderr]   Downloaded thiserror v1.0.11
[INFO] [stderr]   Downloaded witx v0.6.0
[INFO] [stderr]   Downloaded minisign v0.5.14
[INFO] running `Command { std: "docker" "create" "-v" "/var/lib/crater-agent-workspace/builds/worker-1-tc1/target:/opt/rustwide/target:rw,Z" "-v" "/var/lib/crater-agent-workspace/builds/worker-1-tc1/source:/opt/rustwide/workdir:ro,Z" "-v" "/var/lib/crater-agent-workspace/cargo-home:/opt/rustwide/cargo-home:ro,Z" "-v" "/var/lib/crater-agent-workspace/rustup-home:/opt/rustwide/rustup-home:ro,Z" "-e" "SOURCE_DIR=/opt/rustwide/workdir" "-e" "CARGO_TARGET_DIR=/opt/rustwide/target" "-e" "CARGO_HOME=/opt/rustwide/cargo-home" "-e" "RUSTUP_HOME=/opt/rustwide/rustup-home" "-w" "/opt/rustwide/workdir" "-m" "1610612736" "--user" "0:0" "--network" "none" "ghcr.io/rust-lang/crates-build-env/linux@sha256:4a844ea9eb2546a2d2c7022eacef16ef2e8229c7fbb2c7d4d55a9ceca922f72d" "/opt/rustwide/cargo-home/bin/cargo" "+nightly-2024-10-28" "metadata" "--no-deps" "--format-version=1", kill_on_drop: false }`
[INFO] [stdout] d469d677abece054f2c9336f9b3a54bd94e389e57cc311f2ff82e932457d7225
[INFO] running `Command { std: "docker" "start" "-a" "d469d677abece054f2c9336f9b3a54bd94e389e57cc311f2ff82e932457d7225", kill_on_drop: false }`
[INFO] running `Command { std: "docker" "inspect" "d469d677abece054f2c9336f9b3a54bd94e389e57cc311f2ff82e932457d7225", kill_on_drop: false }`
[INFO] running `Command { std: "docker" "rm" "-f" "d469d677abece054f2c9336f9b3a54bd94e389e57cc311f2ff82e932457d7225", kill_on_drop: false }`
[INFO] [stdout] d469d677abece054f2c9336f9b3a54bd94e389e57cc311f2ff82e932457d7225
[INFO] running `Command { std: "docker" "create" "-v" "/var/lib/crater-agent-workspace/builds/worker-1-tc1/target:/opt/rustwide/target:rw,Z" "-v" "/var/lib/crater-agent-workspace/builds/worker-1-tc1/source:/opt/rustwide/workdir:ro,Z" "-v" "/var/lib/crater-agent-workspace/cargo-home:/opt/rustwide/cargo-home:ro,Z" "-v" "/var/lib/crater-agent-workspace/rustup-home:/opt/rustwide/rustup-home:ro,Z" "-e" "SOURCE_DIR=/opt/rustwide/workdir" "-e" "CARGO_TARGET_DIR=/opt/rustwide/target" "-e" "CARGO_INCREMENTAL=0" "-e" "RUST_BACKTRACE=full" "-e" "RUSTFLAGS=--cap-lints=forbid" "-e" "RUSTDOCFLAGS=--cap-lints=forbid" "-e" "CARGO_HOME=/opt/rustwide/cargo-home" "-e" "RUSTUP_HOME=/opt/rustwide/rustup-home" "-w" "/opt/rustwide/workdir" "-m" "1610612736" "--user" "0:0" "--network" "none" "ghcr.io/rust-lang/crates-build-env/linux@sha256:4a844ea9eb2546a2d2c7022eacef16ef2e8229c7fbb2c7d4d55a9ceca922f72d" "/opt/rustwide/cargo-home/bin/cargo" "+nightly-2024-10-28" "build" "--frozen" "--message-format=json", kill_on_drop: false }`
[INFO] [stdout] bccb38649c334250091a36e2fd9574208e26114d694917786b32bc0f5cd1080d
[INFO] running `Command { std: "docker" "start" "-a" "bccb38649c334250091a36e2fd9574208e26114d694917786b32bc0f5cd1080d", kill_on_drop: false }`
[INFO] [stderr]    Compiling proc-macro2 v1.0.8
[INFO] [stderr]    Compiling unicode-xid v0.2.0
[INFO] [stderr]    Compiling libc v0.2.66
[INFO] [stderr]    Compiling syn v1.0.14
[INFO] [stderr]    Compiling cc v1.0.50
[INFO] [stderr]    Compiling autocfg v1.0.0
[INFO] [stderr]    Compiling semver-parser v0.7.0
[INFO] [stderr]    Compiling cfg-if v0.1.10
[INFO] [stderr]    Compiling typenum v1.11.2
[INFO] [stderr]    Compiling serde v1.0.104
[INFO] [stderr]    Compiling proc-macro2 v0.4.30
[INFO] [stderr]    Compiling unicode-xid v0.1.0
[INFO] [stderr]    Compiling byteorder v1.3.4
[INFO] [stderr]    Compiling failure_derive v0.1.6
[INFO] [stderr]    Compiling ryu v1.0.2
[INFO] [stderr]    Compiling bitflags v1.2.1
[INFO] [stderr]    Compiling syn v0.15.44
[INFO] [stderr]    Compiling rustc-demangle v0.1.16
[INFO] [stderr]    Compiling autocfg v0.1.7
[INFO] [stderr]    Compiling semver v0.9.0
[INFO] [stderr]    Compiling rand_core v0.4.2
[INFO] [stderr]    Compiling subtle v1.0.0
[INFO] [stderr]    Compiling byte-tools v0.3.1
[INFO] [stderr]    Compiling num-traits v0.2.11
[INFO] [stderr]    Compiling itoa v0.4.5
[INFO] [stderr]    Compiling log v0.4.8
[INFO] [stderr]    Compiling block-padding v0.1.5
[INFO] [stderr]    Compiling crc32fast v1.2.0
[INFO] [stderr]    Compiling rustc_version v0.2.3
[INFO] [stderr]    Compiling num-integer v0.1.42
[INFO] [stderr]    Compiling opaque-debug v0.2.3
[INFO] [stderr]    Compiling anyhow v1.0.26
[INFO] [stderr]    Compiling adler32 v1.0.4
[INFO] [stderr]    Compiling fake-simd v0.1.2
[INFO] [stderr]    Compiling rand_core v0.3.1
[INFO] [stderr]    Compiling nix v0.15.0
[INFO] [stderr]    Compiling miniz_oxide v0.3.6
[INFO] [stderr]    Compiling plain v0.2.3
[INFO] [stderr]    Compiling unicode-width v0.1.7
[INFO] [stderr]    Compiling serde-big-array v0.2.0
[INFO] [stderr]    Compiling scroll v0.9.2
[INFO] [stderr]    Compiling memoffset v0.5.3
[INFO] [stderr]    Compiling quote v1.0.2
[INFO] [stderr]    Compiling quote v0.6.13
[INFO] [stderr]    Compiling textwrap v0.11.0
[INFO] [stderr]    Compiling num-complex v0.2.4
[INFO] [stderr]    Compiling num-rational v0.2.3
[INFO] [stderr]    Compiling num-iter v0.1.40
[INFO] [stderr]    Compiling ppv-lite86 v0.2.6
[INFO] [stderr]    Compiling ansi_term v0.11.0
[INFO] [stderr]    Compiling strsim v0.8.0
[INFO] [stderr]    Compiling backtrace-sys v0.1.32
[INFO] [stderr]    Compiling libloading v0.5.2
[INFO] [stderr]    Compiling raw-cpuid v6.1.0
[INFO] [stderr]    Compiling vec_map v0.8.1
[INFO] [stderr]    Compiling uuid v0.7.4
[INFO] [stderr]    Compiling parity-wasm v0.40.3
[INFO] [stderr]    Compiling void v1.0.2
[INFO] [stderr]    Compiling leb128 v0.2.4
[INFO] [stderr]    Compiling base64 v0.11.0
[INFO] [stderr]    Compiling wast v3.0.4
[INFO] [stderr]    Compiling lucet-runtime-internals v0.6.1
[INFO] [stderr]    Compiling generic-array v0.12.3
[INFO] [stderr]    Compiling c2-chacha v0.2.3
[INFO] [stderr]    Compiling rand_chacha v0.1.1
[INFO] [stderr]    Compiling rand_pcg v0.1.2
[INFO] [stderr]    Compiling cranelift-entity v0.51.0
[INFO] [stderr]    Compiling lazy_static v1.4.0
[INFO] [stderr]    Compiling getrandom v0.1.3
[INFO] [stderr]    Compiling digest v0.8.1
[INFO] [stderr]    Compiling crypto-mac v0.7.0
[INFO] [stderr]    Compiling block-buffer v0.7.3
[INFO] [stderr]    Compiling flate2 v1.0.13
[INFO] [stderr]    Compiling atty v0.2.14
[INFO] [stderr]    Compiling rpassword v4.0.5
[INFO] [stderr]    Compiling sha2 v0.8.1
[INFO] [stderr]    Compiling hmac v0.7.1
[INFO] [stderr]    Compiling pbkdf2 v0.3.0
[INFO] [stderr]    Compiling clap v2.33.0
[INFO] [stderr]    Compiling rand_core v0.5.1
[INFO] [stderr]    Compiling scrypt v0.2.0
[INFO] [stderr]    Compiling rand_chacha v0.2.1
[INFO] [stderr]    Compiling lucet-runtime v0.6.1
[INFO] [stderr]    Compiling backtrace v0.3.44
[INFO] [stderr]    Compiling minisign v0.5.14
[INFO] [stderr]    Compiling cast v0.2.3
[INFO] [stderr]    Compiling rand v0.6.5
[INFO] [stderr]    Compiling rand v0.7.3
[INFO] [stderr]    Compiling num v0.2.1
[INFO] [stderr]    Compiling rand_os v0.1.3
[INFO] [stderr]    Compiling filetime v0.2.8
[INFO] [stderr]    Compiling rand_xorshift v0.1.1
[INFO] [stderr]    Compiling rand_hc v0.1.0
[INFO] [stderr]    Compiling rand_isaac v0.1.1
[INFO] [stderr]    Compiling rand_jitter v0.1.4
[INFO] [stderr]    Compiling lucet-wasi v0.6.1 (/opt/rustwide/workdir)
[INFO] [stderr]    Compiling human-size v0.4.0
[INFO] [stderr]    Compiling scroll_derive v0.9.5
[INFO] [stderr]    Compiling derivative v1.0.3
[INFO] [stderr]    Compiling goblin v0.0.24
[INFO] [stderr]    Compiling synstructure v0.12.3
[INFO] [stderr]    Compiling serde_derive v1.0.104
[INFO] [stderr]    Compiling thiserror-impl v1.0.11
[INFO] [stderr]    Compiling num-derive v0.3.0
[INFO] [stderr]    Compiling lucet-runtime-macros v0.6.1
[INFO] [stderr]    Compiling wasi-common-cbindgen v0.7.0
[INFO] [stderr]    Compiling failure v0.1.6
[INFO] [stderr]    Compiling thiserror v1.0.11
[INFO] [stderr]    Compiling witx v0.4.0
[INFO] [stderr]    Compiling wig v0.7.0
[INFO] [stderr]    Compiling wasi-common v0.7.0
[INFO] [stderr]    Compiling serde_json v1.0.48
[INFO] [stderr]    Compiling bincode v1.2.1
[INFO] [stderr]    Compiling target-lexicon v0.8.1
[INFO] [stderr]    Compiling object v0.14.1
[INFO] [stderr]    Compiling lucet-module v0.6.1
[INFO] [stdout] warning: unused return value of `Box::<T, A>::into_raw` that must be used
[INFO] [stdout]   --> src/c_api.rs:39:5
[INFO] [stdout]    |
[INFO] [stdout] 39 |     Box::into_raw(b);
[INFO] [stdout]    |     ^^^^^^^^^^^^^^^^
[INFO] [stdout]    |
[INFO] [stdout]    = note: losing the pointer will leak memory
[INFO] [stdout]    = note: `#[warn(unused_must_use)]` on by default
[INFO] [stdout] help: use `let _ = ...` to ignore the resulting value
[INFO] [stdout]    |
[INFO] [stdout] 39 |     let _ = Box::into_raw(b);
[INFO] [stdout]    |     +++++++
[INFO] [stdout] 
[INFO] [stdout] 
[INFO] [stdout] warning: unused return value of `Box::<T, A>::into_raw` that must be used
[INFO] [stdout]   --> src/c_api.rs:48:5
[INFO] [stdout]    |
[INFO] [stdout] 48 |     Box::into_raw(b);
[INFO] [stdout]    |     ^^^^^^^^^^^^^^^^
[INFO] [stdout]    |
[INFO] [stdout]    = note: losing the pointer will leak memory
[INFO] [stdout] help: use `let _ = ...` to ignore the resulting value
[INFO] [stdout]    |
[INFO] [stdout] 48 |     let _ = Box::into_raw(b);
[INFO] [stdout]    |     +++++++
[INFO] [stdout] 
[INFO] [stdout] 
[INFO] [stdout] warning: unused return value of `Box::<T, A>::into_raw` that must be used
[INFO] [stdout]   --> src/c_api.rs:59:5
[INFO] [stdout]    |
[INFO] [stdout] 59 |     Box::into_raw(b);
[INFO] [stdout]    |     ^^^^^^^^^^^^^^^^
[INFO] [stdout]    |
[INFO] [stdout]    = note: losing the pointer will leak memory
[INFO] [stdout] help: use `let _ = ...` to ignore the resulting value
[INFO] [stdout]    |
[INFO] [stdout] 59 |     let _ = Box::into_raw(b);
[INFO] [stdout]    |     +++++++
[INFO] [stdout] 
[INFO] [stdout] 
[INFO] [stdout] warning: unused return value of `Box::<T>::from_raw` that must be used
[INFO] [stdout]   --> src/c_api.rs:65:5
[INFO] [stdout]    |
[INFO] [stdout] 65 |     Box::from_raw(wasi_ctx as *mut WasiCtxBuilder);
[INFO] [stdout]    |     ^^^^^^^^^^^^^^^^^^^^^^^^^^^^^^^^^^^^^^^^^^^^^^
[INFO] [stdout]    |
[INFO] [stdout]    = note: call `drop(Box::from_raw(ptr))` if you intend to drop the `Box`
[INFO] [stdout] help: use `let _ = ...` to ignore the resulting value
[INFO] [stdout]    |
[INFO] [stdout] 65 |     let _ = Box::from_raw(wasi_ctx as *mut WasiCtxBuilder);
[INFO] [stdout]    |     +++++++
[INFO] [stdout] 
[INFO] [stdout] 
[INFO] [stdout] warning: unused return value of `Arc::<T, A>::into_raw` that must be used
[INFO] [stdout]   --> src/c_api.rs:80:5
[INFO] [stdout]    |
[INFO] [stdout] 80 | /     with_ffi_arcs!([region: dyn Region, module: DlModule], {
[INFO] [stdout] 81 | |         let wasi_ctx = *Box::from_raw(wasi_ctx as *mut WasiCtxBuilder);
[INFO] [stdout] 82 | |         region
[INFO] [stdout] 83 | |             .new_instance_builder(module.clone() as Arc<dyn Module>)
[INFO] [stdout] ...  |
[INFO] [stdout] 90 | |             .unwrap_or_else(|e| e.into())
[INFO] [stdout] 91 | |     })
[INFO] [stdout]    | |______^
[INFO] [stdout]    |
[INFO] [stdout]    = note: losing the pointer will leak memory
[INFO] [stdout]    = note: this warning originates in the macro `with_ffi_arcs` (in Nightly builds, run with -Z macro-backtrace for more info)
[INFO] [stdout] 
[INFO] [stdout] 
[INFO] [stdout] warning: unused return value of `Arc::<T, A>::into_raw` that must be used
[INFO] [stdout]   --> src/c_api.rs:80:5
[INFO] [stdout]    |
[INFO] [stdout] 80 | /     with_ffi_arcs!([region: dyn Region, module: DlModule], {
[INFO] [stdout] 81 | |         let wasi_ctx = *Box::from_raw(wasi_ctx as *mut WasiCtxBuilder);
[INFO] [stdout] 82 | |         region
[INFO] [stdout] 83 | |             .new_instance_builder(module.clone() as Arc<dyn Module>)
[INFO] [stdout] ...  |
[INFO] [stdout] 90 | |             .unwrap_or_else(|e| e.into())
[INFO] [stdout] 91 | |     })
[INFO] [stdout]    | |______^
[INFO] [stdout]    |
[INFO] [stdout]    = note: losing the pointer will leak memory
[INFO] [stdout]    = note: this warning originates in the macro `with_ffi_arcs` (in Nightly builds, run with -Z macro-backtrace for more info)
[INFO] [stdout] 
[INFO] [stdout] 
[INFO] [stderr]     Finished `dev` profile [unoptimized + debuginfo] target(s) in 18.43s
[INFO] running `Command { std: "docker" "inspect" "bccb38649c334250091a36e2fd9574208e26114d694917786b32bc0f5cd1080d", kill_on_drop: false }`
[INFO] running `Command { std: "docker" "rm" "-f" "bccb38649c334250091a36e2fd9574208e26114d694917786b32bc0f5cd1080d", kill_on_drop: false }`
[INFO] [stdout] bccb38649c334250091a36e2fd9574208e26114d694917786b32bc0f5cd1080d
[INFO] running `Command { std: "docker" "create" "-v" "/var/lib/crater-agent-workspace/builds/worker-1-tc1/target:/opt/rustwide/target:rw,Z" "-v" "/var/lib/crater-agent-workspace/builds/worker-1-tc1/source:/opt/rustwide/workdir:ro,Z" "-v" "/var/lib/crater-agent-workspace/cargo-home:/opt/rustwide/cargo-home:ro,Z" "-v" "/var/lib/crater-agent-workspace/rustup-home:/opt/rustwide/rustup-home:ro,Z" "-e" "SOURCE_DIR=/opt/rustwide/workdir" "-e" "CARGO_TARGET_DIR=/opt/rustwide/target" "-e" "CARGO_INCREMENTAL=0" "-e" "RUST_BACKTRACE=full" "-e" "RUSTFLAGS=--cap-lints=forbid" "-e" "RUSTDOCFLAGS=--cap-lints=forbid" "-e" "CARGO_HOME=/opt/rustwide/cargo-home" "-e" "RUSTUP_HOME=/opt/rustwide/rustup-home" "-w" "/opt/rustwide/workdir" "-m" "1610612736" "--user" "0:0" "--network" "none" "ghcr.io/rust-lang/crates-build-env/linux@sha256:4a844ea9eb2546a2d2c7022eacef16ef2e8229c7fbb2c7d4d55a9ceca922f72d" "/opt/rustwide/cargo-home/bin/cargo" "+nightly-2024-10-28" "test" "--frozen" "--no-run" "--message-format=json", kill_on_drop: false }`
[INFO] [stdout] a34f07811973a4fd3ab378fefde329d775d6065aa0f71845b50cc4273791a370
[INFO] running `Command { std: "docker" "start" "-a" "a34f07811973a4fd3ab378fefde329d775d6065aa0f71845b50cc4273791a370", kill_on_drop: false }`
[INFO] [stderr]    Compiling packed_struct v0.3.0
[INFO] [stderr]    Compiling unicode-xid v0.0.4
[INFO] [stderr]    Compiling quote v0.3.15
[INFO] [stderr]    Compiling target-lexicon v0.9.0
[INFO] [stderr]    Compiling leb128 v0.2.4
[INFO] [stderr]    Compiling cranelift-bforest v0.51.0
[INFO] [stderr]    Compiling smallvec v1.2.0
[INFO] [stderr]    Compiling memchr v2.3.2
[INFO] [stderr]    Compiling scroll_derive v0.10.1
[INFO] [stderr]    Compiling cmake v0.1.42
[INFO] [stderr]    Compiling indexmap v1.3.2
[INFO] [stderr]    Compiling raw-cpuid v7.0.3
[INFO] [stderr]    Compiling string-interner v0.7.1
[INFO] [stderr]    Compiling thread_local v1.0.1
[INFO] [stderr]    Compiling wasmparser v0.39.3
[INFO] [stderr]    Compiling quick-error v1.2.3
[INFO] [stderr]    Compiling synom v0.11.3
[INFO] [stderr]    Compiling wast v3.0.4
[INFO] [stderr]    Compiling regex-syntax v0.6.14
[INFO] [stderr]    Compiling humantime v1.3.0
[INFO] [stderr]    Compiling syn v0.11.11
[INFO] [stderr]    Compiling remove_dir_all v0.5.2
[INFO] [stderr]    Compiling xfailure v0.1.0
[INFO] [stderr]    Compiling siphasher v0.3.1
[INFO] [stderr]    Compiling parity-wasm v0.41.0
[INFO] [stderr]    Compiling lucetc v0.6.1
[INFO] [stderr]    Compiling termcolor v1.1.0
[INFO] [stderr]    Compiling wabt-sys v0.7.0
[INFO] [stderr]    Compiling tempfile v3.1.0
[INFO] [stderr]    Compiling aho-corasick v0.7.8
[INFO] [stderr]    Compiling bimap v0.2.0
[INFO] [stderr]    Compiling scroll v0.10.1
[INFO] [stderr]    Compiling goblin v0.1.3
[INFO] [stderr]    Compiling wasmonkey v0.1.9
[INFO] [stderr]    Compiling regex v1.3.4
[INFO] [stderr]    Compiling packed_struct_codegen v0.3.0
[INFO] [stderr]    Compiling witx v0.4.0
[INFO] [stderr]    Compiling witx v0.6.0
[INFO] [stderr]    Compiling lucet-validate v0.6.1
[INFO] [stderr]    Compiling env_logger v0.6.2
[INFO] [stderr]    Compiling cranelift-codegen-shared v0.51.0
[INFO] [stderr]    Compiling wig v0.7.0
[INFO] [stderr]    Compiling cranelift-codegen-meta v0.51.0
[INFO] [stderr]    Compiling wasi-common v0.7.0
[INFO] [stderr]    Compiling faerie v0.12.0
[INFO] [stderr]    Compiling lucet-wasi v0.6.1 (/opt/rustwide/workdir)
[INFO] [stdout] warning: unused return value of `Box::<T, A>::into_raw` that must be used
[INFO] [stdout]   --> src/c_api.rs:39:5
[INFO] [stdout]    |
[INFO] [stdout] 39 |     Box::into_raw(b);
[INFO] [stdout]    |     ^^^^^^^^^^^^^^^^
[INFO] [stdout]    |
[INFO] [stdout]    = note: losing the pointer will leak memory
[INFO] [stdout]    = note: `#[warn(unused_must_use)]` on by default
[INFO] [stdout] help: use `let _ = ...` to ignore the resulting value
[INFO] [stdout]    |
[INFO] [stdout] 39 |     let _ = Box::into_raw(b);
[INFO] [stdout]    |     +++++++
[INFO] [stdout] 
[INFO] [stdout] 
[INFO] [stdout] warning: unused return value of `Box::<T, A>::into_raw` that must be used
[INFO] [stdout]   --> src/c_api.rs:48:5
[INFO] [stdout]    |
[INFO] [stdout] 48 |     Box::into_raw(b);
[INFO] [stdout]    |     ^^^^^^^^^^^^^^^^
[INFO] [stdout]    |
[INFO] [stdout]    = note: losing the pointer will leak memory
[INFO] [stdout] help: use `let _ = ...` to ignore the resulting value
[INFO] [stdout]    |
[INFO] [stdout] 48 |     let _ = Box::into_raw(b);
[INFO] [stdout]    |     +++++++
[INFO] [stdout] 
[INFO] [stdout] 
[INFO] [stdout] warning: unused return value of `Box::<T, A>::into_raw` that must be used
[INFO] [stdout]   --> src/c_api.rs:59:5
[INFO] [stdout]    |
[INFO] [stdout] 59 |     Box::into_raw(b);
[INFO] [stdout]    |     ^^^^^^^^^^^^^^^^
[INFO] [stdout]    |
[INFO] [stdout]    = note: losing the pointer will leak memory
[INFO] [stdout] help: use `let _ = ...` to ignore the resulting value
[INFO] [stdout]    |
[INFO] [stdout] 59 |     let _ = Box::into_raw(b);
[INFO] [stdout]    |     +++++++
[INFO] [stdout] 
[INFO] [stdout] 
[INFO] [stdout] warning: unused return value of `Box::<T>::from_raw` that must be used
[INFO] [stdout]   --> src/c_api.rs:65:5
[INFO] [stdout]    |
[INFO] [stdout] 65 |     Box::from_raw(wasi_ctx as *mut WasiCtxBuilder);
[INFO] [stdout]    |     ^^^^^^^^^^^^^^^^^^^^^^^^^^^^^^^^^^^^^^^^^^^^^^
[INFO] [stdout]    |
[INFO] [stdout]    = note: call `drop(Box::from_raw(ptr))` if you intend to drop the `Box`
[INFO] [stdout] help: use `let _ = ...` to ignore the resulting value
[INFO] [stdout]    |
[INFO] [stdout] 65 |     let _ = Box::from_raw(wasi_ctx as *mut WasiCtxBuilder);
[INFO] [stdout]    |     +++++++
[INFO] [stdout] 
[INFO] [stdout] 
[INFO] [stdout] warning: unused return value of `Arc::<T, A>::into_raw` that must be used
[INFO] [stdout]   --> src/c_api.rs:80:5
[INFO] [stdout]    |
[INFO] [stdout] 80 | /     with_ffi_arcs!([region: dyn Region, module: DlModule], {
[INFO] [stdout] 81 | |         let wasi_ctx = *Box::from_raw(wasi_ctx as *mut WasiCtxBuilder);
[INFO] [stdout] 82 | |         region
[INFO] [stdout] 83 | |             .new_instance_builder(module.clone() as Arc<dyn Module>)
[INFO] [stdout] ...  |
[INFO] [stdout] 90 | |             .unwrap_or_else(|e| e.into())
[INFO] [stdout] 91 | |     })
[INFO] [stdout]    | |______^
[INFO] [stdout]    |
[INFO] [stdout]    = note: losing the pointer will leak memory
[INFO] [stdout]    = note: this warning originates in the macro `with_ffi_arcs` (in Nightly builds, run with -Z macro-backtrace for more info)
[INFO] [stdout] 
[INFO] [stdout] 
[INFO] [stdout] warning: unused return value of `Arc::<T, A>::into_raw` that must be used
[INFO] [stdout]   --> src/c_api.rs:80:5
[INFO] [stdout]    |
[INFO] [stdout] 80 | /     with_ffi_arcs!([region: dyn Region, module: DlModule], {
[INFO] [stdout] 81 | |         let wasi_ctx = *Box::from_raw(wasi_ctx as *mut WasiCtxBuilder);
[INFO] [stdout] 82 | |         region
[INFO] [stdout] 83 | |             .new_instance_builder(module.clone() as Arc<dyn Module>)
[INFO] [stdout] ...  |
[INFO] [stdout] 90 | |             .unwrap_or_else(|e| e.into())
[INFO] [stdout] 91 | |     })
[INFO] [stdout]    | |______^
[INFO] [stdout]    |
[INFO] [stdout]    = note: losing the pointer will leak memory
[INFO] [stdout]    = note: this warning originates in the macro `with_ffi_arcs` (in Nightly builds, run with -Z macro-backtrace for more info)
[INFO] [stdout] 
[INFO] [stdout] 
[INFO] [stderr]    Compiling cranelift-codegen v0.51.0
[INFO] [stderr] error: failed to run custom build command for `wabt-sys v0.7.0`
[INFO] [stderr] note: To improve backtraces for build dependencies, set the CARGO_PROFILE_TEST_BUILD_OVERRIDE_DEBUG=true environment variable to enable debug information generation.
[INFO] [stderr] 
[INFO] [stderr] Caused by:
[INFO] [stderr]   process didn't exit successfully: `/opt/rustwide/target/debug/build/wabt-sys-136bafbdc788f519/build-script-build` (exit status: 101)
[INFO] [stderr]   --- stdout
[INFO] [stderr]   running: cd "/opt/rustwide/target/debug/build/wabt-sys-77f333b3ac80fd82/out/build" && CMAKE_PREFIX_PATH="" "cmake" "/opt/rustwide/cargo-home/registry/src/index.crates.io-6f17d22bba15001f/wabt-sys-0.7.0/wabt" "-DBUILD_TESTS=OFF" "-DBUILD_TOOLS=OFF" "-DCMAKE_INSTALL_PREFIX=/opt/rustwide/target/debug/build/wabt-sys-77f333b3ac80fd82/out" "-DCMAKE_C_FLAGS= -ffunction-sections -fdata-sections -fPIC -m64" "-DCMAKE_C_COMPILER=/usr/bin/cc" "-DCMAKE_CXX_FLAGS= -ffunction-sections -fdata-sections -fPIC -m64" "-DCMAKE_CXX_COMPILER=/usr/bin/c++" "-DCMAKE_BUILD_TYPE=Debug"
[INFO] [stderr]   -- The C compiler identification is GNU 11.4.0
[INFO] [stderr]   -- The CXX compiler identification is GNU 11.4.0
[INFO] [stderr]   -- Detecting C compiler ABI info
[INFO] [stderr]   -- Detecting C compiler ABI info - done
[INFO] [stderr]   -- Check for working C compiler: /usr/bin/cc - skipped
[INFO] [stderr]   -- Detecting C compile features
[INFO] [stderr]   -- Detecting C compile features - done
[INFO] [stderr]   -- Detecting CXX compiler ABI info
[INFO] [stderr]   -- Detecting CXX compiler ABI info - done
[INFO] [stderr]   -- Check for working CXX compiler: /usr/bin/c++ - skipped
[INFO] [stderr]   -- Detecting CXX compile features
[INFO] [stderr]   -- Detecting CXX compile features - done
[INFO] [stderr]   -- Looking for alloca.h
[INFO] [stderr]   -- Looking for alloca.h - found
[INFO] [stderr]   -- Looking for unistd.h
[INFO] [stderr]   -- Looking for unistd.h - found
[INFO] [stderr]   -- Looking for snprintf
[INFO] [stderr]   -- Looking for snprintf - found
[INFO] [stderr]   -- Looking for sysconf
[INFO] [stderr]   -- Looking for sysconf - found
[INFO] [stderr]   -- Looking for strcasecmp
[INFO] [stderr]   -- Looking for strcasecmp - found
[INFO] [stderr]   -- Looking for sys/types.h
[INFO] [stderr]   -- Looking for sys/types.h - found
[INFO] [stderr]   -- Looking for stdint.h
[INFO] [stderr]   -- Looking for stdint.h - found
[INFO] [stderr]   -- Looking for stddef.h
[INFO] [stderr]   -- Looking for stddef.h - found
[INFO] [stderr]   -- Check size of ssize_t
[INFO] [stderr]   -- Check size of ssize_t - done
[INFO] [stderr]   -- Check size of size_t
[INFO] [stderr]   -- Check size of size_t - done
[INFO] [stderr]   -- Looking for pthread.h
[INFO] [stderr]   -- Looking for pthread.h - found
[INFO] [stderr]   -- Performing Test CMAKE_HAVE_LIBC_PTHREAD
[INFO] [stderr]   -- Performing Test CMAKE_HAVE_LIBC_PTHREAD - Success
[INFO] [stderr]   -- Found Threads: TRUE  
[INFO] [stderr]   -- Configuring done
[INFO] [stderr]   -- Generating done
[INFO] [stderr]   -- Build files have been written to: /opt/rustwide/target/debug/build/wabt-sys-77f333b3ac80fd82/out/build
[INFO] [stderr]   running: cd "/opt/rustwide/target/debug/build/wabt-sys-77f333b3ac80fd82/out/build" && MAKEFLAGS="-j --jobserver-fds=8,9 --jobserver-auth=8,9" "cmake" "--build" "." "--config" "Debug" "--"
[INFO] [stderr]   [  9%] Building CXX object CMakeFiles/wabt.dir/src/binary-reader.cc.o
[INFO] [stderr]   [  9%] Building CXX object CMakeFiles/wabt.dir/src/binary-reader-logging.cc.o
[INFO] [stderr]   [  9%] Building CXX object CMakeFiles/wabt.dir/src/binary.cc.o
[INFO] [stderr]   [  9%] Building CXX object CMakeFiles/wabt.dir/src/apply-names.cc.o
[INFO] [stderr]   [ 12%] Building CXX object CMakeFiles/wabt.dir/src/binary-writer.cc.o
[INFO] [stderr]   [ 14%] Building CXX object CMakeFiles/wabt.dir/src/binary-reader-ir.cc.o
[INFO] [stderr]   [ 17%] Building CXX object CMakeFiles/wabt.dir/src/binary-writer-spec.cc.o
[INFO] [stderr]   [ 19%] Building CXX object CMakeFiles/wabt.dir/src/binding-hash.cc.o
[INFO] [stderr]   [ 21%] Building CXX object CMakeFiles/wabt.dir/src/color.cc.o
[INFO] [stderr]   [ 24%] Building CXX object CMakeFiles/wabt.dir/src/common.cc.o
[INFO] [stderr]   [ 26%] Building CXX object CMakeFiles/wabt.dir/src/config.cc.o
[INFO] [stderr]   [ 29%] Building CXX object CMakeFiles/wabt.dir/src/error-formatter.cc.o
[INFO] [stderr]   [ 31%] Building CXX object CMakeFiles/wabt.dir/src/expr-visitor.cc.o
[INFO] [stderr]   [ 34%] Building CXX object CMakeFiles/wabt.dir/src/feature.cc.o
[INFO] [stderr]   [ 36%] Building CXX object CMakeFiles/wabt.dir/src/filenames.cc.o
[INFO] [stderr]   [ 39%] Building CXX object CMakeFiles/wabt.dir/src/generate-names.cc.o
[INFO] [stderr]   [ 41%] Building CXX object CMakeFiles/wabt.dir/src/leb128.cc.o
[INFO] [stderr]   [ 43%] Building CXX object CMakeFiles/wabt.dir/src/ir.cc.o
[INFO] [stderr]   [ 46%] Building CXX object CMakeFiles/wabt.dir/src/hash-util.cc.o
[INFO] [stderr]   [ 48%] Building CXX object CMakeFiles/wabt.dir/src/lexer-source.cc.o
[INFO] [stderr]   [ 51%] Building CXX object CMakeFiles/wabt.dir/src/lexer-source-line-finder.cc.o
[INFO] [stderr]   [ 53%] Building CXX object CMakeFiles/wabt.dir/src/literal.cc.o
[INFO] [stderr]   [ 56%] Building CXX object CMakeFiles/wabt.dir/src/opcode.cc.o
[INFO] [stderr]   [ 58%] Building C object CMakeFiles/wabt.dir/src/opcode-code-table.c.o
[INFO] [stderr]   [ 60%] Building CXX object CMakeFiles/wabt.dir/src/option-parser.cc.o
[INFO] [stderr]   [ 63%] Building CXX object CMakeFiles/wabt.dir/src/resolve-names.cc.o
[INFO] [stderr]   [ 65%] Building CXX object CMakeFiles/wabt.dir/src/stream.cc.o
[INFO] [stderr]   [ 68%] Building CXX object CMakeFiles/wabt.dir/src/token.cc.o
[INFO] [stderr]   [ 70%] Building CXX object CMakeFiles/wabt.dir/src/string-view.cc.o
[INFO] [stderr]   [ 73%] Building CXX object CMakeFiles/wabt.dir/src/tracing.cc.o
[INFO] [stderr]   [ 75%] Building CXX object CMakeFiles/wabt.dir/src/type-checker.cc.o
[INFO] [stderr]   [ 78%] Building CXX object CMakeFiles/wabt.dir/src/utf8.cc.o
[INFO] [stderr]   [ 80%] Building CXX object CMakeFiles/wabt.dir/src/validator.cc.o
[INFO] [stderr]   [ 82%] Building CXX object CMakeFiles/wabt.dir/src/wast-lexer.cc.o
[INFO] [stderr]   [ 85%] Building CXX object CMakeFiles/wabt.dir/src/wast-parser.cc.o
[INFO] [stderr]   [ 87%] Building CXX object CMakeFiles/wabt.dir/src/wat-writer.cc.o
[INFO] [stderr]   [ 90%] Building CXX object CMakeFiles/wabt.dir/src/interp/binary-reader-interp.cc.o
[INFO] [stderr]   [ 92%] Building CXX object CMakeFiles/wabt.dir/src/interp/interp.cc.o
[INFO] [stderr]   [ 95%] Building CXX object CMakeFiles/wabt.dir/src/interp/interp-disassemble.cc.o
[INFO] [stderr]   [ 97%] Building CXX object CMakeFiles/wabt.dir/src/interp/interp-trace.cc.o
[INFO] [stderr] 
[INFO] [stderr]   --- stderr
[INFO] [stderr]   CMake Deprecation Warning at CMakeLists.txt:17 (cmake_minimum_required):
[INFO] [stderr]     Compatibility with CMake < 2.8.12 will be removed from a future version of
[INFO] [stderr]     CMake.
[INFO] [stderr] 
[INFO] [stderr]     Update the VERSION argument <min> value or use a ...<max> suffix to tell
[INFO] [stderr]     CMake that the project does not need compatibility with older versions.
[INFO] [stderr] 
[INFO] [stderr] 
[INFO] [stderr]   c++: fatal error: Killed signal terminated program cc1plus
[INFO] [stderr]   compilation terminated.
[INFO] [stderr]   gmake[2]: *** [CMakeFiles/wabt.dir/build.make:118: CMakeFiles/wabt.dir/src/binary-reader-ir.cc.o] Error 1
[INFO] [stderr]   gmake[2]: *** Waiting for unfinished jobs....
[INFO] [stderr]   gmake[1]: *** [CMakeFiles/Makefile2:110: CMakeFiles/wabt.dir/all] Error 2
[INFO] [stderr]   gmake: *** [Makefile:91: all] Error 2
[INFO] [stderr]   thread 'main' panicked at /opt/rustwide/cargo-home/registry/src/index.crates.io-6f17d22bba15001f/cmake-0.1.42/src/lib.rs:861:5:
[INFO] [stderr] 
[INFO] [stderr]   command did not execute successfully, got: exit status: 2
[INFO] [stderr] 
[INFO] [stderr]   build script failed, must exit now
[INFO] [stderr]   stack backtrace:
[INFO] [stderr]      0:     0x62d7e8bf49ba - std::backtrace_rs::backtrace::libunwind::trace::h207520d6e9873551
[INFO] [stderr]                                  at /rustc/df4ca44d3fbc9301ee17f30f4d474e6ae4b05252/library/std/src/../../backtrace/src/backtrace/libunwind.rs:116:5
[INFO] [stderr]      1:     0x62d7e8bf49ba - std::backtrace_rs::backtrace::trace_unsynchronized::h2ed7433f370e3eca
[INFO] [stderr]                                  at /rustc/df4ca44d3fbc9301ee17f30f4d474e6ae4b05252/library/std/src/../../backtrace/src/backtrace/mod.rs:66:5
[INFO] [stderr]      2:     0x62d7e8bf49ba - std::sys::backtrace::_print_fmt::h916fac51166b18d7
[INFO] [stderr]                                  at /rustc/df4ca44d3fbc9301ee17f30f4d474e6ae4b05252/library/std/src/sys/backtrace.rs:66:9
[INFO] [stderr]      3:     0x62d7e8bf49ba - <std::sys::backtrace::BacktraceLock::print::DisplayBacktrace as core::fmt::Display>::fmt::ha0a4c9b8ce3802e6
[INFO] [stderr]                                  at /rustc/df4ca44d3fbc9301ee17f30f4d474e6ae4b05252/library/std/src/sys/backtrace.rs:39:26
[INFO] [stderr]      4:     0x62d7e8c18ba3 - core::fmt::rt::Argument::fmt::h4cfc8587d52b3eb5
[INFO] [stderr]                                  at /rustc/df4ca44d3fbc9301ee17f30f4d474e6ae4b05252/library/core/src/fmt/rt.rs:177:76
[INFO] [stderr]      5:     0x62d7e8c18ba3 - core::fmt::write::h522cc39e5b36ae9f
[INFO] [stderr]                                  at /rustc/df4ca44d3fbc9301ee17f30f4d474e6ae4b05252/library/core/src/fmt/mod.rs:1190:21
[INFO] [stderr]      6:     0x62d7e8bf0d33 - std::io::Write::write_fmt::hf1c1dcc8cc1287f0
[INFO] [stderr]                                  at /rustc/df4ca44d3fbc9301ee17f30f4d474e6ae4b05252/library/std/src/io/mod.rs:1839:15
[INFO] [stderr]      7:     0x62d7e8bf4802 - std::sys::backtrace::BacktraceLock::print::h4b9e00b29e9c0942
[INFO] [stderr]                                  at /rustc/df4ca44d3fbc9301ee17f30f4d474e6ae4b05252/library/std/src/sys/backtrace.rs:42:9
[INFO] [stderr]      8:     0x62d7e8bf59fc - std::panicking::default_hook::{{closure}}::hb59b88280d0324d9
[INFO] [stderr]                                  at /rustc/df4ca44d3fbc9301ee17f30f4d474e6ae4b05252/library/std/src/panicking.rs:268:22
[INFO] [stderr]      9:     0x62d7e8bf5842 - std::panicking::default_hook::he1dd496665be4a29
[INFO] [stderr]                                  at /rustc/df4ca44d3fbc9301ee17f30f4d474e6ae4b05252/library/std/src/panicking.rs:295:9
[INFO] [stderr]     10:     0x62d7e8bf6037 - std::panicking::rust_panic_with_hook::h2ff17fe8f26dfcf8
[INFO] [stderr]                                  at /rustc/df4ca44d3fbc9301ee17f30f4d474e6ae4b05252/library/std/src/panicking.rs:801:13
[INFO] [stderr]     11:     0x62d7e8bf5eca - std::panicking::begin_panic_handler::{{closure}}::h4fad77951c07e101
[INFO] [stderr]                                  at /rustc/df4ca44d3fbc9301ee17f30f4d474e6ae4b05252/library/std/src/panicking.rs:674:13
[INFO] [stderr]     12:     0x62d7e8bf4e99 - std::sys::backtrace::__rust_end_short_backtrace::hb1a25b3da5d0ea08
[INFO] [stderr]                                  at /rustc/df4ca44d3fbc9301ee17f30f4d474e6ae4b05252/library/std/src/sys/backtrace.rs:170:18
[INFO] [stderr]     13:     0x62d7e8bf5b5c - rust_begin_unwind
[INFO] [stderr]                                  at /rustc/df4ca44d3fbc9301ee17f30f4d474e6ae4b05252/library/std/src/panicking.rs:665:5
[INFO] [stderr]     14:     0x62d7e8c179f0 - core::panicking::panic_fmt::ha9db07b529f9b256
[INFO] [stderr]                                  at /rustc/df4ca44d3fbc9301ee17f30f4d474e6ae4b05252/library/core/src/panicking.rs:75:14
[INFO] [stderr]     15:     0x62d7e8b887e2 - cmake::fail::hbe2dc565783f243f
[INFO] [stderr]     16:     0x62d7e8b87f19 - cmake::run::h3f93a69e553801d9
[INFO] [stderr]     17:     0x62d7e8b853be - cmake::Config::build::h3c19d437e9ef93ef
[INFO] [stderr]     18:     0x62d7e8b7f17f - build_script_build::main::hf2d25839a64cc9fd
[INFO] [stderr]     19:     0x62d7e8b7e283 - core::ops::function::FnOnce::call_once::h1905af8d78c59560
[INFO] [stderr]     20:     0x62d7e8b7e1a6 - std::sys::backtrace::__rust_begin_short_backtrace::h7f36eeb5bb4b6499
[INFO] [stderr]     21:     0x62d7e8b7e109 - std::rt::lang_start::{{closure}}::hd656d2946779647b
[INFO] [stderr]     22:     0x62d7e8becbb7 - core::ops::function::impls::<impl core::ops::function::FnOnce<A> for &F>::call_once::hd87d66b906e0ccaf
[INFO] [stderr]                                  at /rustc/df4ca44d3fbc9301ee17f30f4d474e6ae4b05252/library/core/src/ops/function.rs:284:13
[INFO] [stderr]     23:     0x62d7e8becbb7 - std::panicking::try::do_call::hae3703de71fc9e3a
[INFO] [stderr]                                  at /rustc/df4ca44d3fbc9301ee17f30f4d474e6ae4b05252/library/std/src/panicking.rs:557:40
[INFO] [stderr]     24:     0x62d7e8becbb7 - std::panicking::try::h1178330e9a2b2645
[INFO] [stderr]                                  at /rustc/df4ca44d3fbc9301ee17f30f4d474e6ae4b05252/library/std/src/panicking.rs:520:19
[INFO] [stderr]     25:     0x62d7e8becbb7 - std::panic::catch_unwind::h0acf49d2305d32ad
[INFO] [stderr]                                  at /rustc/df4ca44d3fbc9301ee17f30f4d474e6ae4b05252/library/std/src/panic.rs:358:14
[INFO] [stderr]     26:     0x62d7e8becbb7 - std::rt::lang_start_internal::{{closure}}::h2d95182d798177be
[INFO] [stderr]                                  at /rustc/df4ca44d3fbc9301ee17f30f4d474e6ae4b05252/library/std/src/rt.rs:174:48
[INFO] [stderr]     27:     0x62d7e8becbb7 - std::panicking::try::do_call::hb506f5bfe11fd30c
[INFO] [stderr]                                  at /rustc/df4ca44d3fbc9301ee17f30f4d474e6ae4b05252/library/std/src/panicking.rs:557:40
[INFO] [stderr]     28:     0x62d7e8becbb7 - std::panicking::try::h54d825c46bd0fa95
[INFO] [stderr]                                  at /rustc/df4ca44d3fbc9301ee17f30f4d474e6ae4b05252/library/std/src/panicking.rs:520:19
[INFO] [stderr]     29:     0x62d7e8becbb7 - std::panic::catch_unwind::hffbb0ad20c4e9fac
[INFO] [stderr]                                  at /rustc/df4ca44d3fbc9301ee17f30f4d474e6ae4b05252/library/std/src/panic.rs:358:14
[INFO] [stderr]     30:     0x62d7e8becbb7 - std::rt::lang_start_internal::h52c291ef1962c925
[INFO] [stderr]                                  at /rustc/df4ca44d3fbc9301ee17f30f4d474e6ae4b05252/library/std/src/rt.rs:174:20
[INFO] [stderr]     31:     0x62d7e8b7e0e7 - std::rt::lang_start::hde2ab755058b49a3
[INFO] [stderr]     32:     0x62d7e8b7f9b5 - main
[INFO] [stderr]     33:     0x73b886b83d90 - <unknown>
[INFO] [stderr]     34:     0x73b886b83e40 - __libc_start_main
[INFO] [stderr]     35:     0x62d7e8b7dce5 - _start
[INFO] [stderr]     36:                0x0 - <unknown>
[INFO] [stderr] warning: build failed, waiting for other jobs to finish...
[INFO] [stdout] error[E0271]: expected `IterMut<'_, FrameLayoutChange>` to be an iterator that yields `&_`, but it yields `&mut FrameLayoutChange`
[INFO] [stdout]    --> /opt/rustwide/cargo-home/registry/src/index.crates.io-6f17d22bba15001f/cranelift-codegen-0.51.0/src/isa/x86/abi.rs:942:22
[INFO] [stdout]     |
[INFO] [stdout] 942 |                     .cloned()
[INFO] [stdout]     |                      ^^^^^^ types differ in mutability
[INFO] [stdout]     |
[INFO] [stdout]     = note:      expected reference `&_`
[INFO] [stdout]             found mutable reference `&mut FrameLayoutChange`
[INFO] [stdout] note: the method call chain might not have had the expected associated types
[INFO] [stdout]    --> /opt/rustwide/cargo-home/registry/src/index.crates.io-6f17d22bba15001f/cranelift-codegen-0.51.0/src/isa/x86/abi.rs:941:22
[INFO] [stdout]     |
[INFO] [stdout] 940 |                 *insts = insts
[INFO] [stdout]     |                          ----- this expression has type `&mut Box<[FrameLayoutChange]>`
[INFO] [stdout] 941 |                     .into_iter()
[INFO] [stdout]     |                      ^^^^^^^^^^^ `Iterator::Item` is `&mut FrameLayoutChange` here
[INFO] [stdout] note: required by a bound in `cloned`
[INFO] [stdout]    --> /rustc/df4ca44d3fbc9301ee17f30f4d474e6ae4b05252/library/core/src/iter/traits/iterator.rs:3466:5
[INFO] [stdout] 
[INFO] [stdout] 
[INFO] [stdout] error[E0599]: the method `chain` exists for struct `Cloned<IterMut<'_, FrameLayoutChange>>`, but its trait bounds were not satisfied
[INFO] [stdout]    --> /opt/rustwide/cargo-home/registry/src/index.crates.io-6f17d22bba15001f/cranelift-codegen-0.51.0/src/isa/x86/abi.rs:943:22
[INFO] [stdout]     |
[INFO] [stdout] 940 |                   *insts = insts
[INFO] [stdout]     |  __________________________-
[INFO] [stdout] 941 | |                     .into_iter()
[INFO] [stdout] 942 | |                     .cloned()
[INFO] [stdout] 943 | |                     .chain(std::iter::once(new_cfa))
[INFO] [stdout]     | |                     -^^^^^ method cannot be called on `Cloned<IterMut<'_, FrameLayoutChange>>` due to unsatisfied trait bounds
[INFO] [stdout]     | |_____________________|
[INFO] [stdout]     |
[INFO] [stdout]     |
[INFO] [stdout]     = note: the following trait bounds were not satisfied:
[INFO] [stdout]             `<core::slice::IterMut<'_, FrameLayoutChange> as Iterator>::Item = &_`
[INFO] [stdout]             which is required by `Cloned<core::slice::IterMut<'_, FrameLayoutChange>>: Iterator`
[INFO] [stdout]             `Cloned<core::slice::IterMut<'_, FrameLayoutChange>>: Iterator`
[INFO] [stdout]             which is required by `&mut Cloned<core::slice::IterMut<'_, FrameLayoutChange>>: Iterator`
[INFO] [stdout] 
[INFO] [stdout] 
[INFO] [stdout] Some errors have detailed explanations: E0271, E0599.
[INFO] [stdout] 
[INFO] [stdout] For more information about an error, try `rustc --explain E0271`.
[INFO] [stdout] 
[INFO] [stderr] error: could not compile `cranelift-codegen` (lib) due to 2 previous errors
[INFO] running `Command { std: "docker" "inspect" "a34f07811973a4fd3ab378fefde329d775d6065aa0f71845b50cc4273791a370", kill_on_drop: false }`
[INFO] running `Command { std: "docker" "rm" "-f" "a34f07811973a4fd3ab378fefde329d775d6065aa0f71845b50cc4273791a370", kill_on_drop: false }`
[INFO] [stdout] a34f07811973a4fd3ab378fefde329d775d6065aa0f71845b50cc4273791a370
