[INFO] fetching crate lsm_engine 0.1.9...
[INFO] testing lsm_engine-0.1.9 against nightly-2024-10-28+rustflags=-Zrandomize-layout for randomize-layout
[INFO] extracting crate lsm_engine 0.1.9 into /workspace/builds/worker-0-tc2/source
[INFO] validating manifest of crates.io crate lsm_engine 0.1.9 on toolchain nightly-2024-10-28
[INFO] running `Command { std: CARGO_HOME="/workspace/cargo-home" RUSTUP_HOME="/workspace/rustup-home" "/workspace/cargo-home/bin/cargo" "+nightly-2024-10-28" "metadata" "--manifest-path" "Cargo.toml" "--no-deps", kill_on_drop: false }`
[INFO] started tweaking crates.io crate lsm_engine 0.1.9
[INFO] finished tweaking crates.io crate lsm_engine 0.1.9
[INFO] tweaked toml for crates.io crate lsm_engine 0.1.9 written to /workspace/builds/worker-0-tc2/source/Cargo.toml
[INFO] running `Command { std: CARGO_HOME="/workspace/cargo-home" RUSTUP_HOME="/workspace/rustup-home" "/workspace/cargo-home/bin/cargo" "+nightly-2024-10-28" "generate-lockfile" "--manifest-path" "Cargo.toml", kill_on_drop: false }`
[INFO] [stderr]     Blocking waiting for file lock on package cache
[INFO] [stderr]     Updating crates.io index
[INFO] [stderr]      Locking 45 packages to latest compatible versions
[INFO] [stderr]       Adding binary-heap-plus v0.2.0 (available: v0.5.0)
[INFO] [stderr]       Adding rand v0.7.3 (available: v0.8.5)
[INFO] running `Command { std: CARGO_HOME="/workspace/cargo-home" RUSTUP_HOME="/workspace/rustup-home" "/workspace/cargo-home/bin/cargo" "+nightly-2024-10-28" "fetch" "--manifest-path" "Cargo.toml", kill_on_drop: false }`
[INFO] running `Command { std: "docker" "create" "-v" "/var/lib/crater-agent-workspace/builds/worker-0-tc2/target:/opt/rustwide/target:rw,Z" "-v" "/var/lib/crater-agent-workspace/builds/worker-0-tc2/source:/opt/rustwide/workdir:ro,Z" "-v" "/var/lib/crater-agent-workspace/cargo-home:/opt/rustwide/cargo-home:ro,Z" "-v" "/var/lib/crater-agent-workspace/rustup-home:/opt/rustwide/rustup-home:ro,Z" "-e" "SOURCE_DIR=/opt/rustwide/workdir" "-e" "CARGO_TARGET_DIR=/opt/rustwide/target" "-e" "CARGO_HOME=/opt/rustwide/cargo-home" "-e" "RUSTUP_HOME=/opt/rustwide/rustup-home" "-w" "/opt/rustwide/workdir" "-m" "1610612736" "--user" "0:0" "--network" "none" "ghcr.io/rust-lang/crates-build-env/linux@sha256:4a844ea9eb2546a2d2c7022eacef16ef2e8229c7fbb2c7d4d55a9ceca922f72d" "/opt/rustwide/cargo-home/bin/cargo" "+nightly-2024-10-28" "metadata" "--no-deps" "--format-version=1", kill_on_drop: false }`
[INFO] [stdout] c33a752a269c012be1899cf4f41800afa4ae8d28b7c3805002f7fb138307df9a
[INFO] running `Command { std: "docker" "start" "-a" "c33a752a269c012be1899cf4f41800afa4ae8d28b7c3805002f7fb138307df9a", kill_on_drop: false }`
[INFO] running `Command { std: "docker" "inspect" "c33a752a269c012be1899cf4f41800afa4ae8d28b7c3805002f7fb138307df9a", kill_on_drop: false }`
[INFO] running `Command { std: "docker" "rm" "-f" "c33a752a269c012be1899cf4f41800afa4ae8d28b7c3805002f7fb138307df9a", kill_on_drop: false }`
[INFO] [stdout] c33a752a269c012be1899cf4f41800afa4ae8d28b7c3805002f7fb138307df9a
[INFO] running `Command { std: "docker" "create" "-v" "/var/lib/crater-agent-workspace/builds/worker-0-tc2/target:/opt/rustwide/target:rw,Z" "-v" "/var/lib/crater-agent-workspace/builds/worker-0-tc2/source:/opt/rustwide/workdir:ro,Z" "-v" "/var/lib/crater-agent-workspace/cargo-home:/opt/rustwide/cargo-home:ro,Z" "-v" "/var/lib/crater-agent-workspace/rustup-home:/opt/rustwide/rustup-home:ro,Z" "-e" "SOURCE_DIR=/opt/rustwide/workdir" "-e" "CARGO_TARGET_DIR=/opt/rustwide/target" "-e" "CARGO_INCREMENTAL=0" "-e" "RUST_BACKTRACE=full" "-e" "RUSTFLAGS=--cap-lints=forbid -Zrandomize-layout" "-e" "RUSTDOCFLAGS=--cap-lints=forbid" "-e" "CARGO_HOME=/opt/rustwide/cargo-home" "-e" "RUSTUP_HOME=/opt/rustwide/rustup-home" "-w" "/opt/rustwide/workdir" "-m" "1610612736" "--user" "0:0" "--network" "none" "ghcr.io/rust-lang/crates-build-env/linux@sha256:4a844ea9eb2546a2d2c7022eacef16ef2e8229c7fbb2c7d4d55a9ceca922f72d" "/opt/rustwide/cargo-home/bin/cargo" "+nightly-2024-10-28" "build" "--frozen" "--message-format=json", kill_on_drop: false }`
[INFO] [stdout] 8b2d97a42b7f857680d80314c67d8017460829212c52d0791b66f167919ea04e
[INFO] running `Command { std: "docker" "start" "-a" "8b2d97a42b7f857680d80314c67d8017460829212c52d0791b66f167919ea04e", kill_on_drop: false }`
[INFO] [stderr]    Compiling libc v0.2.161
[INFO] [stderr]    Compiling rustix v0.38.38
[INFO] [stderr]    Compiling bitflags v2.6.0
[INFO] [stderr]    Compiling linux-raw-sys v0.4.14
[INFO] [stderr]    Compiling once_cell v1.20.2
[INFO] [stderr]    Compiling fastrand v2.1.1
[INFO] [stderr]    Compiling getrandom v0.1.16
[INFO] [stderr]    Compiling compare v0.1.0
[INFO] [stderr]    Compiling zerocopy-derive v0.7.35
[INFO] [stderr]    Compiling serde_derive v1.0.214
[INFO] [stderr]    Compiling binary-heap-plus v0.2.0
[INFO] [stderr]    Compiling rand_core v0.5.1
[INFO] [stderr]    Compiling tempfile v3.13.0
[INFO] [stderr]    Compiling zerocopy v0.7.35
[INFO] [stderr]    Compiling serde v1.0.214
[INFO] [stderr]    Compiling ppv-lite86 v0.2.20
[INFO] [stderr]    Compiling rand_chacha v0.2.2
[INFO] [stderr]    Compiling rand v0.7.3
[INFO] [stderr]    Compiling serde_json v1.0.132
[INFO] [stderr]    Compiling lsm_engine v0.1.9 (/opt/rustwide/workdir)
[INFO] [stdout] error[E0432]: unresolved import `serde::export`
[INFO] [stdout]  --> src/kv.rs:5:12
[INFO] [stdout]   |
[INFO] [stdout] 5 | use serde::export::TryFrom;
[INFO] [stdout]   |            ^^^^^^ could not find `export` in `serde`
[INFO] [stdout] 
[INFO] [stdout] 
[INFO] [stdout] warning: `#[macro_use]` only has an effect on `extern crate` and modules
[INFO] [stdout]   --> src/sst.rs:11:1
[INFO] [stdout]    |
[INFO] [stdout] 11 | #[macro_use]
[INFO] [stdout]    | ^^^^^^^^^^^^
[INFO] [stdout]    |
[INFO] [stdout]    = note: `#[warn(unused_attributes)]` on by default
[INFO] [stdout] 
[INFO] [stdout] 
[INFO] [stdout] warning: `#[macro_use]` only has an effect on `extern crate` and modules
[INFO] [stdout]  --> src/kv.rs:2:1
[INFO] [stdout]   |
[INFO] [stdout] 2 | #[macro_use]
[INFO] [stdout]   | ^^^^^^^^^^^^
[INFO] [stdout] 
[INFO] [stdout] 
[INFO] [stdout] error[E0277]: the trait bound `KVPair: TryFrom<std::string::String>` is not satisfied
[INFO] [stdout]    --> src/sst.rs:277:13
[INFO] [stdout]     |
[INFO] [stdout] 277 |             KVPair::try_from(string.expect("the segment file should not be tampered with"))
[INFO] [stdout]     |             ^^^^^^ the trait `From<std::string::String>` is not implemented for `KVPair`, which is required by `KVPair: TryFrom<_>`
[INFO] [stdout]     |
[INFO] [stdout]     = note: required for `std::string::String` to implement `Into<KVPair>`
[INFO] [stdout]     = note: required for `KVPair` to implement `TryFrom<std::string::String>`
[INFO] [stdout] 
[INFO] [stdout] 
[INFO] [stdout] error[E0277]: the trait bound `KVPair: From<std::string::String>` is not satisfied
[INFO] [stdout]    --> src/sst.rs:277:13
[INFO] [stdout]     |
[INFO] [stdout] 277 |             KVPair::try_from(string.expect("the segment file should not be tampered with"))
[INFO] [stdout]     |             ^^^^^^^^^^^^^^^^^^^^^^^^^^^^^^^^^^^^^^^^^^^^^^^^^^^^^^^^^^^^^^^^^^^^^^^^^^^^^^^ the trait `From<std::string::String>` is not implemented for `KVPair`, which is required by `KVPair: TryFrom<std::string::String>`
[INFO] [stdout]     |
[INFO] [stdout]     = note: required for `std::string::String` to implement `Into<KVPair>`
[INFO] [stdout]     = note: required for `KVPair` to implement `TryFrom<std::string::String>`
[INFO] [stdout] 
[INFO] [stdout] 
[INFO] [stdout] Some errors have detailed explanations: E0277, E0432.
[INFO] [stdout] 
[INFO] [stdout] For more information about an error, try `rustc --explain E0277`.
[INFO] [stdout] 
[INFO] [stderr] error: could not compile `lsm_engine` (lib) due to 3 previous errors; 2 warnings emitted
[INFO] running `Command { std: "docker" "inspect" "8b2d97a42b7f857680d80314c67d8017460829212c52d0791b66f167919ea04e", kill_on_drop: false }`
[INFO] running `Command { std: "docker" "rm" "-f" "8b2d97a42b7f857680d80314c67d8017460829212c52d0791b66f167919ea04e", kill_on_drop: false }`
[INFO] [stdout] 8b2d97a42b7f857680d80314c67d8017460829212c52d0791b66f167919ea04e
