[INFO] fetching crate lpc55-hal 0.4.0...
[INFO] testing lpc55-hal-0.4.0 against nightly-2024-10-28 for randomize-layout
[INFO] extracting crate lpc55-hal 0.4.0 into /workspace/builds/worker-5-tc1/source
[INFO] validating manifest of crates.io crate lpc55-hal 0.4.0 on toolchain nightly-2024-10-28
[INFO] running `Command { std: CARGO_HOME="/workspace/cargo-home" RUSTUP_HOME="/workspace/rustup-home" "/workspace/cargo-home/bin/cargo" "+nightly-2024-10-28" "metadata" "--manifest-path" "Cargo.toml" "--no-deps", kill_on_drop: false }`
[INFO] removed /workspace/builds/worker-5-tc1/source/.cargo/config
[INFO] started tweaking crates.io crate lpc55-hal 0.4.0
[INFO] removed 0 missing examples
[INFO] finished tweaking crates.io crate lpc55-hal 0.4.0
[INFO] tweaked toml for crates.io crate lpc55-hal 0.4.0 written to /workspace/builds/worker-5-tc1/source/Cargo.toml
[INFO] crate crates.io crate lpc55-hal 0.4.0 already has a lockfile, it will not be regenerated
[INFO] running `Command { std: CARGO_HOME="/workspace/cargo-home" RUSTUP_HOME="/workspace/rustup-home" "/workspace/cargo-home/bin/cargo" "+nightly-2024-10-28" "fetch" "--manifest-path" "Cargo.toml", kill_on_drop: false }`
[INFO] [stderr]     Updating crates.io index
[INFO] [stderr]  Downloading crates ...
[INFO] [stderr]   Downloaded panic-semihosting v0.5.6
[INFO] [stderr]   Downloaded rtt-target v0.3.1
[INFO] [stderr]   Downloaded rtic-core v0.3.1
[INFO] [stderr]   Downloaded usb-device v0.2.9
[INFO] [stderr]   Downloaded littlefs2-core v0.1.0
[INFO] [stderr]   Downloaded rtic-syntax v0.4.0
[INFO] [stderr]   Downloaded littlefs2 v0.5.0
[INFO] [stderr]   Downloaded heapless v0.6.1
[INFO] [stderr]   Downloaded littlefs2-sys v0.2.0
[INFO] [stderr]   Downloaded embedded-graphics v0.6.2
[INFO] [stderr]   Downloaded lpc55-rtic v0.5.7
[INFO] [stderr]   Downloaded cortex-m-semihosting v0.3.7
[INFO] [stderr]   Downloaded usbd-serial v0.1.1
[INFO] [stderr]   Downloaded lpc55-pac v0.4.1
[INFO] [stderr]   Downloaded lpc55-rtic-macros v0.5.3
[INFO] [stderr]   Downloaded ssd1306 v0.3.1
[INFO] running `Command { std: "docker" "create" "-v" "/var/lib/crater-agent-workspace/builds/worker-5-tc1/target:/opt/rustwide/target:rw,Z" "-v" "/var/lib/crater-agent-workspace/builds/worker-5-tc1/source:/opt/rustwide/workdir:ro,Z" "-v" "/var/lib/crater-agent-workspace/cargo-home:/opt/rustwide/cargo-home:ro,Z" "-v" "/var/lib/crater-agent-workspace/rustup-home:/opt/rustwide/rustup-home:ro,Z" "-e" "SOURCE_DIR=/opt/rustwide/workdir" "-e" "CARGO_TARGET_DIR=/opt/rustwide/target" "-e" "CARGO_HOME=/opt/rustwide/cargo-home" "-e" "RUSTUP_HOME=/opt/rustwide/rustup-home" "-w" "/opt/rustwide/workdir" "-m" "1610612736" "--user" "0:0" "--network" "none" "ghcr.io/rust-lang/crates-build-env/linux@sha256:4a844ea9eb2546a2d2c7022eacef16ef2e8229c7fbb2c7d4d55a9ceca922f72d" "/opt/rustwide/cargo-home/bin/cargo" "+nightly-2024-10-28" "metadata" "--no-deps" "--format-version=1", kill_on_drop: false }`
[INFO] [stdout] a9bbbaa449951f60094cf7dd573d95e84319198d37164310d7619418110d9764
[INFO] running `Command { std: "docker" "start" "-a" "a9bbbaa449951f60094cf7dd573d95e84319198d37164310d7619418110d9764", kill_on_drop: false }`
[INFO] running `Command { std: "docker" "inspect" "a9bbbaa449951f60094cf7dd573d95e84319198d37164310d7619418110d9764", kill_on_drop: false }`
[INFO] running `Command { std: "docker" "rm" "-f" "a9bbbaa449951f60094cf7dd573d95e84319198d37164310d7619418110d9764", kill_on_drop: false }`
[INFO] [stdout] a9bbbaa449951f60094cf7dd573d95e84319198d37164310d7619418110d9764
[INFO] running `Command { std: "docker" "create" "-v" "/var/lib/crater-agent-workspace/builds/worker-5-tc1/target:/opt/rustwide/target:rw,Z" "-v" "/var/lib/crater-agent-workspace/builds/worker-5-tc1/source:/opt/rustwide/workdir:ro,Z" "-v" "/var/lib/crater-agent-workspace/cargo-home:/opt/rustwide/cargo-home:ro,Z" "-v" "/var/lib/crater-agent-workspace/rustup-home:/opt/rustwide/rustup-home:ro,Z" "-e" "SOURCE_DIR=/opt/rustwide/workdir" "-e" "CARGO_TARGET_DIR=/opt/rustwide/target" "-e" "CARGO_INCREMENTAL=0" "-e" "RUST_BACKTRACE=full" "-e" "RUSTFLAGS=--cap-lints=forbid" "-e" "RUSTDOCFLAGS=--cap-lints=forbid" "-e" "CARGO_HOME=/opt/rustwide/cargo-home" "-e" "RUSTUP_HOME=/opt/rustwide/rustup-home" "-w" "/opt/rustwide/workdir" "-m" "1610612736" "--user" "0:0" "--network" "none" "ghcr.io/rust-lang/crates-build-env/linux@sha256:4a844ea9eb2546a2d2c7022eacef16ef2e8229c7fbb2c7d4d55a9ceca922f72d" "/opt/rustwide/cargo-home/bin/cargo" "+nightly-2024-10-28" "build" "--frozen" "--message-format=json", kill_on_drop: false }`
[INFO] [stdout] c08acd1d8dff9fc155c44c4f5c7bc3780384d058f1785150fc9f8650f7a4a2d2
[INFO] running `Command { std: "docker" "start" "-a" "c08acd1d8dff9fc155c44c4f5c7bc3780384d058f1785150fc9f8650f7a4a2d2", kill_on_drop: false }`
[INFO] [stderr]    Compiling autocfg v1.1.0
[INFO] [stderr]    Compiling proc-macro2 v1.0.70
[INFO] [stderr]    Compiling cortex-m v0.7.7
[INFO] [stderr]    Compiling syn v1.0.109
[INFO] [stderr]    Compiling nb v1.1.0
[INFO] [stderr]    Compiling cortex-m-rt v0.6.15
[INFO] [stderr]    Compiling vcell v0.1.3
[INFO] [stderr]    Compiling lpc55-pac v0.4.1
[INFO] [stderr]    Compiling r0 v0.2.2
[INFO] [stderr]    Compiling bitfield v0.13.2
[INFO] [stderr]    Compiling lpc55-hal v0.4.0 (/opt/rustwide/workdir)
[INFO] [stderr]    Compiling generic-array v0.14.7
[INFO] [stderr]    Compiling usb-device v0.2.9
[INFO] [stderr]    Compiling rand_core v0.6.4
[INFO] [stderr]    Compiling bare-metal v0.2.5
[INFO] [stderr]    Compiling volatile-register v0.2.2
[INFO] [stderr]    Compiling nb v0.1.3
[INFO] [stderr]    Compiling embedded-hal v0.2.7
[INFO] [stderr]    Compiling block-buffer v0.9.0
[INFO] [stderr]    Compiling digest v0.9.0
[INFO] [stderr]    Compiling cipher v0.3.0
[INFO] [stderr]    Compiling num-traits v0.2.17
[INFO] [stderr]    Compiling num-integer v0.1.45
[INFO] [stderr]    Compiling num-iter v0.1.43
[INFO] [stderr]    Compiling num-rational v0.3.2
[INFO] [stderr]    Compiling quote v1.0.33
[INFO] [stderr]    Compiling num-complex v0.3.1
[INFO] [stderr]    Compiling num v0.3.1
[INFO] [stderr]    Compiling embedded-time v0.12.1
[INFO] [stderr]    Compiling cortex-m-rt-macros v0.6.15
[INFO] [stdout] warning: unexpected `cfg` condition value: `nosync`
[INFO] [stdout]  --> src/drivers/usbd/endpoint.rs:3:11
[INFO] [stdout]   |
[INFO] [stdout] 3 | #[cfg(not(feature = "nosync"))]
[INFO] [stdout]   |           ^^^^^^^^^^^^^^^^^^
[INFO] [stdout]   |
[INFO] [stdout]   = note: expected values for `feature` are: `default`, `highspeed-usb-example`, `littlefs`, `littlefs2`, `lpc55-rtic`, `rt`, and `rtic-peripherals`
[INFO] [stdout]   = help: consider adding `nosync` as a feature in `Cargo.toml`
[INFO] [stdout]   = note: see <https://doc.rust-lang.org/nightly/rustc/check-cfg/cargo-specifics.html> for more information about checking conditional configuration
[INFO] [stdout]   = note: `#[warn(unexpected_cfgs)]` on by default
[INFO] [stdout] 
[INFO] [stdout] 
[INFO] [stdout] warning: use of deprecated associated function `cortex_m::peripheral::dwt::<impl raw::DWT>::get_cycle_count`: Use `cycle_count` which follows the C-GETTER convention
[INFO] [stdout]    --> src/lib.rs:459:15
[INFO] [stdout]     |
[INFO] [stdout] 459 |     raw::DWT::get_cycle_count()
[INFO] [stdout]     |               ^^^^^^^^^^^^^^^
[INFO] [stdout]     |
[INFO] [stdout]     = note: `#[warn(deprecated)]` on by default
[INFO] [stdout] 
[INFO] [stdout] 
[INFO] [stdout] warning: multiple fields are never read
[INFO] [stdout]   --> src/peripherals/dma.rs:19:5
[INFO] [stdout]    |
[INFO] [stdout] 17 | struct Align512(
[INFO] [stdout]    |        -------- fields in this struct
[INFO] [stdout] 18 |     Descriptor,
[INFO] [stdout] 19 |     Descriptor,
[INFO] [stdout]    |     ^^^^^^^^^^
[INFO] [stdout] 20 |     Descriptor,
[INFO] [stdout]    |     ^^^^^^^^^^
[INFO] [stdout] 21 |     Descriptor,
[INFO] [stdout]    |     ^^^^^^^^^^
[INFO] [stdout] 22 |     Descriptor,
[INFO] [stdout]    |     ^^^^^^^^^^
[INFO] [stdout] 23 |     Descriptor,
[INFO] [stdout]    |     ^^^^^^^^^^
[INFO] [stdout] 24 |     Descriptor,
[INFO] [stdout]    |     ^^^^^^^^^^
[INFO] [stdout] 25 |     Descriptor,
[INFO] [stdout]    |     ^^^^^^^^^^
[INFO] [stdout] 26 |     Descriptor,
[INFO] [stdout]    |     ^^^^^^^^^^
[INFO] [stdout] 27 |     Descriptor,
[INFO] [stdout]    |     ^^^^^^^^^^
[INFO] [stdout] 28 |     Descriptor,
[INFO] [stdout]    |     ^^^^^^^^^^
[INFO] [stdout] 29 |     Descriptor,
[INFO] [stdout]    |     ^^^^^^^^^^
[INFO] [stdout] 30 |     Descriptor,
[INFO] [stdout]    |     ^^^^^^^^^^
[INFO] [stdout] 31 |     Descriptor,
[INFO] [stdout]    |     ^^^^^^^^^^
[INFO] [stdout] 32 |     Descriptor,
[INFO] [stdout]    |     ^^^^^^^^^^
[INFO] [stdout] 33 |     Descriptor,
[INFO] [stdout]    |     ^^^^^^^^^^
[INFO] [stdout] 34 |     Descriptor,
[INFO] [stdout]    |     ^^^^^^^^^^
[INFO] [stdout] 35 |     Descriptor,
[INFO] [stdout]    |     ^^^^^^^^^^
[INFO] [stdout] 36 |     Descriptor,
[INFO] [stdout]    |     ^^^^^^^^^^
[INFO] [stdout] 37 |     Descriptor,
[INFO] [stdout]    |     ^^^^^^^^^^
[INFO] [stdout] 38 |     Descriptor,
[INFO] [stdout]    |     ^^^^^^^^^^
[INFO] [stdout] ...
[INFO] [stdout] 42 |     Descriptor,
[INFO] [stdout]    |     ^^^^^^^^^^
[INFO] [stdout] 43 |     Descriptor,
[INFO] [stdout]    |     ^^^^^^^^^^
[INFO] [stdout] 44 |     Descriptor,
[INFO] [stdout]    |     ^^^^^^^^^^
[INFO] [stdout] 45 |     Descriptor,
[INFO] [stdout]    |     ^^^^^^^^^^
[INFO] [stdout] 46 |     Descriptor,
[INFO] [stdout]    |     ^^^^^^^^^^
[INFO] [stdout] 47 |     Descriptor,
[INFO] [stdout]    |     ^^^^^^^^^^
[INFO] [stdout] 48 |     Descriptor,
[INFO] [stdout]    |     ^^^^^^^^^^
[INFO] [stdout] 49 |     Descriptor,
[INFO] [stdout]    |     ^^^^^^^^^^
[INFO] [stdout]    |
[INFO] [stdout]    = note: `#[warn(dead_code)]` on by default
[INFO] [stdout] help: consider changing the fields to be of unit type to suppress this warning while preserving the field numbering, or remove the fields
[INFO] [stdout]    |
[INFO] [stdout] 19 ~     (),
[INFO] [stdout] 20 ~     (),
[INFO] [stdout] 21 ~     (),
[INFO] [stdout] 22 ~     (),
[INFO] [stdout] 23 ~     (),
[INFO] [stdout] 24 ~     (),
[INFO] [stdout] 25 ~     (),
[INFO] [stdout] 26 ~     (),
[INFO] [stdout] 27 ~     (),
[INFO] [stdout] 28 ~     (),
[INFO] [stdout] 29 ~     (),
[INFO] [stdout] 30 ~     (),
[INFO] [stdout] 31 ~     (),
[INFO] [stdout] 32 ~     (),
[INFO] [stdout] 33 ~     (),
[INFO] [stdout] 34 ~     (),
[INFO] [stdout] 35 ~     (),
[INFO] [stdout] 36 ~     (),
[INFO] [stdout] 37 ~     (),
[INFO] [stdout] 38 ~     (),
[INFO] [stdout] 39 |     Descriptor,
[INFO] [stdout] 40 |     Descriptor,
[INFO] [stdout] 41 |     Descriptor,
[INFO] [stdout] 42 ~     (),
[INFO] [stdout] 43 ~     (),
[INFO] [stdout] 44 ~     (),
[INFO] [stdout] 45 ~     (),
[INFO] [stdout] 46 ~     (),
[INFO] [stdout] 47 ~     (),
[INFO] [stdout] 48 ~     (),
[INFO] [stdout] 49 ~     (),
[INFO] [stdout]    |
[INFO] [stdout] 
[INFO] [stdout] 
[INFO] [stdout] warning: trait `PufStates` is never used
[INFO] [stdout]   --> src/peripherals/puf.rs:11:7
[INFO] [stdout]    |
[INFO] [stdout] 11 | trait PufStates {}
[INFO] [stdout]    |       ^^^^^^^^^
[INFO] [stdout] 
[INFO] [stdout] 
[INFO] [stdout] warning: fields `id`, `maj_rev`, `min_rev`, and `aperture` are never read
[INFO] [stdout]   --> src/peripherals/rng.rs:14:5
[INFO] [stdout]    |
[INFO] [stdout] 13 | pub struct ModuleId {
[INFO] [stdout]    |            -------- fields in this struct
[INFO] [stdout] 14 |     id: u16,
[INFO] [stdout]    |     ^^
[INFO] [stdout] 15 |     maj_rev: u8,
[INFO] [stdout]    |     ^^^^^^^
[INFO] [stdout] 16 |     min_rev: u8,
[INFO] [stdout]    |     ^^^^^^^
[INFO] [stdout] 17 |     aperture: u8,
[INFO] [stdout]    |     ^^^^^^^^
[INFO] [stdout]    |
[INFO] [stdout]    = note: `ModuleId` has a derived impl for the trait `Debug`, but this is intentionally ignored during dead code analysis
[INFO] [stdout] 
[INFO] [stdout] 
[INFO] [stdout] warning: fields `maj_rev`, `min_rev`, `err_code`, and `frame_nr` are never read
[INFO] [stdout]    --> src/peripherals/usbfs.rs:114:5
[INFO] [stdout]     |
[INFO] [stdout] 113 | pub struct UsbFsDevInfo {
[INFO] [stdout]     |            ------------ fields in this struct
[INFO] [stdout] 114 |     maj_rev: u8,
[INFO] [stdout]     |     ^^^^^^^
[INFO] [stdout] 115 |     min_rev: u8,
[INFO] [stdout]     |     ^^^^^^^
[INFO] [stdout] 116 |     err_code: u8,
[INFO] [stdout]     |     ^^^^^^^^
[INFO] [stdout] 117 |     frame_nr: u16,
[INFO] [stdout]     |     ^^^^^^^^
[INFO] [stdout]     |
[INFO] [stdout]     = note: `UsbFsDevInfo` has a derived impl for the trait `Debug`, but this is intentionally ignored during dead code analysis
[INFO] [stdout] 
[INFO] [stdout] 
[INFO] [stdout] warning: fields `maj_rev`, `min_rev`, `err_code`, and `frame_nr` are never read
[INFO] [stdout]    --> src/peripherals/usbhs.rs:161:5
[INFO] [stdout]     |
[INFO] [stdout] 160 | pub struct UsbHsDevInfo {
[INFO] [stdout]     |            ------------ fields in this struct
[INFO] [stdout] 161 |     maj_rev: u8,
[INFO] [stdout]     |     ^^^^^^^
[INFO] [stdout] 162 |     min_rev: u8,
[INFO] [stdout]     |     ^^^^^^^
[INFO] [stdout] 163 |     err_code: u8,
[INFO] [stdout]     |     ^^^^^^^^
[INFO] [stdout] 164 |     frame_nr: u16,
[INFO] [stdout]     |     ^^^^^^^^
[INFO] [stdout]     |
[INFO] [stdout]     = note: `UsbHsDevInfo` has a derived impl for the trait `Debug`, but this is intentionally ignored during dead code analysis
[INFO] [stdout] 
[INFO] [stdout] 
[INFO] [stdout] warning: creating a shared reference to mutable static is discouraged
[INFO] [stdout]    --> src/peripherals/dma.rs:107:41
[INFO] [stdout]     |
[INFO] [stdout] 107 |         let descriptor_addr = unsafe { ((&DESCRIPTORS) as *const Align512) as u32 };
[INFO] [stdout]     |                                         ^^^^^^^^^^^^^^ shared reference to mutable static
[INFO] [stdout]     |
[INFO] [stdout]     = note: for more information, see <https://doc.rust-lang.org/nightly/edition-guide/rust-2024/static-mut-references.html>
[INFO] [stdout]     = note: shared references to mutable statics are dangerous; it's undefined behavior if the static is mutated or if a mutable reference is created for it while the shared reference lives
[INFO] [stdout]     = note: `#[warn(static_mut_refs)]` on by default
[INFO] [stdout] help: use `&raw const` instead to create a raw pointer
[INFO] [stdout]     |
[INFO] [stdout] 107 |         let descriptor_addr = unsafe { (&raw const DESCRIPTORS) as *const Align512) as u32 };
[INFO] [stdout]     |                                         ~~~~~~~~~~
[INFO] [stdout] 
[INFO] [stdout] 
[INFO] [stdout] warning: creating a shared reference to mutable static is discouraged
[INFO] [stdout]    --> src/peripherals/dma.rs:221:36
[INFO] [stdout]     |
[INFO] [stdout] 221 |             DESCRIPTORS.21.next = ((&DESCRIPTORS.22) as *const Descriptor) as u32;
[INFO] [stdout]     |                                    ^^^^^^^^^^^^^^^^^ shared reference to mutable static
[INFO] [stdout]     |
[INFO] [stdout]     = note: for more information, see <https://doc.rust-lang.org/nightly/edition-guide/rust-2024/static-mut-references.html>
[INFO] [stdout]     = note: shared references to mutable statics are dangerous; it's undefined behavior if the static is mutated or if a mutable reference is created for it while the shared reference lives
[INFO] [stdout] help: use `&raw const` instead to create a raw pointer
[INFO] [stdout]     |
[INFO] [stdout] 221 |             DESCRIPTORS.21.next = (&raw const DESCRIPTORS.22) as *const Descriptor) as u32;
[INFO] [stdout]     |                                    ~~~~~~~~~~
[INFO] [stdout] 
[INFO] [stdout] 
[INFO] [stdout] warning: creating a shared reference to mutable static is discouraged
[INFO] [stdout]    --> src/peripherals/dma.rs:227:18
[INFO] [stdout]     |
[INFO] [stdout] 227 |                 ((&DESCRIPTORS.0.source_end_addr) as *const u32) as u32;
[INFO] [stdout]     |                  ^^^^^^^^^^^^^^^^^^^^^^^^^^^^^^^^ shared reference to mutable static
[INFO] [stdout]     |
[INFO] [stdout]     = note: for more information, see <https://doc.rust-lang.org/nightly/edition-guide/rust-2024/static-mut-references.html>
[INFO] [stdout]     = note: shared references to mutable statics are dangerous; it's undefined behavior if the static is mutated or if a mutable reference is created for it while the shared reference lives
[INFO] [stdout] help: use `&raw const` instead to create a raw pointer
[INFO] [stdout]     |
[INFO] [stdout] 227 |                 (&raw const DESCRIPTORS.0.source_end_addr) as *const u32) as u32;
[INFO] [stdout]     |                  ~~~~~~~~~~
[INFO] [stdout] 
[INFO] [stdout] 
[INFO] [stdout] warning: creating a shared reference to mutable static is discouraged
[INFO] [stdout]    --> src/peripherals/dma.rs:234:36
[INFO] [stdout]     |
[INFO] [stdout] 234 |             DESCRIPTORS.22.next = ((&DESCRIPTORS.23) as *const Descriptor) as u32;
[INFO] [stdout]     |                                    ^^^^^^^^^^^^^^^^^ shared reference to mutable static
[INFO] [stdout]     |
[INFO] [stdout]     = note: for more information, see <https://doc.rust-lang.org/nightly/edition-guide/rust-2024/static-mut-references.html>
[INFO] [stdout]     = note: shared references to mutable statics are dangerous; it's undefined behavior if the static is mutated or if a mutable reference is created for it while the shared reference lives
[INFO] [stdout] help: use `&raw const` instead to create a raw pointer
[INFO] [stdout]     |
[INFO] [stdout] 234 |             DESCRIPTORS.22.next = (&raw const DESCRIPTORS.23) as *const Descriptor) as u32;
[INFO] [stdout]     |                                    ~~~~~~~~~~
[INFO] [stdout] 
[INFO] [stdout] 
[INFO] [stdout] warning: creating a shared reference to mutable static is discouraged
[INFO] [stdout]    --> src/peripherals/dma.rs:247:36
[INFO] [stdout]     |
[INFO] [stdout] 247 |             DESCRIPTORS.23.next = ((&DESCRIPTORS.22) as *const Descriptor) as u32;
[INFO] [stdout]     |                                    ^^^^^^^^^^^^^^^^^ shared reference to mutable static
[INFO] [stdout]     |
[INFO] [stdout]     = note: for more information, see <https://doc.rust-lang.org/nightly/edition-guide/rust-2024/static-mut-references.html>
[INFO] [stdout]     = note: shared references to mutable statics are dangerous; it's undefined behavior if the static is mutated or if a mutable reference is created for it while the shared reference lives
[INFO] [stdout] help: use `&raw const` instead to create a raw pointer
[INFO] [stdout]     |
[INFO] [stdout] 247 |             DESCRIPTORS.23.next = (&raw const DESCRIPTORS.22) as *const Descriptor) as u32;
[INFO] [stdout]     |                                    ~~~~~~~~~~
[INFO] [stdout] 
[INFO] [stdout] 
[INFO] [stdout] warning: creating a mutable reference to mutable static is discouraged
[INFO] [stdout]    --> src/drivers/touch.rs:230:13
[INFO] [stdout]     |
[INFO] [stdout] 230 |             &mut RESULTS
[INFO] [stdout]     |             ^^^^^^^^^^^^ mutable reference to mutable static
[INFO] [stdout]     |
[INFO] [stdout]     = note: for more information, see <https://doc.rust-lang.org/nightly/edition-guide/rust-2024/static-mut-references.html>
[INFO] [stdout]     = note: mutable references to mutable statics are dangerous; it's undefined behavior if any other pointer to the static is used or if any other reference is created for the static while the mutable reference lives
[INFO] [stdout] help: use `&raw mut` instead to create a raw pointer
[INFO] [stdout]     |
[INFO] [stdout] 230 |             &raw mut RESULTS
[INFO] [stdout]     |             ~~~~~~~~
[INFO] [stdout] 
[INFO] [stdout] 
[INFO] [stdout] warning: creating a shared reference to mutable static is discouraged
[INFO] [stdout]    --> src/drivers/touch.rs:273:32
[INFO] [stdout]     |
[INFO] [stdout] 273 |         let results = unsafe { &RESULTS };
[INFO] [stdout]     |                                ^^^^^^^^ shared reference to mutable static
[INFO] [stdout]     |
[INFO] [stdout]     = note: for more information, see <https://doc.rust-lang.org/nightly/edition-guide/rust-2024/static-mut-references.html>
[INFO] [stdout]     = note: shared references to mutable statics are dangerous; it's undefined behavior if the static is mutated or if a mutable reference is created for it while the shared reference lives
[INFO] [stdout] help: use `&raw const` instead to create a raw pointer
[INFO] [stdout]     |
[INFO] [stdout] 273 |         let results = unsafe { &raw const RESULTS };
[INFO] [stdout]     |                                ~~~~~~~~~~
[INFO] [stdout] 
[INFO] [stdout] 
[INFO] [stdout] warning: creating a mutable reference to mutable static is discouraged
[INFO] [stdout]    --> src/drivers/touch.rs:290:25
[INFO] [stdout]     |
[INFO] [stdout] 290 |         return unsafe { &mut RESULTS };
[INFO] [stdout]     |                         ^^^^^^^^^^^^ mutable reference to mutable static
[INFO] [stdout]     |
[INFO] [stdout]     = note: for more information, see <https://doc.rust-lang.org/nightly/edition-guide/rust-2024/static-mut-references.html>
[INFO] [stdout]     = note: mutable references to mutable statics are dangerous; it's undefined behavior if any other pointer to the static is used or if any other reference is created for the static while the mutable reference lives
[INFO] [stdout] help: use `&raw mut` instead to create a raw pointer
[INFO] [stdout]     |
[INFO] [stdout] 290 |         return unsafe { &raw mut RESULTS };
[INFO] [stdout]     |                         ~~~~~~~~
[INFO] [stdout] 
[INFO] [stdout] 
[INFO] [stdout] warning: creating a mutable reference to mutable static is discouraged
[INFO] [stdout]    --> src/drivers/touch.rs:296:32
[INFO] [stdout]     |
[INFO] [stdout] 296 |         let results = unsafe { &mut RESULTS };
[INFO] [stdout]     |                                ^^^^^^^^^^^^ mutable reference to mutable static
[INFO] [stdout]     |
[INFO] [stdout]     = note: for more information, see <https://doc.rust-lang.org/nightly/edition-guide/rust-2024/static-mut-references.html>
[INFO] [stdout]     = note: mutable references to mutable statics are dangerous; it's undefined behavior if any other pointer to the static is used or if any other reference is created for the static while the mutable reference lives
[INFO] [stdout] help: use `&raw mut` instead to create a raw pointer
[INFO] [stdout]     |
[INFO] [stdout] 296 |         let results = unsafe { &raw mut RESULTS };
[INFO] [stdout]     |                                ~~~~~~~~
[INFO] [stdout] 
[INFO] [stdout] 
[INFO] [stdout] warning: creating a shared reference to mutable static is discouraged
[INFO] [stdout]    --> src/drivers/touch.rs:340:32
[INFO] [stdout]     |
[INFO] [stdout] 340 |         let results = unsafe { &RESULTS };
[INFO] [stdout]     |                                ^^^^^^^^ shared reference to mutable static
[INFO] [stdout]     |
[INFO] [stdout]     = note: for more information, see <https://doc.rust-lang.org/nightly/edition-guide/rust-2024/static-mut-references.html>
[INFO] [stdout]     = note: shared references to mutable statics are dangerous; it's undefined behavior if the static is mutated or if a mutable reference is created for it while the shared reference lives
[INFO] [stdout] help: use `&raw const` instead to create a raw pointer
[INFO] [stdout]     |
[INFO] [stdout] 340 |         let results = unsafe { &raw const RESULTS };
[INFO] [stdout]     |                                ~~~~~~~~~~
[INFO] [stdout] 
[INFO] [stdout] 
[INFO] [stderr]     Finished `dev` profile [unoptimized + debuginfo] target(s) in 30.07s
[INFO] running `Command { std: "docker" "inspect" "c08acd1d8dff9fc155c44c4f5c7bc3780384d058f1785150fc9f8650f7a4a2d2", kill_on_drop: false }`
[INFO] running `Command { std: "docker" "rm" "-f" "c08acd1d8dff9fc155c44c4f5c7bc3780384d058f1785150fc9f8650f7a4a2d2", kill_on_drop: false }`
[INFO] [stdout] c08acd1d8dff9fc155c44c4f5c7bc3780384d058f1785150fc9f8650f7a4a2d2
[INFO] running `Command { std: "docker" "create" "-v" "/var/lib/crater-agent-workspace/builds/worker-5-tc1/target:/opt/rustwide/target:rw,Z" "-v" "/var/lib/crater-agent-workspace/builds/worker-5-tc1/source:/opt/rustwide/workdir:ro,Z" "-v" "/var/lib/crater-agent-workspace/cargo-home:/opt/rustwide/cargo-home:ro,Z" "-v" "/var/lib/crater-agent-workspace/rustup-home:/opt/rustwide/rustup-home:ro,Z" "-e" "SOURCE_DIR=/opt/rustwide/workdir" "-e" "CARGO_TARGET_DIR=/opt/rustwide/target" "-e" "CARGO_INCREMENTAL=0" "-e" "RUST_BACKTRACE=full" "-e" "RUSTFLAGS=--cap-lints=forbid" "-e" "RUSTDOCFLAGS=--cap-lints=forbid" "-e" "CARGO_HOME=/opt/rustwide/cargo-home" "-e" "RUSTUP_HOME=/opt/rustwide/rustup-home" "-w" "/opt/rustwide/workdir" "-m" "1610612736" "--user" "0:0" "--network" "none" "ghcr.io/rust-lang/crates-build-env/linux@sha256:4a844ea9eb2546a2d2c7022eacef16ef2e8229c7fbb2c7d4d55a9ceca922f72d" "/opt/rustwide/cargo-home/bin/cargo" "+nightly-2024-10-28" "test" "--frozen" "--no-run" "--message-format=json", kill_on_drop: false }`
[INFO] [stdout] cfda84ac2739c81b8be9be22731fb7ad0f03428c60ea44b4d6d719bbb537f2e5
[INFO] running `Command { std: "docker" "start" "-a" "cfda84ac2739c81b8be9be22731fb7ad0f03428c60ea44b4d6d719bbb537f2e5", kill_on_drop: false }`
[INFO] [stderr]    Compiling semver v1.0.20
[INFO] [stderr]    Compiling indexmap v1.9.3
[INFO] [stderr]    Compiling lock_api v0.4.11
[INFO] [stderr]    Compiling hashbrown v0.12.3
[INFO] [stderr]    Compiling stable_deref_trait v1.2.0
[INFO] [stderr]    Compiling generic-array v0.13.3
[INFO] [stderr]    Compiling generic-array v0.12.4
[INFO] [stderr]    Compiling cpufeatures v0.2.11
[INFO] [stderr]    Compiling cortex-m-semihosting v0.3.7
[INFO] [stderr]    Compiling opaque-debug v0.3.0
[INFO] [stderr]    Compiling heapless v0.6.1
[INFO] [stderr]    Compiling lpc55-rtic v0.5.7
[INFO] [stderr]    Compiling hash32 v0.1.1
[INFO] [stderr]    Compiling ssd1306 v0.3.1
[INFO] [stderr]    Compiling hash32 v0.2.1
[INFO] [stderr]    Compiling embedded-graphics v0.6.2
[INFO] [stderr]    Compiling rtic-core v0.3.1
[INFO] [stderr]    Compiling ufmt-write v0.1.0
[INFO] [stderr]    Compiling aes v0.7.5
[INFO] [stderr]    Compiling rtt-target v0.3.1
[INFO] [stderr]    Compiling sha2 v0.9.9
[INFO] [stderr]    Compiling sha-1 v0.9.8
[INFO] [stderr]    Compiling usbd-serial v0.1.1
[INFO] [stderr]    Compiling panic-halt v0.2.0
[INFO] [stdout] warning: unexpected `cfg` condition value: `nosync`
[INFO] [stdout]  --> src/drivers/usbd/endpoint.rs:3:11
[INFO] [stdout]   |
[INFO] [stdout] 3 | #[cfg(not(feature = "nosync"))]
[INFO] [stdout]   |           ^^^^^^^^^^^^^^^^^^
[INFO] [stdout]   |
[INFO] [stdout]   = note: expected values for `feature` are: `default`, `highspeed-usb-example`, `littlefs`, `littlefs2`, `lpc55-rtic`, `rt`, and `rtic-peripherals`
[INFO] [stdout]   = help: consider adding `nosync` as a feature in `Cargo.toml`
[INFO] [stdout]   = note: see <https://doc.rust-lang.org/nightly/rustc/check-cfg/cargo-specifics.html> for more information about checking conditional configuration
[INFO] [stdout]   = note: `#[warn(unexpected_cfgs)]` on by default
[INFO] [stdout] 
[INFO] [stdout] 
[INFO] [stdout] warning: use of deprecated associated function `cortex_m::peripheral::dwt::<impl raw::DWT>::get_cycle_count`: Use `cycle_count` which follows the C-GETTER convention
[INFO] [stdout]    --> src/lib.rs:459:15
[INFO] [stdout]     |
[INFO] [stdout] 459 |     raw::DWT::get_cycle_count()
[INFO] [stdout]     |               ^^^^^^^^^^^^^^^
[INFO] [stdout]     |
[INFO] [stdout]     = note: `#[warn(deprecated)]` on by default
[INFO] [stdout] 
[INFO] [stdout] 
[INFO] [stdout] warning: multiple fields are never read
[INFO] [stdout]   --> src/peripherals/dma.rs:19:5
[INFO] [stdout]    |
[INFO] [stdout] 17 | struct Align512(
[INFO] [stdout]    |        -------- fields in this struct
[INFO] [stdout] 18 |     Descriptor,
[INFO] [stdout] 19 |     Descriptor,
[INFO] [stdout]    |     ^^^^^^^^^^
[INFO] [stdout] 20 |     Descriptor,
[INFO] [stdout]    |     ^^^^^^^^^^
[INFO] [stdout] 21 |     Descriptor,
[INFO] [stdout]    |     ^^^^^^^^^^
[INFO] [stdout] 22 |     Descriptor,
[INFO] [stdout]    |     ^^^^^^^^^^
[INFO] [stdout] 23 |     Descriptor,
[INFO] [stdout]    |     ^^^^^^^^^^
[INFO] [stdout] 24 |     Descriptor,
[INFO] [stdout]    |     ^^^^^^^^^^
[INFO] [stdout] 25 |     Descriptor,
[INFO] [stdout]    |     ^^^^^^^^^^
[INFO] [stdout] 26 |     Descriptor,
[INFO] [stdout]    |     ^^^^^^^^^^
[INFO] [stdout] 27 |     Descriptor,
[INFO] [stdout]    |     ^^^^^^^^^^
[INFO] [stdout] 28 |     Descriptor,
[INFO] [stdout]    |     ^^^^^^^^^^
[INFO] [stdout] 29 |     Descriptor,
[INFO] [stdout]    |     ^^^^^^^^^^
[INFO] [stdout] 30 |     Descriptor,
[INFO] [stdout]    |     ^^^^^^^^^^
[INFO] [stdout] 31 |     Descriptor,
[INFO] [stdout]    |     ^^^^^^^^^^
[INFO] [stdout] 32 |     Descriptor,
[INFO] [stdout]    |     ^^^^^^^^^^
[INFO] [stdout] 33 |     Descriptor,
[INFO] [stdout]    |     ^^^^^^^^^^
[INFO] [stdout] 34 |     Descriptor,
[INFO] [stdout]    |     ^^^^^^^^^^
[INFO] [stdout] 35 |     Descriptor,
[INFO] [stdout]    |     ^^^^^^^^^^
[INFO] [stdout] 36 |     Descriptor,
[INFO] [stdout]    |     ^^^^^^^^^^
[INFO] [stdout] 37 |     Descriptor,
[INFO] [stdout]    |     ^^^^^^^^^^
[INFO] [stdout] 38 |     Descriptor,
[INFO] [stdout]    |     ^^^^^^^^^^
[INFO] [stdout] ...
[INFO] [stdout] 42 |     Descriptor,
[INFO] [stdout]    |     ^^^^^^^^^^
[INFO] [stdout] 43 |     Descriptor,
[INFO] [stdout]    |     ^^^^^^^^^^
[INFO] [stdout] 44 |     Descriptor,
[INFO] [stdout]    |     ^^^^^^^^^^
[INFO] [stdout] 45 |     Descriptor,
[INFO] [stdout]    |     ^^^^^^^^^^
[INFO] [stdout] 46 |     Descriptor,
[INFO] [stdout]    |     ^^^^^^^^^^
[INFO] [stdout] 47 |     Descriptor,
[INFO] [stdout]    |     ^^^^^^^^^^
[INFO] [stdout] 48 |     Descriptor,
[INFO] [stdout]    |     ^^^^^^^^^^
[INFO] [stdout] 49 |     Descriptor,
[INFO] [stdout]    |     ^^^^^^^^^^
[INFO] [stdout]    |
[INFO] [stdout]    = note: `#[warn(dead_code)]` on by default
[INFO] [stdout] help: consider changing the fields to be of unit type to suppress this warning while preserving the field numbering, or remove the fields
[INFO] [stdout]    |
[INFO] [stdout] 19 ~     (),
[INFO] [stdout] 20 ~     (),
[INFO] [stdout] 21 ~     (),
[INFO] [stdout] 22 ~     (),
[INFO] [stdout] 23 ~     (),
[INFO] [stdout] 24 ~     (),
[INFO] [stdout] 25 ~     (),
[INFO] [stdout] 26 ~     (),
[INFO] [stdout] 27 ~     (),
[INFO] [stdout] 28 ~     (),
[INFO] [stdout] 29 ~     (),
[INFO] [stdout] 30 ~     (),
[INFO] [stdout] 31 ~     (),
[INFO] [stdout] 32 ~     (),
[INFO] [stdout] 33 ~     (),
[INFO] [stdout] 34 ~     (),
[INFO] [stdout] 35 ~     (),
[INFO] [stdout] 36 ~     (),
[INFO] [stdout] 37 ~     (),
[INFO] [stdout] 38 ~     (),
[INFO] [stdout] 39 |     Descriptor,
[INFO] [stdout] 40 |     Descriptor,
[INFO] [stdout] 41 |     Descriptor,
[INFO] [stdout] 42 ~     (),
[INFO] [stdout] 43 ~     (),
[INFO] [stdout] 44 ~     (),
[INFO] [stdout] 45 ~     (),
[INFO] [stdout] 46 ~     (),
[INFO] [stdout] 47 ~     (),
[INFO] [stdout] 48 ~     (),
[INFO] [stdout] 49 ~     (),
[INFO] [stdout]    |
[INFO] [stdout] 
[INFO] [stdout] 
[INFO] [stdout] warning: trait `PufStates` is never used
[INFO] [stdout]   --> src/peripherals/puf.rs:11:7
[INFO] [stdout]    |
[INFO] [stdout] 11 | trait PufStates {}
[INFO] [stdout]    |       ^^^^^^^^^
[INFO] [stdout] 
[INFO] [stdout] 
[INFO] [stdout] warning: fields `id`, `maj_rev`, `min_rev`, and `aperture` are never read
[INFO] [stdout]   --> src/peripherals/rng.rs:14:5
[INFO] [stdout]    |
[INFO] [stdout] 13 | pub struct ModuleId {
[INFO] [stdout]    |            -------- fields in this struct
[INFO] [stdout] 14 |     id: u16,
[INFO] [stdout]    |     ^^
[INFO] [stdout] 15 |     maj_rev: u8,
[INFO] [stdout]    |     ^^^^^^^
[INFO] [stdout] 16 |     min_rev: u8,
[INFO] [stdout]    |     ^^^^^^^
[INFO] [stdout] 17 |     aperture: u8,
[INFO] [stdout]    |     ^^^^^^^^
[INFO] [stdout]    |
[INFO] [stdout]    = note: `ModuleId` has a derived impl for the trait `Debug`, but this is intentionally ignored during dead code analysis
[INFO] [stdout] 
[INFO] [stdout] 
[INFO] [stdout] warning: fields `maj_rev`, `min_rev`, `err_code`, and `frame_nr` are never read
[INFO] [stdout]    --> src/peripherals/usbfs.rs:114:5
[INFO] [stdout]     |
[INFO] [stdout] 113 | pub struct UsbFsDevInfo {
[INFO] [stdout]     |            ------------ fields in this struct
[INFO] [stdout] 114 |     maj_rev: u8,
[INFO] [stdout]     |     ^^^^^^^
[INFO] [stdout] 115 |     min_rev: u8,
[INFO] [stdout]     |     ^^^^^^^
[INFO] [stdout] 116 |     err_code: u8,
[INFO] [stdout]     |     ^^^^^^^^
[INFO] [stdout] 117 |     frame_nr: u16,
[INFO] [stdout]     |     ^^^^^^^^
[INFO] [stdout]     |
[INFO] [stdout]     = note: `UsbFsDevInfo` has a derived impl for the trait `Debug`, but this is intentionally ignored during dead code analysis
[INFO] [stdout] 
[INFO] [stdout] 
[INFO] [stdout] warning: fields `maj_rev`, `min_rev`, `err_code`, and `frame_nr` are never read
[INFO] [stdout]    --> src/peripherals/usbhs.rs:161:5
[INFO] [stdout]     |
[INFO] [stdout] 160 | pub struct UsbHsDevInfo {
[INFO] [stdout]     |            ------------ fields in this struct
[INFO] [stdout] 161 |     maj_rev: u8,
[INFO] [stdout]     |     ^^^^^^^
[INFO] [stdout] 162 |     min_rev: u8,
[INFO] [stdout]     |     ^^^^^^^
[INFO] [stdout] 163 |     err_code: u8,
[INFO] [stdout]     |     ^^^^^^^^
[INFO] [stdout] 164 |     frame_nr: u16,
[INFO] [stdout]     |     ^^^^^^^^
[INFO] [stdout]     |
[INFO] [stdout]     = note: `UsbHsDevInfo` has a derived impl for the trait `Debug`, but this is intentionally ignored during dead code analysis
[INFO] [stdout] 
[INFO] [stdout] 
[INFO] [stdout] warning: creating a shared reference to mutable static is discouraged
[INFO] [stdout]    --> src/peripherals/dma.rs:107:41
[INFO] [stdout]     |
[INFO] [stdout] 107 |         let descriptor_addr = unsafe { ((&DESCRIPTORS) as *const Align512) as u32 };
[INFO] [stdout]     |                                         ^^^^^^^^^^^^^^ shared reference to mutable static
[INFO] [stdout]     |
[INFO] [stdout]     = note: for more information, see <https://doc.rust-lang.org/nightly/edition-guide/rust-2024/static-mut-references.html>
[INFO] [stdout]     = note: shared references to mutable statics are dangerous; it's undefined behavior if the static is mutated or if a mutable reference is created for it while the shared reference lives
[INFO] [stdout]     = note: `#[warn(static_mut_refs)]` on by default
[INFO] [stdout] help: use `&raw const` instead to create a raw pointer
[INFO] [stdout]     |
[INFO] [stdout] 107 |         let descriptor_addr = unsafe { (&raw const DESCRIPTORS) as *const Align512) as u32 };
[INFO] [stdout]     |                                         ~~~~~~~~~~
[INFO] [stdout] 
[INFO] [stdout] 
[INFO] [stdout] warning: creating a shared reference to mutable static is discouraged
[INFO] [stdout]    --> src/peripherals/dma.rs:221:36
[INFO] [stdout]     |
[INFO] [stdout] 221 |             DESCRIPTORS.21.next = ((&DESCRIPTORS.22) as *const Descriptor) as u32;
[INFO] [stdout]     |                                    ^^^^^^^^^^^^^^^^^ shared reference to mutable static
[INFO] [stdout]     |
[INFO] [stdout]     = note: for more information, see <https://doc.rust-lang.org/nightly/edition-guide/rust-2024/static-mut-references.html>
[INFO] [stdout]     = note: shared references to mutable statics are dangerous; it's undefined behavior if the static is mutated or if a mutable reference is created for it while the shared reference lives
[INFO] [stdout] help: use `&raw const` instead to create a raw pointer
[INFO] [stdout]     |
[INFO] [stdout] 221 |             DESCRIPTORS.21.next = (&raw const DESCRIPTORS.22) as *const Descriptor) as u32;
[INFO] [stdout]     |                                    ~~~~~~~~~~
[INFO] [stdout] 
[INFO] [stdout] 
[INFO] [stdout] warning: creating a shared reference to mutable static is discouraged
[INFO] [stdout]    --> src/peripherals/dma.rs:227:18
[INFO] [stdout]     |
[INFO] [stdout] 227 |                 ((&DESCRIPTORS.0.source_end_addr) as *const u32) as u32;
[INFO] [stdout]     |                  ^^^^^^^^^^^^^^^^^^^^^^^^^^^^^^^^ shared reference to mutable static
[INFO] [stdout]     |
[INFO] [stdout]     = note: for more information, see <https://doc.rust-lang.org/nightly/edition-guide/rust-2024/static-mut-references.html>
[INFO] [stdout]     = note: shared references to mutable statics are dangerous; it's undefined behavior if the static is mutated or if a mutable reference is created for it while the shared reference lives
[INFO] [stdout] help: use `&raw const` instead to create a raw pointer
[INFO] [stdout]     |
[INFO] [stdout] 227 |                 (&raw const DESCRIPTORS.0.source_end_addr) as *const u32) as u32;
[INFO] [stdout]     |                  ~~~~~~~~~~
[INFO] [stdout] 
[INFO] [stdout] 
[INFO] [stdout] warning: creating a shared reference to mutable static is discouraged
[INFO] [stdout]    --> src/peripherals/dma.rs:234:36
[INFO] [stdout]     |
[INFO] [stdout] 234 |             DESCRIPTORS.22.next = ((&DESCRIPTORS.23) as *const Descriptor) as u32;
[INFO] [stdout]     |                                    ^^^^^^^^^^^^^^^^^ shared reference to mutable static
[INFO] [stdout]     |
[INFO] [stdout]     = note: for more information, see <https://doc.rust-lang.org/nightly/edition-guide/rust-2024/static-mut-references.html>
[INFO] [stdout]     = note: shared references to mutable statics are dangerous; it's undefined behavior if the static is mutated or if a mutable reference is created for it while the shared reference lives
[INFO] [stdout] help: use `&raw const` instead to create a raw pointer
[INFO] [stdout]     |
[INFO] [stdout] 234 |             DESCRIPTORS.22.next = (&raw const DESCRIPTORS.23) as *const Descriptor) as u32;
[INFO] [stdout]     |                                    ~~~~~~~~~~
[INFO] [stdout] 
[INFO] [stdout] 
[INFO] [stdout] warning: creating a shared reference to mutable static is discouraged
[INFO] [stdout]    --> src/peripherals/dma.rs:247:36
[INFO] [stdout]     |
[INFO] [stdout] 247 |             DESCRIPTORS.23.next = ((&DESCRIPTORS.22) as *const Descriptor) as u32;
[INFO] [stdout]     |                                    ^^^^^^^^^^^^^^^^^ shared reference to mutable static
[INFO] [stdout]     |
[INFO] [stdout]     = note: for more information, see <https://doc.rust-lang.org/nightly/edition-guide/rust-2024/static-mut-references.html>
[INFO] [stdout]     = note: shared references to mutable statics are dangerous; it's undefined behavior if the static is mutated or if a mutable reference is created for it while the shared reference lives
[INFO] [stdout] help: use `&raw const` instead to create a raw pointer
[INFO] [stdout]     |
[INFO] [stdout] 247 |             DESCRIPTORS.23.next = (&raw const DESCRIPTORS.22) as *const Descriptor) as u32;
[INFO] [stdout]     |                                    ~~~~~~~~~~
[INFO] [stdout] 
[INFO] [stdout] 
[INFO] [stdout] warning: creating a mutable reference to mutable static is discouraged
[INFO] [stdout]    --> src/drivers/touch.rs:230:13
[INFO] [stdout]     |
[INFO] [stdout] 230 |             &mut RESULTS
[INFO] [stdout]     |             ^^^^^^^^^^^^ mutable reference to mutable static
[INFO] [stdout]     |
[INFO] [stdout]     = note: for more information, see <https://doc.rust-lang.org/nightly/edition-guide/rust-2024/static-mut-references.html>
[INFO] [stdout]     = note: mutable references to mutable statics are dangerous; it's undefined behavior if any other pointer to the static is used or if any other reference is created for the static while the mutable reference lives
[INFO] [stdout] help: use `&raw mut` instead to create a raw pointer
[INFO] [stdout]     |
[INFO] [stdout] 230 |             &raw mut RESULTS
[INFO] [stdout]     |             ~~~~~~~~
[INFO] [stdout] 
[INFO] [stdout] 
[INFO] [stdout] warning: creating a shared reference to mutable static is discouraged
[INFO] [stdout]    --> src/drivers/touch.rs:273:32
[INFO] [stdout]     |
[INFO] [stdout] 273 |         let results = unsafe { &RESULTS };
[INFO] [stdout]     |                                ^^^^^^^^ shared reference to mutable static
[INFO] [stdout]     |
[INFO] [stdout]     = note: for more information, see <https://doc.rust-lang.org/nightly/edition-guide/rust-2024/static-mut-references.html>
[INFO] [stdout]     = note: shared references to mutable statics are dangerous; it's undefined behavior if the static is mutated or if a mutable reference is created for it while the shared reference lives
[INFO] [stdout] help: use `&raw const` instead to create a raw pointer
[INFO] [stdout]     |
[INFO] [stdout] 273 |         let results = unsafe { &raw const RESULTS };
[INFO] [stdout]     |                                ~~~~~~~~~~
[INFO] [stdout] 
[INFO] [stdout] 
[INFO] [stdout] warning: creating a mutable reference to mutable static is discouraged
[INFO] [stdout]    --> src/drivers/touch.rs:290:25
[INFO] [stdout]     |
[INFO] [stdout] 290 |         return unsafe { &mut RESULTS };
[INFO] [stdout]     |                         ^^^^^^^^^^^^ mutable reference to mutable static
[INFO] [stdout]     |
[INFO] [stdout]     = note: for more information, see <https://doc.rust-lang.org/nightly/edition-guide/rust-2024/static-mut-references.html>
[INFO] [stdout]     = note: mutable references to mutable statics are dangerous; it's undefined behavior if any other pointer to the static is used or if any other reference is created for the static while the mutable reference lives
[INFO] [stdout] help: use `&raw mut` instead to create a raw pointer
[INFO] [stdout]     |
[INFO] [stdout] 290 |         return unsafe { &raw mut RESULTS };
[INFO] [stdout]     |                         ~~~~~~~~
[INFO] [stdout] 
[INFO] [stdout] 
[INFO] [stdout] warning: creating a mutable reference to mutable static is discouraged
[INFO] [stdout]    --> src/drivers/touch.rs:296:32
[INFO] [stdout]     |
[INFO] [stdout] 296 |         let results = unsafe { &mut RESULTS };
[INFO] [stdout]     |                                ^^^^^^^^^^^^ mutable reference to mutable static
[INFO] [stdout]     |
[INFO] [stdout]     = note: for more information, see <https://doc.rust-lang.org/nightly/edition-guide/rust-2024/static-mut-references.html>
[INFO] [stdout]     = note: mutable references to mutable statics are dangerous; it's undefined behavior if any other pointer to the static is used or if any other reference is created for the static while the mutable reference lives
[INFO] [stdout] help: use `&raw mut` instead to create a raw pointer
[INFO] [stdout]     |
[INFO] [stdout] 296 |         let results = unsafe { &raw mut RESULTS };
[INFO] [stdout]     |                                ~~~~~~~~
[INFO] [stdout] 
[INFO] [stdout] 
[INFO] [stdout] warning: creating a shared reference to mutable static is discouraged
[INFO] [stdout]    --> src/drivers/touch.rs:340:32
[INFO] [stdout]     |
[INFO] [stdout] 340 |         let results = unsafe { &RESULTS };
[INFO] [stdout]     |                                ^^^^^^^^ shared reference to mutable static
[INFO] [stdout]     |
[INFO] [stdout]     = note: for more information, see <https://doc.rust-lang.org/nightly/edition-guide/rust-2024/static-mut-references.html>
[INFO] [stdout]     = note: shared references to mutable statics are dangerous; it's undefined behavior if the static is mutated or if a mutable reference is created for it while the shared reference lives
[INFO] [stdout] help: use `&raw const` instead to create a raw pointer
[INFO] [stdout]     |
[INFO] [stdout] 340 |         let results = unsafe { &raw const RESULTS };
[INFO] [stdout]     |                                ~~~~~~~~~~
[INFO] [stdout] 
[INFO] [stdout] 
[INFO] [stderr]    Compiling as-slice v0.1.5
[INFO] [stderr]    Compiling panic-semihosting v0.5.6
[INFO] [stderr]    Compiling rustc_version v0.4.0
[INFO] [stderr]    Compiling spin v0.9.8
[INFO] [stderr]    Compiling heapless v0.7.16
[INFO] [stderr]    Compiling rtic-syntax v0.4.0
[INFO] [stderr]    Compiling lpc55-rtic-macros v0.5.3
[INFO] [stderr]    Compiling lpc55-hal v0.4.0 (/opt/rustwide/workdir)
[INFO] [stdout] error: unwinding panics are not supported without std
[INFO] [stdout]   |
[INFO] [stdout]   = help: using nightly cargo, use -Zbuild-std with panic="abort" to avoid unwinding
[INFO] [stdout]   = note: since the core library is usually precompiled with panic="unwind", rebuilding your crate with panic="abort" may not be enough to fix the problem
[INFO] [stdout] 
[INFO] [stdout] 
[INFO] [stdout] error: unwinding panics are not supported without std
[INFO] [stdout]   |
[INFO] [stdout]   = help: using nightly cargo, use -Zbuild-std with panic="abort" to avoid unwinding
[INFO] [stdout]   = note: since the core library is usually precompiled with panic="unwind", rebuilding your crate with panic="abort" may not be enough to fix the problem
[INFO] [stdout] 
[INFO] [stdout] 
[INFO] [stdout] error: unwinding panics are not supported without std
[INFO] [stdout]   |
[INFO] [stdout]   = help: using nightly cargo, use -Zbuild-std with panic="abort" to avoid unwinding
[INFO] [stdout]   = note: since the core library is usually precompiled with panic="unwind", rebuilding your crate with panic="abort" may not be enough to fix the problem
[INFO] [stdout] 
[INFO] [stdout] 
[INFO] [stdout] error: unwinding panics are not supported without std
[INFO] [stdout]   |
[INFO] [stdout]   = help: using nightly cargo, use -Zbuild-std with panic="abort" to avoid unwinding
[INFO] [stdout]   = note: since the core library is usually precompiled with panic="unwind", rebuilding your crate with panic="abort" may not be enough to fix the problem
[INFO] [stdout] 
[INFO] [stdout] 
[INFO] [stdout] error: unwinding panics are not supported without std
[INFO] [stdout]   |
[INFO] [stdout]   = help: using nightly cargo, use -Zbuild-std with panic="abort" to avoid unwinding
[INFO] [stdout]   = note: since the core library is usually precompiled with panic="unwind", rebuilding your crate with panic="abort" may not be enough to fix the problem
[INFO] [stdout] 
[INFO] [stdout] 
[INFO] [stderr] error: could not compile `lpc55-hal` (example "led_dwt") due to 1 previous error
[INFO] [stderr] warning: build failed, waiting for other jobs to finish...
[INFO] [stderr] error: could not compile `lpc55-hal` (example "jump-to-bootloader") due to 1 previous error
[INFO] [stderr] error: could not compile `lpc55-hal` (example "rtt") due to 1 previous error
[INFO] [stdout] warning: creating a mutable reference to mutable static is discouraged
[INFO] [stdout]   --> examples/late.rs:30:20
[INFO] [stdout]    |
[INFO] [stdout] 30 |         static mut Q: Queue<u32, 4> = Queue::new();
[INFO] [stdout]    |                    ^ mutable reference to mutable static
[INFO] [stdout]    |
[INFO] [stdout]    = note: for more information, see <https://doc.rust-lang.org/nightly/edition-guide/rust-2024/static-mut-references.html>
[INFO] [stdout]    = note: mutable references to mutable statics are dangerous; it's undefined behavior if any other pointer to the static is used or if any other reference is created for the static while the mutable reference lives
[INFO] [stdout]    = note: `#[warn(static_mut_refs)]` on by default
[INFO] [stdout] 
[INFO] [stdout] 
[INFO] [stdout] warning: non-local `impl` definition, `impl` blocks should be written at the same level as their item
[INFO] [stdout]   --> examples/late.rs:20:1
[INFO] [stdout]    |
[INFO] [stdout] 20 | #[rtic::app(device = hal::raw)]
[INFO] [stdout]    | -^^^^^^^^^^^^^^^^^^^^^^^^^^^^^^
[INFO] [stdout]    | |
[INFO] [stdout]    | `idleResources` is not local
[INFO] [stdout]    | move the `impl` block outside of this constant `APP`
[INFO] [stdout]    |
[INFO] [stdout]    = note: the attribute macro `rtic::app` defines the non-local `impl`, and may need to be changed
[INFO] [stdout]    = note: the attribute macro `rtic::app` may come from an old version of the `lpc55_rtic_macros` crate, try updating your dependency with `cargo update -p lpc55_rtic_macros`
[INFO] [stdout]    = note: an `impl` is never scoped, even when it is nested inside an item, as it may impact type checking outside of that item, which can be the case if neither the trait or the self type are at the same nesting level as the `impl`
[INFO] [stdout]    = note: items in an anonymous const item (`const _: () = { ... }`) are treated as in the same scope as the anonymous const's declaration for the purpose of this lint
[INFO] [stdout]    = note: `#[warn(non_local_definitions)]` on by default
[INFO] [stdout]    = note: this warning originates in the attribute macro `rtic::app` (in Nightly builds, run with -Z macro-backtrace for more info)
[INFO] [stdout] 
[INFO] [stdout] 
[INFO] [stdout] warning: creating a mutable reference to mutable static is discouraged
[INFO] [stdout]   --> examples/late.rs:38:25
[INFO] [stdout]    |
[INFO] [stdout] 38 |     #[idle(resources = [c])]
[INFO] [stdout]    |                         ^ mutable reference to mutable static
[INFO] [stdout]    |
[INFO] [stdout]    = note: for more information, see <https://doc.rust-lang.org/nightly/edition-guide/rust-2024/static-mut-references.html>
[INFO] [stdout]    = note: mutable references to mutable statics are dangerous; it's undefined behavior if any other pointer to the static is used or if any other reference is created for the static while the mutable reference lives
[INFO] [stdout] 
[INFO] [stdout] 
[INFO] [stdout] warning: non-local `impl` definition, `impl` blocks should be written at the same level as their item
[INFO] [stdout]   --> examples/late.rs:20:1
[INFO] [stdout]    |
[INFO] [stdout] 20 | #[rtic::app(device = hal::raw)]
[INFO] [stdout]    | -^^^^^^^^^^^^^^^^^^^^^^^^^^^^^^
[INFO] [stdout]    | |
[INFO] [stdout]    | `adc0Resources` is not local
[INFO] [stdout]    | move the `impl` block outside of this constant `APP`
[INFO] [stdout]    |
[INFO] [stdout]    = note: the attribute macro `rtic::app` defines the non-local `impl`, and may need to be changed
[INFO] [stdout]    = note: the attribute macro `rtic::app` may come from an old version of the `lpc55_rtic_macros` crate, try updating your dependency with `cargo update -p lpc55_rtic_macros`
[INFO] [stdout]    = note: an `impl` is never scoped, even when it is nested inside an item, as it may impact type checking outside of that item, which can be the case if neither the trait or the self type are at the same nesting level as the `impl`
[INFO] [stdout]    = note: items in an anonymous const item (`const _: () = { ... }`) are treated as in the same scope as the anonymous const's declaration for the purpose of this lint
[INFO] [stdout]    = note: this warning originates in the attribute macro `rtic::app` (in Nightly builds, run with -Z macro-backtrace for more info)
[INFO] [stdout] 
[INFO] [stdout] 
[INFO] [stdout] warning: creating a mutable reference to mutable static is discouraged
[INFO] [stdout]   --> examples/late.rs:50:39
[INFO] [stdout]    |
[INFO] [stdout] 50 |     #[task(binds = ADC0, resources = [p])]
[INFO] [stdout]    |                                       ^ mutable reference to mutable static
[INFO] [stdout]    |
[INFO] [stdout]    = note: for more information, see <https://doc.rust-lang.org/nightly/edition-guide/rust-2024/static-mut-references.html>
[INFO] [stdout]    = note: mutable references to mutable statics are dangerous; it's undefined behavior if any other pointer to the static is used or if any other reference is created for the static while the mutable reference lives
[INFO] [stdout] 
[INFO] [stdout] 
[INFO] [stdout] warning: creating a mutable reference to mutable static is discouraged
[INFO] [stdout]   --> examples/late.rs:25:9
[INFO] [stdout]    |
[INFO] [stdout] 25 |         c: Consumer<'static, u32, 4>,
[INFO] [stdout]    |         ^ mutable reference to mutable static
[INFO] [stdout]    |
[INFO] [stdout]    = note: for more information, see <https://doc.rust-lang.org/nightly/edition-guide/rust-2024/static-mut-references.html>
[INFO] [stdout]    = note: mutable references to mutable statics are dangerous; it's undefined behavior if any other pointer to the static is used or if any other reference is created for the static while the mutable reference lives
[INFO] [stdout] 
[INFO] [stdout] 
[INFO] [stdout] warning: creating a mutable reference to mutable static is discouraged
[INFO] [stdout]   --> examples/late.rs:24:9
[INFO] [stdout]    |
[INFO] [stdout] 24 |         p: Producer<'static, u32, 4>,
[INFO] [stdout]    |         ^ mutable reference to mutable static
[INFO] [stdout]    |
[INFO] [stdout]    = note: for more information, see <https://doc.rust-lang.org/nightly/edition-guide/rust-2024/static-mut-references.html>
[INFO] [stdout]    = note: mutable references to mutable statics are dangerous; it's undefined behavior if any other pointer to the static is used or if any other reference is created for the static while the mutable reference lives
[INFO] [stdout] 
[INFO] [stdout] 
[INFO] [stderr] error: could not compile `lpc55-hal` (example "spi") due to 1 previous error
[INFO] [stderr] error: could not compile `lpc55-hal` (example "i2c") due to 1 previous error
[INFO] [stdout] warning: unexpected `cfg` condition value: `nosync`
[INFO] [stdout]  --> src/drivers/usbd/endpoint.rs:3:11
[INFO] [stdout]   |
[INFO] [stdout] 3 | #[cfg(not(feature = "nosync"))]
[INFO] [stdout]   |           ^^^^^^^^^^^^^^^^^^
[INFO] [stdout]   |
[INFO] [stdout]   = note: expected values for `feature` are: `default`, `highspeed-usb-example`, `littlefs`, `littlefs2`, `lpc55-rtic`, `rt`, and `rtic-peripherals`
[INFO] [stdout]   = help: consider adding `nosync` as a feature in `Cargo.toml`
[INFO] [stdout]   = note: see <https://doc.rust-lang.org/nightly/rustc/check-cfg/cargo-specifics.html> for more information about checking conditional configuration
[INFO] [stdout]   = note: `#[warn(unexpected_cfgs)]` on by default
[INFO] [stdout] 
[INFO] [stdout] 
[INFO] [stdout] error: linking with `cc` failed: exit status: 1
[INFO] [stdout]   |
[INFO] [stdout]   = note: LC_ALL="C" PATH="/opt/rustwide/rustup-home/toolchains/nightly-2024-10-28-x86_64-unknown-linux-gnu/lib/rustlib/x86_64-unknown-linux-gnu/bin:/opt/rustwide/rustup-home/toolchains/nightly-2024-10-28-x86_64-unknown-linux-gnu/lib/rustlib/x86_64-unknown-linux-gnu/bin/self-contained:/opt/rustwide/cargo-home/bin:/usr/local/sbin:/usr/local/bin:/usr/sbin:/usr/bin:/sbin:/bin" VSLANG="1033" "cc" "-m64" "/tmp/rustcVu4uiv/symbols.o" "/opt/rustwide/target/debug/examples/late-14f98be545cf4819.late.df300b5e5ab370e5-cgu.0.rcgu.o" "/opt/rustwide/target/debug/examples/late-14f98be545cf4819.9qa2lpcv6c7zm4x4hq2cer9wf.rcgu.o" "-Wl,--as-needed" "-Wl,-Bstatic" "/opt/rustwide/target/debug/deps/librtic-fcf8d08f5050da57.rlib" "/opt/rustwide/target/debug/deps/libheapless-0e5bb6357340ad79.rlib" "/opt/rustwide/target/debug/deps/libas_slice-2cd9678bedd8b33d.rlib" "/opt/rustwide/target/debug/deps/libgeneric_array-860d8ee85a01fc9a.rlib" "/opt/rustwide/target/debug/deps/libgeneric_array-6df4fb7eb372efdc.rlib" "/opt/rustwide/target/debug/deps/libhash32-ef097849e2dfd227.rlib" "/opt/rustwide/target/debug/deps/librtic_core-5ecd05c9cd15cd06.rlib" "/opt/rustwide/target/debug/deps/libpanic_semihosting-6efa38804ba3b63e.rlib" "/opt/rustwide/rustup-home/toolchains/nightly-2024-10-28-x86_64-unknown-linux-gnu/lib/rustlib/x86_64-unknown-linux-gnu/lib/libstd-fb8c387236db3c10.rlib" "/opt/rustwide/rustup-home/toolchains/nightly-2024-10-28-x86_64-unknown-linux-gnu/lib/rustlib/x86_64-unknown-linux-gnu/lib/libpanic_unwind-b251837809b2f64b.rlib" "/opt/rustwide/rustup-home/toolchains/nightly-2024-10-28-x86_64-unknown-linux-gnu/lib/rustlib/x86_64-unknown-linux-gnu/lib/libobject-cbef83eaa4e01f04.rlib" "/opt/rustwide/rustup-home/toolchains/nightly-2024-10-28-x86_64-unknown-linux-gnu/lib/rustlib/x86_64-unknown-linux-gnu/lib/libmemchr-12a772286de2fca7.rlib" "/opt/rustwide/rustup-home/toolchains/nightly-2024-10-28-x86_64-unknown-linux-gnu/lib/rustlib/x86_64-unknown-linux-gnu/lib/libaddr2line-023bbe5ada7abfc3.rlib" "/opt/rustwide/rustup-home/toolchains/nightly-2024-10-28-x86_64-unknown-linux-gnu/lib/rustlib/x86_64-unknown-linux-gnu/lib/libgimli-de2bcdf10ec69c2b.rlib" "/opt/rustwide/rustup-home/toolchains/nightly-2024-10-28-x86_64-unknown-linux-gnu/lib/rustlib/x86_64-unknown-linux-gnu/lib/librustc_demangle-8e1754df350800fd.rlib" "/opt/rustwide/rustup-home/toolchains/nightly-2024-10-28-x86_64-unknown-linux-gnu/lib/rustlib/x86_64-unknown-linux-gnu/lib/libstd_detect-06c2ab7b9c32e037.rlib" "/opt/rustwide/rustup-home/toolchains/nightly-2024-10-28-x86_64-unknown-linux-gnu/lib/rustlib/x86_64-unknown-linux-gnu/lib/libhashbrown-51d2621fc57a281b.rlib" "/opt/rustwide/rustup-home/toolchains/nightly-2024-10-28-x86_64-unknown-linux-gnu/lib/rustlib/x86_64-unknown-linux-gnu/lib/librustc_std_workspace_alloc-54a930408793772f.rlib" "/opt/rustwide/rustup-home/toolchains/nightly-2024-10-28-x86_64-unknown-linux-gnu/lib/rustlib/x86_64-unknown-linux-gnu/lib/libminiz_oxide-0c7d01cba400dcb2.rlib" "/opt/rustwide/rustup-home/toolchains/nightly-2024-10-28-x86_64-unknown-linux-gnu/lib/rustlib/x86_64-unknown-linux-gnu/lib/libadler-b9f84d69e331b75b.rlib" "/opt/rustwide/rustup-home/toolchains/nightly-2024-10-28-x86_64-unknown-linux-gnu/lib/rustlib/x86_64-unknown-linux-gnu/lib/libunwind-eec95493246aae39.rlib" "/opt/rustwide/rustup-home/toolchains/nightly-2024-10-28-x86_64-unknown-linux-gnu/lib/rustlib/x86_64-unknown-linux-gnu/lib/libcfg_if-6f6676c475e08ab0.rlib" "/opt/rustwide/rustup-home/toolchains/nightly-2024-10-28-x86_64-unknown-linux-gnu/lib/rustlib/x86_64-unknown-linux-gnu/lib/liblibc-799d520624f8b2e0.rlib" "/opt/rustwide/rustup-home/toolchains/nightly-2024-10-28-x86_64-unknown-linux-gnu/lib/rustlib/x86_64-unknown-linux-gnu/lib/liballoc-fcf93d4842acd9a9.rlib" "/opt/rustwide/target/debug/deps/liblpc55_hal-06d226ede7831da2.rlib" "/opt/rustwide/target/debug/deps/libusb_device-cf21d37de55902ff.rlib" "/opt/rustwide/target/debug/deps/libblock_buffer-406cc1e579a2f1c6.rlib" "/opt/rustwide/target/debug/deps/librand_core-d4a2280c4547a8d5.rlib" "/opt/rustwide/target/debug/deps/libdigest-234b051378c00c9e.rlib" "/opt/rustwide/target/debug/deps/libcipher-fa2f03685bd6b627.rlib" "/opt/rustwide/target/debug/deps/libgeneric_array-01d97c805257b30b.rlib" "/opt/rustwide/target/debug/deps/libtypenum-5326f72807cfe834.rlib" "/opt/rustwide/target/debug/deps/libembedded_time-f224a97b7dd33bf5.rlib" "/opt/rustwide/target/debug/deps/libnum-c89c962cd1f3f1bf.rlib" "/opt/rustwide/target/debug/deps/libnum_iter-6015c37bafc0aaee.rlib" "/opt/rustwide/target/debug/deps/libnum_rational-3b6b1a229177ce93.rlib" "/opt/rustwide/target/debug/deps/libnum_integer-f1173e10d6dcc7fc.rlib" "/opt/rustwide/target/debug/deps/libnum_complex-9a4d2d1bf561b09d.rlib" "/opt/rustwide/target/debug/deps/libnum_traits-38514a4dbca2c891.rlib" "/opt/rustwide/target/debug/deps/liblpc55_pac-aa97c8f6c3bee479.rlib" "/opt/rustwide/target/debug/deps/libcortex_m_rt-9b91187924ace5e0.rlib" "/opt/rustwide/target/debug/deps/libr0-52ce6704675dcdb1.rlib" "/opt/rustwide/target/debug/deps/libheapless-c0d9eb446bb0d493.rlib" "/opt/rustwide/target/debug/deps/libstable_deref_trait-99ae74af448b958c.rlib" "/opt/rustwide/target/debug/deps/libspin-b2c89f0fed351c5f.rlib" "/opt/rustwide/target/debug/deps/liblock_api-35c7117bd1aed165.rlib" "/opt/rustwide/target/debug/deps/libscopeguard-003ee3b9b09cebdb.rlib" "/opt/rustwide/target/debug/deps/libhash32-529db8911d6b91bd.rlib" "/opt/rustwide/target/debug/deps/libbyteorder-7817d47eb31dfb0c.rlib" "/opt/rustwide/target/debug/deps/libcortex_m_semihosting-9e1b7fd73f91c291.rlib" "/opt/rustwide/target/debug/deps/libcortex_m-ba17b7ffcbd6494b.rlib" "/opt/rustwide/target/debug/deps/libembedded_hal-3f2f425bf0d941af.rlib" "/opt/rustwide/target/debug/deps/libvoid-9e681b028a877516.rlib" "/opt/rustwide/target/debug/deps/libnb-ab8678e4b2ed3327.rlib" "/opt/rustwide/target/debug/deps/libnb-fd0c4fcaea1d2fa5.rlib" "/opt/rustwide/target/debug/deps/libvolatile_register-951d9752e772fcca.rlib" "/opt/rustwide/target/debug/deps/libvcell-fe7c59c2dcd19afe.rlib" "/opt/rustwide/target/debug/deps/libbare_metal-4508ba911d5024ec.rlib" "/opt/rustwide/rustup-home/toolchains/nightly-2024-10-28-x86_64-unknown-linux-gnu/lib/rustlib/x86_64-unknown-linux-gnu/lib/librustc_std_workspace_core-395a38b8e0851c9b.rlib" "/opt/rustwide/rustup-home/toolchains/nightly-2024-10-28-x86_64-unknown-linux-gnu/lib/rustlib/x86_64-unknown-linux-gnu/lib/libcore-d453bab70303062c.rlib" "/opt/rustwide/rustup-home/toolchains/nightly-2024-10-28-x86_64-unknown-linux-gnu/lib/rustlib/x86_64-unknown-linux-gnu/lib/libcompiler_builtins-0e6386368b0a24e8.rlib" "-Wl,-Bdynamic" "-lgcc_s" "-lutil" "-lrt" "-lpthread" "-lm" "-ldl" "-lc" "-B/opt/rustwide/rustup-home/toolchains/nightly-2024-10-28-x86_64-unknown-linux-gnu/lib/rustlib/x86_64-unknown-linux-gnu/bin/gcc-ld" "-fuse-ld=lld" "-Wl,--eh-frame-hdr" "-Wl,-z,noexecstack" "-L" "/opt/rustwide/target/debug/build/cortex-m-rt-080a70b9541809d1/out" "-L" "/opt/rustwide/target/debug/build/lpc55-pac-333b1e2075c1cfbd/out" "-L" "/opt/rustwide/target/debug/build/ssd1306-7bffd5578dcf5862/out" "-L" "/opt/rustwide/rustup-home/toolchains/nightly-2024-10-28-x86_64-unknown-linux-gnu/lib/rustlib/x86_64-unknown-linux-gnu/lib" "-o" "/opt/rustwide/target/debug/examples/late-14f98be545cf4819" "-Wl,--gc-sections" "-pie" "-Wl,-z,relro,-z,now" "-nodefaultlibs"
[INFO] [stdout]   = note: rust-lld: error: undefined symbol: __cpsie
[INFO] [stdout]           >>> referenced by call_asm.rs:19 (/opt/rustwide/cargo-home/registry/src/index.crates.io-6f17d22bba15001f/cortex-m-0.7.7/src/call_asm.rs:19)
[INFO] [stdout]           >>>               /opt/rustwide/target/debug/examples/late-14f98be545cf4819.late.df300b5e5ab370e5-cgu.0.rcgu.o:(cortex_m::interrupt::enable::h630288b81bedf36b)
[INFO] [stdout]           >>> referenced by call_asm.rs:19 (/opt/rustwide/cargo-home/registry/src/index.crates.io-6f17d22bba15001f/cortex-m-0.7.7/src/call_asm.rs:19)
[INFO] [stdout]           >>>               cortex_m_semihosting-9e1b7fd73f91c291.cortex_m_semihosting.8695b5148692a212-cgu.0.rcgu.o:(cortex_m::interrupt::enable::h6fbf1d5155162629) in archive /opt/rustwide/target/debug/deps/libcortex_m_semihosting-9e1b7fd73f91c291.rlib
[INFO] [stdout]           
[INFO] [stdout]           rust-lld: error: undefined symbol: __cpsid
[INFO] [stdout]           >>> referenced by call_asm.rs:19 (/opt/rustwide/cargo-home/registry/src/index.crates.io-6f17d22bba15001f/cortex-m-0.7.7/src/call_asm.rs:19)
[INFO] [stdout]           >>>               /opt/rustwide/target/debug/examples/late-14f98be545cf4819.late.df300b5e5ab370e5-cgu.0.rcgu.o:(cortex_m::interrupt::disable::hd02fa218026b4f03)
[INFO] [stdout]           >>> referenced by call_asm.rs:19 (/opt/rustwide/cargo-home/registry/src/index.crates.io-6f17d22bba15001f/cortex-m-0.7.7/src/call_asm.rs:19)
[INFO] [stdout]           >>>               cortex_m_semihosting-9e1b7fd73f91c291.cortex_m_semihosting.8695b5148692a212-cgu.0.rcgu.o:(cortex_m::interrupt::disable::h4fcba17283fb16c8) in archive /opt/rustwide/target/debug/deps/libcortex_m_semihosting-9e1b7fd73f91c291.rlib
[INFO] [stdout]           
[INFO] [stdout]           rust-lld: error: undefined symbol: __primask_r
[INFO] [stdout]           >>> referenced by call_asm.rs:19 (/opt/rustwide/cargo-home/registry/src/index.crates.io-6f17d22bba15001f/cortex-m-0.7.7/src/call_asm.rs:19)
[INFO] [stdout]           >>>               cortex_m_semihosting-9e1b7fd73f91c291.cortex_m_semihosting.8695b5148692a212-cgu.0.rcgu.o:(cortex_m::register::primask::read::h9868eb20f097b875) in archive /opt/rustwide/target/debug/deps/libcortex_m_semihosting-9e1b7fd73f91c291.rlib
[INFO] [stdout]           collect2: error: ld returned 1 exit status
[INFO] [stdout]           
[INFO] [stdout] 
[INFO] [stdout] 
[INFO] [stdout] error: linking with `cc` failed: exit status: 1
[INFO] [stdout]   |
[INFO] [stdout]   = note: LC_ALL="C" PATH="/opt/rustwide/rustup-home/toolchains/nightly-2024-10-28-x86_64-unknown-linux-gnu/lib/rustlib/x86_64-unknown-linux-gnu/bin:/opt/rustwide/rustup-home/toolchains/nightly-2024-10-28-x86_64-unknown-linux-gnu/lib/rustlib/x86_64-unknown-linux-gnu/bin/self-contained:/opt/rustwide/cargo-home/bin:/usr/local/sbin:/usr/local/bin:/usr/sbin:/usr/bin:/sbin:/bin" VSLANG="1033" "cc" "-m64" "/tmp/rustcDqealK/symbols.o" "/opt/rustwide/target/debug/examples/semihosting-ea16646af3bea3d5.semihosting.7bfbe09b5ee4ee63-cgu.0.rcgu.o" "/opt/rustwide/target/debug/examples/semihosting-ea16646af3bea3d5.7aja9wtyo9yuwmbd3elf40jbs.rcgu.o" "-Wl,--as-needed" "-Wl,-Bstatic" "/opt/rustwide/target/debug/deps/liblpc55_hal-06d226ede7831da2.rlib" "/opt/rustwide/target/debug/deps/libusb_device-cf21d37de55902ff.rlib" "/opt/rustwide/target/debug/deps/libblock_buffer-406cc1e579a2f1c6.rlib" "/opt/rustwide/target/debug/deps/librand_core-d4a2280c4547a8d5.rlib" "/opt/rustwide/target/debug/deps/libdigest-234b051378c00c9e.rlib" "/opt/rustwide/target/debug/deps/libcipher-fa2f03685bd6b627.rlib" "/opt/rustwide/target/debug/deps/libgeneric_array-01d97c805257b30b.rlib" "/opt/rustwide/target/debug/deps/libtypenum-5326f72807cfe834.rlib" "/opt/rustwide/target/debug/deps/libembedded_time-f224a97b7dd33bf5.rlib" "/opt/rustwide/target/debug/deps/libnum-c89c962cd1f3f1bf.rlib" "/opt/rustwide/target/debug/deps/libnum_iter-6015c37bafc0aaee.rlib" "/opt/rustwide/target/debug/deps/libnum_rational-3b6b1a229177ce93.rlib" "/opt/rustwide/target/debug/deps/libnum_integer-f1173e10d6dcc7fc.rlib" "/opt/rustwide/target/debug/deps/libnum_complex-9a4d2d1bf561b09d.rlib" "/opt/rustwide/target/debug/deps/libnum_traits-38514a4dbca2c891.rlib" "/opt/rustwide/target/debug/deps/liblpc55_pac-aa97c8f6c3bee479.rlib" "/opt/rustwide/target/debug/deps/libcortex_m_semihosting-9e1b7fd73f91c291.rlib" "/opt/rustwide/target/debug/deps/libcortex_m_rt-9b91187924ace5e0.rlib" "/opt/rustwide/target/debug/deps/libr0-52ce6704675dcdb1.rlib" "/opt/rustwide/target/debug/deps/libcortex_m-ba17b7ffcbd6494b.rlib" "/opt/rustwide/target/debug/deps/libembedded_hal-3f2f425bf0d941af.rlib" "/opt/rustwide/target/debug/deps/libvoid-9e681b028a877516.rlib" "/opt/rustwide/target/debug/deps/libnb-ab8678e4b2ed3327.rlib" "/opt/rustwide/target/debug/deps/libnb-fd0c4fcaea1d2fa5.rlib" "/opt/rustwide/target/debug/deps/libvolatile_register-951d9752e772fcca.rlib" "/opt/rustwide/target/debug/deps/libvcell-fe7c59c2dcd19afe.rlib" "/opt/rustwide/target/debug/deps/libbare_metal-4508ba911d5024ec.rlib" "/opt/rustwide/target/debug/deps/libpanic_semihosting-6efa38804ba3b63e.rlib" "/opt/rustwide/rustup-home/toolchains/nightly-2024-10-28-x86_64-unknown-linux-gnu/lib/rustlib/x86_64-unknown-linux-gnu/lib/libstd-fb8c387236db3c10.rlib" "/opt/rustwide/rustup-home/toolchains/nightly-2024-10-28-x86_64-unknown-linux-gnu/lib/rustlib/x86_64-unknown-linux-gnu/lib/libpanic_unwind-b251837809b2f64b.rlib" "/opt/rustwide/rustup-home/toolchains/nightly-2024-10-28-x86_64-unknown-linux-gnu/lib/rustlib/x86_64-unknown-linux-gnu/lib/libobject-cbef83eaa4e01f04.rlib" "/opt/rustwide/rustup-home/toolchains/nightly-2024-10-28-x86_64-unknown-linux-gnu/lib/rustlib/x86_64-unknown-linux-gnu/lib/libmemchr-12a772286de2fca7.rlib" "/opt/rustwide/rustup-home/toolchains/nightly-2024-10-28-x86_64-unknown-linux-gnu/lib/rustlib/x86_64-unknown-linux-gnu/lib/libaddr2line-023bbe5ada7abfc3.rlib" "/opt/rustwide/rustup-home/toolchains/nightly-2024-10-28-x86_64-unknown-linux-gnu/lib/rustlib/x86_64-unknown-linux-gnu/lib/libgimli-de2bcdf10ec69c2b.rlib" "/opt/rustwide/rustup-home/toolchains/nightly-2024-10-28-x86_64-unknown-linux-gnu/lib/rustlib/x86_64-unknown-linux-gnu/lib/librustc_demangle-8e1754df350800fd.rlib" "/opt/rustwide/rustup-home/toolchains/nightly-2024-10-28-x86_64-unknown-linux-gnu/lib/rustlib/x86_64-unknown-linux-gnu/lib/libstd_detect-06c2ab7b9c32e037.rlib" "/opt/rustwide/rustup-home/toolchains/nightly-2024-10-28-x86_64-unknown-linux-gnu/lib/rustlib/x86_64-unknown-linux-gnu/lib/libhashbrown-51d2621fc57a281b.rlib" "/opt/rustwide/rustup-home/toolchains/nightly-2024-10-28-x86_64-unknown-linux-gnu/lib/rustlib/x86_64-unknown-linux-gnu/lib/librustc_std_workspace_alloc-54a930408793772f.rlib" "/opt/rustwide/rustup-home/toolchains/nightly-2024-10-28-x86_64-unknown-linux-gnu/lib/rustlib/x86_64-unknown-linux-gnu/lib/libminiz_oxide-0c7d01cba400dcb2.rlib" "/opt/rustwide/rustup-home/toolchains/nightly-2024-10-28-x86_64-unknown-linux-gnu/lib/rustlib/x86_64-unknown-linux-gnu/lib/libadler-b9f84d69e331b75b.rlib" "/opt/rustwide/rustup-home/toolchains/nightly-2024-10-28-x86_64-unknown-linux-gnu/lib/rustlib/x86_64-unknown-linux-gnu/lib/libunwind-eec95493246aae39.rlib" "/opt/rustwide/rustup-home/toolchains/nightly-2024-10-28-x86_64-unknown-linux-gnu/lib/rustlib/x86_64-unknown-linux-gnu/lib/libcfg_if-6f6676c475e08ab0.rlib" "/opt/rustwide/rustup-home/toolchains/nightly-2024-10-28-x86_64-unknown-linux-gnu/lib/rustlib/x86_64-unknown-linux-gnu/lib/liblibc-799d520624f8b2e0.rlib" "/opt/rustwide/rustup-home/toolchains/nightly-2024-10-28-x86_64-unknown-linux-gnu/lib/rustlib/x86_64-unknown-linux-gnu/lib/liballoc-fcf93d4842acd9a9.rlib" "/opt/rustwide/rustup-home/toolchains/nightly-2024-10-28-x86_64-unknown-linux-gnu/lib/rustlib/x86_64-unknown-linux-gnu/lib/librustc_std_workspace_core-395a38b8e0851c9b.rlib" "/opt/rustwide/rustup-home/toolchains/nightly-2024-10-28-x86_64-unknown-linux-gnu/lib/rustlib/x86_64-unknown-linux-gnu/lib/libcore-d453bab70303062c.rlib" "/opt/rustwide/rustup-home/toolchains/nightly-2024-10-28-x86_64-unknown-linux-gnu/lib/rustlib/x86_64-unknown-linux-gnu/lib/libcompiler_builtins-0e6386368b0a24e8.rlib" "-Wl,-Bdynamic" "-lgcc_s" "-lutil" "-lrt" "-lpthread" "-lm" "-ldl" "-lc" "-B/opt/rustwide/rustup-home/toolchains/nightly-2024-10-28-x86_64-unknown-linux-gnu/lib/rustlib/x86_64-unknown-linux-gnu/bin/gcc-ld" "-fuse-ld=lld" "-Wl,--eh-frame-hdr" "-Wl,-z,noexecstack" "-L" "/opt/rustwide/target/debug/build/cortex-m-rt-080a70b9541809d1/out" "-L" "/opt/rustwide/target/debug/build/lpc55-pac-333b1e2075c1cfbd/out" "-L" "/opt/rustwide/target/debug/build/ssd1306-7bffd5578dcf5862/out" "-L" "/opt/rustwide/rustup-home/toolchains/nightly-2024-10-28-x86_64-unknown-linux-gnu/lib/rustlib/x86_64-unknown-linux-gnu/lib" "-o" "/opt/rustwide/target/debug/examples/semihosting-ea16646af3bea3d5" "-Wl,--gc-sections" "-pie" "-Wl,-z,relro,-z,now" "-nodefaultlibs"
[INFO] [stdout]   = note: rust-lld: error: undefined symbol: __wfi
[INFO] [stdout]           >>> referenced by call_asm.rs:19 (/opt/rustwide/cargo-home/registry/src/index.crates.io-6f17d22bba15001f/cortex-m-0.7.7/src/call_asm.rs:19)
[INFO] [stdout]           >>>               /opt/rustwide/target/debug/examples/semihosting-ea16646af3bea3d5.semihosting.7bfbe09b5ee4ee63-cgu.0.rcgu.o:(cortex_m::asm::wfi::hd53f598803032134)
[INFO] [stdout]           
[INFO] [stdout]           rust-lld: error: undefined symbol: __primask_r
[INFO] [stdout]           >>> referenced by call_asm.rs:19 (/opt/rustwide/cargo-home/registry/src/index.crates.io-6f17d22bba15001f/cortex-m-0.7.7/src/call_asm.rs:19)
[INFO] [stdout]           >>>               lpc55_hal-06d226ede7831da2.lpc55_hal.ed67a07e5008c197-cgu.04.rcgu.o:(cortex_m::register::primask::read::h78702259e813bc12) in archive /opt/rustwide/target/debug/deps/liblpc55_hal-06d226ede7831da2.rlib
[INFO] [stdout]           >>> referenced by call_asm.rs:19 (/opt/rustwide/cargo-home/registry/src/index.crates.io-6f17d22bba15001f/cortex-m-0.7.7/src/call_asm.rs:19)
[INFO] [stdout]           >>>               cortex_m_semihosting-9e1b7fd73f91c291.cortex_m_semihosting.8695b5148692a212-cgu.0.rcgu.o:(cortex_m::register::primask::read::h9868eb20f097b875) in archive /opt/rustwide/target/debug/deps/libcortex_m_semihosting-9e1b7fd73f91c291.rlib
[INFO] [stdout]           
[INFO] [stdout]           rust-lld: error: undefined symbol: __cpsie
[INFO] [stdout]           >>> referenced by call_asm.rs:19 (/opt/rustwide/cargo-home/registry/src/index.crates.io-6f17d22bba15001f/cortex-m-0.7.7/src/call_asm.rs:19)
[INFO] [stdout]           >>>               lpc55_hal-06d226ede7831da2.lpc55_hal.ed67a07e5008c197-cgu.04.rcgu.o:(cortex_m::interrupt::enable::ha5736ee96934d303) in archive /opt/rustwide/target/debug/deps/liblpc55_hal-06d226ede7831da2.rlib
[INFO] [stdout]           >>> referenced by call_asm.rs:19 (/opt/rustwide/cargo-home/registry/src/index.crates.io-6f17d22bba15001f/cortex-m-0.7.7/src/call_asm.rs:19)
[INFO] [stdout]           >>>               cortex_m_semihosting-9e1b7fd73f91c291.cortex_m_semihosting.8695b5148692a212-cgu.0.rcgu.o:(cortex_m::interrupt::enable::h6fbf1d5155162629) in archive /opt/rustwide/target/debug/deps/libcortex_m_semihosting-9e1b7fd73f91c291.rlib
[INFO] [stdout]           
[INFO] [stdout]           rust-lld: error: undefined symbol: __cpsid
[INFO] [stdout]           >>> referenced by call_asm.rs:19 (/opt/rustwide/cargo-home/registry/src/index.crates.io-6f17d22bba15001f/cortex-m-0.7.7/src/call_asm.rs:19)
[INFO] [stdout]           >>>               lpc55_hal-06d226ede7831da2.lpc55_hal.ed67a07e5008c197-cgu.04.rcgu.o:(cortex_m::interrupt::disable::heaa166e44cae7b43) in archive /opt/rustwide/target/debug/deps/liblpc55_hal-06d226ede7831da2.rlib
[INFO] [stdout]           >>> referenced by call_asm.rs:19 (/opt/rustwide/cargo-home/registry/src/index.crates.io-6f17d22bba15001f/cortex-m-0.7.7/src/call_asm.rs:19)
[INFO] [stdout]           >>>               cortex_m_semihosting-9e1b7fd73f91c291.cortex_m_semihosting.8695b5148692a212-cgu.0.rcgu.o:(cortex_m::interrupt::disable::h4fcba17283fb16c8) in archive /opt/rustwide/target/debug/deps/libcortex_m_semihosting-9e1b7fd73f91c291.rlib
[INFO] [stdout]           collect2: error: ld returned 1 exit status
[INFO] [stdout]           
[INFO] [stdout] 
[INFO] [stdout] 
[INFO] [stdout] error: linking with `cc` failed: exit status: 1
[INFO] [stdout]   |
[INFO] [stdout]   = note: LC_ALL="C" PATH="/opt/rustwide/rustup-home/toolchains/nightly-2024-10-28-x86_64-unknown-linux-gnu/lib/rustlib/x86_64-unknown-linux-gnu/bin:/opt/rustwide/rustup-home/toolchains/nightly-2024-10-28-x86_64-unknown-linux-gnu/lib/rustlib/x86_64-unknown-linux-gnu/bin/self-contained:/opt/rustwide/cargo-home/bin:/usr/local/sbin:/usr/local/bin:/usr/sbin:/usr/bin:/sbin:/bin" VSLANG="1033" "cc" "-m64" "/tmp/rustcKPDSOG/symbols.o" "/opt/rustwide/target/debug/examples/itm-77700c2d8133eba2.itm.c32f0e45687c2b57-cgu.0.rcgu.o" "/opt/rustwide/target/debug/examples/itm-77700c2d8133eba2.ah77uorpjtozq084k33axg8zc.rcgu.o" "-Wl,--as-needed" "-Wl,-Bstatic" "/opt/rustwide/target/debug/deps/liblpc55_hal-06d226ede7831da2.rlib" "/opt/rustwide/target/debug/deps/libusb_device-cf21d37de55902ff.rlib" "/opt/rustwide/target/debug/deps/libblock_buffer-406cc1e579a2f1c6.rlib" "/opt/rustwide/target/debug/deps/librand_core-d4a2280c4547a8d5.rlib" "/opt/rustwide/target/debug/deps/libdigest-234b051378c00c9e.rlib" "/opt/rustwide/target/debug/deps/libcipher-fa2f03685bd6b627.rlib" "/opt/rustwide/target/debug/deps/libgeneric_array-01d97c805257b30b.rlib" "/opt/rustwide/target/debug/deps/libtypenum-5326f72807cfe834.rlib" "/opt/rustwide/target/debug/deps/libembedded_time-f224a97b7dd33bf5.rlib" "/opt/rustwide/target/debug/deps/libnum-c89c962cd1f3f1bf.rlib" "/opt/rustwide/target/debug/deps/libnum_iter-6015c37bafc0aaee.rlib" "/opt/rustwide/target/debug/deps/libnum_rational-3b6b1a229177ce93.rlib" "/opt/rustwide/target/debug/deps/libnum_integer-f1173e10d6dcc7fc.rlib" "/opt/rustwide/target/debug/deps/libnum_complex-9a4d2d1bf561b09d.rlib" "/opt/rustwide/target/debug/deps/libnum_traits-38514a4dbca2c891.rlib" "/opt/rustwide/target/debug/deps/liblpc55_pac-aa97c8f6c3bee479.rlib" "/opt/rustwide/target/debug/deps/libcortex_m_semihosting-9e1b7fd73f91c291.rlib" "/opt/rustwide/target/debug/deps/libcortex_m_rt-9b91187924ace5e0.rlib" "/opt/rustwide/target/debug/deps/libr0-52ce6704675dcdb1.rlib" "/opt/rustwide/target/debug/deps/libcortex_m-ba17b7ffcbd6494b.rlib" "/opt/rustwide/target/debug/deps/libembedded_hal-3f2f425bf0d941af.rlib" "/opt/rustwide/target/debug/deps/libvoid-9e681b028a877516.rlib" "/opt/rustwide/target/debug/deps/libnb-ab8678e4b2ed3327.rlib" "/opt/rustwide/target/debug/deps/libnb-fd0c4fcaea1d2fa5.rlib" "/opt/rustwide/target/debug/deps/libvolatile_register-951d9752e772fcca.rlib" "/opt/rustwide/target/debug/deps/libvcell-fe7c59c2dcd19afe.rlib" "/opt/rustwide/target/debug/deps/libbare_metal-4508ba911d5024ec.rlib" "/opt/rustwide/target/debug/deps/libpanic_semihosting-6efa38804ba3b63e.rlib" "/opt/rustwide/rustup-home/toolchains/nightly-2024-10-28-x86_64-unknown-linux-gnu/lib/rustlib/x86_64-unknown-linux-gnu/lib/libstd-fb8c387236db3c10.rlib" "/opt/rustwide/rustup-home/toolchains/nightly-2024-10-28-x86_64-unknown-linux-gnu/lib/rustlib/x86_64-unknown-linux-gnu/lib/libpanic_unwind-b251837809b2f64b.rlib" "/opt/rustwide/rustup-home/toolchains/nightly-2024-10-28-x86_64-unknown-linux-gnu/lib/rustlib/x86_64-unknown-linux-gnu/lib/libobject-cbef83eaa4e01f04.rlib" "/opt/rustwide/rustup-home/toolchains/nightly-2024-10-28-x86_64-unknown-linux-gnu/lib/rustlib/x86_64-unknown-linux-gnu/lib/libmemchr-12a772286de2fca7.rlib" "/opt/rustwide/rustup-home/toolchains/nightly-2024-10-28-x86_64-unknown-linux-gnu/lib/rustlib/x86_64-unknown-linux-gnu/lib/libaddr2line-023bbe5ada7abfc3.rlib" "/opt/rustwide/rustup-home/toolchains/nightly-2024-10-28-x86_64-unknown-linux-gnu/lib/rustlib/x86_64-unknown-linux-gnu/lib/libgimli-de2bcdf10ec69c2b.rlib" "/opt/rustwide/rustup-home/toolchains/nightly-2024-10-28-x86_64-unknown-linux-gnu/lib/rustlib/x86_64-unknown-linux-gnu/lib/librustc_demangle-8e1754df350800fd.rlib" "/opt/rustwide/rustup-home/toolchains/nightly-2024-10-28-x86_64-unknown-linux-gnu/lib/rustlib/x86_64-unknown-linux-gnu/lib/libstd_detect-06c2ab7b9c32e037.rlib" "/opt/rustwide/rustup-home/toolchains/nightly-2024-10-28-x86_64-unknown-linux-gnu/lib/rustlib/x86_64-unknown-linux-gnu/lib/libhashbrown-51d2621fc57a281b.rlib" "/opt/rustwide/rustup-home/toolchains/nightly-2024-10-28-x86_64-unknown-linux-gnu/lib/rustlib/x86_64-unknown-linux-gnu/lib/librustc_std_workspace_alloc-54a930408793772f.rlib" "/opt/rustwide/rustup-home/toolchains/nightly-2024-10-28-x86_64-unknown-linux-gnu/lib/rustlib/x86_64-unknown-linux-gnu/lib/libminiz_oxide-0c7d01cba400dcb2.rlib" "/opt/rustwide/rustup-home/toolchains/nightly-2024-10-28-x86_64-unknown-linux-gnu/lib/rustlib/x86_64-unknown-linux-gnu/lib/libadler-b9f84d69e331b75b.rlib" "/opt/rustwide/rustup-home/toolchains/nightly-2024-10-28-x86_64-unknown-linux-gnu/lib/rustlib/x86_64-unknown-linux-gnu/lib/libunwind-eec95493246aae39.rlib" "/opt/rustwide/rustup-home/toolchains/nightly-2024-10-28-x86_64-unknown-linux-gnu/lib/rustlib/x86_64-unknown-linux-gnu/lib/libcfg_if-6f6676c475e08ab0.rlib" "/opt/rustwide/rustup-home/toolchains/nightly-2024-10-28-x86_64-unknown-linux-gnu/lib/rustlib/x86_64-unknown-linux-gnu/lib/liblibc-799d520624f8b2e0.rlib" "/opt/rustwide/rustup-home/toolchains/nightly-2024-10-28-x86_64-unknown-linux-gnu/lib/rustlib/x86_64-unknown-linux-gnu/lib/liballoc-fcf93d4842acd9a9.rlib" "/opt/rustwide/rustup-home/toolchains/nightly-2024-10-28-x86_64-unknown-linux-gnu/lib/rustlib/x86_64-unknown-linux-gnu/lib/librustc_std_workspace_core-395a38b8e0851c9b.rlib" "/opt/rustwide/rustup-home/toolchains/nightly-2024-10-28-x86_64-unknown-linux-gnu/lib/rustlib/x86_64-unknown-linux-gnu/lib/libcore-d453bab70303062c.rlib" "/opt/rustwide/rustup-home/toolchains/nightly-2024-10-28-x86_64-unknown-linux-gnu/lib/rustlib/x86_64-unknown-linux-gnu/lib/libcompiler_builtins-0e6386368b0a24e8.rlib" "-Wl,-Bdynamic" "-lgcc_s" "-lutil" "-lrt" "-lpthread" "-lm" "-ldl" "-lc" "-B/opt/rustwide/rustup-home/toolchains/nightly-2024-10-28-x86_64-unknown-linux-gnu/lib/rustlib/x86_64-unknown-linux-gnu/bin/gcc-ld" "-fuse-ld=lld" "-Wl,--eh-frame-hdr" "-Wl,-z,noexecstack" "-L" "/opt/rustwide/target/debug/build/cortex-m-rt-080a70b9541809d1/out" "-L" "/opt/rustwide/target/debug/build/lpc55-pac-333b1e2075c1cfbd/out" "-L" "/opt/rustwide/target/debug/build/ssd1306-7bffd5578dcf5862/out" "-L" "/opt/rustwide/rustup-home/toolchains/nightly-2024-10-28-x86_64-unknown-linux-gnu/lib/rustlib/x86_64-unknown-linux-gnu/lib" "-o" "/opt/rustwide/target/debug/examples/itm-77700c2d8133eba2" "-Wl,--gc-sections" "-pie" "-Wl,-z,relro,-z,now" "-nodefaultlibs"
[INFO] [stdout]   = note: rust-lld: error: undefined symbol: __primask_r
[INFO] [stdout]           >>> referenced by call_asm.rs:19 (/opt/rustwide/cargo-home/registry/src/index.crates.io-6f17d22bba15001f/cortex-m-0.7.7/src/call_asm.rs:19)
[INFO] [stdout]           >>>               lpc55_hal-06d226ede7831da2.lpc55_hal.ed67a07e5008c197-cgu.04.rcgu.o:(cortex_m::register::primask::read::h78702259e813bc12) in archive /opt/rustwide/target/debug/deps/liblpc55_hal-06d226ede7831da2.rlib
[INFO] [stdout]           >>> referenced by call_asm.rs:19 (/opt/rustwide/cargo-home/registry/src/index.crates.io-6f17d22bba15001f/cortex-m-0.7.7/src/call_asm.rs:19)
[INFO] [stdout]           >>>               cortex_m_semihosting-9e1b7fd73f91c291.cortex_m_semihosting.8695b5148692a212-cgu.0.rcgu.o:(cortex_m::register::primask::read::h9868eb20f097b875) in archive /opt/rustwide/target/debug/deps/libcortex_m_semihosting-9e1b7fd73f91c291.rlib
[INFO] [stdout]           
[INFO] [stdout]           rust-lld: error: undefined symbol: __cpsie
[INFO] [stdout]           >>> referenced by call_asm.rs:19 (/opt/rustwide/cargo-home/registry/src/index.crates.io-6f17d22bba15001f/cortex-m-0.7.7/src/call_asm.rs:19)
[INFO] [stdout]           >>>               lpc55_hal-06d226ede7831da2.lpc55_hal.ed67a07e5008c197-cgu.04.rcgu.o:(cortex_m::interrupt::enable::ha5736ee96934d303) in archive /opt/rustwide/target/debug/deps/liblpc55_hal-06d226ede7831da2.rlib
[INFO] [stdout]           >>> referenced by call_asm.rs:19 (/opt/rustwide/cargo-home/registry/src/index.crates.io-6f17d22bba15001f/cortex-m-0.7.7/src/call_asm.rs:19)
[INFO] [stdout]           >>>               cortex_m_semihosting-9e1b7fd73f91c291.cortex_m_semihosting.8695b5148692a212-cgu.0.rcgu.o:(cortex_m::interrupt::enable::h6fbf1d5155162629) in archive /opt/rustwide/target/debug/deps/libcortex_m_semihosting-9e1b7fd73f91c291.rlib
[INFO] [stdout]           
[INFO] [stdout]           rust-lld: error: undefined symbol: __cpsid
[INFO] [stdout]           >>> referenced by call_asm.rs:19 (/opt/rustwide/cargo-home/registry/src/index.crates.io-6f17d22bba15001f/cortex-m-0.7.7/src/call_asm.rs:19)
[INFO] [stdout]           >>>               lpc55_hal-06d226ede7831da2.lpc55_hal.ed67a07e5008c197-cgu.04.rcgu.o:(cortex_m::interrupt::disable::heaa166e44cae7b43) in archive /opt/rustwide/target/debug/deps/liblpc55_hal-06d226ede7831da2.rlib
[INFO] [stdout]           >>> referenced by call_asm.rs:19 (/opt/rustwide/cargo-home/registry/src/index.crates.io-6f17d22bba15001f/cortex-m-0.7.7/src/call_asm.rs:19)
[INFO] [stdout]           >>>               cortex_m_semihosting-9e1b7fd73f91c291.cortex_m_semihosting.8695b5148692a212-cgu.0.rcgu.o:(cortex_m::interrupt::disable::h4fcba17283fb16c8) in archive /opt/rustwide/target/debug/deps/libcortex_m_semihosting-9e1b7fd73f91c291.rlib
[INFO] [stdout]           collect2: error: ld returned 1 exit status
[INFO] [stdout]           
[INFO] [stdout] 
[INFO] [stdout] 
[INFO] [stdout] error: linking with `cc` failed: exit status: 1
[INFO] [stdout]   |
[INFO] [stdout]   = note: LC_ALL="C" PATH="/opt/rustwide/rustup-home/toolchains/nightly-2024-10-28-x86_64-unknown-linux-gnu/lib/rustlib/x86_64-unknown-linux-gnu/bin:/opt/rustwide/rustup-home/toolchains/nightly-2024-10-28-x86_64-unknown-linux-gnu/lib/rustlib/x86_64-unknown-linux-gnu/bin/self-contained:/opt/rustwide/cargo-home/bin:/usr/local/sbin:/usr/local/bin:/usr/sbin:/usr/bin:/sbin:/bin" VSLANG="1033" "cc" "-m64" "/tmp/rustcLZlEyR/symbols.o" "/opt/rustwide/target/debug/examples/prince-abb5d090b179c2c1.prince.3a5595311fcddfe6-cgu.0.rcgu.o" "/opt/rustwide/target/debug/examples/prince-abb5d090b179c2c1.e867nkxrcpiou9secxu4pvjin.rcgu.o" "-Wl,--as-needed" "-Wl,-Bstatic" "/opt/rustwide/target/debug/deps/liblpc55_hal-06d226ede7831da2.rlib" "/opt/rustwide/target/debug/deps/libusb_device-cf21d37de55902ff.rlib" "/opt/rustwide/target/debug/deps/libblock_buffer-406cc1e579a2f1c6.rlib" "/opt/rustwide/target/debug/deps/librand_core-d4a2280c4547a8d5.rlib" "/opt/rustwide/target/debug/deps/libdigest-234b051378c00c9e.rlib" "/opt/rustwide/target/debug/deps/libcipher-fa2f03685bd6b627.rlib" "/opt/rustwide/target/debug/deps/libgeneric_array-01d97c805257b30b.rlib" "/opt/rustwide/target/debug/deps/libtypenum-5326f72807cfe834.rlib" "/opt/rustwide/target/debug/deps/libembedded_time-f224a97b7dd33bf5.rlib" "/opt/rustwide/target/debug/deps/libnum-c89c962cd1f3f1bf.rlib" "/opt/rustwide/target/debug/deps/libnum_iter-6015c37bafc0aaee.rlib" "/opt/rustwide/target/debug/deps/libnum_rational-3b6b1a229177ce93.rlib" "/opt/rustwide/target/debug/deps/libnum_integer-f1173e10d6dcc7fc.rlib" "/opt/rustwide/target/debug/deps/libnum_complex-9a4d2d1bf561b09d.rlib" "/opt/rustwide/target/debug/deps/libnum_traits-38514a4dbca2c891.rlib" "/opt/rustwide/target/debug/deps/liblpc55_pac-aa97c8f6c3bee479.rlib" "/opt/rustwide/target/debug/deps/libcortex_m_semihosting-9e1b7fd73f91c291.rlib" "/opt/rustwide/target/debug/deps/libcortex_m-ba17b7ffcbd6494b.rlib" "/opt/rustwide/target/debug/deps/libembedded_hal-3f2f425bf0d941af.rlib" "/opt/rustwide/target/debug/deps/libvoid-9e681b028a877516.rlib" "/opt/rustwide/target/debug/deps/libnb-ab8678e4b2ed3327.rlib" "/opt/rustwide/target/debug/deps/libnb-fd0c4fcaea1d2fa5.rlib" "/opt/rustwide/target/debug/deps/libvolatile_register-951d9752e772fcca.rlib" "/opt/rustwide/target/debug/deps/libvcell-fe7c59c2dcd19afe.rlib" "/opt/rustwide/target/debug/deps/libbare_metal-4508ba911d5024ec.rlib" "/opt/rustwide/target/debug/deps/libcortex_m_rt-9b91187924ace5e0.rlib" "/opt/rustwide/target/debug/deps/libr0-52ce6704675dcdb1.rlib" "/opt/rustwide/target/debug/deps/libpanic_semihosting-6efa38804ba3b63e.rlib" "/opt/rustwide/rustup-home/toolchains/nightly-2024-10-28-x86_64-unknown-linux-gnu/lib/rustlib/x86_64-unknown-linux-gnu/lib/libstd-fb8c387236db3c10.rlib" "/opt/rustwide/rustup-home/toolchains/nightly-2024-10-28-x86_64-unknown-linux-gnu/lib/rustlib/x86_64-unknown-linux-gnu/lib/libpanic_unwind-b251837809b2f64b.rlib" "/opt/rustwide/rustup-home/toolchains/nightly-2024-10-28-x86_64-unknown-linux-gnu/lib/rustlib/x86_64-unknown-linux-gnu/lib/libobject-cbef83eaa4e01f04.rlib" "/opt/rustwide/rustup-home/toolchains/nightly-2024-10-28-x86_64-unknown-linux-gnu/lib/rustlib/x86_64-unknown-linux-gnu/lib/libmemchr-12a772286de2fca7.rlib" "/opt/rustwide/rustup-home/toolchains/nightly-2024-10-28-x86_64-unknown-linux-gnu/lib/rustlib/x86_64-unknown-linux-gnu/lib/libaddr2line-023bbe5ada7abfc3.rlib" "/opt/rustwide/rustup-home/toolchains/nightly-2024-10-28-x86_64-unknown-linux-gnu/lib/rustlib/x86_64-unknown-linux-gnu/lib/libgimli-de2bcdf10ec69c2b.rlib" "/opt/rustwide/rustup-home/toolchains/nightly-2024-10-28-x86_64-unknown-linux-gnu/lib/rustlib/x86_64-unknown-linux-gnu/lib/librustc_demangle-8e1754df350800fd.rlib" "/opt/rustwide/rustup-home/toolchains/nightly-2024-10-28-x86_64-unknown-linux-gnu/lib/rustlib/x86_64-unknown-linux-gnu/lib/libstd_detect-06c2ab7b9c32e037.rlib" "/opt/rustwide/rustup-home/toolchains/nightly-2024-10-28-x86_64-unknown-linux-gnu/lib/rustlib/x86_64-unknown-linux-gnu/lib/libhashbrown-51d2621fc57a281b.rlib" "/opt/rustwide/rustup-home/toolchains/nightly-2024-10-28-x86_64-unknown-linux-gnu/lib/rustlib/x86_64-unknown-linux-gnu/lib/librustc_std_workspace_alloc-54a930408793772f.rlib" "/opt/rustwide/rustup-home/toolchains/nightly-2024-10-28-x86_64-unknown-linux-gnu/lib/rustlib/x86_64-unknown-linux-gnu/lib/libminiz_oxide-0c7d01cba400dcb2.rlib" "/opt/rustwide/rustup-home/toolchains/nightly-2024-10-28-x86_64-unknown-linux-gnu/lib/rustlib/x86_64-unknown-linux-gnu/lib/libadler-b9f84d69e331b75b.rlib" "/opt/rustwide/rustup-home/toolchains/nightly-2024-10-28-x86_64-unknown-linux-gnu/lib/rustlib/x86_64-unknown-linux-gnu/lib/libunwind-eec95493246aae39.rlib" "/opt/rustwide/rustup-home/toolchains/nightly-2024-10-28-x86_64-unknown-linux-gnu/lib/rustlib/x86_64-unknown-linux-gnu/lib/libcfg_if-6f6676c475e08ab0.rlib" "/opt/rustwide/rustup-home/toolchains/nightly-2024-10-28-x86_64-unknown-linux-gnu/lib/rustlib/x86_64-unknown-linux-gnu/lib/liblibc-799d520624f8b2e0.rlib" "/opt/rustwide/rustup-home/toolchains/nightly-2024-10-28-x86_64-unknown-linux-gnu/lib/rustlib/x86_64-unknown-linux-gnu/lib/liballoc-fcf93d4842acd9a9.rlib" "/opt/rustwide/rustup-home/toolchains/nightly-2024-10-28-x86_64-unknown-linux-gnu/lib/rustlib/x86_64-unknown-linux-gnu/lib/librustc_std_workspace_core-395a38b8e0851c9b.rlib" "/opt/rustwide/rustup-home/toolchains/nightly-2024-10-28-x86_64-unknown-linux-gnu/lib/rustlib/x86_64-unknown-linux-gnu/lib/libcore-d453bab70303062c.rlib" "/opt/rustwide/rustup-home/toolchains/nightly-2024-10-28-x86_64-unknown-linux-gnu/lib/rustlib/x86_64-unknown-linux-gnu/lib/libcompiler_builtins-0e6386368b0a24e8.rlib" "-Wl,-Bdynamic" "-lgcc_s" "-lutil" "-lrt" "-lpthread" "-lm" "-ldl" "-lc" "-B/opt/rustwide/rustup-home/toolchains/nightly-2024-10-28-x86_64-unknown-linux-gnu/lib/rustlib/x86_64-unknown-linux-gnu/bin/gcc-ld" "-fuse-ld=lld" "-Wl,--eh-frame-hdr" "-Wl,-z,noexecstack" "-L" "/opt/rustwide/target/debug/build/cortex-m-rt-080a70b9541809d1/out" "-L" "/opt/rustwide/target/debug/build/lpc55-pac-333b1e2075c1cfbd/out" "-L" "/opt/rustwide/target/debug/build/ssd1306-7bffd5578dcf5862/out" "-L" "/opt/rustwide/rustup-home/toolchains/nightly-2024-10-28-x86_64-unknown-linux-gnu/lib/rustlib/x86_64-unknown-linux-gnu/lib" "-o" "/opt/rustwide/target/debug/examples/prince-abb5d090b179c2c1" "-Wl,--gc-sections" "-pie" "-Wl,-z,relro,-z,now" "-nodefaultlibs"
[INFO] [stdout]   = note: rust-lld: error: undefined symbol: __primask_r
[INFO] [stdout]           >>> referenced by call_asm.rs:19 (/opt/rustwide/cargo-home/registry/src/index.crates.io-6f17d22bba15001f/cortex-m-0.7.7/src/call_asm.rs:19)
[INFO] [stdout]           >>>               lpc55_hal-06d226ede7831da2.lpc55_hal.ed67a07e5008c197-cgu.04.rcgu.o:(cortex_m::register::primask::read::h78702259e813bc12) in archive /opt/rustwide/target/debug/deps/liblpc55_hal-06d226ede7831da2.rlib
[INFO] [stdout]           >>> referenced by call_asm.rs:19 (/opt/rustwide/cargo-home/registry/src/index.crates.io-6f17d22bba15001f/cortex-m-0.7.7/src/call_asm.rs:19)
[INFO] [stdout]           >>>               cortex_m_semihosting-9e1b7fd73f91c291.cortex_m_semihosting.8695b5148692a212-cgu.0.rcgu.o:(cortex_m::register::primask::read::h9868eb20f097b875) in archive /opt/rustwide/target/debug/deps/libcortex_m_semihosting-9e1b7fd73f91c291.rlib
[INFO] [stdout]           
[INFO] [stdout]           rust-lld: error: undefined symbol: __cpsie
[INFO] [stdout]           >>> referenced by call_asm.rs:19 (/opt/rustwide/cargo-home/registry/src/index.crates.io-6f17d22bba15001f/cortex-m-0.7.7/src/call_asm.rs:19)
[INFO] [stdout]           >>>               lpc55_hal-06d226ede7831da2.lpc55_hal.ed67a07e5008c197-cgu.04.rcgu.o:(cortex_m::interrupt::enable::ha5736ee96934d303) in archive /opt/rustwide/target/debug/deps/liblpc55_hal-06d226ede7831da2.rlib
[INFO] [stdout]           >>> referenced by call_asm.rs:19 (/opt/rustwide/cargo-home/registry/src/index.crates.io-6f17d22bba15001f/cortex-m-0.7.7/src/call_asm.rs:19)
[INFO] [stdout]           >>>               cortex_m_semihosting-9e1b7fd73f91c291.cortex_m_semihosting.8695b5148692a212-cgu.0.rcgu.o:(cortex_m::interrupt::enable::h6fbf1d5155162629) in archive /opt/rustwide/target/debug/deps/libcortex_m_semihosting-9e1b7fd73f91c291.rlib
[INFO] [stdout]           
[INFO] [stdout]           rust-lld: error: undefined symbol: __cpsid
[INFO] [stdout]           >>> referenced by call_asm.rs:19 (/opt/rustwide/cargo-home/registry/src/index.crates.io-6f17d22bba15001f/cortex-m-0.7.7/src/call_asm.rs:19)
[INFO] [stdout]           >>>               lpc55_hal-06d226ede7831da2.lpc55_hal.ed67a07e5008c197-cgu.04.rcgu.o:(cortex_m::interrupt::disable::heaa166e44cae7b43) in archive /opt/rustwide/target/debug/deps/liblpc55_hal-06d226ede7831da2.rlib
[INFO] [stdout]           >>> referenced by call_asm.rs:19 (/opt/rustwide/cargo-home/registry/src/index.crates.io-6f17d22bba15001f/cortex-m-0.7.7/src/call_asm.rs:19)
[INFO] [stdout]           >>>               cortex_m_semihosting-9e1b7fd73f91c291.cortex_m_semihosting.8695b5148692a212-cgu.0.rcgu.o:(cortex_m::interrupt::disable::h4fcba17283fb16c8) in archive /opt/rustwide/target/debug/deps/libcortex_m_semihosting-9e1b7fd73f91c291.rlib
[INFO] [stdout]           collect2: error: ld returned 1 exit status
[INFO] [stdout]           
[INFO] [stdout] 
[INFO] [stdout] 
[INFO] [stderr] error: could not compile `lpc55-hal` (example "late") due to 1 previous error; 7 warnings emitted
[INFO] [stdout] error: linking with `cc` failed: exit status: 1
[INFO] [stdout]   |
[INFO] [stdout]   = note: LC_ALL="C" PATH="/opt/rustwide/rustup-home/toolchains/nightly-2024-10-28-x86_64-unknown-linux-gnu/lib/rustlib/x86_64-unknown-linux-gnu/bin:/opt/rustwide/rustup-home/toolchains/nightly-2024-10-28-x86_64-unknown-linux-gnu/lib/rustlib/x86_64-unknown-linux-gnu/bin/self-contained:/opt/rustwide/cargo-home/bin:/usr/local/sbin:/usr/local/bin:/usr/sbin:/usr/bin:/sbin:/bin" VSLANG="1033" "cc" "-m64" "/tmp/rustcm86VTA/symbols.o" "/opt/rustwide/target/debug/examples/flash-b2b4a43338b9e80e.flash.aeb1c57611eef816-cgu.0.rcgu.o" "/opt/rustwide/target/debug/examples/flash-b2b4a43338b9e80e.3qy31q5ot7fpldkm7zspv14nw.rcgu.o" "-Wl,--as-needed" "-Wl,-Bstatic" "/opt/rustwide/target/debug/deps/liblpc55_hal-06d226ede7831da2.rlib" "/opt/rustwide/target/debug/deps/libusb_device-cf21d37de55902ff.rlib" "/opt/rustwide/target/debug/deps/libblock_buffer-406cc1e579a2f1c6.rlib" "/opt/rustwide/target/debug/deps/librand_core-d4a2280c4547a8d5.rlib" "/opt/rustwide/target/debug/deps/libdigest-234b051378c00c9e.rlib" "/opt/rustwide/target/debug/deps/libcipher-fa2f03685bd6b627.rlib" "/opt/rustwide/target/debug/deps/libgeneric_array-01d97c805257b30b.rlib" "/opt/rustwide/target/debug/deps/libtypenum-5326f72807cfe834.rlib" "/opt/rustwide/target/debug/deps/libembedded_time-f224a97b7dd33bf5.rlib" "/opt/rustwide/target/debug/deps/libnum-c89c962cd1f3f1bf.rlib" "/opt/rustwide/target/debug/deps/libnum_iter-6015c37bafc0aaee.rlib" "/opt/rustwide/target/debug/deps/libnum_rational-3b6b1a229177ce93.rlib" "/opt/rustwide/target/debug/deps/libnum_integer-f1173e10d6dcc7fc.rlib" "/opt/rustwide/target/debug/deps/libnum_complex-9a4d2d1bf561b09d.rlib" "/opt/rustwide/target/debug/deps/libnum_traits-38514a4dbca2c891.rlib" "/opt/rustwide/target/debug/deps/liblpc55_pac-aa97c8f6c3bee479.rlib" "/opt/rustwide/target/debug/deps/libcortex_m_semihosting-9e1b7fd73f91c291.rlib" "/opt/rustwide/target/debug/deps/libcortex_m-ba17b7ffcbd6494b.rlib" "/opt/rustwide/target/debug/deps/libembedded_hal-3f2f425bf0d941af.rlib" "/opt/rustwide/target/debug/deps/libvoid-9e681b028a877516.rlib" "/opt/rustwide/target/debug/deps/libnb-ab8678e4b2ed3327.rlib" "/opt/rustwide/target/debug/deps/libnb-fd0c4fcaea1d2fa5.rlib" "/opt/rustwide/target/debug/deps/libvolatile_register-951d9752e772fcca.rlib" "/opt/rustwide/target/debug/deps/libvcell-fe7c59c2dcd19afe.rlib" "/opt/rustwide/target/debug/deps/libbare_metal-4508ba911d5024ec.rlib" "/opt/rustwide/target/debug/deps/libcortex_m_rt-9b91187924ace5e0.rlib" "/opt/rustwide/target/debug/deps/libr0-52ce6704675dcdb1.rlib" "/opt/rustwide/target/debug/deps/libpanic_semihosting-6efa38804ba3b63e.rlib" "/opt/rustwide/rustup-home/toolchains/nightly-2024-10-28-x86_64-unknown-linux-gnu/lib/rustlib/x86_64-unknown-linux-gnu/lib/libstd-fb8c387236db3c10.rlib" "/opt/rustwide/rustup-home/toolchains/nightly-2024-10-28-x86_64-unknown-linux-gnu/lib/rustlib/x86_64-unknown-linux-gnu/lib/libpanic_unwind-b251837809b2f64b.rlib" "/opt/rustwide/rustup-home/toolchains/nightly-2024-10-28-x86_64-unknown-linux-gnu/lib/rustlib/x86_64-unknown-linux-gnu/lib/libobject-cbef83eaa4e01f04.rlib" "/opt/rustwide/rustup-home/toolchains/nightly-2024-10-28-x86_64-unknown-linux-gnu/lib/rustlib/x86_64-unknown-linux-gnu/lib/libmemchr-12a772286de2fca7.rlib" "/opt/rustwide/rustup-home/toolchains/nightly-2024-10-28-x86_64-unknown-linux-gnu/lib/rustlib/x86_64-unknown-linux-gnu/lib/libaddr2line-023bbe5ada7abfc3.rlib" "/opt/rustwide/rustup-home/toolchains/nightly-2024-10-28-x86_64-unknown-linux-gnu/lib/rustlib/x86_64-unknown-linux-gnu/lib/libgimli-de2bcdf10ec69c2b.rlib" "/opt/rustwide/rustup-home/toolchains/nightly-2024-10-28-x86_64-unknown-linux-gnu/lib/rustlib/x86_64-unknown-linux-gnu/lib/librustc_demangle-8e1754df350800fd.rlib" "/opt/rustwide/rustup-home/toolchains/nightly-2024-10-28-x86_64-unknown-linux-gnu/lib/rustlib/x86_64-unknown-linux-gnu/lib/libstd_detect-06c2ab7b9c32e037.rlib" "/opt/rustwide/rustup-home/toolchains/nightly-2024-10-28-x86_64-unknown-linux-gnu/lib/rustlib/x86_64-unknown-linux-gnu/lib/libhashbrown-51d2621fc57a281b.rlib" "/opt/rustwide/rustup-home/toolchains/nightly-2024-10-28-x86_64-unknown-linux-gnu/lib/rustlib/x86_64-unknown-linux-gnu/lib/librustc_std_workspace_alloc-54a930408793772f.rlib" "/opt/rustwide/rustup-home/toolchains/nightly-2024-10-28-x86_64-unknown-linux-gnu/lib/rustlib/x86_64-unknown-linux-gnu/lib/libminiz_oxide-0c7d01cba400dcb2.rlib" "/opt/rustwide/rustup-home/toolchains/nightly-2024-10-28-x86_64-unknown-linux-gnu/lib/rustlib/x86_64-unknown-linux-gnu/lib/libadler-b9f84d69e331b75b.rlib" "/opt/rustwide/rustup-home/toolchains/nightly-2024-10-28-x86_64-unknown-linux-gnu/lib/rustlib/x86_64-unknown-linux-gnu/lib/libunwind-eec95493246aae39.rlib" "/opt/rustwide/rustup-home/toolchains/nightly-2024-10-28-x86_64-unknown-linux-gnu/lib/rustlib/x86_64-unknown-linux-gnu/lib/libcfg_if-6f6676c475e08ab0.rlib" "/opt/rustwide/rustup-home/toolchains/nightly-2024-10-28-x86_64-unknown-linux-gnu/lib/rustlib/x86_64-unknown-linux-gnu/lib/liblibc-799d520624f8b2e0.rlib" "/opt/rustwide/rustup-home/toolchains/nightly-2024-10-28-x86_64-unknown-linux-gnu/lib/rustlib/x86_64-unknown-linux-gnu/lib/liballoc-fcf93d4842acd9a9.rlib" "/opt/rustwide/rustup-home/toolchains/nightly-2024-10-28-x86_64-unknown-linux-gnu/lib/rustlib/x86_64-unknown-linux-gnu/lib/librustc_std_workspace_core-395a38b8e0851c9b.rlib" "/opt/rustwide/rustup-home/toolchains/nightly-2024-10-28-x86_64-unknown-linux-gnu/lib/rustlib/x86_64-unknown-linux-gnu/lib/libcore-d453bab70303062c.rlib" "/opt/rustwide/rustup-home/toolchains/nightly-2024-10-28-x86_64-unknown-linux-gnu/lib/rustlib/x86_64-unknown-linux-gnu/lib/libcompiler_builtins-0e6386368b0a24e8.rlib" "-Wl,-Bdynamic" "-lgcc_s" "-lutil" "-lrt" "-lpthread" "-lm" "-ldl" "-lc" "-B/opt/rustwide/rustup-home/toolchains/nightly-2024-10-28-x86_64-unknown-linux-gnu/lib/rustlib/x86_64-unknown-linux-gnu/bin/gcc-ld" "-fuse-ld=lld" "-Wl,--eh-frame-hdr" "-Wl,-z,noexecstack" "-L" "/opt/rustwide/target/debug/build/cortex-m-rt-080a70b9541809d1/out" "-L" "/opt/rustwide/target/debug/build/lpc55-pac-333b1e2075c1cfbd/out" "-L" "/opt/rustwide/target/debug/build/ssd1306-7bffd5578dcf5862/out" "-L" "/opt/rustwide/rustup-home/toolchains/nightly-2024-10-28-x86_64-unknown-linux-gnu/lib/rustlib/x86_64-unknown-linux-gnu/lib" "-o" "/opt/rustwide/target/debug/examples/flash-b2b4a43338b9e80e" "-Wl,--gc-sections" "-pie" "-Wl,-z,relro,-z,now" "-nodefaultlibs"
[INFO] [stdout]   = note: rust-lld: error: undefined symbol: __primask_r
[INFO] [stdout]           >>> referenced by call_asm.rs:19 (/opt/rustwide/cargo-home/registry/src/index.crates.io-6f17d22bba15001f/cortex-m-0.7.7/src/call_asm.rs:19)
[INFO] [stdout]           >>>               lpc55_hal-06d226ede7831da2.lpc55_hal.ed67a07e5008c197-cgu.04.rcgu.o:(cortex_m::register::primask::read::h78702259e813bc12) in archive /opt/rustwide/target/debug/deps/liblpc55_hal-06d226ede7831da2.rlib
[INFO] [stdout]           >>> referenced by call_asm.rs:19 (/opt/rustwide/cargo-home/registry/src/index.crates.io-6f17d22bba15001f/cortex-m-0.7.7/src/call_asm.rs:19)
[INFO] [stdout]           >>>               cortex_m_semihosting-9e1b7fd73f91c291.cortex_m_semihosting.8695b5148692a212-cgu.0.rcgu.o:(cortex_m::register::primask::read::h9868eb20f097b875) in archive /opt/rustwide/target/debug/deps/libcortex_m_semihosting-9e1b7fd73f91c291.rlib
[INFO] [stdout]           
[INFO] [stdout]           rust-lld: error: undefined symbol: __cpsie
[INFO] [stdout]           >>> referenced by call_asm.rs:19 (/opt/rustwide/cargo-home/registry/src/index.crates.io-6f17d22bba15001f/cortex-m-0.7.7/src/call_asm.rs:19)
[INFO] [stdout]           >>>               lpc55_hal-06d226ede7831da2.lpc55_hal.ed67a07e5008c197-cgu.04.rcgu.o:(cortex_m::interrupt::enable::ha5736ee96934d303) in archive /opt/rustwide/target/debug/deps/liblpc55_hal-06d226ede7831da2.rlib
[INFO] [stdout]           >>> referenced by call_asm.rs:19 (/opt/rustwide/cargo-home/registry/src/index.crates.io-6f17d22bba15001f/cortex-m-0.7.7/src/call_asm.rs:19)
[INFO] [stdout]           >>>               cortex_m_semihosting-9e1b7fd73f91c291.cortex_m_semihosting.8695b5148692a212-cgu.0.rcgu.o:(cortex_m::interrupt::enable::h6fbf1d5155162629) in archive /opt/rustwide/target/debug/deps/libcortex_m_semihosting-9e1b7fd73f91c291.rlib
[INFO] [stdout]           
[INFO] [stdout]           rust-lld: error: undefined symbol: __cpsid
[INFO] [stdout]           >>> referenced by call_asm.rs:19 (/opt/rustwide/cargo-home/registry/src/index.crates.io-6f17d22bba15001f/cortex-m-0.7.7/src/call_asm.rs:19)
[INFO] [stdout]           >>>               lpc55_hal-06d226ede7831da2.lpc55_hal.ed67a07e5008c197-cgu.04.rcgu.o:(cortex_m::interrupt::disable::heaa166e44cae7b43) in archive /opt/rustwide/target/debug/deps/liblpc55_hal-06d226ede7831da2.rlib
[INFO] [stdout]           >>> referenced by call_asm.rs:19 (/opt/rustwide/cargo-home/registry/src/index.crates.io-6f17d22bba15001f/cortex-m-0.7.7/src/call_asm.rs:19)
[INFO] [stdout]           >>>               cortex_m_semihosting-9e1b7fd73f91c291.cortex_m_semihosting.8695b5148692a212-cgu.0.rcgu.o:(cortex_m::interrupt::disable::h4fcba17283fb16c8) in archive /opt/rustwide/target/debug/deps/libcortex_m_semihosting-9e1b7fd73f91c291.rlib
[INFO] [stdout]           collect2: error: ld returned 1 exit status
[INFO] [stdout]           
[INFO] [stdout] 
[INFO] [stdout] 
[INFO] [stderr] error: could not compile `lpc55-hal` (example "semihosting") due to 1 previous error
[INFO] [stderr] error: could not compile `lpc55-hal` (example "itm") due to 1 previous error
[INFO] [stderr] error: could not compile `lpc55-hal` (example "prince") due to 1 previous error
[INFO] [stdout] error: linking with `cc` failed: exit status: 1
[INFO] [stdout]   |
[INFO] [stdout]   = note: LC_ALL="C" PATH="/opt/rustwide/rustup-home/toolchains/nightly-2024-10-28-x86_64-unknown-linux-gnu/lib/rustlib/x86_64-unknown-linux-gnu/bin:/opt/rustwide/rustup-home/toolchains/nightly-2024-10-28-x86_64-unknown-linux-gnu/lib/rustlib/x86_64-unknown-linux-gnu/bin/self-contained:/opt/rustwide/cargo-home/bin:/usr/local/sbin:/usr/local/bin:/usr/sbin:/usr/bin:/sbin:/bin" VSLANG="1033" "cc" "-m64" "/tmp/rustcBL47n7/symbols.o" "/opt/rustwide/target/debug/examples/pwm-887d94bebf1aa3ab.pwm.a697b381c57949c6-cgu.0.rcgu.o" "/opt/rustwide/target/debug/examples/pwm-887d94bebf1aa3ab.2d2vxx1ug6r2ujec874td3d4e.rcgu.o" "-Wl,--as-needed" "-Wl,-Bstatic" "/opt/rustwide/target/debug/deps/libcortex_m_semihosting-9e1b7fd73f91c291.rlib" "/opt/rustwide/target/debug/deps/liblpc55_hal-06d226ede7831da2.rlib" "/opt/rustwide/target/debug/deps/libusb_device-cf21d37de55902ff.rlib" "/opt/rustwide/target/debug/deps/libblock_buffer-406cc1e579a2f1c6.rlib" "/opt/rustwide/target/debug/deps/librand_core-d4a2280c4547a8d5.rlib" "/opt/rustwide/target/debug/deps/libdigest-234b051378c00c9e.rlib" "/opt/rustwide/target/debug/deps/libcipher-fa2f03685bd6b627.rlib" "/opt/rustwide/target/debug/deps/libgeneric_array-01d97c805257b30b.rlib" "/opt/rustwide/target/debug/deps/libtypenum-5326f72807cfe834.rlib" "/opt/rustwide/target/debug/deps/libembedded_time-f224a97b7dd33bf5.rlib" "/opt/rustwide/target/debug/deps/libnum-c89c962cd1f3f1bf.rlib" "/opt/rustwide/target/debug/deps/libnum_iter-6015c37bafc0aaee.rlib" "/opt/rustwide/target/debug/deps/libnum_rational-3b6b1a229177ce93.rlib" "/opt/rustwide/target/debug/deps/libnum_integer-f1173e10d6dcc7fc.rlib" "/opt/rustwide/target/debug/deps/libnum_complex-9a4d2d1bf561b09d.rlib" "/opt/rustwide/target/debug/deps/libnum_traits-38514a4dbca2c891.rlib" "/opt/rustwide/target/debug/deps/liblpc55_pac-aa97c8f6c3bee479.rlib" "/opt/rustwide/target/debug/deps/libcortex_m-ba17b7ffcbd6494b.rlib" "/opt/rustwide/target/debug/deps/libembedded_hal-3f2f425bf0d941af.rlib" "/opt/rustwide/target/debug/deps/libvoid-9e681b028a877516.rlib" "/opt/rustwide/target/debug/deps/libnb-ab8678e4b2ed3327.rlib" "/opt/rustwide/target/debug/deps/libvolatile_register-951d9752e772fcca.rlib" "/opt/rustwide/target/debug/deps/libvcell-fe7c59c2dcd19afe.rlib" "/opt/rustwide/target/debug/deps/libbare_metal-4508ba911d5024ec.rlib" "/opt/rustwide/target/debug/deps/libcortex_m_rt-9b91187924ace5e0.rlib" "/opt/rustwide/target/debug/deps/libr0-52ce6704675dcdb1.rlib" "/opt/rustwide/target/debug/deps/libnb-fd0c4fcaea1d2fa5.rlib" "/opt/rustwide/target/debug/deps/libpanic_semihosting-6efa38804ba3b63e.rlib" "/opt/rustwide/rustup-home/toolchains/nightly-2024-10-28-x86_64-unknown-linux-gnu/lib/rustlib/x86_64-unknown-linux-gnu/lib/libstd-fb8c387236db3c10.rlib" "/opt/rustwide/rustup-home/toolchains/nightly-2024-10-28-x86_64-unknown-linux-gnu/lib/rustlib/x86_64-unknown-linux-gnu/lib/libpanic_unwind-b251837809b2f64b.rlib" "/opt/rustwide/rustup-home/toolchains/nightly-2024-10-28-x86_64-unknown-linux-gnu/lib/rustlib/x86_64-unknown-linux-gnu/lib/libobject-cbef83eaa4e01f04.rlib" "/opt/rustwide/rustup-home/toolchains/nightly-2024-10-28-x86_64-unknown-linux-gnu/lib/rustlib/x86_64-unknown-linux-gnu/lib/libmemchr-12a772286de2fca7.rlib" "/opt/rustwide/rustup-home/toolchains/nightly-2024-10-28-x86_64-unknown-linux-gnu/lib/rustlib/x86_64-unknown-linux-gnu/lib/libaddr2line-023bbe5ada7abfc3.rlib" "/opt/rustwide/rustup-home/toolchains/nightly-2024-10-28-x86_64-unknown-linux-gnu/lib/rustlib/x86_64-unknown-linux-gnu/lib/libgimli-de2bcdf10ec69c2b.rlib" "/opt/rustwide/rustup-home/toolchains/nightly-2024-10-28-x86_64-unknown-linux-gnu/lib/rustlib/x86_64-unknown-linux-gnu/lib/librustc_demangle-8e1754df350800fd.rlib" "/opt/rustwide/rustup-home/toolchains/nightly-2024-10-28-x86_64-unknown-linux-gnu/lib/rustlib/x86_64-unknown-linux-gnu/lib/libstd_detect-06c2ab7b9c32e037.rlib" "/opt/rustwide/rustup-home/toolchains/nightly-2024-10-28-x86_64-unknown-linux-gnu/lib/rustlib/x86_64-unknown-linux-gnu/lib/libhashbrown-51d2621fc57a281b.rlib" "/opt/rustwide/rustup-home/toolchains/nightly-2024-10-28-x86_64-unknown-linux-gnu/lib/rustlib/x86_64-unknown-linux-gnu/lib/librustc_std_workspace_alloc-54a930408793772f.rlib" "/opt/rustwide/rustup-home/toolchains/nightly-2024-10-28-x86_64-unknown-linux-gnu/lib/rustlib/x86_64-unknown-linux-gnu/lib/libminiz_oxide-0c7d01cba400dcb2.rlib" "/opt/rustwide/rustup-home/toolchains/nightly-2024-10-28-x86_64-unknown-linux-gnu/lib/rustlib/x86_64-unknown-linux-gnu/lib/libadler-b9f84d69e331b75b.rlib" "/opt/rustwide/rustup-home/toolchains/nightly-2024-10-28-x86_64-unknown-linux-gnu/lib/rustlib/x86_64-unknown-linux-gnu/lib/libunwind-eec95493246aae39.rlib" "/opt/rustwide/rustup-home/toolchains/nightly-2024-10-28-x86_64-unknown-linux-gnu/lib/rustlib/x86_64-unknown-linux-gnu/lib/libcfg_if-6f6676c475e08ab0.rlib" "/opt/rustwide/rustup-home/toolchains/nightly-2024-10-28-x86_64-unknown-linux-gnu/lib/rustlib/x86_64-unknown-linux-gnu/lib/liblibc-799d520624f8b2e0.rlib" "/opt/rustwide/rustup-home/toolchains/nightly-2024-10-28-x86_64-unknown-linux-gnu/lib/rustlib/x86_64-unknown-linux-gnu/lib/liballoc-fcf93d4842acd9a9.rlib" "/opt/rustwide/rustup-home/toolchains/nightly-2024-10-28-x86_64-unknown-linux-gnu/lib/rustlib/x86_64-unknown-linux-gnu/lib/librustc_std_workspace_core-395a38b8e0851c9b.rlib" "/opt/rustwide/rustup-home/toolchains/nightly-2024-10-28-x86_64-unknown-linux-gnu/lib/rustlib/x86_64-unknown-linux-gnu/lib/libcore-d453bab70303062c.rlib" "/opt/rustwide/rustup-home/toolchains/nightly-2024-10-28-x86_64-unknown-linux-gnu/lib/rustlib/x86_64-unknown-linux-gnu/lib/libcompiler_builtins-0e6386368b0a24e8.rlib" "-Wl,-Bdynamic" "-lgcc_s" "-lutil" "-lrt" "-lpthread" "-lm" "-ldl" "-lc" "-B/opt/rustwide/rustup-home/toolchains/nightly-2024-10-28-x86_64-unknown-linux-gnu/lib/rustlib/x86_64-unknown-linux-gnu/bin/gcc-ld" "-fuse-ld=lld" "-Wl,--eh-frame-hdr" "-Wl,-z,noexecstack" "-L" "/opt/rustwide/target/debug/build/cortex-m-rt-080a70b9541809d1/out" "-L" "/opt/rustwide/target/debug/build/lpc55-pac-333b1e2075c1cfbd/out" "-L" "/opt/rustwide/target/debug/build/ssd1306-7bffd5578dcf5862/out" "-L" "/opt/rustwide/rustup-home/toolchains/nightly-2024-10-28-x86_64-unknown-linux-gnu/lib/rustlib/x86_64-unknown-linux-gnu/lib" "-o" "/opt/rustwide/target/debug/examples/pwm-887d94bebf1aa3ab" "-Wl,--gc-sections" "-pie" "-Wl,-z,relro,-z,now" "-nodefaultlibs"
[INFO] [stdout]   = note: rust-lld: error: undefined symbol: __primask_r
[INFO] [stdout]           >>> referenced by call_asm.rs:19 (/opt/rustwide/cargo-home/registry/src/index.crates.io-6f17d22bba15001f/cortex-m-0.7.7/src/call_asm.rs:19)
[INFO] [stdout]           >>>               cortex_m_semihosting-9e1b7fd73f91c291.cortex_m_semihosting.8695b5148692a212-cgu.0.rcgu.o:(cortex_m::register::primask::read::h9868eb20f097b875) in archive /opt/rustwide/target/debug/deps/libcortex_m_semihosting-9e1b7fd73f91c291.rlib
[INFO] [stdout]           >>> referenced by call_asm.rs:19 (/opt/rustwide/cargo-home/registry/src/index.crates.io-6f17d22bba15001f/cortex-m-0.7.7/src/call_asm.rs:19)
[INFO] [stdout]           >>>               lpc55_hal-06d226ede7831da2.lpc55_hal.ed67a07e5008c197-cgu.04.rcgu.o:(cortex_m::register::primask::read::h78702259e813bc12) in archive /opt/rustwide/target/debug/deps/liblpc55_hal-06d226ede7831da2.rlib
[INFO] [stdout]           
[INFO] [stdout]           rust-lld: error: undefined symbol: __cpsie
[INFO] [stdout]           >>> referenced by call_asm.rs:19 (/opt/rustwide/cargo-home/registry/src/index.crates.io-6f17d22bba15001f/cortex-m-0.7.7/src/call_asm.rs:19)
[INFO] [stdout]           >>>               cortex_m_semihosting-9e1b7fd73f91c291.cortex_m_semihosting.8695b5148692a212-cgu.0.rcgu.o:(cortex_m::interrupt::enable::h6fbf1d5155162629) in archive /opt/rustwide/target/debug/deps/libcortex_m_semihosting-9e1b7fd73f91c291.rlib
[INFO] [stdout]           >>> referenced by call_asm.rs:19 (/opt/rustwide/cargo-home/registry/src/index.crates.io-6f17d22bba15001f/cortex-m-0.7.7/src/call_asm.rs:19)
[INFO] [stdout]           >>>               lpc55_hal-06d226ede7831da2.lpc55_hal.ed67a07e5008c197-cgu.04.rcgu.o:(cortex_m::interrupt::enable::ha5736ee96934d303) in archive /opt/rustwide/target/debug/deps/liblpc55_hal-06d226ede7831da2.rlib
[INFO] [stdout]           
[INFO] [stdout]           rust-lld: error: undefined symbol: __cpsid
[INFO] [stdout]           >>> referenced by call_asm.rs:19 (/opt/rustwide/cargo-home/registry/src/index.crates.io-6f17d22bba15001f/cortex-m-0.7.7/src/call_asm.rs:19)
[INFO] [stdout]           >>>               cortex_m_semihosting-9e1b7fd73f91c291.cortex_m_semihosting.8695b5148692a212-cgu.0.rcgu.o:(cortex_m::interrupt::disable::h4fcba17283fb16c8) in archive /opt/rustwide/target/debug/deps/libcortex_m_semihosting-9e1b7fd73f91c291.rlib
[INFO] [stdout]           >>> referenced by call_asm.rs:19 (/opt/rustwide/cargo-home/registry/src/index.crates.io-6f17d22bba15001f/cortex-m-0.7.7/src/call_asm.rs:19)
[INFO] [stdout]           >>>               lpc55_hal-06d226ede7831da2.lpc55_hal.ed67a07e5008c197-cgu.04.rcgu.o:(cortex_m::interrupt::disable::heaa166e44cae7b43) in archive /opt/rustwide/target/debug/deps/liblpc55_hal-06d226ede7831da2.rlib
[INFO] [stdout]           collect2: error: ld returned 1 exit status
[INFO] [stdout]           
[INFO] [stdout] 
[INFO] [stdout] 
[INFO] [stderr] error: could not compile `lpc55-hal` (example "flash") due to 1 previous error
[INFO] [stderr] error: could not compile `lpc55-hal` (example "pwm") due to 1 previous error
[INFO] [stdout] error: linking with `cc` failed: exit status: 1
[INFO] [stdout]   |
[INFO] [stdout]   = note: LC_ALL="C" PATH="/opt/rustwide/rustup-home/toolchains/nightly-2024-10-28-x86_64-unknown-linux-gnu/lib/rustlib/x86_64-unknown-linux-gnu/bin:/opt/rustwide/rustup-home/toolchains/nightly-2024-10-28-x86_64-unknown-linux-gnu/lib/rustlib/x86_64-unknown-linux-gnu/bin/self-contained:/opt/rustwide/cargo-home/bin:/usr/local/sbin:/usr/local/bin:/usr/sbin:/usr/bin:/sbin:/bin" VSLANG="1033" "cc" "-m64" "/tmp/rustcswFIgo/symbols.o" "/opt/rustwide/target/debug/examples/aes-0cc352152109cdb7.aes.8f686fbfa5bd70d3-cgu.0.rcgu.o" "/opt/rustwide/target/debug/examples/aes-0cc352152109cdb7.14k6zhfrf0m8gmn0nf86k2dlw.rcgu.o" "-Wl,--as-needed" "-Wl,-Bstatic" "/opt/rustwide/target/debug/deps/libcortex_m_semihosting-9e1b7fd73f91c291.rlib" "/opt/rustwide/target/debug/deps/libaes-afb707857d084370.rlib" "/opt/rustwide/target/debug/deps/libcpufeatures-9ac7e50f30472e77.rlib" "/opt/rustwide/target/debug/deps/libopaque_debug-ffed353aad8ea91d.rlib" "/opt/rustwide/target/debug/deps/libcfg_if-57bf25c23e31efdb.rlib" "/opt/rustwide/target/debug/deps/liblpc55_hal-06d226ede7831da2.rlib" "/opt/rustwide/target/debug/deps/libusb_device-cf21d37de55902ff.rlib" "/opt/rustwide/target/debug/deps/libblock_buffer-406cc1e579a2f1c6.rlib" "/opt/rustwide/target/debug/deps/librand_core-d4a2280c4547a8d5.rlib" "/opt/rustwide/target/debug/deps/libdigest-234b051378c00c9e.rlib" "/opt/rustwide/target/debug/deps/libcipher-fa2f03685bd6b627.rlib" "/opt/rustwide/target/debug/deps/libgeneric_array-01d97c805257b30b.rlib" "/opt/rustwide/target/debug/deps/libtypenum-5326f72807cfe834.rlib" "/opt/rustwide/target/debug/deps/libembedded_time-f224a97b7dd33bf5.rlib" "/opt/rustwide/target/debug/deps/libnum-c89c962cd1f3f1bf.rlib" "/opt/rustwide/target/debug/deps/libnum_iter-6015c37bafc0aaee.rlib" "/opt/rustwide/target/debug/deps/libnum_rational-3b6b1a229177ce93.rlib" "/opt/rustwide/target/debug/deps/libnum_integer-f1173e10d6dcc7fc.rlib" "/opt/rustwide/target/debug/deps/libnum_complex-9a4d2d1bf561b09d.rlib" "/opt/rustwide/target/debug/deps/libnum_traits-38514a4dbca2c891.rlib" "/opt/rustwide/target/debug/deps/liblpc55_pac-aa97c8f6c3bee479.rlib" "/opt/rustwide/target/debug/deps/libcortex_m-ba17b7ffcbd6494b.rlib" "/opt/rustwide/target/debug/deps/libembedded_hal-3f2f425bf0d941af.rlib" "/opt/rustwide/target/debug/deps/libvoid-9e681b028a877516.rlib" "/opt/rustwide/target/debug/deps/libnb-ab8678e4b2ed3327.rlib" "/opt/rustwide/target/debug/deps/libnb-fd0c4fcaea1d2fa5.rlib" "/opt/rustwide/target/debug/deps/libvolatile_register-951d9752e772fcca.rlib" "/opt/rustwide/target/debug/deps/libvcell-fe7c59c2dcd19afe.rlib" "/opt/rustwide/target/debug/deps/libbare_metal-4508ba911d5024ec.rlib" "/opt/rustwide/target/debug/deps/libcortex_m_rt-9b91187924ace5e0.rlib" "/opt/rustwide/target/debug/deps/libr0-52ce6704675dcdb1.rlib" "/opt/rustwide/target/debug/deps/libpanic_semihosting-6efa38804ba3b63e.rlib" "/opt/rustwide/rustup-home/toolchains/nightly-2024-10-28-x86_64-unknown-linux-gnu/lib/rustlib/x86_64-unknown-linux-gnu/lib/libstd-fb8c387236db3c10.rlib" "/opt/rustwide/rustup-home/toolchains/nightly-2024-10-28-x86_64-unknown-linux-gnu/lib/rustlib/x86_64-unknown-linux-gnu/lib/libpanic_unwind-b251837809b2f64b.rlib" "/opt/rustwide/rustup-home/toolchains/nightly-2024-10-28-x86_64-unknown-linux-gnu/lib/rustlib/x86_64-unknown-linux-gnu/lib/libobject-cbef83eaa4e01f04.rlib" "/opt/rustwide/rustup-home/toolchains/nightly-2024-10-28-x86_64-unknown-linux-gnu/lib/rustlib/x86_64-unknown-linux-gnu/lib/libmemchr-12a772286de2fca7.rlib" "/opt/rustwide/rustup-home/toolchains/nightly-2024-10-28-x86_64-unknown-linux-gnu/lib/rustlib/x86_64-unknown-linux-gnu/lib/libaddr2line-023bbe5ada7abfc3.rlib" "/opt/rustwide/rustup-home/toolchains/nightly-2024-10-28-x86_64-unknown-linux-gnu/lib/rustlib/x86_64-unknown-linux-gnu/lib/libgimli-de2bcdf10ec69c2b.rlib" "/opt/rustwide/rustup-home/toolchains/nightly-2024-10-28-x86_64-unknown-linux-gnu/lib/rustlib/x86_64-unknown-linux-gnu/lib/librustc_demangle-8e1754df350800fd.rlib" "/opt/rustwide/rustup-home/toolchains/nightly-2024-10-28-x86_64-unknown-linux-gnu/lib/rustlib/x86_64-unknown-linux-gnu/lib/libstd_detect-06c2ab7b9c32e037.rlib" "/opt/rustwide/rustup-home/toolchains/nightly-2024-10-28-x86_64-unknown-linux-gnu/lib/rustlib/x86_64-unknown-linux-gnu/lib/libhashbrown-51d2621fc57a281b.rlib" "/opt/rustwide/rustup-home/toolchains/nightly-2024-10-28-x86_64-unknown-linux-gnu/lib/rustlib/x86_64-unknown-linux-gnu/lib/librustc_std_workspace_alloc-54a930408793772f.rlib" "/opt/rustwide/rustup-home/toolchains/nightly-2024-10-28-x86_64-unknown-linux-gnu/lib/rustlib/x86_64-unknown-linux-gnu/lib/libminiz_oxide-0c7d01cba400dcb2.rlib" "/opt/rustwide/rustup-home/toolchains/nightly-2024-10-28-x86_64-unknown-linux-gnu/lib/rustlib/x86_64-unknown-linux-gnu/lib/libadler-b9f84d69e331b75b.rlib" "/opt/rustwide/rustup-home/toolchains/nightly-2024-10-28-x86_64-unknown-linux-gnu/lib/rustlib/x86_64-unknown-linux-gnu/lib/libunwind-eec95493246aae39.rlib" "/opt/rustwide/rustup-home/toolchains/nightly-2024-10-28-x86_64-unknown-linux-gnu/lib/rustlib/x86_64-unknown-linux-gnu/lib/libcfg_if-6f6676c475e08ab0.rlib" "/opt/rustwide/rustup-home/toolchains/nightly-2024-10-28-x86_64-unknown-linux-gnu/lib/rustlib/x86_64-unknown-linux-gnu/lib/liblibc-799d520624f8b2e0.rlib" "/opt/rustwide/rustup-home/toolchains/nightly-2024-10-28-x86_64-unknown-linux-gnu/lib/rustlib/x86_64-unknown-linux-gnu/lib/liballoc-fcf93d4842acd9a9.rlib" "/opt/rustwide/rustup-home/toolchains/nightly-2024-10-28-x86_64-unknown-linux-gnu/lib/rustlib/x86_64-unknown-linux-gnu/lib/librustc_std_workspace_core-395a38b8e0851c9b.rlib" "/opt/rustwide/rustup-home/toolchains/nightly-2024-10-28-x86_64-unknown-linux-gnu/lib/rustlib/x86_64-unknown-linux-gnu/lib/libcore-d453bab70303062c.rlib" "/opt/rustwide/rustup-home/toolchains/nightly-2024-10-28-x86_64-unknown-linux-gnu/lib/rustlib/x86_64-unknown-linux-gnu/lib/libcompiler_builtins-0e6386368b0a24e8.rlib" "-Wl,-Bdynamic" "-lgcc_s" "-lutil" "-lrt" "-lpthread" "-lm" "-ldl" "-lc" "-B/opt/rustwide/rustup-home/toolchains/nightly-2024-10-28-x86_64-unknown-linux-gnu/lib/rustlib/x86_64-unknown-linux-gnu/bin/gcc-ld" "-fuse-ld=lld" "-Wl,--eh-frame-hdr" "-Wl,-z,noexecstack" "-L" "/opt/rustwide/target/debug/build/cortex-m-rt-080a70b9541809d1/out" "-L" "/opt/rustwide/target/debug/build/lpc55-pac-333b1e2075c1cfbd/out" "-L" "/opt/rustwide/target/debug/build/ssd1306-7bffd5578dcf5862/out" "-L" "/opt/rustwide/rustup-home/toolchains/nightly-2024-10-28-x86_64-unknown-linux-gnu/lib/rustlib/x86_64-unknown-linux-gnu/lib" "-o" "/opt/rustwide/target/debug/examples/aes-0cc352152109cdb7" "-Wl,--gc-sections" "-pie" "-Wl,-z,relro,-z,now" "-nodefaultlibs"
[INFO] [stdout]   = note: rust-lld: error: undefined symbol: __primask_r
[INFO] [stdout]           >>> referenced by call_asm.rs:19 (/opt/rustwide/cargo-home/registry/src/index.crates.io-6f17d22bba15001f/cortex-m-0.7.7/src/call_asm.rs:19)
[INFO] [stdout]           >>>               lpc55_hal-06d226ede7831da2.lpc55_hal.ed67a07e5008c197-cgu.04.rcgu.o:(cortex_m::register::primask::read::h78702259e813bc12) in archive /opt/rustwide/target/debug/deps/liblpc55_hal-06d226ede7831da2.rlib
[INFO] [stdout]           >>> referenced by call_asm.rs:19 (/opt/rustwide/cargo-home/registry/src/index.crates.io-6f17d22bba15001f/cortex-m-0.7.7/src/call_asm.rs:19)
[INFO] [stdout]           >>>               cortex_m_semihosting-9e1b7fd73f91c291.cortex_m_semihosting.8695b5148692a212-cgu.0.rcgu.o:(cortex_m::register::primask::read::h9868eb20f097b875) in archive /opt/rustwide/target/debug/deps/libcortex_m_semihosting-9e1b7fd73f91c291.rlib
[INFO] [stdout]           
[INFO] [stdout]           rust-lld: error: undefined symbol: __cpsie
[INFO] [stdout]           >>> referenced by call_asm.rs:19 (/opt/rustwide/cargo-home/registry/src/index.crates.io-6f17d22bba15001f/cortex-m-0.7.7/src/call_asm.rs:19)
[INFO] [stdout]           >>>               lpc55_hal-06d226ede7831da2.lpc55_hal.ed67a07e5008c197-cgu.04.rcgu.o:(cortex_m::interrupt::enable::ha5736ee96934d303) in archive /opt/rustwide/target/debug/deps/liblpc55_hal-06d226ede7831da2.rlib
[INFO] [stdout]           >>> referenced by call_asm.rs:19 (/opt/rustwide/cargo-home/registry/src/index.crates.io-6f17d22bba15001f/cortex-m-0.7.7/src/call_asm.rs:19)
[INFO] [stdout]           >>>               cortex_m_semihosting-9e1b7fd73f91c291.cortex_m_semihosting.8695b5148692a212-cgu.0.rcgu.o:(cortex_m::interrupt::enable::h6fbf1d5155162629) in archive /opt/rustwide/target/debug/deps/libcortex_m_semihosting-9e1b7fd73f91c291.rlib
[INFO] [stdout]           
[INFO] [stdout]           rust-lld: error: undefined symbol: __cpsid
[INFO] [stdout]           >>> referenced by call_asm.rs:19 (/opt/rustwide/cargo-home/registry/src/index.crates.io-6f17d22bba15001f/cortex-m-0.7.7/src/call_asm.rs:19)
[INFO] [stdout]           >>>               lpc55_hal-06d226ede7831da2.lpc55_hal.ed67a07e5008c197-cgu.04.rcgu.o:(cortex_m::interrupt::disable::heaa166e44cae7b43) in archive /opt/rustwide/target/debug/deps/liblpc55_hal-06d226ede7831da2.rlib
[INFO] [stdout]           >>> referenced by call_asm.rs:19 (/opt/rustwide/cargo-home/registry/src/index.crates.io-6f17d22bba15001f/cortex-m-0.7.7/src/call_asm.rs:19)
[INFO] [stdout]           >>>               cortex_m_semihosting-9e1b7fd73f91c291.cortex_m_semihosting.8695b5148692a212-cgu.0.rcgu.o:(cortex_m::interrupt::disable::h4fcba17283fb16c8) in archive /opt/rustwide/target/debug/deps/libcortex_m_semihosting-9e1b7fd73f91c291.rlib
[INFO] [stdout]           collect2: error: ld returned 1 exit status
[INFO] [stdout]           
[INFO] [stdout] 
[INFO] [stdout] 
[INFO] [stderr] error: could not compile `lpc55-hal` (example "aes") due to 1 previous error
[INFO] [stdout] error: linking with `cc` failed: exit status: 1
[INFO] [stdout]   |
[INFO] [stdout]   = note: LC_ALL="C" PATH="/opt/rustwide/rustup-home/toolchains/nightly-2024-10-28-x86_64-unknown-linux-gnu/lib/rustlib/x86_64-unknown-linux-gnu/bin:/opt/rustwide/rustup-home/toolchains/nightly-2024-10-28-x86_64-unknown-linux-gnu/lib/rustlib/x86_64-unknown-linux-gnu/bin/self-contained:/opt/rustwide/cargo-home/bin:/usr/local/sbin:/usr/local/bin:/usr/sbin:/usr/bin:/sbin:/bin" VSLANG="1033" "cc" "-m64" "/tmp/rustcJB7wW1/symbols.o" "/opt/rustwide/target/debug/examples/touch-324db3676a8fb7ae.touch.3656c6d09783100b-cgu.0.rcgu.o" "/opt/rustwide/target/debug/examples/touch-324db3676a8fb7ae.touch.3656c6d09783100b-cgu.1.rcgu.o" "/opt/rustwide/target/debug/examples/touch-324db3676a8fb7ae.f3yxr37j7pss0jhd7a2dc6aju.rcgu.o" "-Wl,--as-needed" "-Wl,-Bstatic" "/opt/rustwide/target/debug/deps/liblpc55_hal-06d226ede7831da2.rlib" "/opt/rustwide/target/debug/deps/libusb_device-cf21d37de55902ff.rlib" "/opt/rustwide/target/debug/deps/libblock_buffer-406cc1e579a2f1c6.rlib" "/opt/rustwide/target/debug/deps/librand_core-d4a2280c4547a8d5.rlib" "/opt/rustwide/target/debug/deps/libdigest-234b051378c00c9e.rlib" "/opt/rustwide/target/debug/deps/libcipher-fa2f03685bd6b627.rlib" "/opt/rustwide/target/debug/deps/libgeneric_array-01d97c805257b30b.rlib" "/opt/rustwide/target/debug/deps/libtypenum-5326f72807cfe834.rlib" "/opt/rustwide/target/debug/deps/libembedded_time-f224a97b7dd33bf5.rlib" "/opt/rustwide/target/debug/deps/libnum-c89c962cd1f3f1bf.rlib" "/opt/rustwide/target/debug/deps/libnum_iter-6015c37bafc0aaee.rlib" "/opt/rustwide/target/debug/deps/libnum_rational-3b6b1a229177ce93.rlib" "/opt/rustwide/target/debug/deps/libnum_integer-f1173e10d6dcc7fc.rlib" "/opt/rustwide/target/debug/deps/libnum_complex-9a4d2d1bf561b09d.rlib" "/opt/rustwide/target/debug/deps/libnum_traits-38514a4dbca2c891.rlib" "/opt/rustwide/target/debug/deps/liblpc55_pac-aa97c8f6c3bee479.rlib" "/opt/rustwide/target/debug/deps/libcortex_m-ba17b7ffcbd6494b.rlib" "/opt/rustwide/target/debug/deps/libembedded_hal-3f2f425bf0d941af.rlib" "/opt/rustwide/target/debug/deps/libvoid-9e681b028a877516.rlib" "/opt/rustwide/target/debug/deps/libnb-ab8678e4b2ed3327.rlib" "/opt/rustwide/target/debug/deps/libvolatile_register-951d9752e772fcca.rlib" "/opt/rustwide/target/debug/deps/libvcell-fe7c59c2dcd19afe.rlib" "/opt/rustwide/target/debug/deps/libbare_metal-4508ba911d5024ec.rlib" "/opt/rustwide/target/debug/deps/libcortex_m_rt-9b91187924ace5e0.rlib" "/opt/rustwide/target/debug/deps/libr0-52ce6704675dcdb1.rlib" "/opt/rustwide/target/debug/deps/libnb-fd0c4fcaea1d2fa5.rlib" "/opt/rustwide/target/debug/deps/libpanic_semihosting-6efa38804ba3b63e.rlib" "/opt/rustwide/rustup-home/toolchains/nightly-2024-10-28-x86_64-unknown-linux-gnu/lib/rustlib/x86_64-unknown-linux-gnu/lib/libstd-fb8c387236db3c10.rlib" "/opt/rustwide/rustup-home/toolchains/nightly-2024-10-28-x86_64-unknown-linux-gnu/lib/rustlib/x86_64-unknown-linux-gnu/lib/libpanic_unwind-b251837809b2f64b.rlib" "/opt/rustwide/rustup-home/toolchains/nightly-2024-10-28-x86_64-unknown-linux-gnu/lib/rustlib/x86_64-unknown-linux-gnu/lib/libobject-cbef83eaa4e01f04.rlib" "/opt/rustwide/rustup-home/toolchains/nightly-2024-10-28-x86_64-unknown-linux-gnu/lib/rustlib/x86_64-unknown-linux-gnu/lib/libmemchr-12a772286de2fca7.rlib" "/opt/rustwide/rustup-home/toolchains/nightly-2024-10-28-x86_64-unknown-linux-gnu/lib/rustlib/x86_64-unknown-linux-gnu/lib/libaddr2line-023bbe5ada7abfc3.rlib" "/opt/rustwide/rustup-home/toolchains/nightly-2024-10-28-x86_64-unknown-linux-gnu/lib/rustlib/x86_64-unknown-linux-gnu/lib/libgimli-de2bcdf10ec69c2b.rlib" "/opt/rustwide/rustup-home/toolchains/nightly-2024-10-28-x86_64-unknown-linux-gnu/lib/rustlib/x86_64-unknown-linux-gnu/lib/librustc_demangle-8e1754df350800fd.rlib" "/opt/rustwide/rustup-home/toolchains/nightly-2024-10-28-x86_64-unknown-linux-gnu/lib/rustlib/x86_64-unknown-linux-gnu/lib/libstd_detect-06c2ab7b9c32e037.rlib" "/opt/rustwide/rustup-home/toolchains/nightly-2024-10-28-x86_64-unknown-linux-gnu/lib/rustlib/x86_64-unknown-linux-gnu/lib/libhashbrown-51d2621fc57a281b.rlib" "/opt/rustwide/rustup-home/toolchains/nightly-2024-10-28-x86_64-unknown-linux-gnu/lib/rustlib/x86_64-unknown-linux-gnu/lib/librustc_std_workspace_alloc-54a930408793772f.rlib" "/opt/rustwide/rustup-home/toolchains/nightly-2024-10-28-x86_64-unknown-linux-gnu/lib/rustlib/x86_64-unknown-linux-gnu/lib/libminiz_oxide-0c7d01cba400dcb2.rlib" "/opt/rustwide/rustup-home/toolchains/nightly-2024-10-28-x86_64-unknown-linux-gnu/lib/rustlib/x86_64-unknown-linux-gnu/lib/libadler-b9f84d69e331b75b.rlib" "/opt/rustwide/rustup-home/toolchains/nightly-2024-10-28-x86_64-unknown-linux-gnu/lib/rustlib/x86_64-unknown-linux-gnu/lib/libunwind-eec95493246aae39.rlib" "/opt/rustwide/rustup-home/toolchains/nightly-2024-10-28-x86_64-unknown-linux-gnu/lib/rustlib/x86_64-unknown-linux-gnu/lib/libcfg_if-6f6676c475e08ab0.rlib" "/opt/rustwide/rustup-home/toolchains/nightly-2024-10-28-x86_64-unknown-linux-gnu/lib/rustlib/x86_64-unknown-linux-gnu/lib/liblibc-799d520624f8b2e0.rlib" "/opt/rustwide/rustup-home/toolchains/nightly-2024-10-28-x86_64-unknown-linux-gnu/lib/rustlib/x86_64-unknown-linux-gnu/lib/liballoc-fcf93d4842acd9a9.rlib" "/opt/rustwide/rustup-home/toolchains/nightly-2024-10-28-x86_64-unknown-linux-gnu/lib/rustlib/x86_64-unknown-linux-gnu/lib/librustc_std_workspace_core-395a38b8e0851c9b.rlib" "/opt/rustwide/rustup-home/toolchains/nightly-2024-10-28-x86_64-unknown-linux-gnu/lib/rustlib/x86_64-unknown-linux-gnu/lib/libcore-d453bab70303062c.rlib" "/opt/rustwide/rustup-home/toolchains/nightly-2024-10-28-x86_64-unknown-linux-gnu/lib/rustlib/x86_64-unknown-linux-gnu/lib/libcompiler_builtins-0e6386368b0a24e8.rlib" "-Wl,-Bdynamic" "-lgcc_s" "-lutil" "-lrt" "-lpthread" "-lm" "-ldl" "-lc" "-B/opt/rustwide/rustup-home/toolchains/nightly-2024-10-28-x86_64-unknown-linux-gnu/lib/rustlib/x86_64-unknown-linux-gnu/bin/gcc-ld" "-fuse-ld=lld" "-Wl,--eh-frame-hdr" "-Wl,-z,noexecstack" "-L" "/opt/rustwide/target/debug/build/cortex-m-rt-080a70b9541809d1/out" "-L" "/opt/rustwide/target/debug/build/lpc55-pac-333b1e2075c1cfbd/out" "-L" "/opt/rustwide/target/debug/build/ssd1306-7bffd5578dcf5862/out" "-L" "/opt/rustwide/rustup-home/toolchains/nightly-2024-10-28-x86_64-unknown-linux-gnu/lib/rustlib/x86_64-unknown-linux-gnu/lib" "-o" "/opt/rustwide/target/debug/examples/touch-324db3676a8fb7ae" "-Wl,--gc-sections" "-pie" "-Wl,-z,relro,-z,now" "-nodefaultlibs"
[INFO] [stdout]   = note: rust-lld: error: undefined symbol: __primask_r
[INFO] [stdout]           >>> referenced by call_asm.rs:19 (/opt/rustwide/cargo-home/registry/src/index.crates.io-6f17d22bba15001f/cortex-m-0.7.7/src/call_asm.rs:19)
[INFO] [stdout]           >>>               lpc55_hal-06d226ede7831da2.lpc55_hal.ed67a07e5008c197-cgu.04.rcgu.o:(cortex_m::register::primask::read::h78702259e813bc12) in archive /opt/rustwide/target/debug/deps/liblpc55_hal-06d226ede7831da2.rlib
[INFO] [stdout]           
[INFO] [stdout]           rust-lld: error: undefined symbol: __cpsie
[INFO] [stdout]           >>> referenced by call_asm.rs:19 (/opt/rustwide/cargo-home/registry/src/index.crates.io-6f17d22bba15001f/cortex-m-0.7.7/src/call_asm.rs:19)
[INFO] [stdout]           >>>               lpc55_hal-06d226ede7831da2.lpc55_hal.ed67a07e5008c197-cgu.04.rcgu.o:(cortex_m::interrupt::enable::ha5736ee96934d303) in archive /opt/rustwide/target/debug/deps/liblpc55_hal-06d226ede7831da2.rlib
[INFO] [stdout]           
[INFO] [stdout]           rust-lld: error: undefined symbol: __cpsid
[INFO] [stdout]           >>> referenced by call_asm.rs:19 (/opt/rustwide/cargo-home/registry/src/index.crates.io-6f17d22bba15001f/cortex-m-0.7.7/src/call_asm.rs:19)
[INFO] [stdout]           >>>               lpc55_hal-06d226ede7831da2.lpc55_hal.ed67a07e5008c197-cgu.04.rcgu.o:(cortex_m::interrupt::disable::heaa166e44cae7b43) in archive /opt/rustwide/target/debug/deps/liblpc55_hal-06d226ede7831da2.rlib
[INFO] [stdout]           collect2: error: ld returned 1 exit status
[INFO] [stdout]           
[INFO] [stdout] 
[INFO] [stdout] 
[INFO] [stdout] error: linking with `cc` failed: exit status: 1
[INFO] [stdout]   |
[INFO] [stdout]   = note: LC_ALL="C" PATH="/opt/rustwide/rustup-home/toolchains/nightly-2024-10-28-x86_64-unknown-linux-gnu/lib/rustlib/x86_64-unknown-linux-gnu/bin:/opt/rustwide/rustup-home/toolchains/nightly-2024-10-28-x86_64-unknown-linux-gnu/lib/rustlib/x86_64-unknown-linux-gnu/bin/self-contained:/opt/rustwide/cargo-home/bin:/usr/local/sbin:/usr/local/bin:/usr/sbin:/usr/bin:/sbin:/bin" VSLANG="1033" "cc" "-m64" "/tmp/rustckrxTEj/symbols.o" "/opt/rustwide/target/debug/examples/usb-3a2cd615a007d24e.usb.a9b50ca3e50c6667-cgu.0.rcgu.o" "/opt/rustwide/target/debug/examples/usb-3a2cd615a007d24e.usb.a9b50ca3e50c6667-cgu.1.rcgu.o" "/opt/rustwide/target/debug/examples/usb-3a2cd615a007d24e.usb.a9b50ca3e50c6667-cgu.2.rcgu.o" "/opt/rustwide/target/debug/examples/usb-3a2cd615a007d24e.3raledi1qak5rd2fcjeyjg4f9.rcgu.o" "-Wl,--as-needed" "-Wl,-Bstatic" "/opt/rustwide/target/debug/deps/libusbd_serial-9591cd386e400127.rlib" "/opt/rustwide/target/debug/deps/liblpc55_hal-06d226ede7831da2.rlib" "/opt/rustwide/target/debug/deps/libusb_device-cf21d37de55902ff.rlib" "/opt/rustwide/target/debug/deps/libblock_buffer-406cc1e579a2f1c6.rlib" "/opt/rustwide/target/debug/deps/librand_core-d4a2280c4547a8d5.rlib" "/opt/rustwide/target/debug/deps/libdigest-234b051378c00c9e.rlib" "/opt/rustwide/target/debug/deps/libcipher-fa2f03685bd6b627.rlib" "/opt/rustwide/target/debug/deps/libgeneric_array-01d97c805257b30b.rlib" "/opt/rustwide/target/debug/deps/libtypenum-5326f72807cfe834.rlib" "/opt/rustwide/target/debug/deps/libembedded_time-f224a97b7dd33bf5.rlib" "/opt/rustwide/target/debug/deps/libnum-c89c962cd1f3f1bf.rlib" "/opt/rustwide/target/debug/deps/libnum_iter-6015c37bafc0aaee.rlib" "/opt/rustwide/target/debug/deps/libnum_rational-3b6b1a229177ce93.rlib" "/opt/rustwide/target/debug/deps/libnum_integer-f1173e10d6dcc7fc.rlib" "/opt/rustwide/target/debug/deps/libnum_complex-9a4d2d1bf561b09d.rlib" "/opt/rustwide/target/debug/deps/libnum_traits-38514a4dbca2c891.rlib" "/opt/rustwide/target/debug/deps/liblpc55_pac-aa97c8f6c3bee479.rlib" "/opt/rustwide/target/debug/deps/libcortex_m-ba17b7ffcbd6494b.rlib" "/opt/rustwide/target/debug/deps/libembedded_hal-3f2f425bf0d941af.rlib" "/opt/rustwide/target/debug/deps/libvoid-9e681b028a877516.rlib" "/opt/rustwide/target/debug/deps/libnb-ab8678e4b2ed3327.rlib" "/opt/rustwide/target/debug/deps/libnb-fd0c4fcaea1d2fa5.rlib" "/opt/rustwide/target/debug/deps/libvolatile_register-951d9752e772fcca.rlib" "/opt/rustwide/target/debug/deps/libvcell-fe7c59c2dcd19afe.rlib" "/opt/rustwide/target/debug/deps/libbare_metal-4508ba911d5024ec.rlib" "/opt/rustwide/target/debug/deps/libcortex_m_rt-9b91187924ace5e0.rlib" "/opt/rustwide/target/debug/deps/libr0-52ce6704675dcdb1.rlib" "/opt/rustwide/target/debug/deps/libpanic_semihosting-6efa38804ba3b63e.rlib" "/opt/rustwide/rustup-home/toolchains/nightly-2024-10-28-x86_64-unknown-linux-gnu/lib/rustlib/x86_64-unknown-linux-gnu/lib/libstd-fb8c387236db3c10.rlib" "/opt/rustwide/rustup-home/toolchains/nightly-2024-10-28-x86_64-unknown-linux-gnu/lib/rustlib/x86_64-unknown-linux-gnu/lib/libpanic_unwind-b251837809b2f64b.rlib" "/opt/rustwide/rustup-home/toolchains/nightly-2024-10-28-x86_64-unknown-linux-gnu/lib/rustlib/x86_64-unknown-linux-gnu/lib/libobject-cbef83eaa4e01f04.rlib" "/opt/rustwide/rustup-home/toolchains/nightly-2024-10-28-x86_64-unknown-linux-gnu/lib/rustlib/x86_64-unknown-linux-gnu/lib/libmemchr-12a772286de2fca7.rlib" "/opt/rustwide/rustup-home/toolchains/nightly-2024-10-28-x86_64-unknown-linux-gnu/lib/rustlib/x86_64-unknown-linux-gnu/lib/libaddr2line-023bbe5ada7abfc3.rlib" "/opt/rustwide/rustup-home/toolchains/nightly-2024-10-28-x86_64-unknown-linux-gnu/lib/rustlib/x86_64-unknown-linux-gnu/lib/libgimli-de2bcdf10ec69c2b.rlib" "/opt/rustwide/rustup-home/toolchains/nightly-2024-10-28-x86_64-unknown-linux-gnu/lib/rustlib/x86_64-unknown-linux-gnu/lib/librustc_demangle-8e1754df350800fd.rlib" "/opt/rustwide/rustup-home/toolchains/nightly-2024-10-28-x86_64-unknown-linux-gnu/lib/rustlib/x86_64-unknown-linux-gnu/lib/libstd_detect-06c2ab7b9c32e037.rlib" "/opt/rustwide/rustup-home/toolchains/nightly-2024-10-28-x86_64-unknown-linux-gnu/lib/rustlib/x86_64-unknown-linux-gnu/lib/libhashbrown-51d2621fc57a281b.rlib" "/opt/rustwide/rustup-home/toolchains/nightly-2024-10-28-x86_64-unknown-linux-gnu/lib/rustlib/x86_64-unknown-linux-gnu/lib/librustc_std_workspace_alloc-54a930408793772f.rlib" "/opt/rustwide/rustup-home/toolchains/nightly-2024-10-28-x86_64-unknown-linux-gnu/lib/rustlib/x86_64-unknown-linux-gnu/lib/libminiz_oxide-0c7d01cba400dcb2.rlib" "/opt/rustwide/rustup-home/toolchains/nightly-2024-10-28-x86_64-unknown-linux-gnu/lib/rustlib/x86_64-unknown-linux-gnu/lib/libadler-b9f84d69e331b75b.rlib" "/opt/rustwide/rustup-home/toolchains/nightly-2024-10-28-x86_64-unknown-linux-gnu/lib/rustlib/x86_64-unknown-linux-gnu/lib/libunwind-eec95493246aae39.rlib" "/opt/rustwide/rustup-home/toolchains/nightly-2024-10-28-x86_64-unknown-linux-gnu/lib/rustlib/x86_64-unknown-linux-gnu/lib/libcfg_if-6f6676c475e08ab0.rlib" "/opt/rustwide/rustup-home/toolchains/nightly-2024-10-28-x86_64-unknown-linux-gnu/lib/rustlib/x86_64-unknown-linux-gnu/lib/liblibc-799d520624f8b2e0.rlib" "/opt/rustwide/rustup-home/toolchains/nightly-2024-10-28-x86_64-unknown-linux-gnu/lib/rustlib/x86_64-unknown-linux-gnu/lib/liballoc-fcf93d4842acd9a9.rlib" "/opt/rustwide/rustup-home/toolchains/nightly-2024-10-28-x86_64-unknown-linux-gnu/lib/rustlib/x86_64-unknown-linux-gnu/lib/librustc_std_workspace_core-395a38b8e0851c9b.rlib" "/opt/rustwide/rustup-home/toolchains/nightly-2024-10-28-x86_64-unknown-linux-gnu/lib/rustlib/x86_64-unknown-linux-gnu/lib/libcore-d453bab70303062c.rlib" "/opt/rustwide/rustup-home/toolchains/nightly-2024-10-28-x86_64-unknown-linux-gnu/lib/rustlib/x86_64-unknown-linux-gnu/lib/libcompiler_builtins-0e6386368b0a24e8.rlib" "-Wl,-Bdynamic" "-lgcc_s" "-lutil" "-lrt" "-lpthread" "-lm" "-ldl" "-lc" "-B/opt/rustwide/rustup-home/toolchains/nightly-2024-10-28-x86_64-unknown-linux-gnu/lib/rustlib/x86_64-unknown-linux-gnu/bin/gcc-ld" "-fuse-ld=lld" "-Wl,--eh-frame-hdr" "-Wl,-z,noexecstack" "-L" "/opt/rustwide/target/debug/build/cortex-m-rt-080a70b9541809d1/out" "-L" "/opt/rustwide/target/debug/build/lpc55-pac-333b1e2075c1cfbd/out" "-L" "/opt/rustwide/target/debug/build/ssd1306-7bffd5578dcf5862/out" "-L" "/opt/rustwide/rustup-home/toolchains/nightly-2024-10-28-x86_64-unknown-linux-gnu/lib/rustlib/x86_64-unknown-linux-gnu/lib" "-o" "/opt/rustwide/target/debug/examples/usb-3a2cd615a007d24e" "-Wl,--gc-sections" "-pie" "-Wl,-z,relro,-z,now" "-nodefaultlibs"
[INFO] [stdout]   = note: rust-lld: error: undefined symbol: __primask_r
[INFO] [stdout]           >>> referenced by call_asm.rs:19 (/opt/rustwide/cargo-home/registry/src/index.crates.io-6f17d22bba15001f/cortex-m-0.7.7/src/call_asm.rs:19)
[INFO] [stdout]           >>>               /opt/rustwide/target/debug/examples/usb-3a2cd615a007d24e.usb.a9b50ca3e50c6667-cgu.1.rcgu.o:(cortex_m::register::primask::read::hd740ad932483874d)
[INFO] [stdout]           >>> referenced by call_asm.rs:19 (/opt/rustwide/cargo-home/registry/src/index.crates.io-6f17d22bba15001f/cortex-m-0.7.7/src/call_asm.rs:19)
[INFO] [stdout]           >>>               lpc55_hal-06d226ede7831da2.lpc55_hal.ed67a07e5008c197-cgu.04.rcgu.o:(cortex_m::register::primask::read::h78702259e813bc12) in archive /opt/rustwide/target/debug/deps/liblpc55_hal-06d226ede7831da2.rlib
[INFO] [stdout]           
[INFO] [stdout]           rust-lld: error: undefined symbol: __cpsie
[INFO] [stdout]           >>> referenced by call_asm.rs:19 (/opt/rustwide/cargo-home/registry/src/index.crates.io-6f17d22bba15001f/cortex-m-0.7.7/src/call_asm.rs:19)
[INFO] [stdout]           >>>               /opt/rustwide/target/debug/examples/usb-3a2cd615a007d24e.usb.a9b50ca3e50c6667-cgu.1.rcgu.o:(cortex_m::interrupt::enable::h949a5d089f9c66ca)
[INFO] [stdout]           >>> referenced by call_asm.rs:19 (/opt/rustwide/cargo-home/registry/src/index.crates.io-6f17d22bba15001f/cortex-m-0.7.7/src/call_asm.rs:19)
[INFO] [stdout]           >>>               lpc55_hal-06d226ede7831da2.lpc55_hal.ed67a07e5008c197-cgu.04.rcgu.o:(cortex_m::interrupt::enable::ha5736ee96934d303) in archive /opt/rustwide/target/debug/deps/liblpc55_hal-06d226ede7831da2.rlib
[INFO] [stdout]           
[INFO] [stdout]           rust-lld: error: undefined symbol: __cpsid
[INFO] [stdout]           >>> referenced by call_asm.rs:19 (/opt/rustwide/cargo-home/registry/src/index.crates.io-6f17d22bba15001f/cortex-m-0.7.7/src/call_asm.rs:19)
[INFO] [stdout]           >>>               /opt/rustwide/target/debug/examples/usb-3a2cd615a007d24e.usb.a9b50ca3e50c6667-cgu.1.rcgu.o:(cortex_m::interrupt::disable::h00009c2a693b0fdb)
[INFO] [stdout]           >>> referenced by call_asm.rs:19 (/opt/rustwide/cargo-home/registry/src/index.crates.io-6f17d22bba15001f/cortex-m-0.7.7/src/call_asm.rs:19)
[INFO] [stdout]           >>>               lpc55_hal-06d226ede7831da2.lpc55_hal.ed67a07e5008c197-cgu.04.rcgu.o:(cortex_m::interrupt::disable::heaa166e44cae7b43) in archive /opt/rustwide/target/debug/deps/liblpc55_hal-06d226ede7831da2.rlib
[INFO] [stdout]           collect2: error: ld returned 1 exit status
[INFO] [stdout]           
[INFO] [stdout] 
[INFO] [stdout] 
[INFO] [stderr] error: could not compile `lpc55-hal` (example "touch") due to 1 previous error
[INFO] [stdout] error: linking with `cc` failed: exit status: 1
[INFO] [stdout]   |
[INFO] [stdout]   = note: LC_ALL="C" PATH="/opt/rustwide/rustup-home/toolchains/nightly-2024-10-28-x86_64-unknown-linux-gnu/lib/rustlib/x86_64-unknown-linux-gnu/bin:/opt/rustwide/rustup-home/toolchains/nightly-2024-10-28-x86_64-unknown-linux-gnu/lib/rustlib/x86_64-unknown-linux-gnu/bin/self-contained:/opt/rustwide/cargo-home/bin:/usr/local/sbin:/usr/local/bin:/usr/sbin:/usr/bin:/sbin:/bin" VSLANG="1033" "cc" "-m64" "/tmp/rustcCoHtEV/symbols.o" "/opt/rustwide/target/debug/examples/usb_test_class-862b79bf02c7912d.usb_test_class.42218854cddc58ba-cgu.0.rcgu.o" "/opt/rustwide/target/debug/examples/usb_test_class-862b79bf02c7912d.usb_test_class.42218854cddc58ba-cgu.1.rcgu.o" "/opt/rustwide/target/debug/examples/usb_test_class-862b79bf02c7912d.usb_test_class.42218854cddc58ba-cgu.2.rcgu.o" "/opt/rustwide/target/debug/examples/usb_test_class-862b79bf02c7912d.d5r3zysqug05v8zvj7e9z9oo4.rcgu.o" "-Wl,--as-needed" "-Wl,-Bstatic" "/opt/rustwide/target/debug/deps/liblpc55_hal-06d226ede7831da2.rlib" "/opt/rustwide/target/debug/deps/libusb_device-cf21d37de55902ff.rlib" "/opt/rustwide/target/debug/deps/libblock_buffer-406cc1e579a2f1c6.rlib" "/opt/rustwide/target/debug/deps/librand_core-d4a2280c4547a8d5.rlib" "/opt/rustwide/target/debug/deps/libdigest-234b051378c00c9e.rlib" "/opt/rustwide/target/debug/deps/libcipher-fa2f03685bd6b627.rlib" "/opt/rustwide/target/debug/deps/libgeneric_array-01d97c805257b30b.rlib" "/opt/rustwide/target/debug/deps/libtypenum-5326f72807cfe834.rlib" "/opt/rustwide/target/debug/deps/libembedded_time-f224a97b7dd33bf5.rlib" "/opt/rustwide/target/debug/deps/libnum-c89c962cd1f3f1bf.rlib" "/opt/rustwide/target/debug/deps/libnum_iter-6015c37bafc0aaee.rlib" "/opt/rustwide/target/debug/deps/libnum_rational-3b6b1a229177ce93.rlib" "/opt/rustwide/target/debug/deps/libnum_integer-f1173e10d6dcc7fc.rlib" "/opt/rustwide/target/debug/deps/libnum_complex-9a4d2d1bf561b09d.rlib" "/opt/rustwide/target/debug/deps/libnum_traits-38514a4dbca2c891.rlib" "/opt/rustwide/target/debug/deps/liblpc55_pac-aa97c8f6c3bee479.rlib" "/opt/rustwide/target/debug/deps/libcortex_m-ba17b7ffcbd6494b.rlib" "/opt/rustwide/target/debug/deps/libembedded_hal-3f2f425bf0d941af.rlib" "/opt/rustwide/target/debug/deps/libvoid-9e681b028a877516.rlib" "/opt/rustwide/target/debug/deps/libnb-ab8678e4b2ed3327.rlib" "/opt/rustwide/target/debug/deps/libnb-fd0c4fcaea1d2fa5.rlib" "/opt/rustwide/target/debug/deps/libvolatile_register-951d9752e772fcca.rlib" "/opt/rustwide/target/debug/deps/libvcell-fe7c59c2dcd19afe.rlib" "/opt/rustwide/target/debug/deps/libbare_metal-4508ba911d5024ec.rlib" "/opt/rustwide/target/debug/deps/libcortex_m_rt-9b91187924ace5e0.rlib" "/opt/rustwide/target/debug/deps/libr0-52ce6704675dcdb1.rlib" "/opt/rustwide/target/debug/deps/libpanic_semihosting-6efa38804ba3b63e.rlib" "/opt/rustwide/rustup-home/toolchains/nightly-2024-10-28-x86_64-unknown-linux-gnu/lib/rustlib/x86_64-unknown-linux-gnu/lib/libstd-fb8c387236db3c10.rlib" "/opt/rustwide/rustup-home/toolchains/nightly-2024-10-28-x86_64-unknown-linux-gnu/lib/rustlib/x86_64-unknown-linux-gnu/lib/libpanic_unwind-b251837809b2f64b.rlib" "/opt/rustwide/rustup-home/toolchains/nightly-2024-10-28-x86_64-unknown-linux-gnu/lib/rustlib/x86_64-unknown-linux-gnu/lib/libobject-cbef83eaa4e01f04.rlib" "/opt/rustwide/rustup-home/toolchains/nightly-2024-10-28-x86_64-unknown-linux-gnu/lib/rustlib/x86_64-unknown-linux-gnu/lib/libmemchr-12a772286de2fca7.rlib" "/opt/rustwide/rustup-home/toolchains/nightly-2024-10-28-x86_64-unknown-linux-gnu/lib/rustlib/x86_64-unknown-linux-gnu/lib/libaddr2line-023bbe5ada7abfc3.rlib" "/opt/rustwide/rustup-home/toolchains/nightly-2024-10-28-x86_64-unknown-linux-gnu/lib/rustlib/x86_64-unknown-linux-gnu/lib/libgimli-de2bcdf10ec69c2b.rlib" "/opt/rustwide/rustup-home/toolchains/nightly-2024-10-28-x86_64-unknown-linux-gnu/lib/rustlib/x86_64-unknown-linux-gnu/lib/librustc_demangle-8e1754df350800fd.rlib" "/opt/rustwide/rustup-home/toolchains/nightly-2024-10-28-x86_64-unknown-linux-gnu/lib/rustlib/x86_64-unknown-linux-gnu/lib/libstd_detect-06c2ab7b9c32e037.rlib" "/opt/rustwide/rustup-home/toolchains/nightly-2024-10-28-x86_64-unknown-linux-gnu/lib/rustlib/x86_64-unknown-linux-gnu/lib/libhashbrown-51d2621fc57a281b.rlib" "/opt/rustwide/rustup-home/toolchains/nightly-2024-10-28-x86_64-unknown-linux-gnu/lib/rustlib/x86_64-unknown-linux-gnu/lib/librustc_std_workspace_alloc-54a930408793772f.rlib" "/opt/rustwide/rustup-home/toolchains/nightly-2024-10-28-x86_64-unknown-linux-gnu/lib/rustlib/x86_64-unknown-linux-gnu/lib/libminiz_oxide-0c7d01cba400dcb2.rlib" "/opt/rustwide/rustup-home/toolchains/nightly-2024-10-28-x86_64-unknown-linux-gnu/lib/rustlib/x86_64-unknown-linux-gnu/lib/libadler-b9f84d69e331b75b.rlib" "/opt/rustwide/rustup-home/toolchains/nightly-2024-10-28-x86_64-unknown-linux-gnu/lib/rustlib/x86_64-unknown-linux-gnu/lib/libunwind-eec95493246aae39.rlib" "/opt/rustwide/rustup-home/toolchains/nightly-2024-10-28-x86_64-unknown-linux-gnu/lib/rustlib/x86_64-unknown-linux-gnu/lib/libcfg_if-6f6676c475e08ab0.rlib" "/opt/rustwide/rustup-home/toolchains/nightly-2024-10-28-x86_64-unknown-linux-gnu/lib/rustlib/x86_64-unknown-linux-gnu/lib/liblibc-799d520624f8b2e0.rlib" "/opt/rustwide/rustup-home/toolchains/nightly-2024-10-28-x86_64-unknown-linux-gnu/lib/rustlib/x86_64-unknown-linux-gnu/lib/liballoc-fcf93d4842acd9a9.rlib" "/opt/rustwide/rustup-home/toolchains/nightly-2024-10-28-x86_64-unknown-linux-gnu/lib/rustlib/x86_64-unknown-linux-gnu/lib/librustc_std_workspace_core-395a38b8e0851c9b.rlib" "/opt/rustwide/rustup-home/toolchains/nightly-2024-10-28-x86_64-unknown-linux-gnu/lib/rustlib/x86_64-unknown-linux-gnu/lib/libcore-d453bab70303062c.rlib" "/opt/rustwide/rustup-home/toolchains/nightly-2024-10-28-x86_64-unknown-linux-gnu/lib/rustlib/x86_64-unknown-linux-gnu/lib/libcompiler_builtins-0e6386368b0a24e8.rlib" "-Wl,-Bdynamic" "-lgcc_s" "-lutil" "-lrt" "-lpthread" "-lm" "-ldl" "-lc" "-B/opt/rustwide/rustup-home/toolchains/nightly-2024-10-28-x86_64-unknown-linux-gnu/lib/rustlib/x86_64-unknown-linux-gnu/bin/gcc-ld" "-fuse-ld=lld" "-Wl,--eh-frame-hdr" "-Wl,-z,noexecstack" "-L" "/opt/rustwide/target/debug/build/cortex-m-rt-080a70b9541809d1/out" "-L" "/opt/rustwide/target/debug/build/lpc55-pac-333b1e2075c1cfbd/out" "-L" "/opt/rustwide/target/debug/build/ssd1306-7bffd5578dcf5862/out" "-L" "/opt/rustwide/rustup-home/toolchains/nightly-2024-10-28-x86_64-unknown-linux-gnu/lib/rustlib/x86_64-unknown-linux-gnu/lib" "-o" "/opt/rustwide/target/debug/examples/usb_test_class-862b79bf02c7912d" "-Wl,--gc-sections" "-pie" "-Wl,-z,relro,-z,now" "-nodefaultlibs"
[INFO] [stdout]   = note: rust-lld: error: undefined symbol: __primask_r
[INFO] [stdout]           >>> referenced by call_asm.rs:19 (/opt/rustwide/cargo-home/registry/src/index.crates.io-6f17d22bba15001f/cortex-m-0.7.7/src/call_asm.rs:19)
[INFO] [stdout]           >>>               lpc55_hal-06d226ede7831da2.lpc55_hal.ed67a07e5008c197-cgu.04.rcgu.o:(cortex_m::register::primask::read::h78702259e813bc12) in archive /opt/rustwide/target/debug/deps/liblpc55_hal-06d226ede7831da2.rlib
[INFO] [stdout]           >>> referenced by call_asm.rs:19 (/opt/rustwide/cargo-home/registry/src/index.crates.io-6f17d22bba15001f/cortex-m-0.7.7/src/call_asm.rs:19)
[INFO] [stdout]           >>>               /opt/rustwide/target/debug/examples/usb_test_class-862b79bf02c7912d.usb_test_class.42218854cddc58ba-cgu.1.rcgu.o:(cortex_m::register::primask::read::h783727dae9afdd7b)
[INFO] [stdout]           
[INFO] [stdout]           rust-lld: error: undefined symbol: __cpsie
[INFO] [stdout]           >>> referenced by call_asm.rs:19 (/opt/rustwide/cargo-home/registry/src/index.crates.io-6f17d22bba15001f/cortex-m-0.7.7/src/call_asm.rs:19)
[INFO] [stdout]           >>>               lpc55_hal-06d226ede7831da2.lpc55_hal.ed67a07e5008c197-cgu.04.rcgu.o:(cortex_m::interrupt::enable::ha5736ee96934d303) in archive /opt/rustwide/target/debug/deps/liblpc55_hal-06d226ede7831da2.rlib
[INFO] [stdout]           >>> referenced by call_asm.rs:19 (/opt/rustwide/cargo-home/registry/src/index.crates.io-6f17d22bba15001f/cortex-m-0.7.7/src/call_asm.rs:19)
[INFO] [stdout]           >>>               /opt/rustwide/target/debug/examples/usb_test_class-862b79bf02c7912d.usb_test_class.42218854cddc58ba-cgu.1.rcgu.o:(cortex_m::interrupt::enable::hf31383558398c8d9)
[INFO] [stdout]           
[INFO] [stdout]           rust-lld: error: undefined symbol: __cpsid
[INFO] [stdout]           >>> referenced by call_asm.rs:19 (/opt/rustwide/cargo-home/registry/src/index.crates.io-6f17d22bba15001f/cortex-m-0.7.7/src/call_asm.rs:19)
[INFO] [stdout]           >>>               lpc55_hal-06d226ede7831da2.lpc55_hal.ed67a07e5008c197-cgu.04.rcgu.o:(cortex_m::interrupt::disable::heaa166e44cae7b43) in archive /opt/rustwide/target/debug/deps/liblpc55_hal-06d226ede7831da2.rlib
[INFO] [stdout]           >>> referenced by call_asm.rs:19 (/opt/rustwide/cargo-home/registry/src/index.crates.io-6f17d22bba15001f/cortex-m-0.7.7/src/call_asm.rs:19)
[INFO] [stdout]           >>>               /opt/rustwide/target/debug/examples/usb_test_class-862b79bf02c7912d.usb_test_class.42218854cddc58ba-cgu.1.rcgu.o:(cortex_m::interrupt::disable::h11a8180b14937329)
[INFO] [stdout]           collect2: error: ld returned 1 exit status
[INFO] [stdout]           
[INFO] [stdout] 
[INFO] [stdout] 
[INFO] [stderr] error: could not compile `lpc55-hal` (example "usb") due to 1 previous error
[INFO] [stderr] error: could not compile `lpc55-hal` (example "usb_test_class") due to 1 previous error
[INFO] [stdout] warning: use of deprecated associated function `cortex_m::peripheral::dwt::<impl raw::DWT>::get_cycle_count`: Use `cycle_count` which follows the C-GETTER convention
[INFO] [stdout]    --> src/lib.rs:459:15
[INFO] [stdout]     |
[INFO] [stdout] 459 |     raw::DWT::get_cycle_count()
[INFO] [stdout]     |               ^^^^^^^^^^^^^^^
[INFO] [stdout]     |
[INFO] [stdout]     = note: `#[warn(deprecated)]` on by default
[INFO] [stdout] 
[INFO] [stdout] 
[INFO] [stdout] warning: multiple fields are never read
[INFO] [stdout]   --> src/peripherals/dma.rs:19:5
[INFO] [stdout]    |
[INFO] [stdout] 17 | struct Align512(
[INFO] [stdout]    |        -------- fields in this struct
[INFO] [stdout] 18 |     Descriptor,
[INFO] [stdout] 19 |     Descriptor,
[INFO] [stdout]    |     ^^^^^^^^^^
[INFO] [stdout] 20 |     Descriptor,
[INFO] [stdout]    |     ^^^^^^^^^^
[INFO] [stdout] 21 |     Descriptor,
[INFO] [stdout]    |     ^^^^^^^^^^
[INFO] [stdout] 22 |     Descriptor,
[INFO] [stdout]    |     ^^^^^^^^^^
[INFO] [stdout] 23 |     Descriptor,
[INFO] [stdout]    |     ^^^^^^^^^^
[INFO] [stdout] 24 |     Descriptor,
[INFO] [stdout]    |     ^^^^^^^^^^
[INFO] [stdout] 25 |     Descriptor,
[INFO] [stdout]    |     ^^^^^^^^^^
[INFO] [stdout] 26 |     Descriptor,
[INFO] [stdout]    |     ^^^^^^^^^^
[INFO] [stdout] 27 |     Descriptor,
[INFO] [stdout]    |     ^^^^^^^^^^
[INFO] [stdout] 28 |     Descriptor,
[INFO] [stdout]    |     ^^^^^^^^^^
[INFO] [stdout] 29 |     Descriptor,
[INFO] [stdout]    |     ^^^^^^^^^^
[INFO] [stdout] 30 |     Descriptor,
[INFO] [stdout]    |     ^^^^^^^^^^
[INFO] [stdout] 31 |     Descriptor,
[INFO] [stdout]    |     ^^^^^^^^^^
[INFO] [stdout] 32 |     Descriptor,
[INFO] [stdout]    |     ^^^^^^^^^^
[INFO] [stdout] 33 |     Descriptor,
[INFO] [stdout]    |     ^^^^^^^^^^
[INFO] [stdout] 34 |     Descriptor,
[INFO] [stdout]    |     ^^^^^^^^^^
[INFO] [stdout] 35 |     Descriptor,
[INFO] [stdout]    |     ^^^^^^^^^^
[INFO] [stdout] 36 |     Descriptor,
[INFO] [stdout]    |     ^^^^^^^^^^
[INFO] [stdout] 37 |     Descriptor,
[INFO] [stdout]    |     ^^^^^^^^^^
[INFO] [stdout] 38 |     Descriptor,
[INFO] [stdout]    |     ^^^^^^^^^^
[INFO] [stdout] ...
[INFO] [stdout] 42 |     Descriptor,
[INFO] [stdout]    |     ^^^^^^^^^^
[INFO] [stdout] 43 |     Descriptor,
[INFO] [stdout]    |     ^^^^^^^^^^
[INFO] [stdout] 44 |     Descriptor,
[INFO] [stdout]    |     ^^^^^^^^^^
[INFO] [stdout] 45 |     Descriptor,
[INFO] [stdout]    |     ^^^^^^^^^^
[INFO] [stdout] 46 |     Descriptor,
[INFO] [stdout]    |     ^^^^^^^^^^
[INFO] [stdout] 47 |     Descriptor,
[INFO] [stdout]    |     ^^^^^^^^^^
[INFO] [stdout] 48 |     Descriptor,
[INFO] [stdout]    |     ^^^^^^^^^^
[INFO] [stdout] 49 |     Descriptor,
[INFO] [stdout]    |     ^^^^^^^^^^
[INFO] [stdout]    |
[INFO] [stdout]    = note: `#[warn(dead_code)]` on by default
[INFO] [stdout] help: consider changing the fields to be of unit type to suppress this warning while preserving the field numbering, or remove the fields
[INFO] [stdout]    |
[INFO] [stdout] 19 ~     (),
[INFO] [stdout] 20 ~     (),
[INFO] [stdout] 21 ~     (),
[INFO] [stdout] 22 ~     (),
[INFO] [stdout] 23 ~     (),
[INFO] [stdout] 24 ~     (),
[INFO] [stdout] 25 ~     (),
[INFO] [stdout] 26 ~     (),
[INFO] [stdout] 27 ~     (),
[INFO] [stdout] 28 ~     (),
[INFO] [stdout] 29 ~     (),
[INFO] [stdout] 30 ~     (),
[INFO] [stdout] 31 ~     (),
[INFO] [stdout] 32 ~     (),
[INFO] [stdout] 33 ~     (),
[INFO] [stdout] 34 ~     (),
[INFO] [stdout] 35 ~     (),
[INFO] [stdout] 36 ~     (),
[INFO] [stdout] 37 ~     (),
[INFO] [stdout] 38 ~     (),
[INFO] [stdout] 39 |     Descriptor,
[INFO] [stdout] 40 |     Descriptor,
[INFO] [stdout] 41 |     Descriptor,
[INFO] [stdout] 42 ~     (),
[INFO] [stdout] 43 ~     (),
[INFO] [stdout] 44 ~     (),
[INFO] [stdout] 45 ~     (),
[INFO] [stdout] 46 ~     (),
[INFO] [stdout] 47 ~     (),
[INFO] [stdout] 48 ~     (),
[INFO] [stdout] 49 ~     (),
[INFO] [stdout]    |
[INFO] [stdout] 
[INFO] [stdout] 
[INFO] [stdout] warning: trait `PufStates` is never used
[INFO] [stdout]   --> src/peripherals/puf.rs:11:7
[INFO] [stdout]    |
[INFO] [stdout] 11 | trait PufStates {}
[INFO] [stdout]    |       ^^^^^^^^^
[INFO] [stdout] 
[INFO] [stdout] 
[INFO] [stdout] warning: fields `id`, `maj_rev`, `min_rev`, and `aperture` are never read
[INFO] [stdout]   --> src/peripherals/rng.rs:14:5
[INFO] [stdout]    |
[INFO] [stdout] 13 | pub struct ModuleId {
[INFO] [stdout]    |            -------- fields in this struct
[INFO] [stdout] 14 |     id: u16,
[INFO] [stdout]    |     ^^
[INFO] [stdout] 15 |     maj_rev: u8,
[INFO] [stdout]    |     ^^^^^^^
[INFO] [stdout] 16 |     min_rev: u8,
[INFO] [stdout]    |     ^^^^^^^
[INFO] [stdout] 17 |     aperture: u8,
[INFO] [stdout]    |     ^^^^^^^^
[INFO] [stdout]    |
[INFO] [stdout]    = note: `ModuleId` has a derived impl for the trait `Debug`, but this is intentionally ignored during dead code analysis
[INFO] [stdout] 
[INFO] [stdout] 
[INFO] [stdout] warning: fields `maj_rev`, `min_rev`, `err_code`, and `frame_nr` are never read
[INFO] [stdout]    --> src/peripherals/usbfs.rs:114:5
[INFO] [stdout]     |
[INFO] [stdout] 113 | pub struct UsbFsDevInfo {
[INFO] [stdout]     |            ------------ fields in this struct
[INFO] [stdout] 114 |     maj_rev: u8,
[INFO] [stdout]     |     ^^^^^^^
[INFO] [stdout] 115 |     min_rev: u8,
[INFO] [stdout]     |     ^^^^^^^
[INFO] [stdout] 116 |     err_code: u8,
[INFO] [stdout]     |     ^^^^^^^^
[INFO] [stdout] 117 |     frame_nr: u16,
[INFO] [stdout]     |     ^^^^^^^^
[INFO] [stdout]     |
[INFO] [stdout]     = note: `UsbFsDevInfo` has a derived impl for the trait `Debug`, but this is intentionally ignored during dead code analysis
[INFO] [stdout] 
[INFO] [stdout] 
[INFO] [stdout] warning: fields `maj_rev`, `min_rev`, `err_code`, and `frame_nr` are never read
[INFO] [stdout]    --> src/peripherals/usbhs.rs:161:5
[INFO] [stdout]     |
[INFO] [stdout] 160 | pub struct UsbHsDevInfo {
[INFO] [stdout]     |            ------------ fields in this struct
[INFO] [stdout] 161 |     maj_rev: u8,
[INFO] [stdout]     |     ^^^^^^^
[INFO] [stdout] 162 |     min_rev: u8,
[INFO] [stdout]     |     ^^^^^^^
[INFO] [stdout] 163 |     err_code: u8,
[INFO] [stdout]     |     ^^^^^^^^
[INFO] [stdout] 164 |     frame_nr: u16,
[INFO] [stdout]     |     ^^^^^^^^
[INFO] [stdout]     |
[INFO] [stdout]     = note: `UsbHsDevInfo` has a derived impl for the trait `Debug`, but this is intentionally ignored during dead code analysis
[INFO] [stdout] 
[INFO] [stdout] 
[INFO] [stdout] warning: creating a shared reference to mutable static is discouraged
[INFO] [stdout]    --> src/peripherals/dma.rs:107:41
[INFO] [stdout]     |
[INFO] [stdout] 107 |         let descriptor_addr = unsafe { ((&DESCRIPTORS) as *const Align512) as u32 };
[INFO] [stdout]     |                                         ^^^^^^^^^^^^^^ shared reference to mutable static
[INFO] [stdout]     |
[INFO] [stdout]     = note: for more information, see <https://doc.rust-lang.org/nightly/edition-guide/rust-2024/static-mut-references.html>
[INFO] [stdout]     = note: shared references to mutable statics are dangerous; it's undefined behavior if the static is mutated or if a mutable reference is created for it while the shared reference lives
[INFO] [stdout]     = note: `#[warn(static_mut_refs)]` on by default
[INFO] [stdout] help: use `&raw const` instead to create a raw pointer
[INFO] [stdout]     |
[INFO] [stdout] 107 |         let descriptor_addr = unsafe { (&raw const DESCRIPTORS) as *const Align512) as u32 };
[INFO] [stdout]     |                                         ~~~~~~~~~~
[INFO] [stdout] 
[INFO] [stdout] 
[INFO] [stdout] warning: creating a shared reference to mutable static is discouraged
[INFO] [stdout]    --> src/peripherals/dma.rs:221:36
[INFO] [stdout]     |
[INFO] [stdout] 221 |             DESCRIPTORS.21.next = ((&DESCRIPTORS.22) as *const Descriptor) as u32;
[INFO] [stdout]     |                                    ^^^^^^^^^^^^^^^^^ shared reference to mutable static
[INFO] [stdout]     |
[INFO] [stdout]     = note: for more information, see <https://doc.rust-lang.org/nightly/edition-guide/rust-2024/static-mut-references.html>
[INFO] [stdout]     = note: shared references to mutable statics are dangerous; it's undefined behavior if the static is mutated or if a mutable reference is created for it while the shared reference lives
[INFO] [stdout] help: use `&raw const` instead to create a raw pointer
[INFO] [stdout]     |
[INFO] [stdout] 221 |             DESCRIPTORS.21.next = (&raw const DESCRIPTORS.22) as *const Descriptor) as u32;
[INFO] [stdout]     |                                    ~~~~~~~~~~
[INFO] [stdout] 
[INFO] [stdout] 
[INFO] [stdout] warning: creating a shared reference to mutable static is discouraged
[INFO] [stdout]    --> src/peripherals/dma.rs:227:18
[INFO] [stdout]     |
[INFO] [stdout] 227 |                 ((&DESCRIPTORS.0.source_end_addr) as *const u32) as u32;
[INFO] [stdout]     |                  ^^^^^^^^^^^^^^^^^^^^^^^^^^^^^^^^ shared reference to mutable static
[INFO] [stdout]     |
[INFO] [stdout]     = note: for more information, see <https://doc.rust-lang.org/nightly/edition-guide/rust-2024/static-mut-references.html>
[INFO] [stdout]     = note: shared references to mutable statics are dangerous; it's undefined behavior if the static is mutated or if a mutable reference is created for it while the shared reference lives
[INFO] [stdout] help: use `&raw const` instead to create a raw pointer
[INFO] [stdout]     |
[INFO] [stdout] 227 |                 (&raw const DESCRIPTORS.0.source_end_addr) as *const u32) as u32;
[INFO] [stdout]     |                  ~~~~~~~~~~
[INFO] [stdout] 
[INFO] [stdout] 
[INFO] [stdout] warning: creating a shared reference to mutable static is discouraged
[INFO] [stdout]    --> src/peripherals/dma.rs:234:36
[INFO] [stdout]     |
[INFO] [stdout] 234 |             DESCRIPTORS.22.next = ((&DESCRIPTORS.23) as *const Descriptor) as u32;
[INFO] [stdout]     |                                    ^^^^^^^^^^^^^^^^^ shared reference to mutable static
[INFO] [stdout]     |
[INFO] [stdout]     = note: for more information, see <https://doc.rust-lang.org/nightly/edition-guide/rust-2024/static-mut-references.html>
[INFO] [stdout]     = note: shared references to mutable statics are dangerous; it's undefined behavior if the static is mutated or if a mutable reference is created for it while the shared reference lives
[INFO] [stdout] help: use `&raw const` instead to create a raw pointer
[INFO] [stdout]     |
[INFO] [stdout] 234 |             DESCRIPTORS.22.next = (&raw const DESCRIPTORS.23) as *const Descriptor) as u32;
[INFO] [stdout]     |                                    ~~~~~~~~~~
[INFO] [stdout] 
[INFO] [stdout] 
[INFO] [stdout] warning: creating a shared reference to mutable static is discouraged
[INFO] [stdout]    --> src/peripherals/dma.rs:247:36
[INFO] [stdout]     |
[INFO] [stdout] 247 |             DESCRIPTORS.23.next = ((&DESCRIPTORS.22) as *const Descriptor) as u32;
[INFO] [stdout]     |                                    ^^^^^^^^^^^^^^^^^ shared reference to mutable static
[INFO] [stdout]     |
[INFO] [stdout]     = note: for more information, see <https://doc.rust-lang.org/nightly/edition-guide/rust-2024/static-mut-references.html>
[INFO] [stdout]     = note: shared references to mutable statics are dangerous; it's undefined behavior if the static is mutated or if a mutable reference is created for it while the shared reference lives
[INFO] [stdout] help: use `&raw const` instead to create a raw pointer
[INFO] [stdout]     |
[INFO] [stdout] 247 |             DESCRIPTORS.23.next = (&raw const DESCRIPTORS.22) as *const Descriptor) as u32;
[INFO] [stdout]     |                                    ~~~~~~~~~~
[INFO] [stdout] 
[INFO] [stdout] 
[INFO] [stdout] warning: creating a mutable reference to mutable static is discouraged
[INFO] [stdout]    --> src/drivers/touch.rs:230:13
[INFO] [stdout]     |
[INFO] [stdout] 230 |             &mut RESULTS
[INFO] [stdout]     |             ^^^^^^^^^^^^ mutable reference to mutable static
[INFO] [stdout]     |
[INFO] [stdout]     = note: for more information, see <https://doc.rust-lang.org/nightly/edition-guide/rust-2024/static-mut-references.html>
[INFO] [stdout]     = note: mutable references to mutable statics are dangerous; it's undefined behavior if any other pointer to the static is used or if any other reference is created for the static while the mutable reference lives
[INFO] [stdout] help: use `&raw mut` instead to create a raw pointer
[INFO] [stdout]     |
[INFO] [stdout] 230 |             &raw mut RESULTS
[INFO] [stdout]     |             ~~~~~~~~
[INFO] [stdout] 
[INFO] [stdout] 
[INFO] [stdout] warning: creating a shared reference to mutable static is discouraged
[INFO] [stdout]    --> src/drivers/touch.rs:273:32
[INFO] [stdout]     |
[INFO] [stdout] 273 |         let results = unsafe { &RESULTS };
[INFO] [stdout]     |                                ^^^^^^^^ shared reference to mutable static
[INFO] [stdout]     |
[INFO] [stdout]     = note: for more information, see <https://doc.rust-lang.org/nightly/edition-guide/rust-2024/static-mut-references.html>
[INFO] [stdout]     = note: shared references to mutable statics are dangerous; it's undefined behavior if the static is mutated or if a mutable reference is created for it while the shared reference lives
[INFO] [stdout] help: use `&raw const` instead to create a raw pointer
[INFO] [stdout]     |
[INFO] [stdout] 273 |         let results = unsafe { &raw const RESULTS };
[INFO] [stdout]     |                                ~~~~~~~~~~
[INFO] [stdout] 
[INFO] [stdout] 
[INFO] [stdout] warning: creating a mutable reference to mutable static is discouraged
[INFO] [stdout]    --> src/drivers/touch.rs:290:25
[INFO] [stdout]     |
[INFO] [stdout] 290 |         return unsafe { &mut RESULTS };
[INFO] [stdout]     |                         ^^^^^^^^^^^^ mutable reference to mutable static
[INFO] [stdout]     |
[INFO] [stdout]     = note: for more information, see <https://doc.rust-lang.org/nightly/edition-guide/rust-2024/static-mut-references.html>
[INFO] [stdout]     = note: mutable references to mutable statics are dangerous; it's undefined behavior if any other pointer to the static is used or if any other reference is created for the static while the mutable reference lives
[INFO] [stdout] help: use `&raw mut` instead to create a raw pointer
[INFO] [stdout]     |
[INFO] [stdout] 290 |         return unsafe { &raw mut RESULTS };
[INFO] [stdout]     |                         ~~~~~~~~
[INFO] [stdout] 
[INFO] [stdout] 
[INFO] [stdout] warning: creating a mutable reference to mutable static is discouraged
[INFO] [stdout]    --> src/drivers/touch.rs:296:32
[INFO] [stdout]     |
[INFO] [stdout] 296 |         let results = unsafe { &mut RESULTS };
[INFO] [stdout]     |                                ^^^^^^^^^^^^ mutable reference to mutable static
[INFO] [stdout]     |
[INFO] [stdout]     = note: for more information, see <https://doc.rust-lang.org/nightly/edition-guide/rust-2024/static-mut-references.html>
[INFO] [stdout]     = note: mutable references to mutable statics are dangerous; it's undefined behavior if any other pointer to the static is used or if any other reference is created for the static while the mutable reference lives
[INFO] [stdout] help: use `&raw mut` instead to create a raw pointer
[INFO] [stdout]     |
[INFO] [stdout] 296 |         let results = unsafe { &raw mut RESULTS };
[INFO] [stdout]     |                                ~~~~~~~~
[INFO] [stdout] 
[INFO] [stdout] 
[INFO] [stdout] warning: creating a shared reference to mutable static is discouraged
[INFO] [stdout]    --> src/drivers/touch.rs:340:32
[INFO] [stdout]     |
[INFO] [stdout] 340 |         let results = unsafe { &RESULTS };
[INFO] [stdout]     |                                ^^^^^^^^ shared reference to mutable static
[INFO] [stdout]     |
[INFO] [stdout]     = note: for more information, see <https://doc.rust-lang.org/nightly/edition-guide/rust-2024/static-mut-references.html>
[INFO] [stdout]     = note: shared references to mutable statics are dangerous; it's undefined behavior if the static is mutated or if a mutable reference is created for it while the shared reference lives
[INFO] [stdout] help: use `&raw const` instead to create a raw pointer
[INFO] [stdout]     |
[INFO] [stdout] 340 |         let results = unsafe { &raw const RESULTS };
[INFO] [stdout]     |                                ~~~~~~~~~~
[INFO] [stdout] 
[INFO] [stdout] 
[INFO] running `Command { std: "docker" "inspect" "cfda84ac2739c81b8be9be22731fb7ad0f03428c60ea44b4d6d719bbb537f2e5", kill_on_drop: false }`
[INFO] running `Command { std: "docker" "rm" "-f" "cfda84ac2739c81b8be9be22731fb7ad0f03428c60ea44b4d6d719bbb537f2e5", kill_on_drop: false }`
[INFO] [stdout] cfda84ac2739c81b8be9be22731fb7ad0f03428c60ea44b4d6d719bbb537f2e5
