[INFO] fetching crate lp_parser_rs 1.2.4...
[INFO] testing lp_parser_rs-1.2.4 against nightly-2024-10-28+rustflags=-Zrandomize-layout for randomize-layout
[INFO] extracting crate lp_parser_rs 1.2.4 into /workspace/builds/worker-5-tc2/source
[INFO] validating manifest of crates.io crate lp_parser_rs 1.2.4 on toolchain nightly-2024-10-28
[INFO] running `Command { std: CARGO_HOME="/workspace/cargo-home" RUSTUP_HOME="/workspace/rustup-home" "/workspace/cargo-home/bin/cargo" "+nightly-2024-10-28" "metadata" "--manifest-path" "Cargo.toml" "--no-deps", kill_on_drop: false }`
[INFO] removed /workspace/builds/worker-5-tc2/source/.cargo/config.toml
[INFO] started tweaking crates.io crate lp_parser_rs 1.2.4
[INFO] finished tweaking crates.io crate lp_parser_rs 1.2.4
[INFO] tweaked toml for crates.io crate lp_parser_rs 1.2.4 written to /workspace/builds/worker-5-tc2/source/Cargo.toml
[INFO] running `Command { std: CARGO_HOME="/workspace/cargo-home" RUSTUP_HOME="/workspace/rustup-home" "/workspace/cargo-home/bin/cargo" "+nightly-2024-10-28" "generate-lockfile" "--manifest-path" "Cargo.toml", kill_on_drop: false }`
[INFO] [stderr]     Updating crates.io index
[INFO] [stderr]      Locking 60 packages to latest compatible versions
[INFO] running `Command { std: CARGO_HOME="/workspace/cargo-home" RUSTUP_HOME="/workspace/rustup-home" "/workspace/cargo-home/bin/cargo" "+nightly-2024-10-28" "fetch" "--manifest-path" "Cargo.toml", kill_on_drop: false }`
[INFO] running `Command { std: "docker" "create" "-v" "/var/lib/crater-agent-workspace/builds/worker-5-tc2/target:/opt/rustwide/target:rw,Z" "-v" "/var/lib/crater-agent-workspace/builds/worker-5-tc2/source:/opt/rustwide/workdir:ro,Z" "-v" "/var/lib/crater-agent-workspace/cargo-home:/opt/rustwide/cargo-home:ro,Z" "-v" "/var/lib/crater-agent-workspace/rustup-home:/opt/rustwide/rustup-home:ro,Z" "-e" "SOURCE_DIR=/opt/rustwide/workdir" "-e" "CARGO_TARGET_DIR=/opt/rustwide/target" "-e" "CARGO_HOME=/opt/rustwide/cargo-home" "-e" "RUSTUP_HOME=/opt/rustwide/rustup-home" "-w" "/opt/rustwide/workdir" "-m" "1610612736" "--user" "0:0" "--network" "none" "ghcr.io/rust-lang/crates-build-env/linux@sha256:4a844ea9eb2546a2d2c7022eacef16ef2e8229c7fbb2c7d4d55a9ceca922f72d" "/opt/rustwide/cargo-home/bin/cargo" "+nightly-2024-10-28" "metadata" "--no-deps" "--format-version=1", kill_on_drop: false }`
[INFO] [stdout] b5690cfb6a39ce0104a88992aad1c4486b55b0aebd4e1497a42edaf2e61c02c7
[INFO] running `Command { std: "docker" "start" "-a" "b5690cfb6a39ce0104a88992aad1c4486b55b0aebd4e1497a42edaf2e61c02c7", kill_on_drop: false }`
[INFO] running `Command { std: "docker" "inspect" "b5690cfb6a39ce0104a88992aad1c4486b55b0aebd4e1497a42edaf2e61c02c7", kill_on_drop: false }`
[INFO] running `Command { std: "docker" "rm" "-f" "b5690cfb6a39ce0104a88992aad1c4486b55b0aebd4e1497a42edaf2e61c02c7", kill_on_drop: false }`
[INFO] [stdout] b5690cfb6a39ce0104a88992aad1c4486b55b0aebd4e1497a42edaf2e61c02c7
[INFO] running `Command { std: "docker" "create" "-v" "/var/lib/crater-agent-workspace/builds/worker-5-tc2/target:/opt/rustwide/target:rw,Z" "-v" "/var/lib/crater-agent-workspace/builds/worker-5-tc2/source:/opt/rustwide/workdir:ro,Z" "-v" "/var/lib/crater-agent-workspace/cargo-home:/opt/rustwide/cargo-home:ro,Z" "-v" "/var/lib/crater-agent-workspace/rustup-home:/opt/rustwide/rustup-home:ro,Z" "-e" "SOURCE_DIR=/opt/rustwide/workdir" "-e" "CARGO_TARGET_DIR=/opt/rustwide/target" "-e" "CARGO_INCREMENTAL=0" "-e" "RUST_BACKTRACE=full" "-e" "RUSTFLAGS=--cap-lints=forbid -Zrandomize-layout" "-e" "RUSTDOCFLAGS=--cap-lints=forbid" "-e" "CARGO_HOME=/opt/rustwide/cargo-home" "-e" "RUSTUP_HOME=/opt/rustwide/rustup-home" "-w" "/opt/rustwide/workdir" "-m" "1610612736" "--user" "0:0" "--network" "none" "ghcr.io/rust-lang/crates-build-env/linux@sha256:4a844ea9eb2546a2d2c7022eacef16ef2e8229c7fbb2c7d4d55a9ceca922f72d" "/opt/rustwide/cargo-home/bin/cargo" "+nightly-2024-10-28" "build" "--frozen" "--message-format=json", kill_on_drop: false }`
[INFO] [stdout] a5a37d843774df2e92fb23e1bcde4d304956dfb38801e42096db00976651cfbc
[INFO] running `Command { std: "docker" "start" "-a" "a5a37d843774df2e92fb23e1bcde4d304956dfb38801e42096db00976651cfbc", kill_on_drop: false }`
[INFO] [stderr]    Compiling syn v2.0.86
[INFO] [stderr]    Compiling libc v0.2.161
[INFO] [stderr]    Compiling ucd-trie v0.1.7
[INFO] [stderr]    Compiling memchr v2.7.4
[INFO] [stderr]    Compiling once_cell v1.20.2
[INFO] [stderr]    Compiling base64 v0.13.1
[INFO] [stderr]    Compiling lazy_static v1.5.0
[INFO] [stderr]    Compiling anyhow v1.0.92
[INFO] [stderr]    Compiling getrandom v0.2.15
[INFO] [stderr]    Compiling uuid v1.11.0
[INFO] [stderr]    Compiling blob-uuid v0.5.0
[INFO] [stderr]    Compiling unique_id v0.1.5
[INFO] [stderr]    Compiling thiserror-impl v1.0.66
[INFO] [stderr]    Compiling thiserror v1.0.66
[INFO] [stderr]    Compiling pest v2.7.14
[INFO] [stderr]    Compiling pest_meta v2.7.14
[INFO] [stderr]    Compiling pest_generator v2.7.14
[INFO] [stderr]    Compiling pest_derive v2.7.14
[INFO] [stderr]    Compiling lp_parser_rs v1.2.4 (/opt/rustwide/workdir)
[INFO] [stderr]     Finished `dev` profile [unoptimized + debuginfo] target(s) in 8.68s
[INFO] running `Command { std: "docker" "inspect" "a5a37d843774df2e92fb23e1bcde4d304956dfb38801e42096db00976651cfbc", kill_on_drop: false }`
[INFO] running `Command { std: "docker" "rm" "-f" "a5a37d843774df2e92fb23e1bcde4d304956dfb38801e42096db00976651cfbc", kill_on_drop: false }`
[INFO] [stdout] a5a37d843774df2e92fb23e1bcde4d304956dfb38801e42096db00976651cfbc
[INFO] running `Command { std: "docker" "create" "-v" "/var/lib/crater-agent-workspace/builds/worker-5-tc2/target:/opt/rustwide/target:rw,Z" "-v" "/var/lib/crater-agent-workspace/builds/worker-5-tc2/source:/opt/rustwide/workdir:ro,Z" "-v" "/var/lib/crater-agent-workspace/cargo-home:/opt/rustwide/cargo-home:ro,Z" "-v" "/var/lib/crater-agent-workspace/rustup-home:/opt/rustwide/rustup-home:ro,Z" "-e" "SOURCE_DIR=/opt/rustwide/workdir" "-e" "CARGO_TARGET_DIR=/opt/rustwide/target" "-e" "CARGO_INCREMENTAL=0" "-e" "RUST_BACKTRACE=full" "-e" "RUSTFLAGS=--cap-lints=forbid -Zrandomize-layout" "-e" "RUSTDOCFLAGS=--cap-lints=forbid" "-e" "CARGO_HOME=/opt/rustwide/cargo-home" "-e" "RUSTUP_HOME=/opt/rustwide/rustup-home" "-w" "/opt/rustwide/workdir" "-m" "1610612736" "--user" "0:0" "--network" "none" "ghcr.io/rust-lang/crates-build-env/linux@sha256:4a844ea9eb2546a2d2c7022eacef16ef2e8229c7fbb2c7d4d55a9ceca922f72d" "/opt/rustwide/cargo-home/bin/cargo" "+nightly-2024-10-28" "test" "--frozen" "--no-run" "--message-format=json", kill_on_drop: false }`
[INFO] [stdout] 00fd17a100151d53b4b3ba0a382575ccd880b111b35e9701b12d665c1f439272
[INFO] running `Command { std: "docker" "start" "-a" "00fd17a100151d53b4b3ba0a382575ccd880b111b35e9701b12d665c1f439272", kill_on_drop: false }`
[INFO] [stderr]    Compiling serde v1.0.214
[INFO] [stderr]    Compiling similar v2.6.0
[INFO] [stderr]    Compiling linked-hash-map v0.5.6
[INFO] [stderr]    Compiling float_eq v1.0.1
[INFO] [stderr]    Compiling getrandom v0.2.15
[INFO] [stderr]    Compiling console v0.15.8
[INFO] [stderr]    Compiling uuid v1.11.0
[INFO] [stderr]    Compiling blob-uuid v0.5.0
[INFO] [stderr]    Compiling unique_id v0.1.5
[INFO] [stderr]    Compiling lp_parser_rs v1.2.4 (/opt/rustwide/workdir)
[INFO] [stderr]    Compiling insta v1.41.1
[INFO] [stdout] error[E0432]: unresolved import `diff`
[INFO] [stdout]   --> tests/diff_feature.rs:11:9
[INFO] [stdout]    |
[INFO] [stdout] 11 |     use diff::Diff;
[INFO] [stdout]    |         ^^^^ use of undeclared crate or module `diff`
[INFO] [stdout] 
[INFO] [stdout] 
[INFO] [stdout] error[E0432]: unresolved import `diff`
[INFO] [stdout]   --> tests/diff_feature.rs:22:9
[INFO] [stdout]    |
[INFO] [stdout] 22 |     use diff::Diff;
[INFO] [stdout]    |         ^^^^ use of undeclared crate or module `diff`
[INFO] [stdout] 
[INFO] [stdout] 
[INFO] [stdout] error[E0432]: unresolved import `diff`
[INFO] [stdout]   --> tests/diff_feature.rs:43:9
[INFO] [stdout]    |
[INFO] [stdout] 43 |     use diff::Diff;
[INFO] [stdout]    |         ^^^^ use of undeclared crate or module `diff`
[INFO] [stdout] 
[INFO] [stdout] 
[INFO] [stdout] error[E0599]: no method named `diff` found for struct `Coefficient` in the current scope
[INFO] [stdout]   --> tests/diff_feature.rs:15:36
[INFO] [stdout]    |
[INFO] [stdout] 15 |     insta::assert_yaml_snapshot!(a.diff(&a));
[INFO] [stdout]    |                                    ^^^^ method not found in `Coefficient`
[INFO] [stdout] 
[INFO] [stdout] 
[INFO] [stdout] error[E0599]: no method named `diff` found for struct `Coefficient` in the current scope
[INFO] [stdout]   --> tests/diff_feature.rs:16:36
[INFO] [stdout]    |
[INFO] [stdout] 16 |     insta::assert_yaml_snapshot!(a.diff(&b));
[INFO] [stdout]    |                                    ^^^^ method not found in `Coefficient`
[INFO] [stdout] 
[INFO] [stdout] 
[INFO] [stdout] error[E0599]: no method named `diff` found for enum `Constraint` in the current scope
[INFO] [stdout]   --> tests/diff_feature.rs:36:36
[INFO] [stdout]    |
[INFO] [stdout] 36 |     insta::assert_yaml_snapshot!(a.diff(&a));
[INFO] [stdout]    |                                    ^^^^ method not found in `Constraint`
[INFO] [stdout] 
[INFO] [stdout] 
[INFO] [stdout] error[E0599]: no method named `diff` found for enum `Constraint` in the current scope
[INFO] [stdout]   --> tests/diff_feature.rs:37:36
[INFO] [stdout]    |
[INFO] [stdout] 37 |     insta::assert_yaml_snapshot!(a.diff(&b));
[INFO] [stdout]    |                                    ^^^^ method not found in `Constraint`
[INFO] [stdout] 
[INFO] [stdout] 
[INFO] [stdout] error[E0599]: no method named `diff` found for struct `LPProblem` in the current scope
[INFO] [stdout]   --> tests/diff_feature.rs:48:36
[INFO] [stdout]    |
[INFO] [stdout] 48 |     insta::assert_yaml_snapshot!(a.diff(&a), {
[INFO] [stdout]    |                                    ^^^^ method not found in `LPProblem`
[INFO] [stdout] 
[INFO] [stdout] 
[INFO] [stdout] error[E0599]: no method named `diff` found for struct `LPProblem` in the current scope
[INFO] [stdout]   --> tests/diff_feature.rs:56:36
[INFO] [stdout]    |
[INFO] [stdout] 56 |     insta::assert_yaml_snapshot!(a.diff(&a_copy), {
[INFO] [stdout]    |                                    ^^^^ method not found in `LPProblem`
[INFO] [stdout] 
[INFO] [stdout] 
[INFO] [stdout] error[E0599]: no method named `diff` found for struct `LPProblem` in the current scope
[INFO] [stdout]   --> tests/diff_feature.rs:64:36
[INFO] [stdout]    |
[INFO] [stdout] 64 |     insta::assert_yaml_snapshot!(a.diff(&b), {
[INFO] [stdout]    |                                    ^^^^ method not found in `LPProblem`
[INFO] [stdout] 
[INFO] [stdout] 
[INFO] [stdout] error[E0277]: the trait bound `LPProblem: serde::ser::Serialize` is not satisfied
[INFO] [stdout]   --> tests/test_from_file.rs:27:1
[INFO] [stdout]    |
[INFO] [stdout] 27 | generate_test!(afiro, "afiro.lp", -4.100, 25.369);
[INFO] [stdout]    | ^^^^^^^^^^^^^^^^^^^^^^^^^^^^^^^^^^^^^^^^^^^^^^^^^
[INFO] [stdout]    | |
[INFO] [stdout]    | the trait `serde::ser::Serialize` is not implemented for `LPProblem`, which is required by `&LPProblem: serde::ser::Serialize`
[INFO] [stdout]    | required by a bound introduced by this call
[INFO] [stdout]    |
[INFO] [stdout]    = note: for local types consider adding `#[derive(serde::Serialize)]` to your `LPProblem` type
[INFO] [stdout]    = note: for types from other crates check whether the crate offers a `serde` feature flag
[INFO] [stdout]    = help: the following other types implement trait `serde::ser::Serialize`:
[INFO] [stdout]              &'a T
[INFO] [stdout]              &'a mut T
[INFO] [stdout]              ()
[INFO] [stdout]              (T,)
[INFO] [stdout]              (T0, T1)
[INFO] [stdout]              (T0, T1, T2)
[INFO] [stdout]              (T0, T1, T2, T3)
[INFO] [stdout]              (T0, T1, T2, T3, T4)
[INFO] [stdout]            and 129 others
[INFO] [stdout]    = note: required for `&LPProblem` to implement `serde::ser::Serialize`
[INFO] [stdout] note: required by a bound in `serialize_value_redacted`
[INFO] [stdout]   --> /opt/rustwide/cargo-home/registry/src/index.crates.io-6f17d22bba15001f/insta-1.41.1/src/serialization.rs:98:36
[INFO] [stdout]    |
[INFO] [stdout] 98 | pub fn serialize_value_redacted<S: Serialize>(
[INFO] [stdout]    |                                    ^^^^^^^^^ required by this bound in `serialize_value_redacted`
[INFO] [stdout]    = note: this error originates in the macro `$crate::_prepare_snapshot_for_redaction` which comes from the expansion of the macro `generate_test` (in Nightly builds, run with -Z macro-backtrace for more info)
[INFO] [stdout] 
[INFO] [stdout] 
[INFO] [stdout] Some errors have detailed explanations: E0432, E0599.
[INFO] [stdout] 
[INFO] [stdout] For more information about an error, try `rustc --explain E0432`.
[INFO] [stdout] 
[INFO] [stderr] error: could not compile `lp_parser_rs` (test "diff_feature") due to 10 previous errors
[INFO] [stderr] warning: build failed, waiting for other jobs to finish...
[INFO] [stdout] error[E0277]: the trait bound `LPProblem: serde::ser::Serialize` is not satisfied
[INFO] [stdout]   --> tests/test_from_file.rs:28:1
[INFO] [stdout]    |
[INFO] [stdout] 28 | generate_test!(afiro_ext, "afiro_ext.lp", -5.239, 25.369);
[INFO] [stdout]    | ^^^^^^^^^^^^^^^^^^^^^^^^^^^^^^^^^^^^^^^^^^^^^^^^^^^^^^^^^
[INFO] [stdout]    | |
[INFO] [stdout]    | the trait `serde::ser::Serialize` is not implemented for `LPProblem`, which is required by `&LPProblem: serde::ser::Serialize`
[INFO] [stdout]    | required by a bound introduced by this call
[INFO] [stdout]    |
[INFO] [stdout]    = note: for local types consider adding `#[derive(serde::Serialize)]` to your `LPProblem` type
[INFO] [stdout]    = note: for types from other crates check whether the crate offers a `serde` feature flag
[INFO] [stdout]    = help: the following other types implement trait `serde::ser::Serialize`:
[INFO] [stdout]              &'a T
[INFO] [stdout]              &'a mut T
[INFO] [stdout]              ()
[INFO] [stdout]              (T,)
[INFO] [stdout]              (T0, T1)
[INFO] [stdout]              (T0, T1, T2)
[INFO] [stdout]              (T0, T1, T2, T3)
[INFO] [stdout]              (T0, T1, T2, T3, T4)
[INFO] [stdout]            and 129 others
[INFO] [stdout]    = note: required for `&LPProblem` to implement `serde::ser::Serialize`
[INFO] [stdout] note: required by a bound in `serialize_value_redacted`
[INFO] [stdout]   --> /opt/rustwide/cargo-home/registry/src/index.crates.io-6f17d22bba15001f/insta-1.41.1/src/serialization.rs:98:36
[INFO] [stdout]    |
[INFO] [stdout] 98 | pub fn serialize_value_redacted<S: Serialize>(
[INFO] [stdout]    |                                    ^^^^^^^^^ required by this bound in `serialize_value_redacted`
[INFO] [stdout]    = note: this error originates in the macro `$crate::_prepare_snapshot_for_redaction` which comes from the expansion of the macro `generate_test` (in Nightly builds, run with -Z macro-backtrace for more info)
[INFO] [stdout] 
[INFO] [stdout] 
[INFO] [stdout] error[E0277]: the trait bound `LPProblem: serde::ser::Serialize` is not satisfied
[INFO] [stdout]   --> tests/test_from_file.rs:29:1
[INFO] [stdout]    |
[INFO] [stdout] 29 | generate_test!(boeing1, "boeing1.lp", 1187.985, 194612.346);
[INFO] [stdout]    | ^^^^^^^^^^^^^^^^^^^^^^^^^^^^^^^^^^^^^^^^^^^^^^^^^^^^^^^^^^^
[INFO] [stdout]    | |
[INFO] [stdout]    | the trait `serde::ser::Serialize` is not implemented for `LPProblem`, which is required by `&LPProblem: serde::ser::Serialize`
[INFO] [stdout]    | required by a bound introduced by this call
[INFO] [stdout]    |
[INFO] [stdout]    = note: for local types consider adding `#[derive(serde::Serialize)]` to your `LPProblem` type
[INFO] [stdout]    = note: for types from other crates check whether the crate offers a `serde` feature flag
[INFO] [stdout]    = help: the following other types implement trait `serde::ser::Serialize`:
[INFO] [stdout]              &'a T
[INFO] [stdout]              &'a mut T
[INFO] [stdout]              ()
[INFO] [stdout]              (T,)
[INFO] [stdout]              (T0, T1)
[INFO] [stdout]              (T0, T1, T2)
[INFO] [stdout]              (T0, T1, T2, T3)
[INFO] [stdout]              (T0, T1, T2, T3, T4)
[INFO] [stdout]            and 129 others
[INFO] [stdout]    = note: required for `&LPProblem` to implement `serde::ser::Serialize`
[INFO] [stdout] note: required by a bound in `serialize_value_redacted`
[INFO] [stdout]   --> /opt/rustwide/cargo-home/registry/src/index.crates.io-6f17d22bba15001f/insta-1.41.1/src/serialization.rs:98:36
[INFO] [stdout]    |
[INFO] [stdout] 98 | pub fn serialize_value_redacted<S: Serialize>(
[INFO] [stdout]    |                                    ^^^^^^^^^ required by this bound in `serialize_value_redacted`
[INFO] [stdout]    = note: this error originates in the macro `$crate::_prepare_snapshot_for_redaction` which comes from the expansion of the macro `generate_test` (in Nightly builds, run with -Z macro-backtrace for more info)
[INFO] [stdout] 
[INFO] [stdout] 
[INFO] [stdout] error[E0277]: the trait bound `LPProblem: serde::ser::Serialize` is not satisfied
[INFO] [stdout]   --> tests/test_from_file.rs:30:1
[INFO] [stdout]    |
[INFO] [stdout] 30 | generate_test!(boeing2, "boeing2.lp", 78.488, 20863.836);
[INFO] [stdout]    | ^^^^^^^^^^^^^^^^^^^^^^^^^^^^^^^^^^^^^^^^^^^^^^^^^^^^^^^^
[INFO] [stdout]    | |
[INFO] [stdout]    | the trait `serde::ser::Serialize` is not implemented for `LPProblem`, which is required by `&LPProblem: serde::ser::Serialize`
[INFO] [stdout]    | required by a bound introduced by this call
[INFO] [stdout]    |
[INFO] [stdout]    = note: for local types consider adding `#[derive(serde::Serialize)]` to your `LPProblem` type
[INFO] [stdout]    = note: for types from other crates check whether the crate offers a `serde` feature flag
[INFO] [stdout]    = help: the following other types implement trait `serde::ser::Serialize`:
[INFO] [stdout]              &'a T
[INFO] [stdout]              &'a mut T
[INFO] [stdout]              ()
[INFO] [stdout]              (T,)
[INFO] [stdout]              (T0, T1)
[INFO] [stdout]              (T0, T1, T2)
[INFO] [stdout]              (T0, T1, T2, T3)
[INFO] [stdout]              (T0, T1, T2, T3, T4)
[INFO] [stdout]            and 129 others
[INFO] [stdout]    = note: required for `&LPProblem` to implement `serde::ser::Serialize`
[INFO] [stdout] note: required by a bound in `serialize_value_redacted`
[INFO] [stdout]   --> /opt/rustwide/cargo-home/registry/src/index.crates.io-6f17d22bba15001f/insta-1.41.1/src/serialization.rs:98:36
[INFO] [stdout]    |
[INFO] [stdout] 98 | pub fn serialize_value_redacted<S: Serialize>(
[INFO] [stdout]    |                                    ^^^^^^^^^ required by this bound in `serialize_value_redacted`
[INFO] [stdout]    = note: this error originates in the macro `$crate::_prepare_snapshot_for_redaction` which comes from the expansion of the macro `generate_test` (in Nightly builds, run with -Z macro-backtrace for more info)
[INFO] [stdout] 
[INFO] [stdout] 
[INFO] [stdout] error[E0277]: the trait bound `LPProblem: serde::ser::Serialize` is not satisfied
[INFO] [stdout]   --> tests/test_from_file.rs:31:1
[INFO] [stdout]    |
[INFO] [stdout] 31 | generate_test!(fit1d, "fit1d.lp", 82457.0, -146871.180);
[INFO] [stdout]    | ^^^^^^^^^^^^^^^^^^^^^^^^^^^^^^^^^^^^^^^^^^^^^^^^^^^^^^^
[INFO] [stdout]    | |
[INFO] [stdout]    | the trait `serde::ser::Serialize` is not implemented for `LPProblem`, which is required by `&LPProblem: serde::ser::Serialize`
[INFO] [stdout]    | required by a bound introduced by this call
[INFO] [stdout]    |
[INFO] [stdout]    = note: for local types consider adding `#[derive(serde::Serialize)]` to your `LPProblem` type
[INFO] [stdout]    = note: for types from other crates check whether the crate offers a `serde` feature flag
[INFO] [stdout]    = help: the following other types implement trait `serde::ser::Serialize`:
[INFO] [stdout]              &'a T
[INFO] [stdout]              &'a mut T
[INFO] [stdout]              ()
[INFO] [stdout]              (T,)
[INFO] [stdout]              (T0, T1)
[INFO] [stdout]              (T0, T1, T2)
[INFO] [stdout]              (T0, T1, T2, T3)
[INFO] [stdout]              (T0, T1, T2, T3, T4)
[INFO] [stdout]            and 129 others
[INFO] [stdout]    = note: required for `&LPProblem` to implement `serde::ser::Serialize`
[INFO] [stdout] note: required by a bound in `serialize_value_redacted`
[INFO] [stdout]   --> /opt/rustwide/cargo-home/registry/src/index.crates.io-6f17d22bba15001f/insta-1.41.1/src/serialization.rs:98:36
[INFO] [stdout]    |
[INFO] [stdout] 98 | pub fn serialize_value_redacted<S: Serialize>(
[INFO] [stdout]    |                                    ^^^^^^^^^ required by this bound in `serialize_value_redacted`
[INFO] [stdout]    = note: this error originates in the macro `$crate::_prepare_snapshot_for_redaction` which comes from the expansion of the macro `generate_test` (in Nightly builds, run with -Z macro-backtrace for more info)
[INFO] [stdout] 
[INFO] [stdout] 
[INFO] [stdout] error[E0277]: the trait bound `LPProblem: serde::ser::Serialize` is not satisfied
[INFO] [stdout]   --> tests/test_from_file.rs:32:1
[INFO] [stdout]    |
[INFO] [stdout] 32 | generate_test!(kb2, "kb2.lp", 11.675, 10143.724);
[INFO] [stdout]    | ^^^^^^^^^^^^^^^^^^^^^^^^^^^^^^^^^^^^^^^^^^^^^^^^
[INFO] [stdout]    | |
[INFO] [stdout]    | the trait `serde::ser::Serialize` is not implemented for `LPProblem`, which is required by `&LPProblem: serde::ser::Serialize`
[INFO] [stdout]    | required by a bound introduced by this call
[INFO] [stdout]    |
[INFO] [stdout]    = note: for local types consider adding `#[derive(serde::Serialize)]` to your `LPProblem` type
[INFO] [stdout]    = note: for types from other crates check whether the crate offers a `serde` feature flag
[INFO] [stdout]    = help: the following other types implement trait `serde::ser::Serialize`:
[INFO] [stdout]              &'a T
[INFO] [stdout]              &'a mut T
[INFO] [stdout]              ()
[INFO] [stdout]              (T,)
[INFO] [stdout]              (T0, T1)
[INFO] [stdout]              (T0, T1, T2)
[INFO] [stdout]              (T0, T1, T2, T3)
[INFO] [stdout]              (T0, T1, T2, T3, T4)
[INFO] [stdout]            and 129 others
[INFO] [stdout]    = note: required for `&LPProblem` to implement `serde::ser::Serialize`
[INFO] [stdout] note: required by a bound in `serialize_value_redacted`
[INFO] [stdout]   --> /opt/rustwide/cargo-home/registry/src/index.crates.io-6f17d22bba15001f/insta-1.41.1/src/serialization.rs:98:36
[INFO] [stdout]    |
[INFO] [stdout] 98 | pub fn serialize_value_redacted<S: Serialize>(
[INFO] [stdout]    |                                    ^^^^^^^^^ required by this bound in `serialize_value_redacted`
[INFO] [stdout]    = note: this error originates in the macro `$crate::_prepare_snapshot_for_redaction` which comes from the expansion of the macro `generate_test` (in Nightly builds, run with -Z macro-backtrace for more info)
[INFO] [stdout] 
[INFO] [stdout] 
[INFO] [stdout] error[E0277]: the trait bound `LPProblem: serde::ser::Serialize` is not satisfied
[INFO] [stdout]   --> tests/test_from_file.rs:33:1
[INFO] [stdout]    |
[INFO] [stdout] 33 | generate_test!(pulp, "pulp.lp", 1., 73.44);
[INFO] [stdout]    | ^^^^^^^^^^^^^^^^^^^^^^^^^^^^^^^^^^^^^^^^^^
[INFO] [stdout]    | |
[INFO] [stdout]    | the trait `serde::ser::Serialize` is not implemented for `LPProblem`, which is required by `&LPProblem: serde::ser::Serialize`
[INFO] [stdout]    | required by a bound introduced by this call
[INFO] [stdout]    |
[INFO] [stdout]    = note: for local types consider adding `#[derive(serde::Serialize)]` to your `LPProblem` type
[INFO] [stdout]    = note: for types from other crates check whether the crate offers a `serde` feature flag
[INFO] [stdout]    = help: the following other types implement trait `serde::ser::Serialize`:
[INFO] [stdout]              &'a T
[INFO] [stdout]              &'a mut T
[INFO] [stdout]              ()
[INFO] [stdout]              (T,)
[INFO] [stdout]              (T0, T1)
[INFO] [stdout]              (T0, T1, T2)
[INFO] [stdout]              (T0, T1, T2, T3)
[INFO] [stdout]              (T0, T1, T2, T3, T4)
[INFO] [stdout]            and 129 others
[INFO] [stdout]    = note: required for `&LPProblem` to implement `serde::ser::Serialize`
[INFO] [stdout] note: required by a bound in `serialize_value_redacted`
[INFO] [stdout]   --> /opt/rustwide/cargo-home/registry/src/index.crates.io-6f17d22bba15001f/insta-1.41.1/src/serialization.rs:98:36
[INFO] [stdout]    |
[INFO] [stdout] 98 | pub fn serialize_value_redacted<S: Serialize>(
[INFO] [stdout]    |                                    ^^^^^^^^^ required by this bound in `serialize_value_redacted`
[INFO] [stdout]    = note: this error originates in the macro `$crate::_prepare_snapshot_for_redaction` which comes from the expansion of the macro `generate_test` (in Nightly builds, run with -Z macro-backtrace for more info)
[INFO] [stdout] 
[INFO] [stdout] 
[INFO] [stdout] error[E0277]: the trait bound `LPProblem: serde::ser::Serialize` is not satisfied
[INFO] [stdout]   --> tests/test_from_file.rs:34:1
[INFO] [stdout]    |
[INFO] [stdout] 34 | generate_test!(pulp2, "pulp2.lp", -6.0, 147.);
[INFO] [stdout]    | ^^^^^^^^^^^^^^^^^^^^^^^^^^^^^^^^^^^^^^^^^^^^^
[INFO] [stdout]    | |
[INFO] [stdout]    | the trait `serde::ser::Serialize` is not implemented for `LPProblem`, which is required by `&LPProblem: serde::ser::Serialize`
[INFO] [stdout]    | required by a bound introduced by this call
[INFO] [stdout]    |
[INFO] [stdout]    = note: for local types consider adding `#[derive(serde::Serialize)]` to your `LPProblem` type
[INFO] [stdout]    = note: for types from other crates check whether the crate offers a `serde` feature flag
[INFO] [stdout]    = help: the following other types implement trait `serde::ser::Serialize`:
[INFO] [stdout]              &'a T
[INFO] [stdout]              &'a mut T
[INFO] [stdout]              ()
[INFO] [stdout]              (T,)
[INFO] [stdout]              (T0, T1)
[INFO] [stdout]              (T0, T1, T2)
[INFO] [stdout]              (T0, T1, T2, T3)
[INFO] [stdout]              (T0, T1, T2, T3, T4)
[INFO] [stdout]            and 129 others
[INFO] [stdout]    = note: required for `&LPProblem` to implement `serde::ser::Serialize`
[INFO] [stdout] note: required by a bound in `serialize_value_redacted`
[INFO] [stdout]   --> /opt/rustwide/cargo-home/registry/src/index.crates.io-6f17d22bba15001f/insta-1.41.1/src/serialization.rs:98:36
[INFO] [stdout]    |
[INFO] [stdout] 98 | pub fn serialize_value_redacted<S: Serialize>(
[INFO] [stdout]    |                                    ^^^^^^^^^ required by this bound in `serialize_value_redacted`
[INFO] [stdout]    = note: this error originates in the macro `$crate::_prepare_snapshot_for_redaction` which comes from the expansion of the macro `generate_test` (in Nightly builds, run with -Z macro-backtrace for more info)
[INFO] [stdout] 
[INFO] [stdout] 
[INFO] [stdout] error[E0277]: the trait bound `LPProblem: serde::ser::Serialize` is not satisfied
[INFO] [stdout]   --> tests/test_from_file.rs:35:1
[INFO] [stdout]    |
[INFO] [stdout] 35 | generate_test!(sc50a, "sc50a.lp", -1., 30.3);
[INFO] [stdout]    | ^^^^^^^^^^^^^^^^^^^^^^^^^^^^^^^^^^^^^^^^^^^^
[INFO] [stdout]    | |
[INFO] [stdout]    | the trait `serde::ser::Serialize` is not implemented for `LPProblem`, which is required by `&LPProblem: serde::ser::Serialize`
[INFO] [stdout]    | required by a bound introduced by this call
[INFO] [stdout]    |
[INFO] [stdout]    = note: for local types consider adding `#[derive(serde::Serialize)]` to your `LPProblem` type
[INFO] [stdout]    = note: for types from other crates check whether the crate offers a `serde` feature flag
[INFO] [stdout]    = help: the following other types implement trait `serde::ser::Serialize`:
[INFO] [stdout]              &'a T
[INFO] [stdout]              &'a mut T
[INFO] [stdout]              ()
[INFO] [stdout]              (T,)
[INFO] [stdout]              (T0, T1)
[INFO] [stdout]              (T0, T1, T2)
[INFO] [stdout]              (T0, T1, T2, T3)
[INFO] [stdout]              (T0, T1, T2, T3, T4)
[INFO] [stdout]            and 129 others
[INFO] [stdout]    = note: required for `&LPProblem` to implement `serde::ser::Serialize`
[INFO] [stdout] note: required by a bound in `serialize_value_redacted`
[INFO] [stdout]   --> /opt/rustwide/cargo-home/registry/src/index.crates.io-6f17d22bba15001f/insta-1.41.1/src/serialization.rs:98:36
[INFO] [stdout]    |
[INFO] [stdout] 98 | pub fn serialize_value_redacted<S: Serialize>(
[INFO] [stdout]    |                                    ^^^^^^^^^ required by this bound in `serialize_value_redacted`
[INFO] [stdout]    = note: this error originates in the macro `$crate::_prepare_snapshot_for_redaction` which comes from the expansion of the macro `generate_test` (in Nightly builds, run with -Z macro-backtrace for more info)
[INFO] [stdout] 
[INFO] [stdout] 
[INFO] [stdout] error[E0277]: the trait bound `LPProblem: serde::ser::Serialize` is not satisfied
[INFO] [stdout]   --> tests/test_from_file.rs:36:1
[INFO] [stdout]    |
[INFO] [stdout] 36 | generate_test!(model2, "model2.lp", 0., 6.);
[INFO] [stdout]    | ^^^^^^^^^^^^^^^^^^^^^^^^^^^^^^^^^^^^^^^^^^^
[INFO] [stdout]    | |
[INFO] [stdout]    | the trait `serde::ser::Serialize` is not implemented for `LPProblem`, which is required by `&LPProblem: serde::ser::Serialize`
[INFO] [stdout]    | required by a bound introduced by this call
[INFO] [stdout]    |
[INFO] [stdout]    = note: for local types consider adding `#[derive(serde::Serialize)]` to your `LPProblem` type
[INFO] [stdout]    = note: for types from other crates check whether the crate offers a `serde` feature flag
[INFO] [stdout]    = help: the following other types implement trait `serde::ser::Serialize`:
[INFO] [stdout]              &'a T
[INFO] [stdout]              &'a mut T
[INFO] [stdout]              ()
[INFO] [stdout]              (T,)
[INFO] [stdout]              (T0, T1)
[INFO] [stdout]              (T0, T1, T2)
[INFO] [stdout]              (T0, T1, T2, T3)
[INFO] [stdout]              (T0, T1, T2, T3, T4)
[INFO] [stdout]            and 129 others
[INFO] [stdout]    = note: required for `&LPProblem` to implement `serde::ser::Serialize`
[INFO] [stdout] note: required by a bound in `serialize_value_redacted`
[INFO] [stdout]   --> /opt/rustwide/cargo-home/registry/src/index.crates.io-6f17d22bba15001f/insta-1.41.1/src/serialization.rs:98:36
[INFO] [stdout]    |
[INFO] [stdout] 98 | pub fn serialize_value_redacted<S: Serialize>(
[INFO] [stdout]    |                                    ^^^^^^^^^ required by this bound in `serialize_value_redacted`
[INFO] [stdout]    = note: this error originates in the macro `$crate::_prepare_snapshot_for_redaction` which comes from the expansion of the macro `generate_test` (in Nightly builds, run with -Z macro-backtrace for more info)
[INFO] [stdout] 
[INFO] [stdout] 
[INFO] [stdout] error[E0277]: the trait bound `LPProblem: serde::ser::Serialize` is not satisfied
[INFO] [stdout]   --> tests/test_from_file.rs:37:1
[INFO] [stdout]    |
[INFO] [stdout] 37 | generate_test!(limbo, "limbo.lp", 2., 0.);
[INFO] [stdout]    | ^^^^^^^^^^^^^^^^^^^^^^^^^^^^^^^^^^^^^^^^^
[INFO] [stdout]    | |
[INFO] [stdout]    | the trait `serde::ser::Serialize` is not implemented for `LPProblem`, which is required by `&LPProblem: serde::ser::Serialize`
[INFO] [stdout]    | required by a bound introduced by this call
[INFO] [stdout]    |
[INFO] [stdout]    = note: for local types consider adding `#[derive(serde::Serialize)]` to your `LPProblem` type
[INFO] [stdout]    = note: for types from other crates check whether the crate offers a `serde` feature flag
[INFO] [stdout]    = help: the following other types implement trait `serde::ser::Serialize`:
[INFO] [stdout]              &'a T
[INFO] [stdout]              &'a mut T
[INFO] [stdout]              ()
[INFO] [stdout]              (T,)
[INFO] [stdout]              (T0, T1)
[INFO] [stdout]              (T0, T1, T2)
[INFO] [stdout]              (T0, T1, T2, T3)
[INFO] [stdout]              (T0, T1, T2, T3, T4)
[INFO] [stdout]            and 129 others
[INFO] [stdout]    = note: required for `&LPProblem` to implement `serde::ser::Serialize`
[INFO] [stdout] note: required by a bound in `serialize_value_redacted`
[INFO] [stdout]   --> /opt/rustwide/cargo-home/registry/src/index.crates.io-6f17d22bba15001f/insta-1.41.1/src/serialization.rs:98:36
[INFO] [stdout]    |
[INFO] [stdout] 98 | pub fn serialize_value_redacted<S: Serialize>(
[INFO] [stdout]    |                                    ^^^^^^^^^ required by this bound in `serialize_value_redacted`
[INFO] [stdout]    = note: this error originates in the macro `$crate::_prepare_snapshot_for_redaction` which comes from the expansion of the macro `generate_test` (in Nightly builds, run with -Z macro-backtrace for more info)
[INFO] [stdout] 
[INFO] [stdout] 
[INFO] [stdout] error[E0277]: the trait bound `LPProblem: serde::ser::Serialize` is not satisfied
[INFO] [stdout]   --> tests/test_from_file.rs:38:1
[INFO] [stdout]    |
[INFO] [stdout] 38 | generate_test!(obj3_2cons, "3obj_2cons.lp", 1., -186.);
[INFO] [stdout]    | ^^^^^^^^^^^^^^^^^^^^^^^^^^^^^^^^^^^^^^^^^^^^^^^^^^^^^^
[INFO] [stdout]    | |
[INFO] [stdout]    | the trait `serde::ser::Serialize` is not implemented for `LPProblem`, which is required by `&LPProblem: serde::ser::Serialize`
[INFO] [stdout]    | required by a bound introduced by this call
[INFO] [stdout]    |
[INFO] [stdout]    = note: for local types consider adding `#[derive(serde::Serialize)]` to your `LPProblem` type
[INFO] [stdout]    = note: for types from other crates check whether the crate offers a `serde` feature flag
[INFO] [stdout]    = help: the following other types implement trait `serde::ser::Serialize`:
[INFO] [stdout]              &'a T
[INFO] [stdout]              &'a mut T
[INFO] [stdout]              ()
[INFO] [stdout]              (T,)
[INFO] [stdout]              (T0, T1)
[INFO] [stdout]              (T0, T1, T2)
[INFO] [stdout]              (T0, T1, T2, T3)
[INFO] [stdout]              (T0, T1, T2, T3, T4)
[INFO] [stdout]            and 129 others
[INFO] [stdout]    = note: required for `&LPProblem` to implement `serde::ser::Serialize`
[INFO] [stdout] note: required by a bound in `serialize_value_redacted`
[INFO] [stdout]   --> /opt/rustwide/cargo-home/registry/src/index.crates.io-6f17d22bba15001f/insta-1.41.1/src/serialization.rs:98:36
[INFO] [stdout]    |
[INFO] [stdout] 98 | pub fn serialize_value_redacted<S: Serialize>(
[INFO] [stdout]    |                                    ^^^^^^^^^ required by this bound in `serialize_value_redacted`
[INFO] [stdout]    = note: this error originates in the macro `$crate::_prepare_snapshot_for_redaction` which comes from the expansion of the macro `generate_test` (in Nightly builds, run with -Z macro-backtrace for more info)
[INFO] [stdout] 
[INFO] [stdout] 
[INFO] [stdout] error[E0277]: the trait bound `LPProblem: serde::ser::Serialize` is not satisfied
[INFO] [stdout]   --> tests/test_from_file.rs:39:1
[INFO] [stdout]    |
[INFO] [stdout] 39 | generate_test!(obj_2cons_only_binary_vars, "2obj_2cons_only_binary_vars.lp", -7.5, -186.);
[INFO] [stdout]    | ^^^^^^^^^^^^^^^^^^^^^^^^^^^^^^^^^^^^^^^^^^^^^^^^^^^^^^^^^^^^^^^^^^^^^^^^^^^^^^^^^^^^^^^^^
[INFO] [stdout]    | |
[INFO] [stdout]    | the trait `serde::ser::Serialize` is not implemented for `LPProblem`, which is required by `&LPProblem: serde::ser::Serialize`
[INFO] [stdout]    | required by a bound introduced by this call
[INFO] [stdout]    |
[INFO] [stdout]    = note: for local types consider adding `#[derive(serde::Serialize)]` to your `LPProblem` type
[INFO] [stdout]    = note: for types from other crates check whether the crate offers a `serde` feature flag
[INFO] [stdout]    = help: the following other types implement trait `serde::ser::Serialize`:
[INFO] [stdout]              &'a T
[INFO] [stdout]              &'a mut T
[INFO] [stdout]              ()
[INFO] [stdout]              (T,)
[INFO] [stdout]              (T0, T1)
[INFO] [stdout]              (T0, T1, T2)
[INFO] [stdout]              (T0, T1, T2, T3)
[INFO] [stdout]              (T0, T1, T2, T3, T4)
[INFO] [stdout]            and 129 others
[INFO] [stdout]    = note: required for `&LPProblem` to implement `serde::ser::Serialize`
[INFO] [stdout] note: required by a bound in `serialize_value_redacted`
[INFO] [stdout]   --> /opt/rustwide/cargo-home/registry/src/index.crates.io-6f17d22bba15001f/insta-1.41.1/src/serialization.rs:98:36
[INFO] [stdout]    |
[INFO] [stdout] 98 | pub fn serialize_value_redacted<S: Serialize>(
[INFO] [stdout]    |                                    ^^^^^^^^^ required by this bound in `serialize_value_redacted`
[INFO] [stdout]    = note: this error originates in the macro `$crate::_prepare_snapshot_for_redaction` which comes from the expansion of the macro `generate_test` (in Nightly builds, run with -Z macro-backtrace for more info)
[INFO] [stdout] 
[INFO] [stdout] 
[INFO] [stdout] error[E0277]: the trait bound `LPProblem: serde::ser::Serialize` is not satisfied
[INFO] [stdout]   --> tests/test_from_file.rs:40:1
[INFO] [stdout]    |
[INFO] [stdout] 40 | generate_test!(obj_2cons_all_variable_types, "2obj_2cons_all_variable_types.lp", -7.5, -186.);
[INFO] [stdout]    | ^^^^^^^^^^^^^^^^^^^^^^^^^^^^^^^^^^^^^^^^^^^^^^^^^^^^^^^^^^^^^^^^^^^^^^^^^^^^^^^^^^^^^^^^^^^^^
[INFO] [stdout]    | |
[INFO] [stdout]    | the trait `serde::ser::Serialize` is not implemented for `LPProblem`, which is required by `&LPProblem: serde::ser::Serialize`
[INFO] [stdout]    | required by a bound introduced by this call
[INFO] [stdout]    |
[INFO] [stdout]    = note: for local types consider adding `#[derive(serde::Serialize)]` to your `LPProblem` type
[INFO] [stdout]    = note: for types from other crates check whether the crate offers a `serde` feature flag
[INFO] [stdout]    = help: the following other types implement trait `serde::ser::Serialize`:
[INFO] [stdout]              &'a T
[INFO] [stdout]              &'a mut T
[INFO] [stdout]              ()
[INFO] [stdout]              (T,)
[INFO] [stdout]              (T0, T1)
[INFO] [stdout]              (T0, T1, T2)
[INFO] [stdout]              (T0, T1, T2, T3)
[INFO] [stdout]              (T0, T1, T2, T3, T4)
[INFO] [stdout]            and 129 others
[INFO] [stdout]    = note: required for `&LPProblem` to implement `serde::ser::Serialize`
[INFO] [stdout] note: required by a bound in `serialize_value_redacted`
[INFO] [stdout]   --> /opt/rustwide/cargo-home/registry/src/index.crates.io-6f17d22bba15001f/insta-1.41.1/src/serialization.rs:98:36
[INFO] [stdout]    |
[INFO] [stdout] 98 | pub fn serialize_value_redacted<S: Serialize>(
[INFO] [stdout]    |                                    ^^^^^^^^^ required by this bound in `serialize_value_redacted`
[INFO] [stdout]    = note: this error originates in the macro `$crate::_prepare_snapshot_for_redaction` which comes from the expansion of the macro `generate_test` (in Nightly builds, run with -Z macro-backtrace for more info)
[INFO] [stdout] 
[INFO] [stdout] 
[INFO] [stdout] error[E0277]: the trait bound `LPProblem: serde::ser::Serialize` is not satisfied
[INFO] [stdout]   --> tests/test_from_file.rs:41:1
[INFO] [stdout]    |
[INFO] [stdout] 41 | generate_test!(obj_1cons_all_variables_with_bounds, "1obj_1cons_all_variables_with_bounds.lp", -1., 16.5);
[INFO] [stdout]    | ^^^^^^^^^^^^^^^^^^^^^^^^^^^^^^^^^^^^^^^^^^^^^^^^^^^^^^^^^^^^^^^^^^^^^^^^^^^^^^^^^^^^^^^^^^^^^^^^^^^^^^^^^
[INFO] [stdout]    | |
[INFO] [stdout]    | the trait `serde::ser::Serialize` is not implemented for `LPProblem`, which is required by `&LPProblem: serde::ser::Serialize`
[INFO] [stdout]    | required by a bound introduced by this call
[INFO] [stdout]    |
[INFO] [stdout]    = note: for local types consider adding `#[derive(serde::Serialize)]` to your `LPProblem` type
[INFO] [stdout]    = note: for types from other crates check whether the crate offers a `serde` feature flag
[INFO] [stdout]    = help: the following other types implement trait `serde::ser::Serialize`:
[INFO] [stdout]              &'a T
[INFO] [stdout]              &'a mut T
[INFO] [stdout]              ()
[INFO] [stdout]              (T,)
[INFO] [stdout]              (T0, T1)
[INFO] [stdout]              (T0, T1, T2)
[INFO] [stdout]              (T0, T1, T2, T3)
[INFO] [stdout]              (T0, T1, T2, T3, T4)
[INFO] [stdout]            and 129 others
[INFO] [stdout]    = note: required for `&LPProblem` to implement `serde::ser::Serialize`
[INFO] [stdout] note: required by a bound in `serialize_value_redacted`
[INFO] [stdout]   --> /opt/rustwide/cargo-home/registry/src/index.crates.io-6f17d22bba15001f/insta-1.41.1/src/serialization.rs:98:36
[INFO] [stdout]    |
[INFO] [stdout] 98 | pub fn serialize_value_redacted<S: Serialize>(
[INFO] [stdout]    |                                    ^^^^^^^^^ required by this bound in `serialize_value_redacted`
[INFO] [stdout]    = note: this error originates in the macro `$crate::_prepare_snapshot_for_redaction` which comes from the expansion of the macro `generate_test` (in Nightly builds, run with -Z macro-backtrace for more info)
[INFO] [stdout] 
[INFO] [stdout] 
[INFO] [stdout] error[E0277]: the trait bound `LPProblem: serde::ser::Serialize` is not satisfied
[INFO] [stdout]   --> tests/test_from_file.rs:42:1
[INFO] [stdout]    |
[INFO] [stdout] 42 | generate_test!(semi_continuous, "semi_continuous.lp", 2., 0.);
[INFO] [stdout]    | ^^^^^^^^^^^^^^^^^^^^^^^^^^^^^^^^^^^^^^^^^^^^^^^^^^^^^^^^^^^^^
[INFO] [stdout]    | |
[INFO] [stdout]    | the trait `serde::ser::Serialize` is not implemented for `LPProblem`, which is required by `&LPProblem: serde::ser::Serialize`
[INFO] [stdout]    | required by a bound introduced by this call
[INFO] [stdout]    |
[INFO] [stdout]    = note: for local types consider adding `#[derive(serde::Serialize)]` to your `LPProblem` type
[INFO] [stdout]    = note: for types from other crates check whether the crate offers a `serde` feature flag
[INFO] [stdout]    = help: the following other types implement trait `serde::ser::Serialize`:
[INFO] [stdout]              &'a T
[INFO] [stdout]              &'a mut T
[INFO] [stdout]              ()
[INFO] [stdout]              (T,)
[INFO] [stdout]              (T0, T1)
[INFO] [stdout]              (T0, T1, T2)
[INFO] [stdout]              (T0, T1, T2, T3)
[INFO] [stdout]              (T0, T1, T2, T3, T4)
[INFO] [stdout]            and 129 others
[INFO] [stdout]    = note: required for `&LPProblem` to implement `serde::ser::Serialize`
[INFO] [stdout] note: required by a bound in `serialize_value_redacted`
[INFO] [stdout]   --> /opt/rustwide/cargo-home/registry/src/index.crates.io-6f17d22bba15001f/insta-1.41.1/src/serialization.rs:98:36
[INFO] [stdout]    |
[INFO] [stdout] 98 | pub fn serialize_value_redacted<S: Serialize>(
[INFO] [stdout]    |                                    ^^^^^^^^^ required by this bound in `serialize_value_redacted`
[INFO] [stdout]    = note: this error originates in the macro `$crate::_prepare_snapshot_for_redaction` which comes from the expansion of the macro `generate_test` (in Nightly builds, run with -Z macro-backtrace for more info)
[INFO] [stdout] 
[INFO] [stdout] 
[INFO] [stdout] error[E0277]: the trait bound `LPProblem: serde::ser::Serialize` is not satisfied
[INFO] [stdout]   --> tests/test_from_file.rs:43:1
[INFO] [stdout]    |
[INFO] [stdout] 43 | generate_test!(sos, "sos.lp", 0., 17.5);
[INFO] [stdout]    | ^^^^^^^^^^^^^^^^^^^^^^^^^^^^^^^^^^^^^^^
[INFO] [stdout]    | |
[INFO] [stdout]    | the trait `serde::ser::Serialize` is not implemented for `LPProblem`, which is required by `&LPProblem: serde::ser::Serialize`
[INFO] [stdout]    | required by a bound introduced by this call
[INFO] [stdout]    |
[INFO] [stdout]    = note: for local types consider adding `#[derive(serde::Serialize)]` to your `LPProblem` type
[INFO] [stdout]    = note: for types from other crates check whether the crate offers a `serde` feature flag
[INFO] [stdout]    = help: the following other types implement trait `serde::ser::Serialize`:
[INFO] [stdout]              &'a T
[INFO] [stdout]              &'a mut T
[INFO] [stdout]              ()
[INFO] [stdout]              (T,)
[INFO] [stdout]              (T0, T1)
[INFO] [stdout]              (T0, T1, T2)
[INFO] [stdout]              (T0, T1, T2, T3)
[INFO] [stdout]              (T0, T1, T2, T3, T4)
[INFO] [stdout]            and 129 others
[INFO] [stdout]    = note: required for `&LPProblem` to implement `serde::ser::Serialize`
[INFO] [stdout] note: required by a bound in `serialize_value_redacted`
[INFO] [stdout]   --> /opt/rustwide/cargo-home/registry/src/index.crates.io-6f17d22bba15001f/insta-1.41.1/src/serialization.rs:98:36
[INFO] [stdout]    |
[INFO] [stdout] 98 | pub fn serialize_value_redacted<S: Serialize>(
[INFO] [stdout]    |                                    ^^^^^^^^^ required by this bound in `serialize_value_redacted`
[INFO] [stdout]    = note: this error originates in the macro `$crate::_prepare_snapshot_for_redaction` which comes from the expansion of the macro `generate_test` (in Nightly builds, run with -Z macro-backtrace for more info)
[INFO] [stdout] 
[INFO] [stdout] 
[INFO] [stdout] error[E0277]: the trait bound `LPProblem: serde::ser::Serialize` is not satisfied
[INFO] [stdout]   --> tests/test_from_file.rs:44:1
[INFO] [stdout]    |
[INFO] [stdout] 44 | generate_test!(test, "test.lp", 2., 2.9899);
[INFO] [stdout]    | ^^^^^^^^^^^^^^^^^^^^^^^^^^^^^^^^^^^^^^^^^^^
[INFO] [stdout]    | |
[INFO] [stdout]    | the trait `serde::ser::Serialize` is not implemented for `LPProblem`, which is required by `&LPProblem: serde::ser::Serialize`
[INFO] [stdout]    | required by a bound introduced by this call
[INFO] [stdout]    |
[INFO] [stdout]    = note: for local types consider adding `#[derive(serde::Serialize)]` to your `LPProblem` type
[INFO] [stdout]    = note: for types from other crates check whether the crate offers a `serde` feature flag
[INFO] [stdout]    = help: the following other types implement trait `serde::ser::Serialize`:
[INFO] [stdout]              &'a T
[INFO] [stdout]              &'a mut T
[INFO] [stdout]              ()
[INFO] [stdout]              (T,)
[INFO] [stdout]              (T0, T1)
[INFO] [stdout]              (T0, T1, T2)
[INFO] [stdout]              (T0, T1, T2, T3)
[INFO] [stdout]              (T0, T1, T2, T3, T4)
[INFO] [stdout]            and 129 others
[INFO] [stdout]    = note: required for `&LPProblem` to implement `serde::ser::Serialize`
[INFO] [stdout] note: required by a bound in `serialize_value_redacted`
[INFO] [stdout]   --> /opt/rustwide/cargo-home/registry/src/index.crates.io-6f17d22bba15001f/insta-1.41.1/src/serialization.rs:98:36
[INFO] [stdout]    |
[INFO] [stdout] 98 | pub fn serialize_value_redacted<S: Serialize>(
[INFO] [stdout]    |                                    ^^^^^^^^^ required by this bound in `serialize_value_redacted`
[INFO] [stdout]    = note: this error originates in the macro `$crate::_prepare_snapshot_for_redaction` which comes from the expansion of the macro `generate_test` (in Nightly builds, run with -Z macro-backtrace for more info)
[INFO] [stdout] 
[INFO] [stdout] 
[INFO] [stdout] error[E0277]: the trait bound `LPProblem: serde::ser::Serialize` is not satisfied
[INFO] [stdout]   --> tests/test_from_file.rs:45:1
[INFO] [stdout]    |
[INFO] [stdout] 45 | generate_test!(test2, "test2.lp", -6., 147.);
[INFO] [stdout]    | ^^^^^^^^^^^^^^^^^^^^^^^^^^^^^^^^^^^^^^^^^^^^
[INFO] [stdout]    | |
[INFO] [stdout]    | the trait `serde::ser::Serialize` is not implemented for `LPProblem`, which is required by `&LPProblem: serde::ser::Serialize`
[INFO] [stdout]    | required by a bound introduced by this call
[INFO] [stdout]    |
[INFO] [stdout]    = note: for local types consider adding `#[derive(serde::Serialize)]` to your `LPProblem` type
[INFO] [stdout]    = note: for types from other crates check whether the crate offers a `serde` feature flag
[INFO] [stdout]    = help: the following other types implement trait `serde::ser::Serialize`:
[INFO] [stdout]              &'a T
[INFO] [stdout]              &'a mut T
[INFO] [stdout]              ()
[INFO] [stdout]              (T,)
[INFO] [stdout]              (T0, T1)
[INFO] [stdout]              (T0, T1, T2)
[INFO] [stdout]              (T0, T1, T2, T3)
[INFO] [stdout]              (T0, T1, T2, T3, T4)
[INFO] [stdout]            and 129 others
[INFO] [stdout]    = note: required for `&LPProblem` to implement `serde::ser::Serialize`
[INFO] [stdout] note: required by a bound in `serialize_value_redacted`
[INFO] [stdout]   --> /opt/rustwide/cargo-home/registry/src/index.crates.io-6f17d22bba15001f/insta-1.41.1/src/serialization.rs:98:36
[INFO] [stdout]    |
[INFO] [stdout] 98 | pub fn serialize_value_redacted<S: Serialize>(
[INFO] [stdout]    |                                    ^^^^^^^^^ required by this bound in `serialize_value_redacted`
[INFO] [stdout]    = note: this error originates in the macro `$crate::_prepare_snapshot_for_redaction` which comes from the expansion of the macro `generate_test` (in Nightly builds, run with -Z macro-backtrace for more info)
[INFO] [stdout] 
[INFO] [stdout] 
[INFO] [stdout] error[E0277]: the trait bound `LPProblem: serde::ser::Serialize` is not satisfied
[INFO] [stdout]   --> tests/test_from_file.rs:46:1
[INFO] [stdout]    |
[INFO] [stdout] 46 | generate_test!(empty_bounds, "empty_bounds.lp", 11., 2.);
[INFO] [stdout]    | ^^^^^^^^^^^^^^^^^^^^^^^^^^^^^^^^^^^^^^^^^^^^^^^^^^^^^^^^
[INFO] [stdout]    | |
[INFO] [stdout]    | the trait `serde::ser::Serialize` is not implemented for `LPProblem`, which is required by `&LPProblem: serde::ser::Serialize`
[INFO] [stdout]    | required by a bound introduced by this call
[INFO] [stdout]    |
[INFO] [stdout]    = note: for local types consider adding `#[derive(serde::Serialize)]` to your `LPProblem` type
[INFO] [stdout]    = note: for types from other crates check whether the crate offers a `serde` feature flag
[INFO] [stdout]    = help: the following other types implement trait `serde::ser::Serialize`:
[INFO] [stdout]              &'a T
[INFO] [stdout]              &'a mut T
[INFO] [stdout]              ()
[INFO] [stdout]              (T,)
[INFO] [stdout]              (T0, T1)
[INFO] [stdout]              (T0, T1, T2)
[INFO] [stdout]              (T0, T1, T2, T3)
[INFO] [stdout]              (T0, T1, T2, T3, T4)
[INFO] [stdout]            and 129 others
[INFO] [stdout]    = note: required for `&LPProblem` to implement `serde::ser::Serialize`
[INFO] [stdout] note: required by a bound in `serialize_value_redacted`
[INFO] [stdout]   --> /opt/rustwide/cargo-home/registry/src/index.crates.io-6f17d22bba15001f/insta-1.41.1/src/serialization.rs:98:36
[INFO] [stdout]    |
[INFO] [stdout] 98 | pub fn serialize_value_redacted<S: Serialize>(
[INFO] [stdout]    |                                    ^^^^^^^^^ required by this bound in `serialize_value_redacted`
[INFO] [stdout]    = note: this error originates in the macro `$crate::_prepare_snapshot_for_redaction` which comes from the expansion of the macro `generate_test` (in Nightly builds, run with -Z macro-backtrace for more info)
[INFO] [stdout] 
[INFO] [stdout] 
[INFO] [stdout] error[E0277]: the trait bound `LPProblem: serde::ser::Serialize` is not satisfied
[INFO] [stdout]   --> tests/test_from_file.rs:47:1
[INFO] [stdout]    |
[INFO] [stdout] 47 | generate_test!(blank_lines, "blank_lines.lp", 11., 2.);
[INFO] [stdout]    | ^^^^^^^^^^^^^^^^^^^^^^^^^^^^^^^^^^^^^^^^^^^^^^^^^^^^^^
[INFO] [stdout]    | |
[INFO] [stdout]    | the trait `serde::ser::Serialize` is not implemented for `LPProblem`, which is required by `&LPProblem: serde::ser::Serialize`
[INFO] [stdout]    | required by a bound introduced by this call
[INFO] [stdout]    |
[INFO] [stdout]    = note: for local types consider adding `#[derive(serde::Serialize)]` to your `LPProblem` type
[INFO] [stdout]    = note: for types from other crates check whether the crate offers a `serde` feature flag
[INFO] [stdout]    = help: the following other types implement trait `serde::ser::Serialize`:
[INFO] [stdout]              &'a T
[INFO] [stdout]              &'a mut T
[INFO] [stdout]              ()
[INFO] [stdout]              (T,)
[INFO] [stdout]              (T0, T1)
[INFO] [stdout]              (T0, T1, T2)
[INFO] [stdout]              (T0, T1, T2, T3)
[INFO] [stdout]              (T0, T1, T2, T3, T4)
[INFO] [stdout]            and 129 others
[INFO] [stdout]    = note: required for `&LPProblem` to implement `serde::ser::Serialize`
[INFO] [stdout] note: required by a bound in `serialize_value_redacted`
[INFO] [stdout]   --> /opt/rustwide/cargo-home/registry/src/index.crates.io-6f17d22bba15001f/insta-1.41.1/src/serialization.rs:98:36
[INFO] [stdout]    |
[INFO] [stdout] 98 | pub fn serialize_value_redacted<S: Serialize>(
[INFO] [stdout]    |                                    ^^^^^^^^^ required by this bound in `serialize_value_redacted`
[INFO] [stdout]    = note: this error originates in the macro `$crate::_prepare_snapshot_for_redaction` which comes from the expansion of the macro `generate_test` (in Nightly builds, run with -Z macro-backtrace for more info)
[INFO] [stdout] 
[INFO] [stdout] 
[INFO] [stdout] error[E0277]: the trait bound `LPProblem: serde::ser::Serialize` is not satisfied
[INFO] [stdout]   --> tests/test_from_file.rs:48:1
[INFO] [stdout]    |
[INFO] [stdout] 48 | generate_test!(optional_labels, "optional_labels.lp", 11., 1.);
[INFO] [stdout]    | ^^^^^^^^^^^^^^^^^^^^^^^^^^^^^^^^^^^^^^^^^^^^^^^^^^^^^^^^^^^^^^
[INFO] [stdout]    | |
[INFO] [stdout]    | the trait `serde::ser::Serialize` is not implemented for `LPProblem`, which is required by `&LPProblem: serde::ser::Serialize`
[INFO] [stdout]    | required by a bound introduced by this call
[INFO] [stdout]    |
[INFO] [stdout]    = note: for local types consider adding `#[derive(serde::Serialize)]` to your `LPProblem` type
[INFO] [stdout]    = note: for types from other crates check whether the crate offers a `serde` feature flag
[INFO] [stdout]    = help: the following other types implement trait `serde::ser::Serialize`:
[INFO] [stdout]              &'a T
[INFO] [stdout]              &'a mut T
[INFO] [stdout]              ()
[INFO] [stdout]              (T,)
[INFO] [stdout]              (T0, T1)
[INFO] [stdout]              (T0, T1, T2)
[INFO] [stdout]              (T0, T1, T2, T3)
[INFO] [stdout]              (T0, T1, T2, T3, T4)
[INFO] [stdout]            and 129 others
[INFO] [stdout]    = note: required for `&LPProblem` to implement `serde::ser::Serialize`
[INFO] [stdout] note: required by a bound in `serialize_value_redacted`
[INFO] [stdout]   --> /opt/rustwide/cargo-home/registry/src/index.crates.io-6f17d22bba15001f/insta-1.41.1/src/serialization.rs:98:36
[INFO] [stdout]    |
[INFO] [stdout] 98 | pub fn serialize_value_redacted<S: Serialize>(
[INFO] [stdout]    |                                    ^^^^^^^^^ required by this bound in `serialize_value_redacted`
[INFO] [stdout]    = note: this error originates in the macro `$crate::_prepare_snapshot_for_redaction` which comes from the expansion of the macro `generate_test` (in Nightly builds, run with -Z macro-backtrace for more info)
[INFO] [stdout] 
[INFO] [stdout] 
[INFO] [stdout] error[E0277]: the trait bound `LPProblem: serde::ser::Serialize` is not satisfied
[INFO] [stdout]   --> tests/test_from_file.rs:49:1
[INFO] [stdout]    |
[INFO] [stdout] 49 | generate_test!(infile_comments, "infile_comments.lp", 43., 7.);
[INFO] [stdout]    | ^^^^^^^^^^^^^^^^^^^^^^^^^^^^^^^^^^^^^^^^^^^^^^^^^^^^^^^^^^^^^^
[INFO] [stdout]    | |
[INFO] [stdout]    | the trait `serde::ser::Serialize` is not implemented for `LPProblem`, which is required by `&LPProblem: serde::ser::Serialize`
[INFO] [stdout]    | required by a bound introduced by this call
[INFO] [stdout]    |
[INFO] [stdout]    = note: for local types consider adding `#[derive(serde::Serialize)]` to your `LPProblem` type
[INFO] [stdout]    = note: for types from other crates check whether the crate offers a `serde` feature flag
[INFO] [stdout]    = help: the following other types implement trait `serde::ser::Serialize`:
[INFO] [stdout]              &'a T
[INFO] [stdout]              &'a mut T
[INFO] [stdout]              ()
[INFO] [stdout]              (T,)
[INFO] [stdout]              (T0, T1)
[INFO] [stdout]              (T0, T1, T2)
[INFO] [stdout]              (T0, T1, T2, T3)
[INFO] [stdout]              (T0, T1, T2, T3, T4)
[INFO] [stdout]            and 129 others
[INFO] [stdout]    = note: required for `&LPProblem` to implement `serde::ser::Serialize`
[INFO] [stdout] note: required by a bound in `serialize_value_redacted`
[INFO] [stdout]   --> /opt/rustwide/cargo-home/registry/src/index.crates.io-6f17d22bba15001f/insta-1.41.1/src/serialization.rs:98:36
[INFO] [stdout]    |
[INFO] [stdout] 98 | pub fn serialize_value_redacted<S: Serialize>(
[INFO] [stdout]    |                                    ^^^^^^^^^ required by this bound in `serialize_value_redacted`
[INFO] [stdout]    = note: this error originates in the macro `$crate::_prepare_snapshot_for_redaction` which comes from the expansion of the macro `generate_test` (in Nightly builds, run with -Z macro-backtrace for more info)
[INFO] [stdout] 
[INFO] [stdout] 
[INFO] [stdout] error[E0277]: the trait bound `LPProblem: serde::ser::Serialize` is not satisfied
[INFO] [stdout]   --> tests/test_from_file.rs:50:1
[INFO] [stdout]    |
[INFO] [stdout] 50 | generate_test!(infile_comments2, "infile_comments2.lp", 43., 0.);
[INFO] [stdout]    | ^^^^^^^^^^^^^^^^^^^^^^^^^^^^^^^^^^^^^^^^^^^^^^^^^^^^^^^^^^^^^^^^
[INFO] [stdout]    | |
[INFO] [stdout]    | the trait `serde::ser::Serialize` is not implemented for `LPProblem`, which is required by `&LPProblem: serde::ser::Serialize`
[INFO] [stdout]    | required by a bound introduced by this call
[INFO] [stdout]    |
[INFO] [stdout]    = note: for local types consider adding `#[derive(serde::Serialize)]` to your `LPProblem` type
[INFO] [stdout]    = note: for types from other crates check whether the crate offers a `serde` feature flag
[INFO] [stdout]    = help: the following other types implement trait `serde::ser::Serialize`:
[INFO] [stdout]              &'a T
[INFO] [stdout]              &'a mut T
[INFO] [stdout]              ()
[INFO] [stdout]              (T,)
[INFO] [stdout]              (T0, T1)
[INFO] [stdout]              (T0, T1, T2)
[INFO] [stdout]              (T0, T1, T2, T3)
[INFO] [stdout]              (T0, T1, T2, T3, T4)
[INFO] [stdout]            and 129 others
[INFO] [stdout]    = note: required for `&LPProblem` to implement `serde::ser::Serialize`
[INFO] [stdout] note: required by a bound in `serialize_value_redacted`
[INFO] [stdout]   --> /opt/rustwide/cargo-home/registry/src/index.crates.io-6f17d22bba15001f/insta-1.41.1/src/serialization.rs:98:36
[INFO] [stdout]    |
[INFO] [stdout] 98 | pub fn serialize_value_redacted<S: Serialize>(
[INFO] [stdout]    |                                    ^^^^^^^^^ required by this bound in `serialize_value_redacted`
[INFO] [stdout]    = note: this error originates in the macro `$crate::_prepare_snapshot_for_redaction` which comes from the expansion of the macro `generate_test` (in Nightly builds, run with -Z macro-backtrace for more info)
[INFO] [stdout] 
[INFO] [stdout] 
[INFO] [stdout] error[E0277]: the trait bound `LPProblem: serde::ser::Serialize` is not satisfied
[INFO] [stdout]   --> tests/test_from_file.rs:51:1
[INFO] [stdout]    |
[INFO] [stdout] 51 | generate_test!(missing_signs, "missing_signs.lp", 43., -3.);
[INFO] [stdout]    | ^^^^^^^^^^^^^^^^^^^^^^^^^^^^^^^^^^^^^^^^^^^^^^^^^^^^^^^^^^^
[INFO] [stdout]    | |
[INFO] [stdout]    | the trait `serde::ser::Serialize` is not implemented for `LPProblem`, which is required by `&LPProblem: serde::ser::Serialize`
[INFO] [stdout]    | required by a bound introduced by this call
[INFO] [stdout]    |
[INFO] [stdout]    = note: for local types consider adding `#[derive(serde::Serialize)]` to your `LPProblem` type
[INFO] [stdout]    = note: for types from other crates check whether the crate offers a `serde` feature flag
[INFO] [stdout]    = help: the following other types implement trait `serde::ser::Serialize`:
[INFO] [stdout]              &'a T
[INFO] [stdout]              &'a mut T
[INFO] [stdout]              ()
[INFO] [stdout]              (T,)
[INFO] [stdout]              (T0, T1)
[INFO] [stdout]              (T0, T1, T2)
[INFO] [stdout]              (T0, T1, T2, T3)
[INFO] [stdout]              (T0, T1, T2, T3, T4)
[INFO] [stdout]            and 129 others
[INFO] [stdout]    = note: required for `&LPProblem` to implement `serde::ser::Serialize`
[INFO] [stdout] note: required by a bound in `serialize_value_redacted`
[INFO] [stdout]   --> /opt/rustwide/cargo-home/registry/src/index.crates.io-6f17d22bba15001f/insta-1.41.1/src/serialization.rs:98:36
[INFO] [stdout]    |
[INFO] [stdout] 98 | pub fn serialize_value_redacted<S: Serialize>(
[INFO] [stdout]    |                                    ^^^^^^^^^ required by this bound in `serialize_value_redacted`
[INFO] [stdout]    = note: this error originates in the macro `$crate::_prepare_snapshot_for_redaction` which comes from the expansion of the macro `generate_test` (in Nightly builds, run with -Z macro-backtrace for more info)
[INFO] [stdout] 
[INFO] [stdout] 
[INFO] [stdout] error[E0277]: the trait bound `LPProblem: serde::ser::Serialize` is not satisfied
[INFO] [stdout]   --> tests/test_from_file.rs:52:1
[INFO] [stdout]    |
[INFO] [stdout] 52 | generate_test!(fit2d, "fit2d.lp", 349048.9, -296677.389);
[INFO] [stdout]    | ^^^^^^^^^^^^^^^^^^^^^^^^^^^^^^^^^^^^^^^^^^^^^^^^^^^^^^^^
[INFO] [stdout]    | |
[INFO] [stdout]    | the trait `serde::ser::Serialize` is not implemented for `LPProblem`, which is required by `&LPProblem: serde::ser::Serialize`
[INFO] [stdout]    | required by a bound introduced by this call
[INFO] [stdout]    |
[INFO] [stdout]    = note: for local types consider adding `#[derive(serde::Serialize)]` to your `LPProblem` type
[INFO] [stdout]    = note: for types from other crates check whether the crate offers a `serde` feature flag
[INFO] [stdout]    = help: the following other types implement trait `serde::ser::Serialize`:
[INFO] [stdout]              &'a T
[INFO] [stdout]              &'a mut T
[INFO] [stdout]              ()
[INFO] [stdout]              (T,)
[INFO] [stdout]              (T0, T1)
[INFO] [stdout]              (T0, T1, T2)
[INFO] [stdout]              (T0, T1, T2, T3)
[INFO] [stdout]              (T0, T1, T2, T3, T4)
[INFO] [stdout]            and 129 others
[INFO] [stdout]    = note: required for `&LPProblem` to implement `serde::ser::Serialize`
[INFO] [stdout] note: required by a bound in `serialize_value_redacted`
[INFO] [stdout]   --> /opt/rustwide/cargo-home/registry/src/index.crates.io-6f17d22bba15001f/insta-1.41.1/src/serialization.rs:98:36
[INFO] [stdout]    |
[INFO] [stdout] 98 | pub fn serialize_value_redacted<S: Serialize>(
[INFO] [stdout]    |                                    ^^^^^^^^^ required by this bound in `serialize_value_redacted`
[INFO] [stdout]    = note: this error originates in the macro `$crate::_prepare_snapshot_for_redaction` which comes from the expansion of the macro `generate_test` (in Nightly builds, run with -Z macro-backtrace for more info)
[INFO] [stdout] 
[INFO] [stdout] 
[INFO] [stdout] For more information about this error, try `rustc --explain E0277`.
[INFO] [stdout] 
[INFO] [stderr] error: could not compile `lp_parser_rs` (test "test_from_file") due to 26 previous errors
[INFO] running `Command { std: "docker" "inspect" "00fd17a100151d53b4b3ba0a382575ccd880b111b35e9701b12d665c1f439272", kill_on_drop: false }`
[INFO] running `Command { std: "docker" "rm" "-f" "00fd17a100151d53b4b3ba0a382575ccd880b111b35e9701b12d665c1f439272", kill_on_drop: false }`
[INFO] [stdout] 00fd17a100151d53b4b3ba0a382575ccd880b111b35e9701b12d665c1f439272
