[INFO] fetching crate logto-rs 0.1.0...
[INFO] testing logto-rs-0.1.0 against nightly-2024-10-28 for randomize-layout
[INFO] extracting crate logto-rs 0.1.0 into /workspace/builds/worker-1-tc1/source
[INFO] validating manifest of crates.io crate logto-rs 0.1.0 on toolchain nightly-2024-10-28
[INFO] running `Command { std: CARGO_HOME="/workspace/cargo-home" RUSTUP_HOME="/workspace/rustup-home" "/workspace/cargo-home/bin/cargo" "+nightly-2024-10-28" "metadata" "--manifest-path" "Cargo.toml" "--no-deps", kill_on_drop: false }`
[INFO] started tweaking crates.io crate logto-rs 0.1.0
[INFO] finished tweaking crates.io crate logto-rs 0.1.0
[INFO] tweaked toml for crates.io crate logto-rs 0.1.0 written to /workspace/builds/worker-1-tc1/source/Cargo.toml
[INFO] running `Command { std: CARGO_HOME="/workspace/cargo-home" RUSTUP_HOME="/workspace/rustup-home" "/workspace/cargo-home/bin/cargo" "+nightly-2024-10-28" "generate-lockfile" "--manifest-path" "Cargo.toml", kill_on_drop: false }`
[INFO] [stderr]     Updating crates.io index
[INFO] [stderr]      Locking 185 packages to latest compatible versions
[INFO] [stderr]       Adding base64 v0.21.7 (available: v0.22.1)
[INFO] [stderr]       Adding josekit v0.8.7 (available: v0.10.0)
[INFO] [stderr]       Adding reqwest v0.11.27 (available: v0.12.9)
[INFO] running `Command { std: CARGO_HOME="/workspace/cargo-home" RUSTUP_HOME="/workspace/rustup-home" "/workspace/cargo-home/bin/cargo" "+nightly-2024-10-28" "fetch" "--manifest-path" "Cargo.toml", kill_on_drop: false }`
[INFO] [stderr]  Downloading crates ...
[INFO] [stderr]   Downloaded num-conv v0.1.0
[INFO] [stderr]   Downloaded time-core v0.1.2
[INFO] [stderr]   Downloaded assert-json-diff v2.0.2
[INFO] [stderr]   Downloaded deranged v0.3.11
[INFO] [stderr]   Downloaded pem v3.0.4
[INFO] [stderr]   Downloaded time-macros v0.2.18
[INFO] [stderr]   Downloaded jsonwebtoken v9.3.0
[INFO] [stderr]   Downloaded h2 v0.4.6
[INFO] [stderr]   Downloaded similar v2.6.0
[INFO] [stderr]   Downloaded time v0.3.36
[INFO] [stderr]   Downloaded josekit v0.8.7
[INFO] [stderr]   Downloaded hyper v1.5.0
[INFO] [stderr]   Downloaded mockito v1.5.0
[INFO] [stderr]   Downloaded powerfmt v0.2.0
[INFO] [stderr]   Downloaded simple_asn1 v0.6.2
[INFO] [stderr]   Downloaded hyper-util v0.1.10
[INFO] [stderr]   Downloaded colored v2.1.0
[INFO] [stderr]   Downloaded atomic-waker v1.1.2
[INFO] running `Command { std: "docker" "create" "-v" "/var/lib/crater-agent-workspace/builds/worker-1-tc1/target:/opt/rustwide/target:rw,Z" "-v" "/var/lib/crater-agent-workspace/builds/worker-1-tc1/source:/opt/rustwide/workdir:ro,Z" "-v" "/var/lib/crater-agent-workspace/cargo-home:/opt/rustwide/cargo-home:ro,Z" "-v" "/var/lib/crater-agent-workspace/rustup-home:/opt/rustwide/rustup-home:ro,Z" "-e" "SOURCE_DIR=/opt/rustwide/workdir" "-e" "CARGO_TARGET_DIR=/opt/rustwide/target" "-e" "CARGO_HOME=/opt/rustwide/cargo-home" "-e" "RUSTUP_HOME=/opt/rustwide/rustup-home" "-w" "/opt/rustwide/workdir" "-m" "1610612736" "--user" "0:0" "--network" "none" "ghcr.io/rust-lang/crates-build-env/linux@sha256:4a844ea9eb2546a2d2c7022eacef16ef2e8229c7fbb2c7d4d55a9ceca922f72d" "/opt/rustwide/cargo-home/bin/cargo" "+nightly-2024-10-28" "metadata" "--no-deps" "--format-version=1", kill_on_drop: false }`
[INFO] [stdout] 4db425759b3980a2872226c6359d5db7e9368c8c32dfedfda324da78c03b5a14
[INFO] running `Command { std: "docker" "start" "-a" "4db425759b3980a2872226c6359d5db7e9368c8c32dfedfda324da78c03b5a14", kill_on_drop: false }`
[INFO] running `Command { std: "docker" "inspect" "4db425759b3980a2872226c6359d5db7e9368c8c32dfedfda324da78c03b5a14", kill_on_drop: false }`
[INFO] running `Command { std: "docker" "rm" "-f" "4db425759b3980a2872226c6359d5db7e9368c8c32dfedfda324da78c03b5a14", kill_on_drop: false }`
[INFO] [stdout] 4db425759b3980a2872226c6359d5db7e9368c8c32dfedfda324da78c03b5a14
[INFO] running `Command { std: "docker" "create" "-v" "/var/lib/crater-agent-workspace/builds/worker-1-tc1/target:/opt/rustwide/target:rw,Z" "-v" "/var/lib/crater-agent-workspace/builds/worker-1-tc1/source:/opt/rustwide/workdir:ro,Z" "-v" "/var/lib/crater-agent-workspace/cargo-home:/opt/rustwide/cargo-home:ro,Z" "-v" "/var/lib/crater-agent-workspace/rustup-home:/opt/rustwide/rustup-home:ro,Z" "-e" "SOURCE_DIR=/opt/rustwide/workdir" "-e" "CARGO_TARGET_DIR=/opt/rustwide/target" "-e" "CARGO_INCREMENTAL=0" "-e" "RUST_BACKTRACE=full" "-e" "RUSTFLAGS=--cap-lints=forbid" "-e" "RUSTDOCFLAGS=--cap-lints=forbid" "-e" "CARGO_HOME=/opt/rustwide/cargo-home" "-e" "RUSTUP_HOME=/opt/rustwide/rustup-home" "-w" "/opt/rustwide/workdir" "-m" "1610612736" "--user" "0:0" "--network" "none" "ghcr.io/rust-lang/crates-build-env/linux@sha256:4a844ea9eb2546a2d2c7022eacef16ef2e8229c7fbb2c7d4d55a9ceca922f72d" "/opt/rustwide/cargo-home/bin/cargo" "+nightly-2024-10-28" "build" "--frozen" "--message-format=json", kill_on_drop: false }`
[INFO] [stdout] 59cb08564d0fb3adeab5c924f6491934d0a9aa949cf466439f5cdc235fca1272
[INFO] running `Command { std: "docker" "start" "-a" "59cb08564d0fb3adeab5c924f6491934d0a9aa949cf466439f5cdc235fca1272", kill_on_drop: false }`
[INFO] [stderr]    Compiling libc v0.2.161
[INFO] [stderr]    Compiling itoa v1.0.11
[INFO] [stderr]    Compiling bytes v1.8.0
[INFO] [stderr]    Compiling shlex v1.3.0
[INFO] [stderr]    Compiling pin-project-lite v0.2.15
[INFO] [stderr]    Compiling lock_api v0.4.12
[INFO] [stderr]    Compiling parking_lot_core v0.9.10
[INFO] [stderr]    Compiling syn v2.0.86
[INFO] [stderr]    Compiling once_cell v1.20.2
[INFO] [stderr]    Compiling hashbrown v0.15.0
[INFO] [stderr]    Compiling cc v1.1.31
[INFO] [stderr]    Compiling smallvec v1.13.2
[INFO] [stderr]    Compiling equivalent v1.0.1
[INFO] [stderr]    Compiling scopeguard v1.2.0
[INFO] [stderr]    Compiling futures-core v0.3.31
[INFO] [stderr]    Compiling pkg-config v0.3.31
[INFO] [stderr]    Compiling vcpkg v0.2.15
[INFO] [stderr]    Compiling slab v0.4.9
[INFO] [stderr]    Compiling tracing-core v0.1.32
[INFO] [stderr]    Compiling futures-task v0.3.31
[INFO] [stderr]    Compiling futures-sink v0.3.31
[INFO] [stderr]    Compiling serde v1.0.214
[INFO] [stderr]    Compiling indexmap v2.6.0
[INFO] [stderr]    Compiling futures-util v0.3.31
[INFO] [stderr]    Compiling tracing v0.1.40
[INFO] [stderr]    Compiling socket2 v0.5.7
[INFO] [stderr]    Compiling mio v1.0.2
[INFO] [stderr]    Compiling parking_lot v0.12.3
[INFO] [stderr]    Compiling httparse v1.9.5
[INFO] [stderr]    Compiling typenum v1.17.0
[INFO] [stderr]    Compiling openssl v0.10.68
[INFO] [stderr]    Compiling openssl-sys v0.9.104
[INFO] [stderr]    Compiling tokio v1.41.0
[INFO] [stderr]    Compiling version_check v0.9.5
[INFO] [stderr]    Compiling serde_json v1.0.132
[INFO] [stderr]    Compiling ryu v1.0.18
[INFO] [stderr]    Compiling foreign-types-shared v0.1.1
[INFO] [stderr]    Compiling foreign-types v0.3.2
[INFO] [stderr]    Compiling getrandom v0.2.15
[INFO] [stderr]    Compiling http v1.1.0
[INFO] [stderr]    Compiling futures-channel v0.3.31
[INFO] [stderr]    Compiling generic-array v0.14.7
[INFO] [stderr]    Compiling num-traits v0.2.19
[INFO] [stderr]    Compiling bitflags v2.6.0
[INFO] [stderr]    Compiling httpdate v1.0.3
[INFO] [stderr]    Compiling http v0.2.12
[INFO] [stderr]    Compiling log v0.4.22
[INFO] [stderr]    Compiling num-conv v0.1.0
[INFO] [stderr]    Compiling thiserror v1.0.66
[INFO] [stderr]    Compiling powerfmt v0.2.0
[INFO] [stderr]    Compiling native-tls v0.2.12
[INFO] [stderr]    Compiling tinyvec_macros v0.1.1
[INFO] [stderr]    Compiling time-core v0.1.2
[INFO] [stderr]    Compiling percent-encoding v2.3.1
[INFO] [stderr]    Compiling time-macros v0.2.18
[INFO] [stderr]    Compiling tinyvec v1.8.0
[INFO] [stderr]    Compiling form_urlencoded v1.2.1
[INFO] [stderr]    Compiling deranged v0.3.11
[INFO] [stderr]    Compiling http-body v1.0.1
[INFO] [stderr]    Compiling try-lock v0.2.5
[INFO] [stderr]    Compiling openssl-probe v0.1.5
[INFO] [stderr]    Compiling atomic-waker v1.1.2
[INFO] [stderr]    Compiling want v0.3.1
[INFO] [stderr]    Compiling unicode-normalization v0.1.24
[INFO] [stderr]    Compiling http-body v0.4.6
[INFO] [stderr]    Compiling rand_core v0.6.4
[INFO] [stderr]    Compiling ring v0.17.8
[INFO] [stderr]    Compiling anyhow v1.0.92
[INFO] [stderr]    Compiling adler2 v2.0.0
[INFO] [stderr]    Compiling num-integer v0.1.46
[INFO] [stderr]    Compiling unicode-bidi v0.3.17
[INFO] [stderr]    Compiling serde_derive v1.0.214
[INFO] [stderr]    Compiling openssl-macros v0.1.1
[INFO] [stderr]    Compiling zerocopy-derive v0.7.35
[INFO] [stderr]    Compiling thiserror-impl v1.0.66
[INFO] [stderr]    Compiling time v0.3.36
[INFO] [stderr]    Compiling base64 v0.21.7
[INFO] [stderr]    Compiling tower-service v0.3.3
[INFO] [stderr]    Compiling tokio-util v0.7.12
[INFO] [stderr]    Compiling base64 v0.22.1
[INFO] [stderr]    Compiling idna v0.5.0
[INFO] [stderr]    Compiling zerocopy v0.7.35
[INFO] [stderr]    Compiling h2 v0.3.26
[INFO] [stderr]    Compiling ppv-lite86 v0.2.20
[INFO] [stderr]    Compiling h2 v0.4.6
[INFO] [stderr]    Compiling rand_chacha v0.3.1
[INFO] [stderr]    Compiling num-bigint v0.4.6
[INFO] [stderr]    Compiling miniz_oxide v0.8.0
[INFO] [stderr]    Compiling tokio-native-tls v0.3.1
[INFO] [stderr]    Compiling block-buffer v0.10.4
[INFO] [stderr]    Compiling hyper v0.14.31
[INFO] [stderr]    Compiling crypto-common v0.1.6
[INFO] [stderr]    Compiling hyper v1.5.0
[INFO] [stderr]    Compiling crc32fast v1.4.2
[INFO] [stderr]    Compiling untrusted v0.9.0
[INFO] [stderr]    Compiling spin v0.9.8
[INFO] [stderr]    Compiling colored v2.1.0
[INFO] [stderr]    Compiling flate2 v1.0.34
[INFO] [stderr]    Compiling hyper-util v0.1.10
[INFO] [stderr]    Compiling digest v0.10.7
[INFO] [stderr]    Compiling simple_asn1 v0.6.2
[INFO] [stderr]    Compiling rand v0.8.5
[INFO] [stderr]    Compiling url v2.5.2
[INFO] [stderr]    Compiling pem v3.0.4
[INFO] [stderr]    Compiling rustls-pemfile v1.0.4
[INFO] [stderr]    Compiling http-body-util v0.1.2
[INFO] [stderr]    Compiling encoding_rs v0.8.35
[INFO] [stderr]    Compiling ipnet v2.10.1
[INFO] [stderr]    Compiling hyper-tls v0.5.0
[INFO] [stderr]    Compiling serde_urlencoded v0.7.1
[INFO] [stderr]    Compiling cpufeatures v0.2.14
[INFO] [stderr]    Compiling mime v0.3.17
[INFO] [stderr]    Compiling sync_wrapper v0.1.2
[INFO] [stderr]    Compiling similar v2.6.0
[INFO] [stderr]    Compiling sha2 v0.10.8
[INFO] [stderr]    Compiling assert-json-diff v2.0.2
[INFO] [stderr]    Compiling reqwest v0.11.27
[INFO] [stderr]    Compiling josekit v0.8.7
[INFO] [stderr]    Compiling jsonwebtoken v9.3.0
[INFO] [stderr]    Compiling mockito v1.5.0
[INFO] [stderr]    Compiling logto-rs v0.1.0 (/opt/rustwide/workdir)
[INFO] [stdout] warning: variable does not need to be mutable
[INFO] [stdout]   --> src/core/sign_in.rs:51:24
[INFO] [stdout]    |
[INFO] [stdout] 51 | fn with_default_scopes(mut scopes: Option<Vec<&str>>) -> Vec<&str> {
[INFO] [stdout]    |                        ----^^^^^^
[INFO] [stdout]    |                        |
[INFO] [stdout]    |                        help: remove this `mut`
[INFO] [stdout]    |
[INFO] [stdout]    = note: `#[warn(unused_mut)]` on by default
[INFO] [stdout] 
[INFO] [stdout] 
[INFO] [stdout] warning: struct `TokenByAuthorizationCodeParameters` is never constructed
[INFO] [stdout]  --> src/core/fetch_token.rs:6:8
[INFO] [stdout]   |
[INFO] [stdout] 6 | struct TokenByAuthorizationCodeParameters<'a> {
[INFO] [stdout]   |        ^^^^^^^^^^^^^^^^^^^^^^^^^^^^^^^^^^
[INFO] [stdout]   |
[INFO] [stdout]   = note: `#[warn(dead_code)]` on by default
[INFO] [stdout] 
[INFO] [stdout] 
[INFO] [stdout] warning: struct `TokenByRefreshTokenParameters` is never constructed
[INFO] [stdout]   --> src/core/fetch_token.rs:15:8
[INFO] [stdout]    |
[INFO] [stdout] 15 | struct TokenByRefreshTokenParameters {
[INFO] [stdout]    |        ^^^^^^^^^^^^^^^^^^^^^^^^^^^^^
[INFO] [stdout] 
[INFO] [stdout] 
[INFO] [stdout] warning: function `fetch_token_by_authorization_code` is never used
[INFO] [stdout]   --> src/core/fetch_token.rs:43:10
[INFO] [stdout]    |
[INFO] [stdout] 43 | async fn fetch_token_by_authorization_code<'a>(
[INFO] [stdout]    |          ^^^^^^^^^^^^^^^^^^^^^^^^^^^^^^^^^
[INFO] [stdout] 
[INFO] [stdout] 
[INFO] [stdout] warning: function `fetch_token_by_refresh_token` is never used
[INFO] [stdout]   --> src/core/fetch_token.rs:69:10
[INFO] [stdout]    |
[INFO] [stdout] 69 | async fn fetch_token_by_refresh_token(
[INFO] [stdout]    |          ^^^^^^^^^^^^^^^^^^^^^^^^^^^^
[INFO] [stdout] 
[INFO] [stdout] 
[INFO] [stdout] warning: function `fetch_oidc_config` is never used
[INFO] [stdout]   --> src/core/oicd_config.rs:14:10
[INFO] [stdout]    |
[INFO] [stdout] 14 | async fn fetch_oidc_config(
[INFO] [stdout]    |          ^^^^^^^^^^^^^^^^^
[INFO] [stdout] 
[INFO] [stdout] 
[INFO] [stdout] warning: struct `RevocationParams` is never constructed
[INFO] [stdout]  --> src/core/revoke.rs:5:8
[INFO] [stdout]   |
[INFO] [stdout] 5 | struct RevocationParams<'a> {
[INFO] [stdout]   |        ^^^^^^^^^^^^^^^^
[INFO] [stdout] 
[INFO] [stdout] 
[INFO] [stdout] warning: function `revoke` is never used
[INFO] [stdout]   --> src/core/revoke.rs:11:10
[INFO] [stdout]    |
[INFO] [stdout] 11 | async fn revoke<'a>(
[INFO] [stdout]    |          ^^^^^^
[INFO] [stdout] 
[INFO] [stdout] 
[INFO] [stdout] warning: multiple fields are never read
[INFO] [stdout]   --> src/core/sign_in.rs:6:5
[INFO] [stdout]    |
[INFO] [stdout] 5  | pub struct SignInUriGenerationOptions<'a> {
[INFO] [stdout]    |            -------------------------- fields in this struct
[INFO] [stdout] 6  |     authorization_endpoint: String,
[INFO] [stdout]    |     ^^^^^^^^^^^^^^^^^^^^^^
[INFO] [stdout] 7  |     client_id: &'a str,
[INFO] [stdout]    |     ^^^^^^^^^
[INFO] [stdout] 8  |     redirect_uri: &'a str,
[INFO] [stdout]    |     ^^^^^^^^^^^^
[INFO] [stdout] 9  |     code_challenge: &'a str,
[INFO] [stdout]    |     ^^^^^^^^^^^^^^
[INFO] [stdout] 10 |     state: &'a str,
[INFO] [stdout]    |     ^^^^^
[INFO] [stdout] 11 |     scopes: Option<Vec<&'a str>>,
[INFO] [stdout]    |     ^^^^^^
[INFO] [stdout] 12 |     resources: Option<Vec<&'a str>>,
[INFO] [stdout]    |     ^^^^^^^^^
[INFO] [stdout] 13 |     prompt: Option<&'a str>,
[INFO] [stdout]    |     ^^^^^^
[INFO] [stdout] 14 |     interaction_mode: Option<&'a str>,
[INFO] [stdout]    |     ^^^^^^^^^^^^^^^^
[INFO] [stdout]    |
[INFO] [stdout]    = note: `SignInUriGenerationOptions` has a derived impl for the trait `Debug`, but this is intentionally ignored during dead code analysis
[INFO] [stdout] 
[INFO] [stdout] 
[INFO] [stdout] warning: enum `ReservedScopes` is never used
[INFO] [stdout]   --> src/core/sign_in.rs:17:6
[INFO] [stdout]    |
[INFO] [stdout] 17 | enum ReservedScopes {
[INFO] [stdout]    |      ^^^^^^^^^^^^^^
[INFO] [stdout] 
[INFO] [stdout] 
[INFO] [stdout] warning: enum `UserScopes` is never used
[INFO] [stdout]   --> src/core/sign_in.rs:22:6
[INFO] [stdout]    |
[INFO] [stdout] 22 | enum UserScopes {
[INFO] [stdout]    |      ^^^^^^^^^^
[INFO] [stdout] 
[INFO] [stdout] 
[INFO] [stdout] warning: method `as_str` is never used
[INFO] [stdout]   --> src/core/sign_in.rs:31:12
[INFO] [stdout]    |
[INFO] [stdout] 30 | impl UserScopes {
[INFO] [stdout]    | --------------- method in this implementation
[INFO] [stdout] 31 |     pub fn as_str(&self) -> &'static str {
[INFO] [stdout]    |            ^^^^^^
[INFO] [stdout] 
[INFO] [stdout] 
[INFO] [stdout] warning: method `as_str` is never used
[INFO] [stdout]   --> src/core/sign_in.rs:43:12
[INFO] [stdout]    |
[INFO] [stdout] 42 | impl ReservedScopes {
[INFO] [stdout]    | ------------------- method in this implementation
[INFO] [stdout] 43 |     pub fn as_str(&self) -> &'static str {
[INFO] [stdout]    |            ^^^^^^
[INFO] [stdout] 
[INFO] [stdout] 
[INFO] [stdout] warning: function `with_default_scopes` is never used
[INFO] [stdout]   --> src/core/sign_in.rs:51:4
[INFO] [stdout]    |
[INFO] [stdout] 51 | fn with_default_scopes(mut scopes: Option<Vec<&str>>) -> Vec<&str> {
[INFO] [stdout]    |    ^^^^^^^^^^^^^^^^^^^
[INFO] [stdout] 
[INFO] [stdout] 
[INFO] [stdout] warning: constant `CODE_CHALLENGE_METHOD` is never used
[INFO] [stdout]   --> src/core/sign_in.rs:70:7
[INFO] [stdout]    |
[INFO] [stdout] 70 | const CODE_CHALLENGE_METHOD: &str = "S256";
[INFO] [stdout]    |       ^^^^^^^^^^^^^^^^^^^^^
[INFO] [stdout] 
[INFO] [stdout] 
[INFO] [stdout] warning: constant `RESPONSE_TYPE` is never used
[INFO] [stdout]   --> src/core/sign_in.rs:71:7
[INFO] [stdout]    |
[INFO] [stdout] 71 | const RESPONSE_TYPE: &str = "code";
[INFO] [stdout]    |       ^^^^^^^^^^^^^
[INFO] [stdout] 
[INFO] [stdout] 
[INFO] [stdout] warning: function `generate_signin_uri` is never used
[INFO] [stdout]   --> src/core/sign_in.rs:73:8
[INFO] [stdout]    |
[INFO] [stdout] 73 | pub fn generate_signin_uri(
[INFO] [stdout]    |        ^^^^^^^^^^^^^^^^^^^
[INFO] [stdout] 
[INFO] [stdout] 
[INFO] [stdout] warning: fields `end_session_endpoint`, `client_id`, and `post_logout_redirect_uri` are never read
[INFO] [stdout]  --> src/core/sign_out.rs:6:5
[INFO] [stdout]   |
[INFO] [stdout] 5 | pub struct SignOutUriGenerationOptions {
[INFO] [stdout]   |            --------------------------- fields in this struct
[INFO] [stdout] 6 |     end_session_endpoint: String,
[INFO] [stdout]   |     ^^^^^^^^^^^^^^^^^^^^
[INFO] [stdout] 7 |     client_id: String, // Docs convention says id_token, but other SDKs use client_id
[INFO] [stdout]   |     ^^^^^^^^^
[INFO] [stdout] 8 |     post_logout_redirect_uri: Option<String>,
[INFO] [stdout]   |     ^^^^^^^^^^^^^^^^^^^^^^^^
[INFO] [stdout]   |
[INFO] [stdout]   = note: `SignOutUriGenerationOptions` has a derived impl for the trait `Debug`, but this is intentionally ignored during dead code analysis
[INFO] [stdout] 
[INFO] [stdout] 
[INFO] [stdout] warning: function `generate_signout_uri` is never used
[INFO] [stdout]   --> src/core/sign_out.rs:11:8
[INFO] [stdout]    |
[INFO] [stdout] 11 | pub fn generate_signout_uri(
[INFO] [stdout]    |        ^^^^^^^^^^^^^^^^^^^^
[INFO] [stdout] 
[INFO] [stdout] 
[INFO] [stdout] warning: method `to_payload` is never used
[INFO] [stdout]   --> src/utils/decode_id_token.rs:23:12
[INFO] [stdout]    |
[INFO] [stdout] 22 | impl IdTokenClaims {
[INFO] [stdout]    | ------------------ method in this implementation
[INFO] [stdout] 23 |     pub fn to_payload(&self) -> JwtPayload {
[INFO] [stdout]    |            ^^^^^^^^^^
[INFO] [stdout] 
[INFO] [stdout] 
[INFO] [stdout] warning: function `decode_id_token` is never used
[INFO] [stdout]   --> src/utils/decode_id_token.rs:29:4
[INFO] [stdout]    |
[INFO] [stdout] 29 | fn decode_id_token(token: &str) -> Result<IdTokenClaims, Error> {
[INFO] [stdout]    |    ^^^^^^^^^^^^^^^
[INFO] [stdout] 
[INFO] [stdout] 
[INFO] [stdout] warning: function `generate_code_verifier` is never used
[INFO] [stdout]  --> src/utils/generators.rs:5:4
[INFO] [stdout]   |
[INFO] [stdout] 5 | fn generate_code_verifier() -> String {
[INFO] [stdout]   |    ^^^^^^^^^^^^^^^^^^^^^^
[INFO] [stdout] 
[INFO] [stdout] 
[INFO] [stdout] warning: function `generate_code_challenge` is never used
[INFO] [stdout]  --> src/utils/generators.rs:9:4
[INFO] [stdout]   |
[INFO] [stdout] 9 | fn generate_code_challenge(code_verifier: String) -> String {
[INFO] [stdout]   |    ^^^^^^^^^^^^^^^^^^^^^^^
[INFO] [stdout] 
[INFO] [stdout] 
[INFO] [stdout] warning: function `generate_state` is never used
[INFO] [stdout]   --> src/utils/generators.rs:17:4
[INFO] [stdout]    |
[INFO] [stdout] 17 | fn generate_state() -> String {
[INFO] [stdout]    |    ^^^^^^^^^^^^^^
[INFO] [stdout] 
[INFO] [stdout] 
[INFO] [stdout] warning: function `generate_random_string` is never used
[INFO] [stdout]   --> src/utils/generators.rs:21:4
[INFO] [stdout]    |
[INFO] [stdout] 21 | fn generate_random_string() -> String {
[INFO] [stdout]    |    ^^^^^^^^^^^^^^^^^^^^^^
[INFO] [stdout] 
[INFO] [stdout] 
[INFO] [stdout] warning: struct `UnverifiedUris` is never constructed
[INFO] [stdout]  --> src/utils/verify_and_parse_code_from_callback_uri.rs:5:8
[INFO] [stdout]   |
[INFO] [stdout] 5 | struct UnverifiedUris {
[INFO] [stdout]   |        ^^^^^^^^^^^^^^
[INFO] [stdout] 
[INFO] [stdout] 
[INFO] [stdout] warning: function `verify_and_parse_code_from_callback_uri` is never used
[INFO] [stdout]   --> src/utils/verify_and_parse_code_from_callback_uri.rs:11:4
[INFO] [stdout]    |
[INFO] [stdout] 11 | fn verify_and_parse_code_from_callback_uri(
[INFO] [stdout]    |    ^^^^^^^^^^^^^^^^^^^^^^^^^^^^^^^^^^^^^^^
[INFO] [stdout] 
[INFO] [stdout] 
[INFO] [stdout] warning: struct `TokenInfoParameters` is never constructed
[INFO] [stdout]   --> src/utils/verify_id_token.rs:13:8
[INFO] [stdout]    |
[INFO] [stdout] 13 | struct TokenInfoParameters {
[INFO] [stdout]    |        ^^^^^^^^^^^^^^^^^^^
[INFO] [stdout] 
[INFO] [stdout] 
[INFO] [stdout] warning: function `verify_id_token` is never used
[INFO] [stdout]   --> src/utils/verify_id_token.rs:20:4
[INFO] [stdout]    |
[INFO] [stdout] 20 | fn verify_id_token(params: TokenInfoParameters) -> Result<()> {
[INFO] [stdout]    |    ^^^^^^^^^^^^^^^
[INFO] [stdout] 
[INFO] [stdout] 
[INFO] [stderr]     Finished `dev` profile [unoptimized + debuginfo] target(s) in 23.24s
[INFO] running `Command { std: "docker" "inspect" "59cb08564d0fb3adeab5c924f6491934d0a9aa949cf466439f5cdc235fca1272", kill_on_drop: false }`
[INFO] running `Command { std: "docker" "rm" "-f" "59cb08564d0fb3adeab5c924f6491934d0a9aa949cf466439f5cdc235fca1272", kill_on_drop: false }`
[INFO] [stdout] 59cb08564d0fb3adeab5c924f6491934d0a9aa949cf466439f5cdc235fca1272
[INFO] running `Command { std: "docker" "create" "-v" "/var/lib/crater-agent-workspace/builds/worker-1-tc1/target:/opt/rustwide/target:rw,Z" "-v" "/var/lib/crater-agent-workspace/builds/worker-1-tc1/source:/opt/rustwide/workdir:ro,Z" "-v" "/var/lib/crater-agent-workspace/cargo-home:/opt/rustwide/cargo-home:ro,Z" "-v" "/var/lib/crater-agent-workspace/rustup-home:/opt/rustwide/rustup-home:ro,Z" "-e" "SOURCE_DIR=/opt/rustwide/workdir" "-e" "CARGO_TARGET_DIR=/opt/rustwide/target" "-e" "CARGO_INCREMENTAL=0" "-e" "RUST_BACKTRACE=full" "-e" "RUSTFLAGS=--cap-lints=forbid" "-e" "RUSTDOCFLAGS=--cap-lints=forbid" "-e" "CARGO_HOME=/opt/rustwide/cargo-home" "-e" "RUSTUP_HOME=/opt/rustwide/rustup-home" "-w" "/opt/rustwide/workdir" "-m" "1610612736" "--user" "0:0" "--network" "none" "ghcr.io/rust-lang/crates-build-env/linux@sha256:4a844ea9eb2546a2d2c7022eacef16ef2e8229c7fbb2c7d4d55a9ceca922f72d" "/opt/rustwide/cargo-home/bin/cargo" "+nightly-2024-10-28" "test" "--frozen" "--no-run" "--message-format=json", kill_on_drop: false }`
[INFO] [stdout] 175e2dc1b1e1961bbb4738323e02e3c86c2688d2f3c0ace50e4079cc9c30e759
[INFO] running `Command { std: "docker" "start" "-a" "175e2dc1b1e1961bbb4738323e02e3c86c2688d2f3c0ace50e4079cc9c30e759", kill_on_drop: false }`
[INFO] [stdout] warning: variable does not need to be mutable
[INFO] [stdout]   --> src/core/sign_in.rs:51:24
[INFO] [stdout]    |
[INFO] [stdout] 51 | fn with_default_scopes(mut scopes: Option<Vec<&str>>) -> Vec<&str> {
[INFO] [stdout]    |                        ----^^^^^^
[INFO] [stdout]    |                        |
[INFO] [stdout]    |                        help: remove this `mut`
[INFO] [stdout]    |
[INFO] [stdout]    = note: `#[warn(unused_mut)]` on by default
[INFO] [stdout] 
[INFO] [stdout] 
[INFO] [stdout] warning: struct `TokenByAuthorizationCodeParameters` is never constructed
[INFO] [stdout]  --> src/core/fetch_token.rs:6:8
[INFO] [stdout]   |
[INFO] [stdout] 6 | struct TokenByAuthorizationCodeParameters<'a> {
[INFO] [stdout]   |        ^^^^^^^^^^^^^^^^^^^^^^^^^^^^^^^^^^
[INFO] [stdout]   |
[INFO] [stdout]   = note: `#[warn(dead_code)]` on by default
[INFO] [stdout] 
[INFO] [stdout] 
[INFO] [stdout] warning: struct `TokenByRefreshTokenParameters` is never constructed
[INFO] [stdout]   --> src/core/fetch_token.rs:15:8
[INFO] [stdout]    |
[INFO] [stdout] 15 | struct TokenByRefreshTokenParameters {
[INFO] [stdout]    |        ^^^^^^^^^^^^^^^^^^^^^^^^^^^^^
[INFO] [stdout] 
[INFO] [stdout] 
[INFO] [stdout] warning: function `fetch_token_by_authorization_code` is never used
[INFO] [stdout]   --> src/core/fetch_token.rs:43:10
[INFO] [stdout]    |
[INFO] [stdout] 43 | async fn fetch_token_by_authorization_code<'a>(
[INFO] [stdout]    |          ^^^^^^^^^^^^^^^^^^^^^^^^^^^^^^^^^
[INFO] [stdout] 
[INFO] [stdout] 
[INFO] [stdout] warning: function `fetch_token_by_refresh_token` is never used
[INFO] [stdout]   --> src/core/fetch_token.rs:69:10
[INFO] [stdout]    |
[INFO] [stdout] 69 | async fn fetch_token_by_refresh_token(
[INFO] [stdout]    |          ^^^^^^^^^^^^^^^^^^^^^^^^^^^^
[INFO] [stdout] 
[INFO] [stdout] 
[INFO] [stdout] warning: function `fetch_oidc_config` is never used
[INFO] [stdout]   --> src/core/oicd_config.rs:14:10
[INFO] [stdout]    |
[INFO] [stdout] 14 | async fn fetch_oidc_config(
[INFO] [stdout]    |          ^^^^^^^^^^^^^^^^^
[INFO] [stdout] 
[INFO] [stdout] 
[INFO] [stdout] warning: struct `RevocationParams` is never constructed
[INFO] [stdout]  --> src/core/revoke.rs:5:8
[INFO] [stdout]   |
[INFO] [stdout] 5 | struct RevocationParams<'a> {
[INFO] [stdout]   |        ^^^^^^^^^^^^^^^^
[INFO] [stdout] 
[INFO] [stdout] 
[INFO] [stdout] warning: function `revoke` is never used
[INFO] [stdout]   --> src/core/revoke.rs:11:10
[INFO] [stdout]    |
[INFO] [stdout] 11 | async fn revoke<'a>(
[INFO] [stdout]    |          ^^^^^^
[INFO] [stdout] 
[INFO] [stdout] 
[INFO] [stdout] warning: multiple fields are never read
[INFO] [stdout]   --> src/core/sign_in.rs:6:5
[INFO] [stdout]    |
[INFO] [stdout] 5  | pub struct SignInUriGenerationOptions<'a> {
[INFO] [stdout]    |            -------------------------- fields in this struct
[INFO] [stdout] 6  |     authorization_endpoint: String,
[INFO] [stdout]    |     ^^^^^^^^^^^^^^^^^^^^^^
[INFO] [stdout] 7  |     client_id: &'a str,
[INFO] [stdout]    |     ^^^^^^^^^
[INFO] [stdout] 8  |     redirect_uri: &'a str,
[INFO] [stdout]    |     ^^^^^^^^^^^^
[INFO] [stdout] 9  |     code_challenge: &'a str,
[INFO] [stdout]    |     ^^^^^^^^^^^^^^
[INFO] [stdout] 10 |     state: &'a str,
[INFO] [stdout]    |     ^^^^^
[INFO] [stdout] 11 |     scopes: Option<Vec<&'a str>>,
[INFO] [stdout]    |     ^^^^^^
[INFO] [stdout] 12 |     resources: Option<Vec<&'a str>>,
[INFO] [stdout]    |     ^^^^^^^^^
[INFO] [stdout] 13 |     prompt: Option<&'a str>,
[INFO] [stdout]    |     ^^^^^^
[INFO] [stdout] 14 |     interaction_mode: Option<&'a str>,
[INFO] [stdout]    |     ^^^^^^^^^^^^^^^^
[INFO] [stdout]    |
[INFO] [stdout]    = note: `SignInUriGenerationOptions` has a derived impl for the trait `Debug`, but this is intentionally ignored during dead code analysis
[INFO] [stdout] 
[INFO] [stdout] 
[INFO] [stdout] warning: enum `ReservedScopes` is never used
[INFO] [stdout]   --> src/core/sign_in.rs:17:6
[INFO] [stdout]    |
[INFO] [stdout] 17 | enum ReservedScopes {
[INFO] [stdout]    |      ^^^^^^^^^^^^^^
[INFO] [stdout] 
[INFO] [stdout] 
[INFO] [stdout] warning: enum `UserScopes` is never used
[INFO] [stdout]   --> src/core/sign_in.rs:22:6
[INFO] [stdout]    |
[INFO] [stdout] 22 | enum UserScopes {
[INFO] [stdout]    |      ^^^^^^^^^^
[INFO] [stdout] 
[INFO] [stdout] 
[INFO] [stdout] warning: method `as_str` is never used
[INFO] [stdout]   --> src/core/sign_in.rs:31:12
[INFO] [stdout]    |
[INFO] [stdout] 30 | impl UserScopes {
[INFO] [stdout]    | --------------- method in this implementation
[INFO] [stdout] 31 |     pub fn as_str(&self) -> &'static str {
[INFO] [stdout]    |            ^^^^^^
[INFO] [stdout] 
[INFO] [stdout] 
[INFO] [stdout] warning: method `as_str` is never used
[INFO] [stdout]   --> src/core/sign_in.rs:43:12
[INFO] [stdout]    |
[INFO] [stdout] 42 | impl ReservedScopes {
[INFO] [stdout]    | ------------------- method in this implementation
[INFO] [stdout] 43 |     pub fn as_str(&self) -> &'static str {
[INFO] [stdout]    |            ^^^^^^
[INFO] [stdout] 
[INFO] [stdout] 
[INFO] [stdout] warning: function `with_default_scopes` is never used
[INFO] [stdout]   --> src/core/sign_in.rs:51:4
[INFO] [stdout]    |
[INFO] [stdout] 51 | fn with_default_scopes(mut scopes: Option<Vec<&str>>) -> Vec<&str> {
[INFO] [stdout]    |    ^^^^^^^^^^^^^^^^^^^
[INFO] [stdout] 
[INFO] [stdout] 
[INFO] [stdout] warning: constant `CODE_CHALLENGE_METHOD` is never used
[INFO] [stdout]   --> src/core/sign_in.rs:70:7
[INFO] [stdout]    |
[INFO] [stdout] 70 | const CODE_CHALLENGE_METHOD: &str = "S256";
[INFO] [stdout]    |       ^^^^^^^^^^^^^^^^^^^^^
[INFO] [stdout] 
[INFO] [stdout] 
[INFO] [stdout] warning: constant `RESPONSE_TYPE` is never used
[INFO] [stdout]   --> src/core/sign_in.rs:71:7
[INFO] [stdout]    |
[INFO] [stdout] 71 | const RESPONSE_TYPE: &str = "code";
[INFO] [stdout]    |       ^^^^^^^^^^^^^
[INFO] [stdout] 
[INFO] [stdout] 
[INFO] [stdout] warning: function `generate_signin_uri` is never used
[INFO] [stdout]   --> src/core/sign_in.rs:73:8
[INFO] [stdout]    |
[INFO] [stdout] 73 | pub fn generate_signin_uri(
[INFO] [stdout]    |        ^^^^^^^^^^^^^^^^^^^
[INFO] [stdout] 
[INFO] [stdout] 
[INFO] [stdout] warning: fields `end_session_endpoint`, `client_id`, and `post_logout_redirect_uri` are never read
[INFO] [stdout]  --> src/core/sign_out.rs:6:5
[INFO] [stdout]   |
[INFO] [stdout] 5 | pub struct SignOutUriGenerationOptions {
[INFO] [stdout]   |            --------------------------- fields in this struct
[INFO] [stdout] 6 |     end_session_endpoint: String,
[INFO] [stdout]   |     ^^^^^^^^^^^^^^^^^^^^
[INFO] [stdout] 7 |     client_id: String, // Docs convention says id_token, but other SDKs use client_id
[INFO] [stdout]   |     ^^^^^^^^^
[INFO] [stdout] 8 |     post_logout_redirect_uri: Option<String>,
[INFO] [stdout]   |     ^^^^^^^^^^^^^^^^^^^^^^^^
[INFO] [stdout]   |
[INFO] [stdout]   = note: `SignOutUriGenerationOptions` has a derived impl for the trait `Debug`, but this is intentionally ignored during dead code analysis
[INFO] [stdout] 
[INFO] [stdout] 
[INFO] [stdout] warning: function `generate_signout_uri` is never used
[INFO] [stdout]   --> src/core/sign_out.rs:11:8
[INFO] [stdout]    |
[INFO] [stdout] 11 | pub fn generate_signout_uri(
[INFO] [stdout]    |        ^^^^^^^^^^^^^^^^^^^^
[INFO] [stdout] 
[INFO] [stdout] 
[INFO] [stdout] warning: method `to_payload` is never used
[INFO] [stdout]   --> src/utils/decode_id_token.rs:23:12
[INFO] [stdout]    |
[INFO] [stdout] 22 | impl IdTokenClaims {
[INFO] [stdout]    | ------------------ method in this implementation
[INFO] [stdout] 23 |     pub fn to_payload(&self) -> JwtPayload {
[INFO] [stdout]    |            ^^^^^^^^^^
[INFO] [stdout] 
[INFO] [stdout] 
[INFO] [stdout] warning: function `decode_id_token` is never used
[INFO] [stdout]   --> src/utils/decode_id_token.rs:29:4
[INFO] [stdout]    |
[INFO] [stdout] 29 | fn decode_id_token(token: &str) -> Result<IdTokenClaims, Error> {
[INFO] [stdout]    |    ^^^^^^^^^^^^^^^
[INFO] [stdout] 
[INFO] [stdout] 
[INFO] [stdout] warning: function `generate_code_verifier` is never used
[INFO] [stdout]  --> src/utils/generators.rs:5:4
[INFO] [stdout]   |
[INFO] [stdout] 5 | fn generate_code_verifier() -> String {
[INFO] [stdout]   |    ^^^^^^^^^^^^^^^^^^^^^^
[INFO] [stdout] 
[INFO] [stdout] 
[INFO] [stdout] warning: function `generate_code_challenge` is never used
[INFO] [stdout]  --> src/utils/generators.rs:9:4
[INFO] [stdout]   |
[INFO] [stdout] 9 | fn generate_code_challenge(code_verifier: String) -> String {
[INFO] [stdout]   |    ^^^^^^^^^^^^^^^^^^^^^^^
[INFO] [stdout] 
[INFO] [stdout] 
[INFO] [stderr]    Compiling logto-rs v0.1.0 (/opt/rustwide/workdir)
[INFO] [stdout] warning: function `generate_state` is never used
[INFO] [stdout]   --> src/utils/generators.rs:17:4
[INFO] [stdout]    |
[INFO] [stdout] 17 | fn generate_state() -> String {
[INFO] [stdout]    |    ^^^^^^^^^^^^^^
[INFO] [stdout] 
[INFO] [stdout] 
[INFO] [stdout] warning: function `generate_random_string` is never used
[INFO] [stdout]   --> src/utils/generators.rs:21:4
[INFO] [stdout]    |
[INFO] [stdout] 21 | fn generate_random_string() -> String {
[INFO] [stdout]    |    ^^^^^^^^^^^^^^^^^^^^^^
[INFO] [stdout] 
[INFO] [stdout] 
[INFO] [stdout] warning: struct `UnverifiedUris` is never constructed
[INFO] [stdout]  --> src/utils/verify_and_parse_code_from_callback_uri.rs:5:8
[INFO] [stdout]   |
[INFO] [stdout] 5 | struct UnverifiedUris {
[INFO] [stdout]   |        ^^^^^^^^^^^^^^
[INFO] [stdout] 
[INFO] [stdout] 
[INFO] [stdout] warning: function `verify_and_parse_code_from_callback_uri` is never used
[INFO] [stdout]   --> src/utils/verify_and_parse_code_from_callback_uri.rs:11:4
[INFO] [stdout]    |
[INFO] [stdout] 11 | fn verify_and_parse_code_from_callback_uri(
[INFO] [stdout]    |    ^^^^^^^^^^^^^^^^^^^^^^^^^^^^^^^^^^^^^^^
[INFO] [stdout] 
[INFO] [stdout] 
[INFO] [stdout] warning: struct `TokenInfoParameters` is never constructed
[INFO] [stdout]   --> src/utils/verify_id_token.rs:13:8
[INFO] [stdout]    |
[INFO] [stdout] 13 | struct TokenInfoParameters {
[INFO] [stdout]    |        ^^^^^^^^^^^^^^^^^^^
[INFO] [stdout] 
[INFO] [stdout] 
[INFO] [stdout] warning: function `verify_id_token` is never used
[INFO] [stdout]   --> src/utils/verify_id_token.rs:20:4
[INFO] [stdout]    |
[INFO] [stdout] 20 | fn verify_id_token(params: TokenInfoParameters) -> Result<()> {
[INFO] [stdout]    |    ^^^^^^^^^^^^^^^
[INFO] [stdout] 
[INFO] [stdout] 
[INFO] [stdout] error[E0433]: failed to resolve: could not find `test` in `tokio`
[INFO] [stdout]    --> src/core/fetch_token.rs:109:14
[INFO] [stdout]     |
[INFO] [stdout] 109 |     #[tokio::test]
[INFO] [stdout]     |              ^^^^ could not find `test` in `tokio`
[INFO] [stdout] 
[INFO] [stdout] 
[INFO] [stdout] error[E0433]: failed to resolve: could not find `test` in `tokio`
[INFO] [stdout]    --> src/core/fetch_token.rs:169:14
[INFO] [stdout]     |
[INFO] [stdout] 169 |     #[tokio::test]
[INFO] [stdout]     |              ^^^^ could not find `test` in `tokio`
[INFO] [stdout] 
[INFO] [stdout] 
[INFO] [stdout] error[E0433]: failed to resolve: could not find `test` in `tokio`
[INFO] [stdout]   --> src/core/oicd_config.rs:29:14
[INFO] [stdout]    |
[INFO] [stdout] 29 |     #[tokio::test]
[INFO] [stdout]    |              ^^^^ could not find `test` in `tokio`
[INFO] [stdout] 
[INFO] [stdout] 
[INFO] [stdout] error[E0433]: failed to resolve: could not find `test` in `tokio`
[INFO] [stdout]   --> src/core/revoke.rs:36:14
[INFO] [stdout]    |
[INFO] [stdout] 36 |     #[tokio::test]
[INFO] [stdout]    |              ^^^^ could not find `test` in `tokio`
[INFO] [stdout] 
[INFO] [stdout] 
[INFO] [stdout] error[E0433]: failed to resolve: could not find `test` in `tokio`
[INFO] [stdout]    --> src/core/sign_in.rs:116:14
[INFO] [stdout]     |
[INFO] [stdout] 116 |     #[tokio::test]
[INFO] [stdout]     |              ^^^^ could not find `test` in `tokio`
[INFO] [stdout] 
[INFO] [stdout] 
[INFO] [stdout] error[E0433]: failed to resolve: could not find `test` in `tokio`
[INFO] [stdout]    --> src/core/sign_in.rs:159:14
[INFO] [stdout]     |
[INFO] [stdout] 159 |     #[tokio::test]
[INFO] [stdout]     |              ^^^^ could not find `test` in `tokio`
[INFO] [stdout] 
[INFO] [stdout] 
[INFO] [stdout] error[E0433]: failed to resolve: could not find `test` in `tokio`
[INFO] [stdout]    --> src/core/sign_in.rs:203:14
[INFO] [stdout]     |
[INFO] [stdout] 203 |     #[tokio::test]
[INFO] [stdout]     |              ^^^^ could not find `test` in `tokio`
[INFO] [stdout] 
[INFO] [stdout] 
[INFO] [stdout] error[E0433]: failed to resolve: could not find `test` in `tokio`
[INFO] [stdout]   --> src/core/sign_out.rs:31:14
[INFO] [stdout]    |
[INFO] [stdout] 31 |     #[tokio::test]
[INFO] [stdout]    |              ^^^^ could not find `test` in `tokio`
[INFO] [stdout] 
[INFO] [stdout] 
[INFO] [stdout] error[E0433]: failed to resolve: could not find `test` in `tokio`
[INFO] [stdout]   --> src/core/sign_out.rs:44:14
[INFO] [stdout]    |
[INFO] [stdout] 44 |     #[tokio::test]
[INFO] [stdout]    |              ^^^^ could not find `test` in `tokio`
[INFO] [stdout] 
[INFO] [stdout] 
[INFO] [stdout] warning: variable does not need to be mutable
[INFO] [stdout]   --> src/core/sign_in.rs:51:24
[INFO] [stdout]    |
[INFO] [stdout] 51 | fn with_default_scopes(mut scopes: Option<Vec<&str>>) -> Vec<&str> {
[INFO] [stdout]    |                        ----^^^^^^
[INFO] [stdout]    |                        |
[INFO] [stdout]    |                        help: remove this `mut`
[INFO] [stdout]    |
[INFO] [stdout]    = note: `#[warn(unused_mut)]` on by default
[INFO] [stdout] 
[INFO] [stdout] 
[INFO] [stdout] For more information about this error, try `rustc --explain E0433`.
[INFO] [stdout] 
[INFO] [stderr] error: could not compile `logto-rs` (lib test) due to 9 previous errors; 1 warning emitted
[INFO] running `Command { std: "docker" "inspect" "175e2dc1b1e1961bbb4738323e02e3c86c2688d2f3c0ace50e4079cc9c30e759", kill_on_drop: false }`
[INFO] running `Command { std: "docker" "rm" "-f" "175e2dc1b1e1961bbb4738323e02e3c86c2688d2f3c0ace50e4079cc9c30e759", kill_on_drop: false }`
[INFO] [stdout] 175e2dc1b1e1961bbb4738323e02e3c86c2688d2f3c0ace50e4079cc9c30e759
