[INFO] fetching crate logforth 0.14.0...
[INFO] testing logforth-0.14.0 against nightly-2024-10-28+rustflags=-Zrandomize-layout for randomize-layout
[INFO] extracting crate logforth 0.14.0 into /workspace/builds/worker-3-tc2/source
[INFO] validating manifest of crates.io crate logforth 0.14.0 on toolchain nightly-2024-10-28
[INFO] running `Command { std: CARGO_HOME="/workspace/cargo-home" RUSTUP_HOME="/workspace/rustup-home" "/workspace/cargo-home/bin/cargo" "+nightly-2024-10-28" "metadata" "--manifest-path" "Cargo.toml" "--no-deps", kill_on_drop: false }`
[INFO] removed /workspace/builds/worker-3-tc2/source/rust-toolchain.toml
[INFO] started tweaking crates.io crate logforth 0.14.0
[INFO] removed 0 missing examples
[INFO] removed 0 missing tests
[INFO] finished tweaking crates.io crate logforth 0.14.0
[INFO] tweaked toml for crates.io crate logforth 0.14.0 written to /workspace/builds/worker-3-tc2/source/Cargo.toml
[INFO] crate crates.io crate logforth 0.14.0 already has a lockfile, it will not be regenerated
[INFO] running `Command { std: CARGO_HOME="/workspace/cargo-home" RUSTUP_HOME="/workspace/rustup-home" "/workspace/cargo-home/bin/cargo" "+nightly-2024-10-28" "fetch" "--manifest-path" "Cargo.toml", kill_on_drop: false }`
[INFO] running `Command { std: "docker" "create" "-v" "/var/lib/crater-agent-workspace/builds/worker-3-tc2/target:/opt/rustwide/target:rw,Z" "-v" "/var/lib/crater-agent-workspace/builds/worker-3-tc2/source:/opt/rustwide/workdir:ro,Z" "-v" "/var/lib/crater-agent-workspace/cargo-home:/opt/rustwide/cargo-home:ro,Z" "-v" "/var/lib/crater-agent-workspace/rustup-home:/opt/rustwide/rustup-home:ro,Z" "-e" "SOURCE_DIR=/opt/rustwide/workdir" "-e" "CARGO_TARGET_DIR=/opt/rustwide/target" "-e" "CARGO_HOME=/opt/rustwide/cargo-home" "-e" "RUSTUP_HOME=/opt/rustwide/rustup-home" "-w" "/opt/rustwide/workdir" "-m" "1610612736" "--user" "0:0" "--network" "none" "ghcr.io/rust-lang/crates-build-env/linux@sha256:4a844ea9eb2546a2d2c7022eacef16ef2e8229c7fbb2c7d4d55a9ceca922f72d" "/opt/rustwide/cargo-home/bin/cargo" "+nightly-2024-10-28" "metadata" "--no-deps" "--format-version=1", kill_on_drop: false }`
[INFO] [stdout] 16413f17e0ed926da57f1f90e5676f99c18c39e92ab346f07a91126b22f3d363
[INFO] running `Command { std: "docker" "start" "-a" "16413f17e0ed926da57f1f90e5676f99c18c39e92ab346f07a91126b22f3d363", kill_on_drop: false }`
[INFO] running `Command { std: "docker" "inspect" "16413f17e0ed926da57f1f90e5676f99c18c39e92ab346f07a91126b22f3d363", kill_on_drop: false }`
[INFO] running `Command { std: "docker" "rm" "-f" "16413f17e0ed926da57f1f90e5676f99c18c39e92ab346f07a91126b22f3d363", kill_on_drop: false }`
[INFO] [stdout] 16413f17e0ed926da57f1f90e5676f99c18c39e92ab346f07a91126b22f3d363
[INFO] running `Command { std: "docker" "create" "-v" "/var/lib/crater-agent-workspace/builds/worker-3-tc2/target:/opt/rustwide/target:rw,Z" "-v" "/var/lib/crater-agent-workspace/builds/worker-3-tc2/source:/opt/rustwide/workdir:ro,Z" "-v" "/var/lib/crater-agent-workspace/cargo-home:/opt/rustwide/cargo-home:ro,Z" "-v" "/var/lib/crater-agent-workspace/rustup-home:/opt/rustwide/rustup-home:ro,Z" "-e" "SOURCE_DIR=/opt/rustwide/workdir" "-e" "CARGO_TARGET_DIR=/opt/rustwide/target" "-e" "CARGO_INCREMENTAL=0" "-e" "RUST_BACKTRACE=full" "-e" "RUSTFLAGS=--cap-lints=forbid -Zrandomize-layout" "-e" "RUSTDOCFLAGS=--cap-lints=forbid" "-e" "CARGO_HOME=/opt/rustwide/cargo-home" "-e" "RUSTUP_HOME=/opt/rustwide/rustup-home" "-w" "/opt/rustwide/workdir" "-m" "1610612736" "--user" "0:0" "--network" "none" "ghcr.io/rust-lang/crates-build-env/linux@sha256:4a844ea9eb2546a2d2c7022eacef16ef2e8229c7fbb2c7d4d55a9ceca922f72d" "/opt/rustwide/cargo-home/bin/cargo" "+nightly-2024-10-28" "build" "--frozen" "--message-format=json", kill_on_drop: false }`
[INFO] [stdout] 76f8eb7db4c5057201932d19566e1a0c122856c55ecc533cef7cfba8ce566cb9
[INFO] running `Command { std: "docker" "start" "-a" "76f8eb7db4c5057201932d19566e1a0c122856c55ecc533cef7cfba8ce566cb9", kill_on_drop: false }`
[INFO] [stderr]    Compiling aho-corasick v1.1.3
[INFO] [stderr]    Compiling regex-syntax v0.8.4
[INFO] [stderr]    Compiling value-bag v1.9.0
[INFO] [stderr]    Compiling anyhow v1.0.86
[INFO] [stderr]    Compiling lazy_static v1.5.0
[INFO] [stderr]    Compiling jiff v0.1.13
[INFO] [stderr]    Compiling colored v2.1.0
[INFO] [stderr]    Compiling log v0.4.22
[INFO] [stderr]    Compiling regex-automata v0.4.7
[INFO] [stderr]    Compiling regex v1.10.6
[INFO] [stderr]    Compiling env_filter v0.1.2
[INFO] [stderr]    Compiling logforth v0.14.0 (/opt/rustwide/workdir)
[INFO] [stderr]     Finished `dev` profile [unoptimized + debuginfo] target(s) in 3.42s
[INFO] running `Command { std: "docker" "inspect" "76f8eb7db4c5057201932d19566e1a0c122856c55ecc533cef7cfba8ce566cb9", kill_on_drop: false }`
[INFO] running `Command { std: "docker" "rm" "-f" "76f8eb7db4c5057201932d19566e1a0c122856c55ecc533cef7cfba8ce566cb9", kill_on_drop: false }`
[INFO] [stdout] 76f8eb7db4c5057201932d19566e1a0c122856c55ecc533cef7cfba8ce566cb9
[INFO] running `Command { std: "docker" "create" "-v" "/var/lib/crater-agent-workspace/builds/worker-3-tc2/target:/opt/rustwide/target:rw,Z" "-v" "/var/lib/crater-agent-workspace/builds/worker-3-tc2/source:/opt/rustwide/workdir:ro,Z" "-v" "/var/lib/crater-agent-workspace/cargo-home:/opt/rustwide/cargo-home:ro,Z" "-v" "/var/lib/crater-agent-workspace/rustup-home:/opt/rustwide/rustup-home:ro,Z" "-e" "SOURCE_DIR=/opt/rustwide/workdir" "-e" "CARGO_TARGET_DIR=/opt/rustwide/target" "-e" "CARGO_INCREMENTAL=0" "-e" "RUST_BACKTRACE=full" "-e" "RUSTFLAGS=--cap-lints=forbid -Zrandomize-layout" "-e" "RUSTDOCFLAGS=--cap-lints=forbid" "-e" "CARGO_HOME=/opt/rustwide/cargo-home" "-e" "RUSTUP_HOME=/opt/rustwide/rustup-home" "-w" "/opt/rustwide/workdir" "-m" "1610612736" "--user" "0:0" "--network" "none" "ghcr.io/rust-lang/crates-build-env/linux@sha256:4a844ea9eb2546a2d2c7022eacef16ef2e8229c7fbb2c7d4d55a9ceca922f72d" "/opt/rustwide/cargo-home/bin/cargo" "+nightly-2024-10-28" "test" "--frozen" "--no-run" "--message-format=json", kill_on_drop: false }`
[INFO] [stdout] 7f7251666c051b5122d10b4d917d03e46a87a31a0e0ee3a0e60f9d312fc3d413
[INFO] running `Command { std: "docker" "start" "-a" "7f7251666c051b5122d10b4d917d03e46a87a31a0e0ee3a0e60f9d312fc3d413", kill_on_drop: false }`
[INFO] [stderr]    Compiling proc-macro2 v1.0.86
[INFO] [stderr]    Compiling libc v0.2.158
[INFO] [stderr]    Compiling rustix v0.38.37
[INFO] [stderr]    Compiling linux-raw-sys v0.4.14
[INFO] [stderr]    Compiling bitflags v2.6.0
[INFO] [stderr]    Compiling once_cell v1.19.0
[INFO] [stderr]    Compiling fastrand v2.1.1
[INFO] [stderr]    Compiling quote v1.0.37
[INFO] [stderr]    Compiling getrandom v0.2.15
[INFO] [stderr]    Compiling syn v2.0.76
[INFO] [stderr]    Compiling rand_core v0.6.4
[INFO] [stderr]    Compiling tempfile v3.13.0
[INFO] [stderr]    Compiling zerocopy-derive v0.7.35
[INFO] [stderr]    Compiling zerocopy v0.7.35
[INFO] [stderr]    Compiling ppv-lite86 v0.2.20
[INFO] [stderr]    Compiling rand_chacha v0.3.1
[INFO] [stderr]    Compiling rand v0.8.5
[INFO] [stderr]    Compiling logforth v0.14.0 (/opt/rustwide/workdir)
[INFO] [stdout] error[E0432]: unresolved import `logforth::append::rolling_file`
[INFO] [stdout]   --> tests/recursive_logging.rs:16:23
[INFO] [stdout]    |
[INFO] [stdout] 16 | use logforth::append::rolling_file::NonBlockingBuilder;
[INFO] [stdout]    |                       ^^^^^^^^^^^^ could not find `rolling_file` in `append`
[INFO] [stdout]    |
[INFO] [stdout] note: found an item that was configured out
[INFO] [stdout]   --> /opt/rustwide/workdir/src/append/mod.rs:33:9
[INFO] [stdout]    |
[INFO] [stdout] 33 | pub mod rolling_file;
[INFO] [stdout]    |         ^^^^^^^^^^^^
[INFO] [stdout] note: the item is gated behind the `rolling_file` feature
[INFO] [stdout]   --> /opt/rustwide/workdir/src/append/mod.rs:32:7
[INFO] [stdout]    |
[INFO] [stdout] 32 | #[cfg(feature = "rolling_file")]
[INFO] [stdout]    |       ^^^^^^^^^^^^^^^^^^^^^^^^
[INFO] [stdout] 
[INFO] [stdout] 
[INFO] [stdout] error[E0432]: unresolved import `logforth::append::rolling_file`
[INFO] [stdout]   --> tests/recursive_logging.rs:17:23
[INFO] [stdout]    |
[INFO] [stdout] 17 | use logforth::append::rolling_file::RollingFileWriter;
[INFO] [stdout]    |                       ^^^^^^^^^^^^ could not find `rolling_file` in `append`
[INFO] [stdout]    |
[INFO] [stdout] note: found an item that was configured out
[INFO] [stdout]   --> /opt/rustwide/workdir/src/append/mod.rs:33:9
[INFO] [stdout]    |
[INFO] [stdout] 33 | pub mod rolling_file;
[INFO] [stdout]    |         ^^^^^^^^^^^^
[INFO] [stdout] note: the item is gated behind the `rolling_file` feature
[INFO] [stdout]   --> /opt/rustwide/workdir/src/append/mod.rs:32:7
[INFO] [stdout]    |
[INFO] [stdout] 32 | #[cfg(feature = "rolling_file")]
[INFO] [stdout]    |       ^^^^^^^^^^^^^^^^^^^^^^^^
[INFO] [stdout] 
[INFO] [stdout] 
[INFO] [stdout] error[E0432]: unresolved import `logforth::append::rolling_file`
[INFO] [stdout]   --> tests/recursive_logging.rs:18:23
[INFO] [stdout]    |
[INFO] [stdout] 18 | use logforth::append::rolling_file::Rotation;
[INFO] [stdout]    |                       ^^^^^^^^^^^^ could not find `rolling_file` in `append`
[INFO] [stdout]    |
[INFO] [stdout] note: found an item that was configured out
[INFO] [stdout]   --> /opt/rustwide/workdir/src/append/mod.rs:33:9
[INFO] [stdout]    |
[INFO] [stdout] 33 | pub mod rolling_file;
[INFO] [stdout]    |         ^^^^^^^^^^^^
[INFO] [stdout] note: the item is gated behind the `rolling_file` feature
[INFO] [stdout]   --> /opt/rustwide/workdir/src/append/mod.rs:32:7
[INFO] [stdout]    |
[INFO] [stdout] 32 | #[cfg(feature = "rolling_file")]
[INFO] [stdout]    |       ^^^^^^^^^^^^^^^^^^^^^^^^
[INFO] [stdout] 
[INFO] [stdout] 
[INFO] [stdout] error[E0433]: failed to resolve: could not find `RollingFile` in `append`
[INFO] [stdout]   --> tests/recursive_logging.rs:46:44
[INFO] [stdout]    |
[INFO] [stdout] 46 |             Dispatch::new().append(append::RollingFile::new(writer).with_layout(layout("file"))),
[INFO] [stdout]    |                                            ^^^^^^^^^^^ could not find `RollingFile` in `append`
[INFO] [stdout]    |
[INFO] [stdout] note: found an item that was configured out
[INFO] [stdout]   --> /opt/rustwide/workdir/src/append/mod.rs:24:29
[INFO] [stdout]    |
[INFO] [stdout] 24 | pub use self::rolling_file::RollingFile;
[INFO] [stdout]    |                             ^^^^^^^^^^^
[INFO] [stdout] note: the item is gated behind the `rolling_file` feature
[INFO] [stdout]   --> /opt/rustwide/workdir/src/append/mod.rs:23:7
[INFO] [stdout]    |
[INFO] [stdout] 23 | #[cfg(feature = "rolling_file")]
[INFO] [stdout]    |       ^^^^^^^^^^^^^^^^^^^^^^^^
[INFO] [stdout] 
[INFO] [stdout] 
[INFO] [stdout] Some errors have detailed explanations: E0432, E0433.
[INFO] [stdout] 
[INFO] [stdout] For more information about an error, try `rustc --explain E0432`.
[INFO] [stdout] 
[INFO] [stderr] error: could not compile `logforth` (test "recursive_logging") due to 4 previous errors
[INFO] [stderr] warning: build failed, waiting for other jobs to finish...
[INFO] running `Command { std: "docker" "inspect" "7f7251666c051b5122d10b4d917d03e46a87a31a0e0ee3a0e60f9d312fc3d413", kill_on_drop: false }`
[INFO] running `Command { std: "docker" "rm" "-f" "7f7251666c051b5122d10b4d917d03e46a87a31a0e0ee3a0e60f9d312fc3d413", kill_on_drop: false }`
[INFO] [stdout] 7f7251666c051b5122d10b4d917d03e46a87a31a0e0ee3a0e60f9d312fc3d413
