[INFO] fetching crate lockbook-shared 0.9.4...
[INFO] testing lockbook-shared-0.9.4 against nightly-2024-10-28+rustflags=-Zrandomize-layout for randomize-layout
[INFO] extracting crate lockbook-shared 0.9.4 into /workspace/builds/worker-7-tc2/source
[INFO] validating manifest of crates.io crate lockbook-shared 0.9.4 on toolchain nightly-2024-10-28
[INFO] running `Command { std: CARGO_HOME="/workspace/cargo-home" RUSTUP_HOME="/workspace/rustup-home" "/workspace/cargo-home/bin/cargo" "+nightly-2024-10-28" "metadata" "--manifest-path" "Cargo.toml" "--no-deps", kill_on_drop: false }`
[INFO] started tweaking crates.io crate lockbook-shared 0.9.4
[INFO] finished tweaking crates.io crate lockbook-shared 0.9.4
[INFO] tweaked toml for crates.io crate lockbook-shared 0.9.4 written to /workspace/builds/worker-7-tc2/source/Cargo.toml
[INFO] running `Command { std: CARGO_HOME="/workspace/cargo-home" RUSTUP_HOME="/workspace/rustup-home" "/workspace/cargo-home/bin/cargo" "+nightly-2024-10-28" "generate-lockfile" "--manifest-path" "Cargo.toml", kill_on_drop: false }`
[INFO] [stderr]     Updating crates.io index
[INFO] [stderr]      Locking 67 packages to latest compatible versions
[INFO] [stderr]       Adding aead v0.4.3 (available: v0.5.2)
[INFO] [stderr]       Adding aes-gcm v0.9.4 (available: v0.10.3)
[INFO] [stderr]       Adding base64 v0.13.1 (available: v0.22.1)
[INFO] [stderr]       Adding hmac v0.11.0 (available: v0.12.1)
[INFO] [stderr]       Adding http v0.2.12 (available: v1.1.0)
[INFO] [stderr]       Adding sha2 v0.9.9 (available: v0.10.8)
[INFO] [stderr]       Adding subtle v2.4.1 (available: v2.6.1)
[INFO] running `Command { std: CARGO_HOME="/workspace/cargo-home" RUSTUP_HOME="/workspace/rustup-home" "/workspace/cargo-home/bin/cargo" "+nightly-2024-10-28" "fetch" "--manifest-path" "Cargo.toml", kill_on_drop: false }`
[INFO] running `Command { std: "docker" "create" "-v" "/var/lib/crater-agent-workspace/builds/worker-7-tc2/target:/opt/rustwide/target:rw,Z" "-v" "/var/lib/crater-agent-workspace/builds/worker-7-tc2/source:/opt/rustwide/workdir:ro,Z" "-v" "/var/lib/crater-agent-workspace/cargo-home:/opt/rustwide/cargo-home:ro,Z" "-v" "/var/lib/crater-agent-workspace/rustup-home:/opt/rustwide/rustup-home:ro,Z" "-e" "SOURCE_DIR=/opt/rustwide/workdir" "-e" "CARGO_TARGET_DIR=/opt/rustwide/target" "-e" "CARGO_HOME=/opt/rustwide/cargo-home" "-e" "RUSTUP_HOME=/opt/rustwide/rustup-home" "-w" "/opt/rustwide/workdir" "-m" "1610612736" "--user" "0:0" "--network" "none" "ghcr.io/rust-lang/crates-build-env/linux@sha256:4a844ea9eb2546a2d2c7022eacef16ef2e8229c7fbb2c7d4d55a9ceca922f72d" "/opt/rustwide/cargo-home/bin/cargo" "+nightly-2024-10-28" "metadata" "--no-deps" "--format-version=1", kill_on_drop: false }`
[INFO] [stdout] 9c80df76fd55c2dd014f337a4191c320dd7a1343e6f899389f5d3db2b1e89878
[INFO] running `Command { std: "docker" "start" "-a" "9c80df76fd55c2dd014f337a4191c320dd7a1343e6f899389f5d3db2b1e89878", kill_on_drop: false }`
[INFO] running `Command { std: "docker" "inspect" "9c80df76fd55c2dd014f337a4191c320dd7a1343e6f899389f5d3db2b1e89878", kill_on_drop: false }`
[INFO] running `Command { std: "docker" "rm" "-f" "9c80df76fd55c2dd014f337a4191c320dd7a1343e6f899389f5d3db2b1e89878", kill_on_drop: false }`
[INFO] [stdout] 9c80df76fd55c2dd014f337a4191c320dd7a1343e6f899389f5d3db2b1e89878
[INFO] running `Command { std: "docker" "create" "-v" "/var/lib/crater-agent-workspace/builds/worker-7-tc2/target:/opt/rustwide/target:rw,Z" "-v" "/var/lib/crater-agent-workspace/builds/worker-7-tc2/source:/opt/rustwide/workdir:ro,Z" "-v" "/var/lib/crater-agent-workspace/cargo-home:/opt/rustwide/cargo-home:ro,Z" "-v" "/var/lib/crater-agent-workspace/rustup-home:/opt/rustwide/rustup-home:ro,Z" "-e" "SOURCE_DIR=/opt/rustwide/workdir" "-e" "CARGO_TARGET_DIR=/opt/rustwide/target" "-e" "CARGO_INCREMENTAL=0" "-e" "RUST_BACKTRACE=full" "-e" "RUSTFLAGS=--cap-lints=forbid -Zrandomize-layout" "-e" "RUSTDOCFLAGS=--cap-lints=forbid" "-e" "CARGO_HOME=/opt/rustwide/cargo-home" "-e" "RUSTUP_HOME=/opt/rustwide/rustup-home" "-w" "/opt/rustwide/workdir" "-m" "1610612736" "--user" "0:0" "--network" "none" "ghcr.io/rust-lang/crates-build-env/linux@sha256:4a844ea9eb2546a2d2c7022eacef16ef2e8229c7fbb2c7d4d55a9ceca922f72d" "/opt/rustwide/cargo-home/bin/cargo" "+nightly-2024-10-28" "build" "--frozen" "--message-format=json", kill_on_drop: false }`
[INFO] [stdout] ccad0220f8bb13c855deefe3c0988ce69f94b9c02cac520eba05f75da0493dc8
[INFO] running `Command { std: "docker" "start" "-a" "ccad0220f8bb13c855deefe3c0988ce69f94b9c02cac520eba05f75da0493dc8", kill_on_drop: false }`
[INFO] [stderr]    Compiling subtle v2.4.1
[INFO] [stderr]    Compiling miniz_oxide v0.8.0
[INFO] [stderr]    Compiling crc32fast v1.4.2
[INFO] [stderr]    Compiling bytes v1.8.0
[INFO] [stderr]    Compiling arrayref v0.3.9
[INFO] [stderr]    Compiling digest v0.9.0
[INFO] [stderr]    Compiling cipher v0.3.0
[INFO] [stderr]    Compiling aead v0.4.3
[INFO] [stderr]    Compiling fs2 v0.4.3
[INFO] [stderr]    Compiling syn v2.0.86
[INFO] [stderr]    Compiling libsecp256k1-core v0.3.0
[INFO] [stderr]    Compiling crypto-mac v0.8.0
[INFO] [stderr]    Compiling universal-hash v0.4.1
[INFO] [stderr]    Compiling crypto-mac v0.11.1
[INFO] [stderr]    Compiling aes v0.7.5
[INFO] [stderr]    Compiling ctr v0.8.0
[INFO] [stderr]    Compiling hmac v0.8.1
[INFO] [stderr]    Compiling hmac v0.11.0
[INFO] [stderr]    Compiling polyval v0.5.3
[INFO] [stderr]    Compiling hmac-drbg v0.3.0
[INFO] [stderr]    Compiling ghash v0.4.4
[INFO] [stderr]    Compiling http v0.2.12
[INFO] [stderr]    Compiling aes-gcm v0.9.4
[INFO] [stderr]    Compiling flate2 v1.0.34
[INFO] [stderr]    Compiling libsecp256k1-gen-genmult v0.3.0
[INFO] [stderr]    Compiling libsecp256k1-gen-ecmult v0.3.0
[INFO] [stderr]    Compiling libsecp256k1 v0.7.1
[INFO] [stderr]    Compiling serde_derive v1.0.214
[INFO] [stderr]    Compiling zerocopy-derive v0.7.35
[INFO] [stderr]    Compiling tracing-attributes v0.1.27
[INFO] [stderr]    Compiling zerocopy v0.7.35
[INFO] [stderr]    Compiling tracing v0.1.40
[INFO] [stderr]    Compiling ppv-lite86 v0.2.20
[INFO] [stderr]    Compiling rand_chacha v0.3.1
[INFO] [stderr]    Compiling rand v0.8.5
[INFO] [stderr]    Compiling serde v1.0.214
[INFO] [stderr]    Compiling bincode v1.3.3
[INFO] [stderr]    Compiling uuid v1.11.0
[INFO] [stderr]    Compiling serde_bytes v0.11.15
[INFO] [stderr]    Compiling db-rs v0.3.2
[INFO] [stderr]    Compiling lockbook-shared v0.9.4 (/opt/rustwide/workdir)
[INFO] [stdout] warning: trait `FromSignedFile` is never used
[INFO] [stdout]   --> src/server_file.rs:22:7
[INFO] [stdout]    |
[INFO] [stdout] 22 | trait FromSignedFile {
[INFO] [stdout]    |       ^^^^^^^^^^^^^^
[INFO] [stdout]    |
[INFO] [stdout]    = note: `#[warn(dead_code)]` on by default
[INFO] [stdout] 
[INFO] [stdout] 
[INFO] [stderr]     Finished `dev` profile [unoptimized + debuginfo] target(s) in 13.72s
[INFO] running `Command { std: "docker" "inspect" "ccad0220f8bb13c855deefe3c0988ce69f94b9c02cac520eba05f75da0493dc8", kill_on_drop: false }`
[INFO] running `Command { std: "docker" "rm" "-f" "ccad0220f8bb13c855deefe3c0988ce69f94b9c02cac520eba05f75da0493dc8", kill_on_drop: false }`
[INFO] [stdout] ccad0220f8bb13c855deefe3c0988ce69f94b9c02cac520eba05f75da0493dc8
[INFO] running `Command { std: "docker" "create" "-v" "/var/lib/crater-agent-workspace/builds/worker-7-tc2/target:/opt/rustwide/target:rw,Z" "-v" "/var/lib/crater-agent-workspace/builds/worker-7-tc2/source:/opt/rustwide/workdir:ro,Z" "-v" "/var/lib/crater-agent-workspace/cargo-home:/opt/rustwide/cargo-home:ro,Z" "-v" "/var/lib/crater-agent-workspace/rustup-home:/opt/rustwide/rustup-home:ro,Z" "-e" "SOURCE_DIR=/opt/rustwide/workdir" "-e" "CARGO_TARGET_DIR=/opt/rustwide/target" "-e" "CARGO_INCREMENTAL=0" "-e" "RUST_BACKTRACE=full" "-e" "RUSTFLAGS=--cap-lints=forbid -Zrandomize-layout" "-e" "RUSTDOCFLAGS=--cap-lints=forbid" "-e" "CARGO_HOME=/opt/rustwide/cargo-home" "-e" "RUSTUP_HOME=/opt/rustwide/rustup-home" "-w" "/opt/rustwide/workdir" "-m" "1610612736" "--user" "0:0" "--network" "none" "ghcr.io/rust-lang/crates-build-env/linux@sha256:4a844ea9eb2546a2d2c7022eacef16ef2e8229c7fbb2c7d4d55a9ceca922f72d" "/opt/rustwide/cargo-home/bin/cargo" "+nightly-2024-10-28" "test" "--frozen" "--no-run" "--message-format=json", kill_on_drop: false }`
[INFO] [stdout] ca1e612f39a40dd296637e958e50ae86d2c87c4dd682678f96baa449d64f0dbc
[INFO] running `Command { std: "docker" "start" "-a" "ca1e612f39a40dd296637e958e50ae86d2c87c4dd682678f96baa449d64f0dbc", kill_on_drop: false }`
[INFO] [stderr]    Compiling lockbook-shared v0.9.4 (/opt/rustwide/workdir)
[INFO] [stdout] warning: trait `FromSignedFile` is never used
[INFO] [stdout]   --> src/server_file.rs:22:7
[INFO] [stdout]    |
[INFO] [stdout] 22 | trait FromSignedFile {
[INFO] [stdout]    |       ^^^^^^^^^^^^^^
[INFO] [stdout]    |
[INFO] [stdout]    = note: `#[warn(dead_code)]` on by default
[INFO] [stdout] 
[INFO] [stdout] 
[INFO] [stdout] error[E0432]: unresolved import `test_utils`
[INFO] [stdout]  --> tests/tree_composition_tests.rs:6:5
[INFO] [stdout]   |
[INFO] [stdout] 6 | use test_utils::*;
[INFO] [stdout]   |     ^^^^^^^^^^ use of undeclared crate or module `test_utils`
[INFO] [stdout] 
[INFO] [stdout] 
[INFO] [stdout] error[E0432]: unresolved import `test_utils`
[INFO] [stdout]  --> tests/tree_tests.rs:7:5
[INFO] [stdout]   |
[INFO] [stdout] 7 | use test_utils::*;
[INFO] [stdout]   |     ^^^^^^^^^^ use of undeclared crate or module `test_utils`
[INFO] [stdout] 
[INFO] [stdout] 
[INFO] [stdout] error[E0432]: unresolved import `test_utils`
[INFO] [stdout]  --> tests/core_ops_tests.rs:6:5
[INFO] [stdout]   |
[INFO] [stdout] 6 | use test_utils::*;
[INFO] [stdout]   |     ^^^^^^^^^^ use of undeclared crate or module `test_utils`
[INFO] [stdout] 
[INFO] [stdout] 
[INFO] [stdout] error[E0432]: unresolved import `test_utils`
[INFO] [stdout]  --> tests/lazy_tests.rs:6:5
[INFO] [stdout]   |
[INFO] [stdout] 6 | use test_utils::*;
[INFO] [stdout]   |     ^^^^^^^^^^ use of undeclared crate or module `test_utils`
[INFO] [stdout] 
[INFO] [stdout] 
[INFO] [stdout] error[E0432]: unresolved import `test_utils`
[INFO] [stdout]  --> tests/path_tests.rs:5:5
[INFO] [stdout]   |
[INFO] [stdout] 5 | use test_utils::*;
[INFO] [stdout]   |     ^^^^^^^^^^ use of undeclared crate or module `test_utils`
[INFO] [stdout] 
[INFO] [stdout] 
[INFO] [stdout] For more information about this error, try `rustc --explain E0432`.
[INFO] [stdout] 
[INFO] [stdout] For more information about this error, try `rustc --explain E0432`.
[INFO] [stdout] 
[INFO] [stdout] For more information about this error, try `rustc --explain E0432`.
[INFO] [stdout] 
[INFO] [stdout] For more information about this error, try `rustc --explain E0432`.
[INFO] [stdout] 
[INFO] [stderr] error: could not compile `lockbook-shared` (test "tree_composition_tests") due to 1 previous error
[INFO] [stderr] warning: build failed, waiting for other jobs to finish...
[INFO] [stderr] error: could not compile `lockbook-shared` (test "core_ops_tests") due to 1 previous error
[INFO] [stdout] For more information about this error, try `rustc --explain E0432`.
[INFO] [stdout] 
[INFO] [stderr] error: could not compile `lockbook-shared` (test "path_tests") due to 1 previous error
[INFO] [stderr] error: could not compile `lockbook-shared` (test "tree_tests") due to 1 previous error
[INFO] [stderr] error: could not compile `lockbook-shared` (test "lazy_tests") due to 1 previous error
[INFO] [stdout] warning: trait `FromSignedFile` is never used
[INFO] [stdout]   --> src/server_file.rs:22:7
[INFO] [stdout]    |
[INFO] [stdout] 22 | trait FromSignedFile {
[INFO] [stdout]    |       ^^^^^^^^^^^^^^
[INFO] [stdout]    |
[INFO] [stdout]    = note: `#[warn(dead_code)]` on by default
[INFO] [stdout] 
[INFO] [stdout] 
[INFO] running `Command { std: "docker" "inspect" "ca1e612f39a40dd296637e958e50ae86d2c87c4dd682678f96baa449d64f0dbc", kill_on_drop: false }`
[INFO] running `Command { std: "docker" "rm" "-f" "ca1e612f39a40dd296637e958e50ae86d2c87c4dd682678f96baa449d64f0dbc", kill_on_drop: false }`
[INFO] [stdout] ca1e612f39a40dd296637e958e50ae86d2c87c4dd682678f96baa449d64f0dbc
