[INFO] fetching crate llama-core 0.20.0...
[INFO] testing llama-core-0.20.0 against nightly-2024-10-28 for randomize-layout
[INFO] extracting crate llama-core 0.20.0 into /workspace/builds/worker-5-tc1/source
[INFO] validating manifest of crates.io crate llama-core 0.20.0 on toolchain nightly-2024-10-28
[INFO] running `Command { std: CARGO_HOME="/workspace/cargo-home" RUSTUP_HOME="/workspace/rustup-home" "/workspace/cargo-home/bin/cargo" "+nightly-2024-10-28" "metadata" "--manifest-path" "Cargo.toml" "--no-deps", kill_on_drop: false }`
[INFO] started tweaking crates.io crate llama-core 0.20.0
[INFO] finished tweaking crates.io crate llama-core 0.20.0
[INFO] tweaked toml for crates.io crate llama-core 0.20.0 written to /workspace/builds/worker-5-tc1/source/Cargo.toml
[INFO] running `Command { std: CARGO_HOME="/workspace/cargo-home" RUSTUP_HOME="/workspace/rustup-home" "/workspace/cargo-home/bin/cargo" "+nightly-2024-10-28" "generate-lockfile" "--manifest-path" "Cargo.toml", kill_on_drop: false }`
[INFO] [stderr]     Updating crates.io index
[INFO] [stderr]     Blocking waiting for file lock on package cache
[INFO] [stderr]      Locking 327 packages to latest compatible versions
[INFO] [stderr]       Adding endpoints v0.16.0 (available: v0.17.0)
[INFO] [stderr]       Adding image v0.25.0 (available: v0.25.4)
[INFO] [stderr]       Adding reqwest v0.11.27 (available: v0.12.9)
[INFO] [stderr]       Adding text-splitter v0.7.0 (available: v0.18.1)
[INFO] [stderr]       Adding tiktoken-rs v0.5.9 (available: v0.6.0)
[INFO] [stderr]       Adding wasmedge_stable_diffusion v0.3.1 (available: v0.3.2)
[INFO] running `Command { std: CARGO_HOME="/workspace/cargo-home" RUSTUP_HOME="/workspace/rustup-home" "/workspace/cargo-home/bin/cargo" "+nightly-2024-10-28" "fetch" "--manifest-path" "Cargo.toml", kill_on_drop: false }`
[INFO] [stderr]     Blocking waiting for file lock on package cache
[INFO] [stderr]  Downloading crates ...
[INFO] [stderr]   Downloaded wit-bindgen-rust-macro v0.24.0
[INFO] [stderr]   Downloaded wit-bindgen v0.24.0
[INFO] [stderr]   Downloaded wasmedge_stable_diffusion v0.3.1
[INFO] [stderr]   Downloaded wit-bindgen-rust v0.24.0
[INFO] [stderr]   Downloaded wit-bindgen-rt v0.24.0
[INFO] [stderr]   Downloaded wasi-logger v0.1.2
[INFO] [stderr]   Downloaded wasmedge-wasi-nn v0.8.0
[INFO] [stderr]   Downloaded sval_dynamic v2.13.2
[INFO] [stderr]   Downloaded text-splitter v0.7.0
[INFO] [stderr]   Downloaded value-bag-sval2 v1.10.0
[INFO] [stderr]   Downloaded derive_utils v0.14.2
[INFO] [stderr]   Downloaded wasm-metadata v0.202.0
[INFO] [stderr]   Downloaded value-bag-serde1 v1.10.0
[INFO] [stderr]   Downloaded sval_buffer v2.13.2
[INFO] [stderr]   Downloaded wit-bindgen-core v0.24.0
[INFO] [stderr]   Downloaded sval_json v2.13.2
[INFO] [stderr]   Downloaded endpoints v0.16.0
[INFO] [stderr]   Downloaded image-webp v0.1.3
[INFO] [stderr]   Downloaded wit-parser v0.202.0
[INFO] [stderr]   Downloaded wasm-encoder v0.202.0
[INFO] [stderr]   Downloaded fancy-regex v0.12.0
[INFO] [stderr]   Downloaded wit-component v0.202.0
[INFO] [stderr]   Downloaded pulldown-cmark v0.10.3
[INFO] [stderr]   Downloaded auto_enums v0.8.6
[INFO] [stderr]   Downloaded wasmparser v0.202.0
[INFO] [stderr]   Downloaded sval v2.13.2
[INFO] [stderr]   Downloaded qdrant_rest_client v0.1.1
[INFO] [stderr]   Downloaded sval_fmt v2.13.2
[INFO] [stderr]   Downloaded sval_ref v2.13.2
[INFO] [stderr]   Downloaded sval_serde v2.13.2
[INFO] [stderr]   Downloaded sval_nested v2.13.2
[INFO] [stderr]   Downloaded tiktoken-rs v0.5.9
[INFO] [stderr]   Downloaded image v0.25.0
[INFO] [stderr]   Downloaded endpoints v0.17.0
[INFO] [stderr]   Downloaded chat-prompts v0.17.2
[INFO] running `Command { std: "docker" "create" "-v" "/var/lib/crater-agent-workspace/builds/worker-5-tc1/target:/opt/rustwide/target:rw,Z" "-v" "/var/lib/crater-agent-workspace/builds/worker-5-tc1/source:/opt/rustwide/workdir:ro,Z" "-v" "/var/lib/crater-agent-workspace/cargo-home:/opt/rustwide/cargo-home:ro,Z" "-v" "/var/lib/crater-agent-workspace/rustup-home:/opt/rustwide/rustup-home:ro,Z" "-e" "SOURCE_DIR=/opt/rustwide/workdir" "-e" "CARGO_TARGET_DIR=/opt/rustwide/target" "-e" "CARGO_HOME=/opt/rustwide/cargo-home" "-e" "RUSTUP_HOME=/opt/rustwide/rustup-home" "-w" "/opt/rustwide/workdir" "-m" "1610612736" "--user" "0:0" "--network" "none" "ghcr.io/rust-lang/crates-build-env/linux@sha256:4a844ea9eb2546a2d2c7022eacef16ef2e8229c7fbb2c7d4d55a9ceca922f72d" "/opt/rustwide/cargo-home/bin/cargo" "+nightly-2024-10-28" "metadata" "--no-deps" "--format-version=1", kill_on_drop: false }`
[INFO] [stdout] c575821ef97af74cb3e8bde1ac0ae733bd397fee4206fb198e0e4ac34e42e177
[INFO] running `Command { std: "docker" "start" "-a" "c575821ef97af74cb3e8bde1ac0ae733bd397fee4206fb198e0e4ac34e42e177", kill_on_drop: false }`
[INFO] running `Command { std: "docker" "inspect" "c575821ef97af74cb3e8bde1ac0ae733bd397fee4206fb198e0e4ac34e42e177", kill_on_drop: false }`
[INFO] running `Command { std: "docker" "rm" "-f" "c575821ef97af74cb3e8bde1ac0ae733bd397fee4206fb198e0e4ac34e42e177", kill_on_drop: false }`
[INFO] [stdout] c575821ef97af74cb3e8bde1ac0ae733bd397fee4206fb198e0e4ac34e42e177
[INFO] running `Command { std: "docker" "create" "-v" "/var/lib/crater-agent-workspace/builds/worker-5-tc1/target:/opt/rustwide/target:rw,Z" "-v" "/var/lib/crater-agent-workspace/builds/worker-5-tc1/source:/opt/rustwide/workdir:ro,Z" "-v" "/var/lib/crater-agent-workspace/cargo-home:/opt/rustwide/cargo-home:ro,Z" "-v" "/var/lib/crater-agent-workspace/rustup-home:/opt/rustwide/rustup-home:ro,Z" "-e" "SOURCE_DIR=/opt/rustwide/workdir" "-e" "CARGO_TARGET_DIR=/opt/rustwide/target" "-e" "CARGO_INCREMENTAL=0" "-e" "RUST_BACKTRACE=full" "-e" "RUSTFLAGS=--cap-lints=forbid" "-e" "RUSTDOCFLAGS=--cap-lints=forbid" "-e" "CARGO_HOME=/opt/rustwide/cargo-home" "-e" "RUSTUP_HOME=/opt/rustwide/rustup-home" "-w" "/opt/rustwide/workdir" "-m" "1610612736" "--user" "0:0" "--network" "none" "ghcr.io/rust-lang/crates-build-env/linux@sha256:4a844ea9eb2546a2d2c7022eacef16ef2e8229c7fbb2c7d4d55a9ceca922f72d" "/opt/rustwide/cargo-home/bin/cargo" "+nightly-2024-10-28" "build" "--frozen" "--message-format=json", kill_on_drop: false }`
[INFO] [stdout] d4e8e834c8c632b8703aa7a5d0a6e3c2dc1afddae45b5ece8b70183a27f1ed0d
[INFO] running `Command { std: "docker" "start" "-a" "d4e8e834c8c632b8703aa7a5d0a6e3c2dc1afddae45b5ece8b70183a27f1ed0d", kill_on_drop: false }`
[INFO] [stderr]    Compiling proc-macro2 v1.0.89
[INFO] [stderr]    Compiling num-traits v0.2.19
[INFO] [stderr]    Compiling siphasher v0.3.11
[INFO] [stderr]    Compiling aho-corasick v1.1.3
[INFO] [stderr]    Compiling rand_core v0.6.4
[INFO] [stderr]    Compiling simd-adler32 v0.3.7
[INFO] [stderr]    Compiling regex-syntax v0.8.5
[INFO] [stderr]    Compiling futures-io v0.3.31
[INFO] [stderr]    Compiling rand v0.8.5
[INFO] [stderr]    Compiling phf_shared v0.11.2
[INFO] [stderr]    Compiling miniz_oxide v0.8.0
[INFO] [stderr]    Compiling rayon-core v1.12.1
[INFO] [stderr]    Compiling phf v0.11.2
[INFO] [stderr]    Compiling aligned-vec v0.5.0
[INFO] [stderr]    Compiling built v0.7.5
[INFO] [stderr]    Compiling arrayvec v0.7.6
[INFO] [stderr]    Compiling phf_generator v0.11.2
[INFO] [stderr]    Compiling quote v1.0.37
[INFO] [stderr]    Compiling phf_codegen v0.11.2
[INFO] [stderr]    Compiling syn v2.0.86
[INFO] [stderr]    Compiling num-integer v0.1.46
[INFO] [stderr]    Compiling v_frame v0.3.8
[INFO] [stderr]    Compiling regex-automata v0.4.8
[INFO] [stderr]    Compiling rav1e v0.7.1
[INFO] [stderr]    Compiling itertools v0.12.1
[INFO] [stderr]    Compiling unic-char-range v0.9.0
[INFO] [stderr]    Compiling num-bigint v0.4.6
[INFO] [stderr]    Compiling unic-common v0.9.0
[INFO] [stderr]    Compiling bytemuck v1.19.0
[INFO] [stderr]    Compiling same-file v1.0.6
[INFO] [stderr]    Compiling walkdir v2.5.0
[INFO] [stderr]    Compiling unic-ucd-version v0.9.0
[INFO] [stderr]    Compiling unic-char-property v0.9.0
[INFO] [stderr]    Compiling flate2 v1.0.34
[INFO] [stderr]    Compiling num-rational v0.4.2
[INFO] [stderr]    Compiling rustls v0.21.12
[INFO] [stderr]    Compiling regex v1.11.1
[INFO] [stderr]    Compiling av1-grain v0.2.3
[INFO] [stderr]    Compiling simd_helpers v0.1.0
[INFO] [stderr]    Compiling parse-zoneinfo v0.3.1
[INFO] [stderr]    Compiling maybe-rayon v0.1.1
[INFO] [stderr]    Compiling bstr v1.10.0
[INFO] [stderr]    Compiling chrono-tz-build v0.3.0
[INFO] [stderr]    Compiling quick-error v2.0.1
[INFO] [stderr]    Compiling globset v0.4.15
[INFO] [stderr]    Compiling new_debug_unreachable v1.0.6
[INFO] [stderr]    Compiling noop_proc_macro v0.3.0
[INFO] [stderr]    Compiling chrono-tz v0.9.0
[INFO] [stderr]    Compiling bitstream-io v2.5.3
[INFO] [stderr]    Compiling bit-vec v0.6.3
[INFO] [stderr]    Compiling weezl v0.1.8
[INFO] [stderr]    Compiling imgref v1.11.0
[INFO] [stderr]    Compiling chrono v0.4.38
[INFO] [stderr]    Compiling loop9 v0.1.5
[INFO] [stderr]    Compiling bit-set v0.5.3
[INFO] [stderr]    Compiling ignore v0.4.23
[INFO] [stderr]    Compiling unic-ucd-segment v0.9.0
[INFO] [stderr]    Compiling rgb v0.8.50
[INFO] [stderr]    Compiling avif-serialize v0.8.2
[INFO] [stderr]    Compiling fdeflate v0.3.6
[INFO] [stderr]    Compiling zune-inflate v0.2.54
[INFO] [stderr]    Compiling half v2.4.1
[INFO] [stderr]    Compiling byteorder-lite v0.1.0
[INFO] [stderr]    Compiling zune-core v0.4.12
[INFO] [stderr]    Compiling lebe v0.5.2
[INFO] [stderr]    Compiling serde_derive v1.0.214
[INFO] [stderr]    Compiling thiserror-impl v1.0.66
[INFO] [stderr]    Compiling tokio-macros v2.4.0
[INFO] [stderr]    Compiling zerocopy-derive v0.7.35
[INFO] [stderr]    Compiling futures-macro v0.3.31
[INFO] [stderr]    Compiling profiling-procmacros v1.0.16
[INFO] [stderr]    Compiling profiling v1.0.16
[INFO] [stderr]    Compiling num-derive v0.4.2
[INFO] [stderr]    Compiling arg_enum_proc_macro v0.3.4
[INFO] [stderr]    Compiling tokio v1.41.0
[INFO] [stderr]    Compiling futures-util v0.3.31
[INFO] [stderr]    Compiling zerocopy v0.7.35
[INFO] [stderr]    Compiling pulldown-cmark v0.10.3
[INFO] [stderr]    Compiling deunicode v1.6.0
[INFO] [stderr]    Compiling color_quant v1.1.0
[INFO] [stderr]    Compiling thiserror v1.0.66
[INFO] [stderr]    Compiling pest v2.7.14
[INFO] [stderr]    Compiling jpeg-decoder v0.3.1
[INFO] [stderr]    Compiling bit_field v0.10.2
[INFO] [stderr]    Compiling ppv-lite86 v0.2.20
[INFO] [stderr]    Compiling clap_builder v4.5.20
[INFO] [stderr]    Compiling rand_chacha v0.3.1
[INFO] [stderr]    Compiling pest_meta v2.7.14
[INFO] [stderr]    Compiling tiff v0.9.1
[INFO] [stderr]    Compiling exr v1.73.0
[INFO] [stderr]    Compiling serde v1.0.214
[INFO] [stderr]    Compiling pest_generator v2.7.14
[INFO] [stderr]    Compiling slug v0.1.6
[INFO] [stderr]    Compiling gif v0.13.1
[INFO] [stderr]    Compiling zune-jpeg v0.4.13
[INFO] [stderr]    Compiling pest_derive v2.7.14
[INFO] [stderr]    Compiling clap_derive v4.5.18
[INFO] [stderr]    Compiling tokio-util v0.7.12
[INFO] [stderr]    Compiling tokio-rustls v0.24.1
[INFO] [stderr]    Compiling image-webp v0.1.3
[INFO] [stderr]    Compiling png v0.17.14
[INFO] [stderr]    Compiling indexmap v2.6.0
[INFO] [stderr]    Compiling serde_json v1.0.132
[INFO] [stderr]    Compiling h2 v0.3.26
[INFO] [stderr]    Compiling ravif v0.11.11
[INFO] [stderr]    Compiling serde_urlencoded v0.7.1
[INFO] [stderr]    Compiling unic-segment v0.9.0
[INFO] [stderr]    Compiling globwalk v0.9.1
[INFO] [stderr]    Compiling humansize v2.1.3
[INFO] [stderr]    Compiling fancy-regex v0.12.0
[INFO] [stderr]    Compiling derive_utils v0.14.2
[INFO] [stderr]    Compiling rayon v1.10.0
[INFO] [stderr]    Compiling qoi v0.4.1
[INFO] [stderr]    Compiling tiktoken-rs v0.5.9
[INFO] [stderr]    Compiling auto_enums v0.8.6
[INFO] [stderr]    Compiling endpoints v0.17.0
[INFO] [stderr]    Compiling clap v4.5.20
[INFO] [stderr]    Compiling enum_dispatch v0.3.13
[INFO] [stderr]    Compiling hyper v0.14.31
[INFO] [stderr]    Compiling image v0.25.0
[INFO] [stderr]    Compiling uuid-macro-internal v1.11.0
[INFO] [stderr]    Compiling unicode-segmentation v1.12.0
[INFO] [stderr]    Compiling tera v1.20.0
[INFO] [stderr]    Compiling text-splitter v0.7.0
[INFO] [stderr]    Compiling uuid v1.11.0
[INFO] [stderr]    Compiling endpoints v0.16.0
[INFO] [stderr]    Compiling futures v0.3.31
[INFO] [stderr]    Compiling wasmedge_stable_diffusion v0.3.1
[INFO] [stderr]    Compiling wasmedge-wasi-nn v0.8.0
[INFO] [stderr]    Compiling hyper-rustls v0.24.2
[INFO] [stderr]    Compiling reqwest v0.11.27
[INFO] [stderr]    Compiling chat-prompts v0.17.2
[INFO] [stderr]    Compiling qdrant_rest_client v0.1.1
[INFO] [stderr]    Compiling llama-core v0.20.0 (/opt/rustwide/workdir)
[INFO] [stdout] error[E0308]: mismatched types
[INFO] [stdout]     --> src/chat.rs:2064:56
[INFO] [stdout]      |
[INFO] [stdout] 2064 |                     match chat_prompt.build_with_tools(&mut chat_request.messages, Some(&[])) {
[INFO] [stdout]      |                                       ---------------- ^^^^^^^^^^^^^^^^^^^^^^^^^^ expected `ChatCompletionRequestMessage`, found a different `ChatCompletionRequestMessage`
[INFO] [stdout]      |                                       |
[INFO] [stdout]      |                                       arguments to this method are incorrect
[INFO] [stdout]      |
[INFO] [stdout]      = note: `ChatCompletionRequestMessage` and `ChatCompletionRequestMessage` have similar names, but are actually distinct types
[INFO] [stdout] note: `ChatCompletionRequestMessage` is defined in crate `endpoints`
[INFO] [stdout]     --> /opt/rustwide/cargo-home/registry/src/index.crates.io-6f17d22bba15001f/endpoints-0.16.0/src/chat.rs:1589:1
[INFO] [stdout]      |
[INFO] [stdout] 1589 | pub enum ChatCompletionRequestMessage {
[INFO] [stdout]      | ^^^^^^^^^^^^^^^^^^^^^^^^^^^^^^^^^^^^^
[INFO] [stdout] note: `ChatCompletionRequestMessage` is defined in crate `endpoints`
[INFO] [stdout]     --> /opt/rustwide/cargo-home/registry/src/index.crates.io-6f17d22bba15001f/endpoints-0.17.0/src/chat.rs:1589:1
[INFO] [stdout]      |
[INFO] [stdout] 1589 | pub enum ChatCompletionRequestMessage {
[INFO] [stdout]      | ^^^^^^^^^^^^^^^^^^^^^^^^^^^^^^^^^^^^^
[INFO] [stdout]      = note: perhaps two different versions of crate `endpoints` are being used?
[INFO] [stdout] note: method defined here
[INFO] [stdout]     --> /opt/rustwide/cargo-home/registry/src/index.crates.io-6f17d22bba15001f/chat-prompts-0.17.2/src/chat/mod.rs:50:8
[INFO] [stdout]      |
[INFO] [stdout] 50   |     fn build_with_tools(
[INFO] [stdout]      |        ^^^^^^^^^^^^^^^^
[INFO] [stdout] 
[INFO] [stdout] 
[INFO] [stdout] error[E0308]: mismatched types
[INFO] [stdout]     --> src/chat.rs:2078:76
[INFO] [stdout]      |
[INFO] [stdout] 2078 |                         .build_with_tools(&mut chat_request.messages, Some(tools.as_slice()))
[INFO] [stdout]      |                                                                       ---- ^^^^^^^^^^^^^^^^ expected `endpoints::chat::Tool`, found a different `endpoints::chat::Tool`
[INFO] [stdout]      |                                                                       |
[INFO] [stdout]      |                                                                       arguments to this enum variant are incorrect
[INFO] [stdout]      |
[INFO] [stdout]      = note: `endpoints::chat::Tool` and `endpoints::chat::Tool` have similar names, but are actually distinct types
[INFO] [stdout] note: `endpoints::chat::Tool` is defined in crate `endpoints`
[INFO] [stdout]     --> /opt/rustwide/cargo-home/registry/src/index.crates.io-6f17d22bba15001f/endpoints-0.16.0/src/chat.rs:1068:1
[INFO] [stdout]      |
[INFO] [stdout] 1068 | pub struct Tool {
[INFO] [stdout]      | ^^^^^^^^^^^^^^^
[INFO] [stdout] note: `endpoints::chat::Tool` is defined in crate `endpoints`
[INFO] [stdout]     --> /opt/rustwide/cargo-home/registry/src/index.crates.io-6f17d22bba15001f/endpoints-0.17.0/src/chat.rs:1068:1
[INFO] [stdout]      |
[INFO] [stdout] 1068 | pub struct Tool {
[INFO] [stdout]      | ^^^^^^^^^^^^^^^
[INFO] [stdout]      = note: perhaps two different versions of crate `endpoints` are being used?
[INFO] [stdout] help: the type constructed contains `&[endpoints::chat::Tool]` due to the type of the argument passed
[INFO] [stdout]     --> src/chat.rs:2078:71
[INFO] [stdout]      |
[INFO] [stdout] 2078 |                         .build_with_tools(&mut chat_request.messages, Some(tools.as_slice()))
[INFO] [stdout]      |                                                                       ^^^^^----------------^
[INFO] [stdout]      |                                                                            |
[INFO] [stdout]      |                                                                            this argument influences the type of `Some`
[INFO] [stdout] note: tuple variant defined here
[INFO] [stdout]     --> /rustc/df4ca44d3fbc9301ee17f30f4d474e6ae4b05252/library/core/src/option.rs:579:5
[INFO] [stdout] 
[INFO] [stdout] 
[INFO] [stdout] error[E0308]: mismatched types
[INFO] [stdout]     --> src/chat.rs:2078:43
[INFO] [stdout]      |
[INFO] [stdout] 2078 |                         .build_with_tools(&mut chat_request.messages, Some(tools.as_slice()))
[INFO] [stdout]      |                          ---------------- ^^^^^^^^^^^^^^^^^^^^^^^^^^ expected `ChatCompletionRequestMessage`, found a different `ChatCompletionRequestMessage`
[INFO] [stdout]      |                          |
[INFO] [stdout]      |                          arguments to this method are incorrect
[INFO] [stdout]      |
[INFO] [stdout]      = note: `ChatCompletionRequestMessage` and `ChatCompletionRequestMessage` have similar names, but are actually distinct types
[INFO] [stdout] note: `ChatCompletionRequestMessage` is defined in crate `endpoints`
[INFO] [stdout]     --> /opt/rustwide/cargo-home/registry/src/index.crates.io-6f17d22bba15001f/endpoints-0.16.0/src/chat.rs:1589:1
[INFO] [stdout]      |
[INFO] [stdout] 1589 | pub enum ChatCompletionRequestMessage {
[INFO] [stdout]      | ^^^^^^^^^^^^^^^^^^^^^^^^^^^^^^^^^^^^^
[INFO] [stdout] note: `ChatCompletionRequestMessage` is defined in crate `endpoints`
[INFO] [stdout]     --> /opt/rustwide/cargo-home/registry/src/index.crates.io-6f17d22bba15001f/endpoints-0.17.0/src/chat.rs:1589:1
[INFO] [stdout]      |
[INFO] [stdout] 1589 | pub enum ChatCompletionRequestMessage {
[INFO] [stdout]      | ^^^^^^^^^^^^^^^^^^^^^^^^^^^^^^^^^^^^^
[INFO] [stdout]      = note: perhaps two different versions of crate `endpoints` are being used?
[INFO] [stdout] note: method defined here
[INFO] [stdout]     --> /opt/rustwide/cargo-home/registry/src/index.crates.io-6f17d22bba15001f/chat-prompts-0.17.2/src/chat/mod.rs:50:8
[INFO] [stdout]      |
[INFO] [stdout] 50   |     fn build_with_tools(
[INFO] [stdout]      |        ^^^^^^^^^^^^^^^^
[INFO] [stdout] 
[INFO] [stdout] 
[INFO] [stdout] error[E0308]: mismatched types
[INFO] [stdout]     --> src/chat.rs:2094:60
[INFO] [stdout]      |
[INFO] [stdout] 2094 |                         match chat_prompt.build_with_tools(&mut chat_request.messages, None) {
[INFO] [stdout]      |                                           ---------------- ^^^^^^^^^^^^^^^^^^^^^^^^^^ expected `ChatCompletionRequestMessage`, found a different `ChatCompletionRequestMessage`
[INFO] [stdout]      |                                           |
[INFO] [stdout]      |                                           arguments to this method are incorrect
[INFO] [stdout]      |
[INFO] [stdout]      = note: `ChatCompletionRequestMessage` and `ChatCompletionRequestMessage` have similar names, but are actually distinct types
[INFO] [stdout] note: `ChatCompletionRequestMessage` is defined in crate `endpoints`
[INFO] [stdout]     --> /opt/rustwide/cargo-home/registry/src/index.crates.io-6f17d22bba15001f/endpoints-0.16.0/src/chat.rs:1589:1
[INFO] [stdout]      |
[INFO] [stdout] 1589 | pub enum ChatCompletionRequestMessage {
[INFO] [stdout]      | ^^^^^^^^^^^^^^^^^^^^^^^^^^^^^^^^^^^^^
[INFO] [stdout] note: `ChatCompletionRequestMessage` is defined in crate `endpoints`
[INFO] [stdout]     --> /opt/rustwide/cargo-home/registry/src/index.crates.io-6f17d22bba15001f/endpoints-0.17.0/src/chat.rs:1589:1
[INFO] [stdout]      |
[INFO] [stdout] 1589 | pub enum ChatCompletionRequestMessage {
[INFO] [stdout]      | ^^^^^^^^^^^^^^^^^^^^^^^^^^^^^^^^^^^^^
[INFO] [stdout]      = note: perhaps two different versions of crate `endpoints` are being used?
[INFO] [stdout] note: method defined here
[INFO] [stdout]     --> /opt/rustwide/cargo-home/registry/src/index.crates.io-6f17d22bba15001f/chat-prompts-0.17.2/src/chat/mod.rs:50:8
[INFO] [stdout]      |
[INFO] [stdout] 50   |     fn build_with_tools(
[INFO] [stdout]      |        ^^^^^^^^^^^^^^^^
[INFO] [stdout] 
[INFO] [stdout] 
[INFO] [stdout] error[E0308]: mismatched types
[INFO] [stdout]     --> src/chat.rs:2108:56
[INFO] [stdout]      |
[INFO] [stdout] 2108 |             None => match chat_prompt.build_with_tools(&mut chat_request.messages, None) {
[INFO] [stdout]      |                                       ---------------- ^^^^^^^^^^^^^^^^^^^^^^^^^^ expected `ChatCompletionRequestMessage`, found a different `ChatCompletionRequestMessage`
[INFO] [stdout]      |                                       |
[INFO] [stdout]      |                                       arguments to this method are incorrect
[INFO] [stdout]      |
[INFO] [stdout]      = note: `ChatCompletionRequestMessage` and `ChatCompletionRequestMessage` have similar names, but are actually distinct types
[INFO] [stdout] note: `ChatCompletionRequestMessage` is defined in crate `endpoints`
[INFO] [stdout]     --> /opt/rustwide/cargo-home/registry/src/index.crates.io-6f17d22bba15001f/endpoints-0.16.0/src/chat.rs:1589:1
[INFO] [stdout]      |
[INFO] [stdout] 1589 | pub enum ChatCompletionRequestMessage {
[INFO] [stdout]      | ^^^^^^^^^^^^^^^^^^^^^^^^^^^^^^^^^^^^^
[INFO] [stdout] note: `ChatCompletionRequestMessage` is defined in crate `endpoints`
[INFO] [stdout]     --> /opt/rustwide/cargo-home/registry/src/index.crates.io-6f17d22bba15001f/endpoints-0.17.0/src/chat.rs:1589:1
[INFO] [stdout]      |
[INFO] [stdout] 1589 | pub enum ChatCompletionRequestMessage {
[INFO] [stdout]      | ^^^^^^^^^^^^^^^^^^^^^^^^^^^^^^^^^^^^^
[INFO] [stdout]      = note: perhaps two different versions of crate `endpoints` are being used?
[INFO] [stdout] note: method defined here
[INFO] [stdout]     --> /opt/rustwide/cargo-home/registry/src/index.crates.io-6f17d22bba15001f/chat-prompts-0.17.2/src/chat/mod.rs:50:8
[INFO] [stdout]      |
[INFO] [stdout] 50   |     fn build_with_tools(
[INFO] [stdout]      |        ^^^^^^^^^^^^^^^^
[INFO] [stdout] 
[INFO] [stdout] 
[INFO] [stdout] warning: unused variable: `warn_msg`
[INFO] [stdout]     --> src/chat.rs:1631:25
[INFO] [stdout]      |
[INFO] [stdout] 1631 |                     let warn_msg = format!("Failed to create a regex pattern. Reason: {}", e);
[INFO] [stdout]      |                         ^^^^^^^^ help: if this is intentional, prefix it with an underscore: `_warn_msg`
[INFO] [stdout]      |
[INFO] [stdout]      = note: `#[warn(unused_variables)]` on by default
[INFO] [stdout] 
[INFO] [stdout] 
[INFO] [stdout] warning: unused variable: `warn_msg`
[INFO] [stdout]     --> src/chat.rs:1682:25
[INFO] [stdout]      |
[INFO] [stdout] 1682 |                     let warn_msg = format!("Failed to create a regex pattern. Reason: {}", e);
[INFO] [stdout]      |                         ^^^^^^^^ help: if this is intentional, prefix it with an underscore: `_warn_msg`
[INFO] [stdout] 
[INFO] [stdout] 
[INFO] [stdout] For more information about this error, try `rustc --explain E0308`.
[INFO] [stdout] 
[INFO] [stderr] error: could not compile `llama-core` (lib) due to 5 previous errors; 2 warnings emitted
[INFO] [stderr] warning: build failed, waiting for other jobs to finish...
[INFO] running `Command { std: "docker" "inspect" "d4e8e834c8c632b8703aa7a5d0a6e3c2dc1afddae45b5ece8b70183a27f1ed0d", kill_on_drop: false }`
[INFO] running `Command { std: "docker" "rm" "-f" "d4e8e834c8c632b8703aa7a5d0a6e3c2dc1afddae45b5ece8b70183a27f1ed0d", kill_on_drop: false }`
[INFO] [stdout] d4e8e834c8c632b8703aa7a5d0a6e3c2dc1afddae45b5ece8b70183a27f1ed0d
