[INFO] fetching crate links_core 0.2.12...
[INFO] testing links_core-0.2.12 against nightly-2024-10-28+rustflags=-Zrandomize-layout for randomize-layout
[INFO] extracting crate links_core 0.2.12 into /workspace/builds/worker-0-tc2/source
[INFO] validating manifest of crates.io crate links_core 0.2.12 on toolchain nightly-2024-10-28
[INFO] running `Command { std: CARGO_HOME="/workspace/cargo-home" RUSTUP_HOME="/workspace/rustup-home" "/workspace/cargo-home/bin/cargo" "+nightly-2024-10-28" "metadata" "--manifest-path" "Cargo.toml" "--no-deps", kill_on_drop: false }`
[INFO] started tweaking crates.io crate links_core 0.2.12
[INFO] finished tweaking crates.io crate links_core 0.2.12
[INFO] tweaked toml for crates.io crate links_core 0.2.12 written to /workspace/builds/worker-0-tc2/source/Cargo.toml
[INFO] running `Command { std: CARGO_HOME="/workspace/cargo-home" RUSTUP_HOME="/workspace/rustup-home" "/workspace/cargo-home/bin/cargo" "+nightly-2024-10-28" "generate-lockfile" "--manifest-path" "Cargo.toml", kill_on_drop: false }`
[INFO] [stderr]     Updating crates.io index
[INFO] [stderr]      Locking 86 packages to latest compatible versions
[INFO] running `Command { std: CARGO_HOME="/workspace/cargo-home" RUSTUP_HOME="/workspace/rustup-home" "/workspace/cargo-home/bin/cargo" "+nightly-2024-10-28" "fetch" "--manifest-path" "Cargo.toml", kill_on_drop: false }`
[INFO] running `Command { std: "docker" "create" "-v" "/var/lib/crater-agent-workspace/builds/worker-0-tc2/target:/opt/rustwide/target:rw,Z" "-v" "/var/lib/crater-agent-workspace/builds/worker-0-tc2/source:/opt/rustwide/workdir:ro,Z" "-v" "/var/lib/crater-agent-workspace/cargo-home:/opt/rustwide/cargo-home:ro,Z" "-v" "/var/lib/crater-agent-workspace/rustup-home:/opt/rustwide/rustup-home:ro,Z" "-e" "SOURCE_DIR=/opt/rustwide/workdir" "-e" "CARGO_TARGET_DIR=/opt/rustwide/target" "-e" "CARGO_HOME=/opt/rustwide/cargo-home" "-e" "RUSTUP_HOME=/opt/rustwide/rustup-home" "-w" "/opt/rustwide/workdir" "-m" "1610612736" "--user" "0:0" "--network" "none" "ghcr.io/rust-lang/crates-build-env/linux@sha256:4a844ea9eb2546a2d2c7022eacef16ef2e8229c7fbb2c7d4d55a9ceca922f72d" "/opt/rustwide/cargo-home/bin/cargo" "+nightly-2024-10-28" "metadata" "--no-deps" "--format-version=1", kill_on_drop: false }`
[INFO] [stdout] 9cd971c9833422e0a0fe8e546ee4da2f81b372edea3cbd4040b43d8fb1286484
[INFO] running `Command { std: "docker" "start" "-a" "9cd971c9833422e0a0fe8e546ee4da2f81b372edea3cbd4040b43d8fb1286484", kill_on_drop: false }`
[INFO] running `Command { std: "docker" "inspect" "9cd971c9833422e0a0fe8e546ee4da2f81b372edea3cbd4040b43d8fb1286484", kill_on_drop: false }`
[INFO] running `Command { std: "docker" "rm" "-f" "9cd971c9833422e0a0fe8e546ee4da2f81b372edea3cbd4040b43d8fb1286484", kill_on_drop: false }`
[INFO] [stdout] 9cd971c9833422e0a0fe8e546ee4da2f81b372edea3cbd4040b43d8fb1286484
[INFO] running `Command { std: "docker" "create" "-v" "/var/lib/crater-agent-workspace/builds/worker-0-tc2/target:/opt/rustwide/target:rw,Z" "-v" "/var/lib/crater-agent-workspace/builds/worker-0-tc2/source:/opt/rustwide/workdir:ro,Z" "-v" "/var/lib/crater-agent-workspace/cargo-home:/opt/rustwide/cargo-home:ro,Z" "-v" "/var/lib/crater-agent-workspace/rustup-home:/opt/rustwide/rustup-home:ro,Z" "-e" "SOURCE_DIR=/opt/rustwide/workdir" "-e" "CARGO_TARGET_DIR=/opt/rustwide/target" "-e" "CARGO_INCREMENTAL=0" "-e" "RUST_BACKTRACE=full" "-e" "RUSTFLAGS=--cap-lints=forbid -Zrandomize-layout" "-e" "RUSTDOCFLAGS=--cap-lints=forbid" "-e" "CARGO_HOME=/opt/rustwide/cargo-home" "-e" "RUSTUP_HOME=/opt/rustwide/rustup-home" "-w" "/opt/rustwide/workdir" "-m" "1610612736" "--user" "0:0" "--network" "none" "ghcr.io/rust-lang/crates-build-env/linux@sha256:4a844ea9eb2546a2d2c7022eacef16ef2e8229c7fbb2c7d4d55a9ceca922f72d" "/opt/rustwide/cargo-home/bin/cargo" "+nightly-2024-10-28" "build" "--frozen" "--message-format=json", kill_on_drop: false }`
[INFO] [stdout] 3dca40b6ae5beec2efa8b9b2785930e31acf7d1354140452b1a925023c86627d
[INFO] running `Command { std: "docker" "start" "-a" "3dca40b6ae5beec2efa8b9b2785930e31acf7d1354140452b1a925023c86627d", kill_on_drop: false }`
[INFO] [stderr]    Compiling num-traits v0.2.19
[INFO] [stderr]    Compiling spin v0.9.8
[INFO] [stderr]    Compiling chrono v0.4.38
[INFO] [stderr]    Compiling links_core v0.2.12 (/opt/rustwide/workdir)
[INFO] [stderr]     Finished `dev` profile [unoptimized + debuginfo] target(s) in 1.63s
[INFO] running `Command { std: "docker" "inspect" "3dca40b6ae5beec2efa8b9b2785930e31acf7d1354140452b1a925023c86627d", kill_on_drop: false }`
[INFO] running `Command { std: "docker" "rm" "-f" "3dca40b6ae5beec2efa8b9b2785930e31acf7d1354140452b1a925023c86627d", kill_on_drop: false }`
[INFO] [stdout] 3dca40b6ae5beec2efa8b9b2785930e31acf7d1354140452b1a925023c86627d
[INFO] running `Command { std: "docker" "create" "-v" "/var/lib/crater-agent-workspace/builds/worker-0-tc2/target:/opt/rustwide/target:rw,Z" "-v" "/var/lib/crater-agent-workspace/builds/worker-0-tc2/source:/opt/rustwide/workdir:ro,Z" "-v" "/var/lib/crater-agent-workspace/cargo-home:/opt/rustwide/cargo-home:ro,Z" "-v" "/var/lib/crater-agent-workspace/rustup-home:/opt/rustwide/rustup-home:ro,Z" "-e" "SOURCE_DIR=/opt/rustwide/workdir" "-e" "CARGO_TARGET_DIR=/opt/rustwide/target" "-e" "CARGO_INCREMENTAL=0" "-e" "RUST_BACKTRACE=full" "-e" "RUSTFLAGS=--cap-lints=forbid -Zrandomize-layout" "-e" "RUSTDOCFLAGS=--cap-lints=forbid" "-e" "CARGO_HOME=/opt/rustwide/cargo-home" "-e" "RUSTUP_HOME=/opt/rustwide/rustup-home" "-w" "/opt/rustwide/workdir" "-m" "1610612736" "--user" "0:0" "--network" "none" "ghcr.io/rust-lang/crates-build-env/linux@sha256:4a844ea9eb2546a2d2c7022eacef16ef2e8229c7fbb2c7d4d55a9ceca922f72d" "/opt/rustwide/cargo-home/bin/cargo" "+nightly-2024-10-28" "test" "--frozen" "--no-run" "--message-format=json", kill_on_drop: false }`
[INFO] [stdout] de984d85b0d82bfd5855fbe4aa415f066c4fd48af6813f5d1cd082a032ee6a98
[INFO] running `Command { std: "docker" "start" "-a" "de984d85b0d82bfd5855fbe4aa415f066c4fd48af6813f5d1cd082a032ee6a98", kill_on_drop: false }`
[INFO] [stderr]    Compiling more-asserts v0.3.1
[INFO] [stderr]    Compiling links_core v0.2.12 (/opt/rustwide/workdir)
[INFO] [stdout] error[E0432]: unresolved import `crate::unittest`
[INFO] [stdout]    --> src/core/conid.rs:157:16
[INFO] [stdout]     |
[INFO] [stdout] 157 |     use crate::unittest::setup;
[INFO] [stdout]     |                ^^^^^^^^ could not find `unittest` in the crate root
[INFO] [stdout]     |
[INFO] [stdout] note: found an item that was configured out
[INFO] [stdout]    --> src/lib.rs:10:9
[INFO] [stdout]     |
[INFO] [stdout] 10  | pub mod unittest;
[INFO] [stdout]     |         ^^^^^^^^
[INFO] [stdout] note: the item is gated behind the `unittest` feature
[INFO] [stdout]    --> src/lib.rs:9:7
[INFO] [stdout]     |
[INFO] [stdout] 9   | #[cfg(feature = "unittest")]
[INFO] [stdout]     |       ^^^^^^^^^^^^^^^^^^^^
[INFO] [stdout] 
[INFO] [stdout] 
[INFO] [stdout] error[E0432]: unresolved import `crate::unittest`
[INFO] [stdout]    --> src/core/counters/max_connection.rs:105:16
[INFO] [stdout]     |
[INFO] [stdout] 105 |     use crate::unittest::setup;
[INFO] [stdout]     |                ^^^^^^^^ could not find `unittest` in the crate root
[INFO] [stdout]     |
[INFO] [stdout] note: found an item that was configured out
[INFO] [stdout]    --> src/lib.rs:10:9
[INFO] [stdout]     |
[INFO] [stdout] 10  | pub mod unittest;
[INFO] [stdout]     |         ^^^^^^^^
[INFO] [stdout] note: the item is gated behind the `unittest` feature
[INFO] [stdout]    --> src/lib.rs:9:7
[INFO] [stdout]     |
[INFO] [stdout] 9   | #[cfg(feature = "unittest")]
[INFO] [stdout]     |       ^^^^^^^^^^^^^^^^^^^^
[INFO] [stdout] 
[INFO] [stdout] 
[INFO] [stdout] error[E0432]: unresolved import `crate::unittest`
[INFO] [stdout]    --> src/core/framer/mod.rs:102:54
[INFO] [stdout]     |
[INFO] [stdout] 102 |     use crate::{core::framer::PacketLengthU16Framer, unittest::setup};
[INFO] [stdout]     |                                                      ^^^^^^^^ could not find `unittest` in the crate root
[INFO] [stdout]     |
[INFO] [stdout] note: found an item that was configured out
[INFO] [stdout]    --> src/lib.rs:10:9
[INFO] [stdout]     |
[INFO] [stdout] 10  | pub mod unittest;
[INFO] [stdout]     |         ^^^^^^^^
[INFO] [stdout] note: the item is gated behind the `unittest` feature
[INFO] [stdout]    --> src/lib.rs:9:7
[INFO] [stdout]     |
[INFO] [stdout] 9   | #[cfg(feature = "unittest")]
[INFO] [stdout]     |       ^^^^^^^^^^^^^^^^^^^^
[INFO] [stdout] 
[INFO] [stdout] 
[INFO] [stdout] error[E0432]: unresolved import `crate::unittest`
[INFO] [stdout]   --> src/core/pool/iter.rs:37:16
[INFO] [stdout]    |
[INFO] [stdout] 37 |     use crate::unittest::setup;
[INFO] [stdout]    |                ^^^^^^^^ could not find `unittest` in the crate root
[INFO] [stdout]    |
[INFO] [stdout] note: found an item that was configured out
[INFO] [stdout]   --> src/lib.rs:10:9
[INFO] [stdout]    |
[INFO] [stdout] 10 | pub mod unittest;
[INFO] [stdout]    |         ^^^^^^^^
[INFO] [stdout] note: the item is gated behind the `unittest` feature
[INFO] [stdout]   --> src/lib.rs:9:7
[INFO] [stdout]    |
[INFO] [stdout] 9  | #[cfg(feature = "unittest")]
[INFO] [stdout]    |       ^^^^^^^^^^^^^^^^^^^^
[INFO] [stdout] 
[INFO] [stdout] 
[INFO] [stdout] error[E0432]: unresolved import `crate::unittest`
[INFO] [stdout]    --> src/core/pool/mod.rs:136:16
[INFO] [stdout]     |
[INFO] [stdout] 136 |     use crate::unittest::setup;
[INFO] [stdout]     |                ^^^^^^^^ could not find `unittest` in the crate root
[INFO] [stdout]     |
[INFO] [stdout] note: found an item that was configured out
[INFO] [stdout]    --> src/lib.rs:10:9
[INFO] [stdout]     |
[INFO] [stdout] 10  | pub mod unittest;
[INFO] [stdout]     |         ^^^^^^^^
[INFO] [stdout] note: the item is gated behind the `unittest` feature
[INFO] [stdout]    --> src/lib.rs:9:7
[INFO] [stdout]     |
[INFO] [stdout] 9   | #[cfg(feature = "unittest")]
[INFO] [stdout]     |       ^^^^^^^^^^^^^^^^^^^^
[INFO] [stdout] 
[INFO] [stdout] 
[INFO] [stdout] error[E0432]: unresolved import `crate::unittest`
[INFO] [stdout]   --> src/scheduler/task.rs:94:16
[INFO] [stdout]    |
[INFO] [stdout] 94 |     use crate::unittest::setup;
[INFO] [stdout]    |                ^^^^^^^^ could not find `unittest` in the crate root
[INFO] [stdout]    |
[INFO] [stdout] note: found an item that was configured out
[INFO] [stdout]   --> src/lib.rs:10:9
[INFO] [stdout]    |
[INFO] [stdout] 10 | pub mod unittest;
[INFO] [stdout]    |         ^^^^^^^^
[INFO] [stdout] note: the item is gated behind the `unittest` feature
[INFO] [stdout]   --> src/lib.rs:9:7
[INFO] [stdout]    |
[INFO] [stdout] 9  | #[cfg(feature = "unittest")]
[INFO] [stdout]    |       ^^^^^^^^^^^^^^^^^^^^
[INFO] [stdout] 
[INFO] [stdout] 
[INFO] [stdout] error[E0432]: unresolved import `crate::unittest`
[INFO] [stdout]    --> src/scheduler/timer.rs:167:16
[INFO] [stdout]     |
[INFO] [stdout] 167 |     use crate::unittest::setup;
[INFO] [stdout]     |                ^^^^^^^^ could not find `unittest` in the crate root
[INFO] [stdout]     |
[INFO] [stdout] note: found an item that was configured out
[INFO] [stdout]    --> src/lib.rs:10:9
[INFO] [stdout]     |
[INFO] [stdout] 10  | pub mod unittest;
[INFO] [stdout]     |         ^^^^^^^^
[INFO] [stdout] note: the item is gated behind the `unittest` feature
[INFO] [stdout]    --> src/lib.rs:9:7
[INFO] [stdout]     |
[INFO] [stdout] 9   | #[cfg(feature = "unittest")]
[INFO] [stdout]     |       ^^^^^^^^^^^^^^^^^^^^
[INFO] [stdout] 
[INFO] [stdout] 
[INFO] [stdout] For more information about this error, try `rustc --explain E0432`.
[INFO] [stdout] 
[INFO] [stderr] error: could not compile `links_core` (lib test) due to 7 previous errors
[INFO] running `Command { std: "docker" "inspect" "de984d85b0d82bfd5855fbe4aa415f066c4fd48af6813f5d1cd082a032ee6a98", kill_on_drop: false }`
[INFO] running `Command { std: "docker" "rm" "-f" "de984d85b0d82bfd5855fbe4aa415f066c4fd48af6813f5d1cd082a032ee6a98", kill_on_drop: false }`
[INFO] [stdout] de984d85b0d82bfd5855fbe4aa415f066c4fd48af6813f5d1cd082a032ee6a98
