[INFO] fetching crate linkme 0.3.29...
[INFO] testing linkme-0.3.29 against nightly-2024-10-28 for randomize-layout
[INFO] extracting crate linkme 0.3.29 into /workspace/builds/worker-6-tc1/source
[INFO] validating manifest of crates.io crate linkme 0.3.29 on toolchain nightly-2024-10-28
[INFO] running `Command { std: CARGO_HOME="/workspace/cargo-home" RUSTUP_HOME="/workspace/rustup-home" "/workspace/cargo-home/bin/cargo" "+nightly-2024-10-28" "metadata" "--manifest-path" "Cargo.toml" "--no-deps", kill_on_drop: false }`
[INFO] started tweaking crates.io crate linkme 0.3.29
[INFO] removed 0 missing tests
[INFO] finished tweaking crates.io crate linkme 0.3.29
[INFO] tweaked toml for crates.io crate linkme 0.3.29 written to /workspace/builds/worker-6-tc1/source/Cargo.toml
[INFO] running `Command { std: CARGO_HOME="/workspace/cargo-home" RUSTUP_HOME="/workspace/rustup-home" "/workspace/cargo-home/bin/cargo" "+nightly-2024-10-28" "generate-lockfile" "--manifest-path" "Cargo.toml", kill_on_drop: false }`
[INFO] [stderr]     Updating crates.io index
[INFO] [stderr]      Locking 37 packages to latest compatible versions
[INFO] running `Command { std: CARGO_HOME="/workspace/cargo-home" RUSTUP_HOME="/workspace/rustup-home" "/workspace/cargo-home/bin/cargo" "+nightly-2024-10-28" "fetch" "--manifest-path" "Cargo.toml", kill_on_drop: false }`
[INFO] [stderr]  Downloading crates ...
[INFO] [stderr]   Downloaded linkme-impl v0.3.29
[INFO] running `Command { std: "docker" "create" "-v" "/var/lib/crater-agent-workspace/builds/worker-6-tc1/target:/opt/rustwide/target:rw,Z" "-v" "/var/lib/crater-agent-workspace/builds/worker-6-tc1/source:/opt/rustwide/workdir:ro,Z" "-v" "/var/lib/crater-agent-workspace/cargo-home:/opt/rustwide/cargo-home:ro,Z" "-v" "/var/lib/crater-agent-workspace/rustup-home:/opt/rustwide/rustup-home:ro,Z" "-e" "SOURCE_DIR=/opt/rustwide/workdir" "-e" "CARGO_TARGET_DIR=/opt/rustwide/target" "-e" "CARGO_HOME=/opt/rustwide/cargo-home" "-e" "RUSTUP_HOME=/opt/rustwide/rustup-home" "-w" "/opt/rustwide/workdir" "-m" "1610612736" "--user" "0:0" "--network" "none" "ghcr.io/rust-lang/crates-build-env/linux@sha256:4a844ea9eb2546a2d2c7022eacef16ef2e8229c7fbb2c7d4d55a9ceca922f72d" "/opt/rustwide/cargo-home/bin/cargo" "+nightly-2024-10-28" "metadata" "--no-deps" "--format-version=1", kill_on_drop: false }`
[INFO] [stdout] b6ba43072f92184450f9e6936d2b08c31eb9074e60fd405fd6dc9d4367983049
[INFO] running `Command { std: "docker" "start" "-a" "b6ba43072f92184450f9e6936d2b08c31eb9074e60fd405fd6dc9d4367983049", kill_on_drop: false }`
[INFO] running `Command { std: "docker" "inspect" "b6ba43072f92184450f9e6936d2b08c31eb9074e60fd405fd6dc9d4367983049", kill_on_drop: false }`
[INFO] running `Command { std: "docker" "rm" "-f" "b6ba43072f92184450f9e6936d2b08c31eb9074e60fd405fd6dc9d4367983049", kill_on_drop: false }`
[INFO] [stdout] b6ba43072f92184450f9e6936d2b08c31eb9074e60fd405fd6dc9d4367983049
[INFO] running `Command { std: "docker" "create" "-v" "/var/lib/crater-agent-workspace/builds/worker-6-tc1/target:/opt/rustwide/target:rw,Z" "-v" "/var/lib/crater-agent-workspace/builds/worker-6-tc1/source:/opt/rustwide/workdir:ro,Z" "-v" "/var/lib/crater-agent-workspace/cargo-home:/opt/rustwide/cargo-home:ro,Z" "-v" "/var/lib/crater-agent-workspace/rustup-home:/opt/rustwide/rustup-home:ro,Z" "-e" "SOURCE_DIR=/opt/rustwide/workdir" "-e" "CARGO_TARGET_DIR=/opt/rustwide/target" "-e" "CARGO_INCREMENTAL=0" "-e" "RUST_BACKTRACE=full" "-e" "RUSTFLAGS=--cap-lints=forbid" "-e" "RUSTDOCFLAGS=--cap-lints=forbid" "-e" "CARGO_HOME=/opt/rustwide/cargo-home" "-e" "RUSTUP_HOME=/opt/rustwide/rustup-home" "-w" "/opt/rustwide/workdir" "-m" "1610612736" "--user" "0:0" "--network" "none" "ghcr.io/rust-lang/crates-build-env/linux@sha256:4a844ea9eb2546a2d2c7022eacef16ef2e8229c7fbb2c7d4d55a9ceca922f72d" "/opt/rustwide/cargo-home/bin/cargo" "+nightly-2024-10-28" "build" "--frozen" "--message-format=json", kill_on_drop: false }`
[INFO] [stdout] 8f13e709ca13d06fe02a20a35e5285d53a53f8c91d5adb7404cc4463e5cdd7cb
[INFO] running `Command { std: "docker" "start" "-a" "8f13e709ca13d06fe02a20a35e5285d53a53f8c91d5adb7404cc4463e5cdd7cb", kill_on_drop: false }`
[INFO] [stderr]    Compiling syn v2.0.86
[INFO] [stderr]    Compiling linkme-impl v0.3.29
[INFO] [stderr]    Compiling linkme v0.3.29 (/opt/rustwide/workdir)
[INFO] [stderr]     Finished `dev` profile [unoptimized + debuginfo] target(s) in 1.60s
[INFO] running `Command { std: "docker" "inspect" "8f13e709ca13d06fe02a20a35e5285d53a53f8c91d5adb7404cc4463e5cdd7cb", kill_on_drop: false }`
[INFO] running `Command { std: "docker" "rm" "-f" "8f13e709ca13d06fe02a20a35e5285d53a53f8c91d5adb7404cc4463e5cdd7cb", kill_on_drop: false }`
[INFO] [stdout] 8f13e709ca13d06fe02a20a35e5285d53a53f8c91d5adb7404cc4463e5cdd7cb
[INFO] running `Command { std: "docker" "create" "-v" "/var/lib/crater-agent-workspace/builds/worker-6-tc1/target:/opt/rustwide/target:rw,Z" "-v" "/var/lib/crater-agent-workspace/builds/worker-6-tc1/source:/opt/rustwide/workdir:ro,Z" "-v" "/var/lib/crater-agent-workspace/cargo-home:/opt/rustwide/cargo-home:ro,Z" "-v" "/var/lib/crater-agent-workspace/rustup-home:/opt/rustwide/rustup-home:ro,Z" "-e" "SOURCE_DIR=/opt/rustwide/workdir" "-e" "CARGO_TARGET_DIR=/opt/rustwide/target" "-e" "CARGO_INCREMENTAL=0" "-e" "RUST_BACKTRACE=full" "-e" "RUSTFLAGS=--cap-lints=forbid" "-e" "RUSTDOCFLAGS=--cap-lints=forbid" "-e" "CARGO_HOME=/opt/rustwide/cargo-home" "-e" "RUSTUP_HOME=/opt/rustwide/rustup-home" "-w" "/opt/rustwide/workdir" "-m" "1610612736" "--user" "0:0" "--network" "none" "ghcr.io/rust-lang/crates-build-env/linux@sha256:4a844ea9eb2546a2d2c7022eacef16ef2e8229c7fbb2c7d4d55a9ceca922f72d" "/opt/rustwide/cargo-home/bin/cargo" "+nightly-2024-10-28" "test" "--frozen" "--no-run" "--message-format=json", kill_on_drop: false }`
[INFO] [stdout] e9f0e595ab0d0f50fc1c88d1c08f2eb937df9fb02da4a70bc08efe546999e0ed
[INFO] running `Command { std: "docker" "start" "-a" "e9f0e595ab0d0f50fc1c88d1c08f2eb937df9fb02da4a70bc08efe546999e0ed", kill_on_drop: false }`
[INFO] [stderr]    Compiling target-triple v0.1.3
[INFO] [stderr]    Compiling rustversion v1.0.18
[INFO] [stderr]    Compiling dissimilar v1.0.9
[INFO] [stderr]    Compiling toml_edit v0.22.22
[INFO] [stderr]    Compiling serde_json v1.0.132
[INFO] [stderr]    Compiling serde_derive v1.0.214
[INFO] [stderr]    Compiling toml v0.8.19
[INFO] [stderr]    Compiling trybuild v1.0.101
[INFO] [stderr]    Compiling linkme v0.3.29 (/opt/rustwide/workdir)
[INFO] [stdout] error: linking with `cc` failed: exit status: 1
[INFO] [stdout]   |
[INFO] [stdout]   = note: LC_ALL="C" PATH="/opt/rustwide/rustup-home/toolchains/nightly-2024-10-28-x86_64-unknown-linux-gnu/lib/rustlib/x86_64-unknown-linux-gnu/bin:/opt/rustwide/rustup-home/toolchains/nightly-2024-10-28-x86_64-unknown-linux-gnu/lib/rustlib/x86_64-unknown-linux-gnu/bin/self-contained:/opt/rustwide/cargo-home/bin:/usr/local/sbin:/usr/local/bin:/usr/sbin:/usr/bin:/sbin:/bin" VSLANG="1033" "cc" "-m64" "/tmp/rustceaDQd9/symbols.o" "/opt/rustwide/target/debug/deps/module_2021-78358085a6812b41.module_2021.1bc50d032b7d7b01-cgu.0.rcgu.o" "/opt/rustwide/target/debug/deps/module_2021-78358085a6812b41.7hxhdlleq67czvachysnr584j.rcgu.o" "-Wl,--as-needed" "-Wl,-Bstatic" "/opt/rustwide/target/debug/deps/liblinkme-b1a5acf05a491570.rlib" "/opt/rustwide/rustup-home/toolchains/nightly-2024-10-28-x86_64-unknown-linux-gnu/lib/rustlib/x86_64-unknown-linux-gnu/lib/libtest-a09fad3b5321e7d6.rlib" "/opt/rustwide/rustup-home/toolchains/nightly-2024-10-28-x86_64-unknown-linux-gnu/lib/rustlib/x86_64-unknown-linux-gnu/lib/libgetopts-f9c3dff41ad42661.rlib" "/opt/rustwide/rustup-home/toolchains/nightly-2024-10-28-x86_64-unknown-linux-gnu/lib/rustlib/x86_64-unknown-linux-gnu/lib/libunicode_width-ad2aef31af6addd3.rlib" "/opt/rustwide/rustup-home/toolchains/nightly-2024-10-28-x86_64-unknown-linux-gnu/lib/rustlib/x86_64-unknown-linux-gnu/lib/librustc_std_workspace_std-e3f907dc03deb913.rlib" "/opt/rustwide/rustup-home/toolchains/nightly-2024-10-28-x86_64-unknown-linux-gnu/lib/rustlib/x86_64-unknown-linux-gnu/lib/libstd-fb8c387236db3c10.rlib" "/opt/rustwide/rustup-home/toolchains/nightly-2024-10-28-x86_64-unknown-linux-gnu/lib/rustlib/x86_64-unknown-linux-gnu/lib/libpanic_unwind-b251837809b2f64b.rlib" "/opt/rustwide/rustup-home/toolchains/nightly-2024-10-28-x86_64-unknown-linux-gnu/lib/rustlib/x86_64-unknown-linux-gnu/lib/libobject-cbef83eaa4e01f04.rlib" "/opt/rustwide/rustup-home/toolchains/nightly-2024-10-28-x86_64-unknown-linux-gnu/lib/rustlib/x86_64-unknown-linux-gnu/lib/libmemchr-12a772286de2fca7.rlib" "/opt/rustwide/rustup-home/toolchains/nightly-2024-10-28-x86_64-unknown-linux-gnu/lib/rustlib/x86_64-unknown-linux-gnu/lib/libaddr2line-023bbe5ada7abfc3.rlib" "/opt/rustwide/rustup-home/toolchains/nightly-2024-10-28-x86_64-unknown-linux-gnu/lib/rustlib/x86_64-unknown-linux-gnu/lib/libgimli-de2bcdf10ec69c2b.rlib" "/opt/rustwide/rustup-home/toolchains/nightly-2024-10-28-x86_64-unknown-linux-gnu/lib/rustlib/x86_64-unknown-linux-gnu/lib/librustc_demangle-8e1754df350800fd.rlib" "/opt/rustwide/rustup-home/toolchains/nightly-2024-10-28-x86_64-unknown-linux-gnu/lib/rustlib/x86_64-unknown-linux-gnu/lib/libstd_detect-06c2ab7b9c32e037.rlib" "/opt/rustwide/rustup-home/toolchains/nightly-2024-10-28-x86_64-unknown-linux-gnu/lib/rustlib/x86_64-unknown-linux-gnu/lib/libhashbrown-51d2621fc57a281b.rlib" "/opt/rustwide/rustup-home/toolchains/nightly-2024-10-28-x86_64-unknown-linux-gnu/lib/rustlib/x86_64-unknown-linux-gnu/lib/librustc_std_workspace_alloc-54a930408793772f.rlib" "/opt/rustwide/rustup-home/toolchains/nightly-2024-10-28-x86_64-unknown-linux-gnu/lib/rustlib/x86_64-unknown-linux-gnu/lib/libminiz_oxide-0c7d01cba400dcb2.rlib" "/opt/rustwide/rustup-home/toolchains/nightly-2024-10-28-x86_64-unknown-linux-gnu/lib/rustlib/x86_64-unknown-linux-gnu/lib/libadler-b9f84d69e331b75b.rlib" "/opt/rustwide/rustup-home/toolchains/nightly-2024-10-28-x86_64-unknown-linux-gnu/lib/rustlib/x86_64-unknown-linux-gnu/lib/libunwind-eec95493246aae39.rlib" "/opt/rustwide/rustup-home/toolchains/nightly-2024-10-28-x86_64-unknown-linux-gnu/lib/rustlib/x86_64-unknown-linux-gnu/lib/libcfg_if-6f6676c475e08ab0.rlib" "/opt/rustwide/rustup-home/toolchains/nightly-2024-10-28-x86_64-unknown-linux-gnu/lib/rustlib/x86_64-unknown-linux-gnu/lib/liblibc-799d520624f8b2e0.rlib" "/opt/rustwide/rustup-home/toolchains/nightly-2024-10-28-x86_64-unknown-linux-gnu/lib/rustlib/x86_64-unknown-linux-gnu/lib/liballoc-fcf93d4842acd9a9.rlib" "/opt/rustwide/rustup-home/toolchains/nightly-2024-10-28-x86_64-unknown-linux-gnu/lib/rustlib/x86_64-unknown-linux-gnu/lib/librustc_std_workspace_core-395a38b8e0851c9b.rlib" "/opt/rustwide/rustup-home/toolchains/nightly-2024-10-28-x86_64-unknown-linux-gnu/lib/rustlib/x86_64-unknown-linux-gnu/lib/libcore-d453bab70303062c.rlib" "/opt/rustwide/rustup-home/toolchains/nightly-2024-10-28-x86_64-unknown-linux-gnu/lib/rustlib/x86_64-unknown-linux-gnu/lib/libcompiler_builtins-0e6386368b0a24e8.rlib" "-Wl,-Bdynamic" "-lgcc_s" "-lutil" "-lrt" "-lpthread" "-lm" "-ldl" "-lc" "-B/opt/rustwide/rustup-home/toolchains/nightly-2024-10-28-x86_64-unknown-linux-gnu/lib/rustlib/x86_64-unknown-linux-gnu/bin/gcc-ld" "-fuse-ld=lld" "-Wl,--eh-frame-hdr" "-Wl,-z,noexecstack" "-L" "/opt/rustwide/rustup-home/toolchains/nightly-2024-10-28-x86_64-unknown-linux-gnu/lib/rustlib/x86_64-unknown-linux-gnu/lib" "-o" "/opt/rustwide/target/debug/deps/module_2021-78358085a6812b41" "-Wl,--gc-sections" "-pie" "-Wl,-z,relro,-z,now" "-nodefaultlibs"
[INFO] [stdout]   = note: rust-lld: error: undefined symbol: __start_linkme_SLICE
[INFO] [stdout]           >>> referenced by module_2021.1bc50d032b7d7b01-cgu.0
[INFO] [stdout]           >>>               /opt/rustwide/target/debug/deps/module_2021-78358085a6812b41.module_2021.1bc50d032b7d7b01-cgu.0.rcgu.o:(module_2021::declaration::SLICE::h267551865ade5f07)
[INFO] [stdout]           >>> the encapsulation symbol needs to be retained under --gc-sections properly; consider -z nostart-stop-gc (see https://lld.llvm.org/ELF/start-stop-gc)
[INFO] [stdout]           
[INFO] [stdout]           rust-lld: error: undefined symbol: __stop_linkme_SLICE
[INFO] [stdout]           >>> referenced by module_2021.1bc50d032b7d7b01-cgu.0
[INFO] [stdout]           >>>               /opt/rustwide/target/debug/deps/module_2021-78358085a6812b41.module_2021.1bc50d032b7d7b01-cgu.0.rcgu.o:(module_2021::declaration::SLICE::h267551865ade5f07)
[INFO] [stdout]           
[INFO] [stdout]           rust-lld: error: undefined symbol: __start_linkm2_SLICE
[INFO] [stdout]           >>> referenced by module_2021.1bc50d032b7d7b01-cgu.0
[INFO] [stdout]           >>>               /opt/rustwide/target/debug/deps/module_2021-78358085a6812b41.module_2021.1bc50d032b7d7b01-cgu.0.rcgu.o:(module_2021::declaration::SLICE::h267551865ade5f07)
[INFO] [stdout]           >>> the encapsulation symbol needs to be retained under --gc-sections properly; consider -z nostart-stop-gc (see https://lld.llvm.org/ELF/start-stop-gc)
[INFO] [stdout]           
[INFO] [stdout]           rust-lld: error: undefined symbol: __stop_linkm2_SLICE
[INFO] [stdout]           >>> referenced by module_2021.1bc50d032b7d7b01-cgu.0
[INFO] [stdout]           >>>               /opt/rustwide/target/debug/deps/module_2021-78358085a6812b41.module_2021.1bc50d032b7d7b01-cgu.0.rcgu.o:(module_2021::declaration::SLICE::h267551865ade5f07)
[INFO] [stdout]           collect2: error: ld returned 1 exit status
[INFO] [stdout]           
[INFO] [stdout] 
[INFO] [stdout] 
[INFO] [stderr] error: could not compile `linkme` (test "module_2021") due to 1 previous error
[INFO] [stderr] warning: build failed, waiting for other jobs to finish...
[INFO] [stdout] error: linking with `cc` failed: exit status: 1
[INFO] [stdout]   |
[INFO] [stdout]   = note: LC_ALL="C" PATH="/opt/rustwide/rustup-home/toolchains/nightly-2024-10-28-x86_64-unknown-linux-gnu/lib/rustlib/x86_64-unknown-linux-gnu/bin:/opt/rustwide/rustup-home/toolchains/nightly-2024-10-28-x86_64-unknown-linux-gnu/lib/rustlib/x86_64-unknown-linux-gnu/bin/self-contained:/opt/rustwide/cargo-home/bin:/usr/local/sbin:/usr/local/bin:/usr/sbin:/usr/bin:/sbin:/bin" VSLANG="1033" "cc" "-m64" "/tmp/rustc0yL8wS/symbols.o" "/opt/rustwide/target/debug/deps/module_2015-83f41cb8e6a0d561.module_2015.f9b9e143e3754f5b-cgu.0.rcgu.o" "/opt/rustwide/target/debug/deps/module_2015-83f41cb8e6a0d561.59t4f0j5l4tmxbd5qv8jpo39a.rcgu.o" "-Wl,--as-needed" "-Wl,-Bstatic" "/opt/rustwide/rustup-home/toolchains/nightly-2024-10-28-x86_64-unknown-linux-gnu/lib/rustlib/x86_64-unknown-linux-gnu/lib/libtest-a09fad3b5321e7d6.rlib" "/opt/rustwide/rustup-home/toolchains/nightly-2024-10-28-x86_64-unknown-linux-gnu/lib/rustlib/x86_64-unknown-linux-gnu/lib/libgetopts-f9c3dff41ad42661.rlib" "/opt/rustwide/rustup-home/toolchains/nightly-2024-10-28-x86_64-unknown-linux-gnu/lib/rustlib/x86_64-unknown-linux-gnu/lib/libunicode_width-ad2aef31af6addd3.rlib" "/opt/rustwide/rustup-home/toolchains/nightly-2024-10-28-x86_64-unknown-linux-gnu/lib/rustlib/x86_64-unknown-linux-gnu/lib/librustc_std_workspace_std-e3f907dc03deb913.rlib" "/opt/rustwide/target/debug/deps/liblinkme-b1a5acf05a491570.rlib" "/opt/rustwide/rustup-home/toolchains/nightly-2024-10-28-x86_64-unknown-linux-gnu/lib/rustlib/x86_64-unknown-linux-gnu/lib/libstd-fb8c387236db3c10.rlib" "/opt/rustwide/rustup-home/toolchains/nightly-2024-10-28-x86_64-unknown-linux-gnu/lib/rustlib/x86_64-unknown-linux-gnu/lib/libpanic_unwind-b251837809b2f64b.rlib" "/opt/rustwide/rustup-home/toolchains/nightly-2024-10-28-x86_64-unknown-linux-gnu/lib/rustlib/x86_64-unknown-linux-gnu/lib/libobject-cbef83eaa4e01f04.rlib" "/opt/rustwide/rustup-home/toolchains/nightly-2024-10-28-x86_64-unknown-linux-gnu/lib/rustlib/x86_64-unknown-linux-gnu/lib/libmemchr-12a772286de2fca7.rlib" "/opt/rustwide/rustup-home/toolchains/nightly-2024-10-28-x86_64-unknown-linux-gnu/lib/rustlib/x86_64-unknown-linux-gnu/lib/libaddr2line-023bbe5ada7abfc3.rlib" "/opt/rustwide/rustup-home/toolchains/nightly-2024-10-28-x86_64-unknown-linux-gnu/lib/rustlib/x86_64-unknown-linux-gnu/lib/libgimli-de2bcdf10ec69c2b.rlib" "/opt/rustwide/rustup-home/toolchains/nightly-2024-10-28-x86_64-unknown-linux-gnu/lib/rustlib/x86_64-unknown-linux-gnu/lib/librustc_demangle-8e1754df350800fd.rlib" "/opt/rustwide/rustup-home/toolchains/nightly-2024-10-28-x86_64-unknown-linux-gnu/lib/rustlib/x86_64-unknown-linux-gnu/lib/libstd_detect-06c2ab7b9c32e037.rlib" "/opt/rustwide/rustup-home/toolchains/nightly-2024-10-28-x86_64-unknown-linux-gnu/lib/rustlib/x86_64-unknown-linux-gnu/lib/libhashbrown-51d2621fc57a281b.rlib" "/opt/rustwide/rustup-home/toolchains/nightly-2024-10-28-x86_64-unknown-linux-gnu/lib/rustlib/x86_64-unknown-linux-gnu/lib/librustc_std_workspace_alloc-54a930408793772f.rlib" "/opt/rustwide/rustup-home/toolchains/nightly-2024-10-28-x86_64-unknown-linux-gnu/lib/rustlib/x86_64-unknown-linux-gnu/lib/libminiz_oxide-0c7d01cba400dcb2.rlib" "/opt/rustwide/rustup-home/toolchains/nightly-2024-10-28-x86_64-unknown-linux-gnu/lib/rustlib/x86_64-unknown-linux-gnu/lib/libadler-b9f84d69e331b75b.rlib" "/opt/rustwide/rustup-home/toolchains/nightly-2024-10-28-x86_64-unknown-linux-gnu/lib/rustlib/x86_64-unknown-linux-gnu/lib/libunwind-eec95493246aae39.rlib" "/opt/rustwide/rustup-home/toolchains/nightly-2024-10-28-x86_64-unknown-linux-gnu/lib/rustlib/x86_64-unknown-linux-gnu/lib/libcfg_if-6f6676c475e08ab0.rlib" "/opt/rustwide/rustup-home/toolchains/nightly-2024-10-28-x86_64-unknown-linux-gnu/lib/rustlib/x86_64-unknown-linux-gnu/lib/liblibc-799d520624f8b2e0.rlib" "/opt/rustwide/rustup-home/toolchains/nightly-2024-10-28-x86_64-unknown-linux-gnu/lib/rustlib/x86_64-unknown-linux-gnu/lib/liballoc-fcf93d4842acd9a9.rlib" "/opt/rustwide/rustup-home/toolchains/nightly-2024-10-28-x86_64-unknown-linux-gnu/lib/rustlib/x86_64-unknown-linux-gnu/lib/librustc_std_workspace_core-395a38b8e0851c9b.rlib" "/opt/rustwide/rustup-home/toolchains/nightly-2024-10-28-x86_64-unknown-linux-gnu/lib/rustlib/x86_64-unknown-linux-gnu/lib/libcore-d453bab70303062c.rlib" "/opt/rustwide/rustup-home/toolchains/nightly-2024-10-28-x86_64-unknown-linux-gnu/lib/rustlib/x86_64-unknown-linux-gnu/lib/libcompiler_builtins-0e6386368b0a24e8.rlib" "-Wl,-Bdynamic" "-lgcc_s" "-lutil" "-lrt" "-lpthread" "-lm" "-ldl" "-lc" "-B/opt/rustwide/rustup-home/toolchains/nightly-2024-10-28-x86_64-unknown-linux-gnu/lib/rustlib/x86_64-unknown-linux-gnu/bin/gcc-ld" "-fuse-ld=lld" "-Wl,--eh-frame-hdr" "-Wl,-z,noexecstack" "-L" "/opt/rustwide/rustup-home/toolchains/nightly-2024-10-28-x86_64-unknown-linux-gnu/lib/rustlib/x86_64-unknown-linux-gnu/lib" "-o" "/opt/rustwide/target/debug/deps/module_2015-83f41cb8e6a0d561" "-Wl,--gc-sections" "-pie" "-Wl,-z,relro,-z,now" "-nodefaultlibs"
[INFO] [stdout]   = note: rust-lld: error: undefined symbol: __start_linkme_SLICE
[INFO] [stdout]           >>> referenced by module_2015.f9b9e143e3754f5b-cgu.0
[INFO] [stdout]           >>>               /opt/rustwide/target/debug/deps/module_2015-83f41cb8e6a0d561.module_2015.f9b9e143e3754f5b-cgu.0.rcgu.o:(module_2015::declaration::SLICE::h11b51e248904f618)
[INFO] [stdout]           >>> the encapsulation symbol needs to be retained under --gc-sections properly; consider -z nostart-stop-gc (see https://lld.llvm.org/ELF/start-stop-gc)
[INFO] [stdout]           
[INFO] [stdout]           rust-lld: error: undefined symbol: __stop_linkme_SLICE
[INFO] [stdout]           >>> referenced by module_2015.f9b9e143e3754f5b-cgu.0
[INFO] [stdout]           >>>               /opt/rustwide/target/debug/deps/module_2015-83f41cb8e6a0d561.module_2015.f9b9e143e3754f5b-cgu.0.rcgu.o:(module_2015::declaration::SLICE::h11b51e248904f618)
[INFO] [stdout]           
[INFO] [stdout]           rust-lld: error: undefined symbol: __start_linkm2_SLICE
[INFO] [stdout]           >>> referenced by module_2015.f9b9e143e3754f5b-cgu.0
[INFO] [stdout]           >>>               /opt/rustwide/target/debug/deps/module_2015-83f41cb8e6a0d561.module_2015.f9b9e143e3754f5b-cgu.0.rcgu.o:(module_2015::declaration::SLICE::h11b51e248904f618)
[INFO] [stdout]           >>> the encapsulation symbol needs to be retained under --gc-sections properly; consider -z nostart-stop-gc (see https://lld.llvm.org/ELF/start-stop-gc)
[INFO] [stdout]           
[INFO] [stdout]           rust-lld: error: undefined symbol: __stop_linkm2_SLICE
[INFO] [stdout]           >>> referenced by module_2015.f9b9e143e3754f5b-cgu.0
[INFO] [stdout]           >>>               /opt/rustwide/target/debug/deps/module_2015-83f41cb8e6a0d561.module_2015.f9b9e143e3754f5b-cgu.0.rcgu.o:(module_2015::declaration::SLICE::h11b51e248904f618)
[INFO] [stdout]           collect2: error: ld returned 1 exit status
[INFO] [stdout]           
[INFO] [stdout] 
[INFO] [stdout] 
[INFO] [stdout] error: linking with `cc` failed: exit status: 1
[INFO] [stdout]   |
[INFO] [stdout]   = note: LC_ALL="C" PATH="/opt/rustwide/rustup-home/toolchains/nightly-2024-10-28-x86_64-unknown-linux-gnu/lib/rustlib/x86_64-unknown-linux-gnu/bin:/opt/rustwide/rustup-home/toolchains/nightly-2024-10-28-x86_64-unknown-linux-gnu/lib/rustlib/x86_64-unknown-linux-gnu/bin/self-contained:/opt/rustwide/cargo-home/bin:/usr/local/sbin:/usr/local/bin:/usr/sbin:/usr/bin:/sbin:/bin" VSLANG="1033" "cc" "-m64" "/tmp/rustcWxe9Xd/symbols.o" "/opt/rustwide/target/debug/deps/custom_linkme_path-d28e1bddfde8f1e7.custom_linkme_path.3c5957646d1cd740-cgu.0.rcgu.o" "/opt/rustwide/target/debug/deps/custom_linkme_path-d28e1bddfde8f1e7.80ir4hsis29oyq59frygi706b.rcgu.o" "-Wl,--as-needed" "-Wl,-Bstatic" "/opt/rustwide/rustup-home/toolchains/nightly-2024-10-28-x86_64-unknown-linux-gnu/lib/rustlib/x86_64-unknown-linux-gnu/lib/libtest-a09fad3b5321e7d6.rlib" "/opt/rustwide/rustup-home/toolchains/nightly-2024-10-28-x86_64-unknown-linux-gnu/lib/rustlib/x86_64-unknown-linux-gnu/lib/libgetopts-f9c3dff41ad42661.rlib" "/opt/rustwide/rustup-home/toolchains/nightly-2024-10-28-x86_64-unknown-linux-gnu/lib/rustlib/x86_64-unknown-linux-gnu/lib/libunicode_width-ad2aef31af6addd3.rlib" "/opt/rustwide/rustup-home/toolchains/nightly-2024-10-28-x86_64-unknown-linux-gnu/lib/rustlib/x86_64-unknown-linux-gnu/lib/librustc_std_workspace_std-e3f907dc03deb913.rlib" "/opt/rustwide/target/debug/deps/liblinkme-b1a5acf05a491570.rlib" "/opt/rustwide/rustup-home/toolchains/nightly-2024-10-28-x86_64-unknown-linux-gnu/lib/rustlib/x86_64-unknown-linux-gnu/lib/libstd-fb8c387236db3c10.rlib" "/opt/rustwide/rustup-home/toolchains/nightly-2024-10-28-x86_64-unknown-linux-gnu/lib/rustlib/x86_64-unknown-linux-gnu/lib/libpanic_unwind-b251837809b2f64b.rlib" "/opt/rustwide/rustup-home/toolchains/nightly-2024-10-28-x86_64-unknown-linux-gnu/lib/rustlib/x86_64-unknown-linux-gnu/lib/libobject-cbef83eaa4e01f04.rlib" "/opt/rustwide/rustup-home/toolchains/nightly-2024-10-28-x86_64-unknown-linux-gnu/lib/rustlib/x86_64-unknown-linux-gnu/lib/libmemchr-12a772286de2fca7.rlib" "/opt/rustwide/rustup-home/toolchains/nightly-2024-10-28-x86_64-unknown-linux-gnu/lib/rustlib/x86_64-unknown-linux-gnu/lib/libaddr2line-023bbe5ada7abfc3.rlib" "/opt/rustwide/rustup-home/toolchains/nightly-2024-10-28-x86_64-unknown-linux-gnu/lib/rustlib/x86_64-unknown-linux-gnu/lib/libgimli-de2bcdf10ec69c2b.rlib" "/opt/rustwide/rustup-home/toolchains/nightly-2024-10-28-x86_64-unknown-linux-gnu/lib/rustlib/x86_64-unknown-linux-gnu/lib/librustc_demangle-8e1754df350800fd.rlib" "/opt/rustwide/rustup-home/toolchains/nightly-2024-10-28-x86_64-unknown-linux-gnu/lib/rustlib/x86_64-unknown-linux-gnu/lib/libstd_detect-06c2ab7b9c32e037.rlib" "/opt/rustwide/rustup-home/toolchains/nightly-2024-10-28-x86_64-unknown-linux-gnu/lib/rustlib/x86_64-unknown-linux-gnu/lib/libhashbrown-51d2621fc57a281b.rlib" "/opt/rustwide/rustup-home/toolchains/nightly-2024-10-28-x86_64-unknown-linux-gnu/lib/rustlib/x86_64-unknown-linux-gnu/lib/librustc_std_workspace_alloc-54a930408793772f.rlib" "/opt/rustwide/rustup-home/toolchains/nightly-2024-10-28-x86_64-unknown-linux-gnu/lib/rustlib/x86_64-unknown-linux-gnu/lib/libminiz_oxide-0c7d01cba400dcb2.rlib" "/opt/rustwide/rustup-home/toolchains/nightly-2024-10-28-x86_64-unknown-linux-gnu/lib/rustlib/x86_64-unknown-linux-gnu/lib/libadler-b9f84d69e331b75b.rlib" "/opt/rustwide/rustup-home/toolchains/nightly-2024-10-28-x86_64-unknown-linux-gnu/lib/rustlib/x86_64-unknown-linux-gnu/lib/libunwind-eec95493246aae39.rlib" "/opt/rustwide/rustup-home/toolchains/nightly-2024-10-28-x86_64-unknown-linux-gnu/lib/rustlib/x86_64-unknown-linux-gnu/lib/libcfg_if-6f6676c475e08ab0.rlib" "/opt/rustwide/rustup-home/toolchains/nightly-2024-10-28-x86_64-unknown-linux-gnu/lib/rustlib/x86_64-unknown-linux-gnu/lib/liblibc-799d520624f8b2e0.rlib" "/opt/rustwide/rustup-home/toolchains/nightly-2024-10-28-x86_64-unknown-linux-gnu/lib/rustlib/x86_64-unknown-linux-gnu/lib/liballoc-fcf93d4842acd9a9.rlib" "/opt/rustwide/rustup-home/toolchains/nightly-2024-10-28-x86_64-unknown-linux-gnu/lib/rustlib/x86_64-unknown-linux-gnu/lib/librustc_std_workspace_core-395a38b8e0851c9b.rlib" "/opt/rustwide/rustup-home/toolchains/nightly-2024-10-28-x86_64-unknown-linux-gnu/lib/rustlib/x86_64-unknown-linux-gnu/lib/libcore-d453bab70303062c.rlib" "/opt/rustwide/rustup-home/toolchains/nightly-2024-10-28-x86_64-unknown-linux-gnu/lib/rustlib/x86_64-unknown-linux-gnu/lib/libcompiler_builtins-0e6386368b0a24e8.rlib" "-Wl,-Bdynamic" "-lgcc_s" "-lutil" "-lrt" "-lpthread" "-lm" "-ldl" "-lc" "-B/opt/rustwide/rustup-home/toolchains/nightly-2024-10-28-x86_64-unknown-linux-gnu/lib/rustlib/x86_64-unknown-linux-gnu/bin/gcc-ld" "-fuse-ld=lld" "-Wl,--eh-frame-hdr" "-Wl,-z,noexecstack" "-L" "/opt/rustwide/rustup-home/toolchains/nightly-2024-10-28-x86_64-unknown-linux-gnu/lib/rustlib/x86_64-unknown-linux-gnu/lib" "-o" "/opt/rustwide/target/debug/deps/custom_linkme_path-d28e1bddfde8f1e7" "-Wl,--gc-sections" "-pie" "-Wl,-z,relro,-z,now" "-nodefaultlibs"
[INFO] [stdout]   = note: rust-lld: error: undefined symbol: __start_linkme_SLICE
[INFO] [stdout]           >>> referenced by custom_linkme_path.3c5957646d1cd740-cgu.0
[INFO] [stdout]           >>>               /opt/rustwide/target/debug/deps/custom_linkme_path-d28e1bddfde8f1e7.custom_linkme_path.3c5957646d1cd740-cgu.0.rcgu.o:(custom_linkme_path::declaration::SLICE::haf72b4e97730d462)
[INFO] [stdout]           >>> the encapsulation symbol needs to be retained under --gc-sections properly; consider -z nostart-stop-gc (see https://lld.llvm.org/ELF/start-stop-gc)
[INFO] [stdout]           
[INFO] [stdout]           rust-lld: error: undefined symbol: __stop_linkme_SLICE
[INFO] [stdout]           >>> referenced by custom_linkme_path.3c5957646d1cd740-cgu.0
[INFO] [stdout]           >>>               /opt/rustwide/target/debug/deps/custom_linkme_path-d28e1bddfde8f1e7.custom_linkme_path.3c5957646d1cd740-cgu.0.rcgu.o:(custom_linkme_path::declaration::SLICE::haf72b4e97730d462)
[INFO] [stdout]           
[INFO] [stdout]           rust-lld: error: undefined symbol: __start_linkm2_SLICE
[INFO] [stdout]           >>> referenced by custom_linkme_path.3c5957646d1cd740-cgu.0
[INFO] [stdout]           >>>               /opt/rustwide/target/debug/deps/custom_linkme_path-d28e1bddfde8f1e7.custom_linkme_path.3c5957646d1cd740-cgu.0.rcgu.o:(custom_linkme_path::declaration::SLICE::haf72b4e97730d462)
[INFO] [stdout]           >>> the encapsulation symbol needs to be retained under --gc-sections properly; consider -z nostart-stop-gc (see https://lld.llvm.org/ELF/start-stop-gc)
[INFO] [stdout]           
[INFO] [stdout]           rust-lld: error: undefined symbol: __stop_linkm2_SLICE
[INFO] [stdout]           >>> referenced by custom_linkme_path.3c5957646d1cd740-cgu.0
[INFO] [stdout]           >>>               /opt/rustwide/target/debug/deps/custom_linkme_path-d28e1bddfde8f1e7.custom_linkme_path.3c5957646d1cd740-cgu.0.rcgu.o:(custom_linkme_path::declaration::SLICE::haf72b4e97730d462)
[INFO] [stdout]           
[INFO] [stdout]           rust-lld: error: undefined symbol: __start_linkme_FUNCTIONS
[INFO] [stdout]           >>> referenced by custom_linkme_path.3c5957646d1cd740-cgu.0
[INFO] [stdout]           >>>               /opt/rustwide/target/debug/deps/custom_linkme_path-d28e1bddfde8f1e7.custom_linkme_path.3c5957646d1cd740-cgu.0.rcgu.o:(custom_linkme_path::declaration::FUNCTIONS::h419f1491d913a7b9)
[INFO] [stdout]           >>> the encapsulation symbol needs to be retained under --gc-sections properly; consider -z nostart-stop-gc (see https://lld.llvm.org/ELF/start-stop-gc)
[INFO] [stdout]           
[INFO] [stdout]           rust-lld: error: undefined symbol: __stop_linkme_FUNCTIONS
[INFO] [stdout]           >>> referenced by custom_linkme_path.3c5957646d1cd740-cgu.0
[INFO] [stdout]           >>>               /opt/rustwide/target/debug/deps/custom_linkme_path-d28e1bddfde8f1e7.custom_linkme_path.3c5957646d1cd740-cgu.0.rcgu.o:(custom_linkme_path::declaration::FUNCTIONS::h419f1491d913a7b9)
[INFO] [stdout]           
[INFO] [stdout]           rust-lld: error: undefined symbol: __start_linkm2_FUNCTIONS
[INFO] [stdout]           >>> referenced by custom_linkme_path.3c5957646d1cd740-cgu.0
[INFO] [stdout]           >>>               /opt/rustwide/target/debug/deps/custom_linkme_path-d28e1bddfde8f1e7.custom_linkme_path.3c5957646d1cd740-cgu.0.rcgu.o:(custom_linkme_path::declaration::FUNCTIONS::h419f1491d913a7b9)
[INFO] [stdout]           >>> the encapsulation symbol needs to be retained under --gc-sections properly; consider -z nostart-stop-gc (see https://lld.llvm.org/ELF/start-stop-gc)
[INFO] [stdout]           
[INFO] [stdout]           rust-lld: error: undefined symbol: __stop_linkm2_FUNCTIONS
[INFO] [stdout]           >>> referenced by custom_linkme_path.3c5957646d1cd740-cgu.0
[INFO] [stdout]           >>>               /opt/rustwide/target/debug/deps/custom_linkme_path-d28e1bddfde8f1e7.custom_linkme_path.3c5957646d1cd740-cgu.0.rcgu.o:(custom_linkme_path::declaration::FUNCTIONS::h419f1491d913a7b9)
[INFO] [stdout]           collect2: error: ld returned 1 exit status
[INFO] [stdout]           
[INFO] [stdout] 
[INFO] [stdout] 
[INFO] [stderr] error: could not compile `linkme` (test "module_2015") due to 1 previous error
[INFO] [stderr] error: could not compile `linkme` (test "custom_linkme_path") due to 1 previous error
[INFO] [stdout] error: linking with `cc` failed: exit status: 1
[INFO] [stdout]   |
[INFO] [stdout]   = note: LC_ALL="C" PATH="/opt/rustwide/rustup-home/toolchains/nightly-2024-10-28-x86_64-unknown-linux-gnu/lib/rustlib/x86_64-unknown-linux-gnu/bin:/opt/rustwide/rustup-home/toolchains/nightly-2024-10-28-x86_64-unknown-linux-gnu/lib/rustlib/x86_64-unknown-linux-gnu/bin/self-contained:/opt/rustwide/cargo-home/bin:/usr/local/sbin:/usr/local/bin:/usr/sbin:/usr/bin:/sbin:/bin" VSLANG="1033" "cc" "-m64" "/tmp/rustcZXdB67/symbols.o" "/opt/rustwide/target/debug/deps/example-cd4ad6ad0b08210c.example.60099f2200827346-cgu.0.rcgu.o" "/opt/rustwide/target/debug/deps/example-cd4ad6ad0b08210c.9ld87e7y2d79vtdmzpnn2zv3l.rcgu.o" "-Wl,--as-needed" "-Wl,-Bstatic" "/opt/rustwide/rustup-home/toolchains/nightly-2024-10-28-x86_64-unknown-linux-gnu/lib/rustlib/x86_64-unknown-linux-gnu/lib/libtest-a09fad3b5321e7d6.rlib" "/opt/rustwide/rustup-home/toolchains/nightly-2024-10-28-x86_64-unknown-linux-gnu/lib/rustlib/x86_64-unknown-linux-gnu/lib/libgetopts-f9c3dff41ad42661.rlib" "/opt/rustwide/rustup-home/toolchains/nightly-2024-10-28-x86_64-unknown-linux-gnu/lib/rustlib/x86_64-unknown-linux-gnu/lib/libunicode_width-ad2aef31af6addd3.rlib" "/opt/rustwide/rustup-home/toolchains/nightly-2024-10-28-x86_64-unknown-linux-gnu/lib/rustlib/x86_64-unknown-linux-gnu/lib/librustc_std_workspace_std-e3f907dc03deb913.rlib" "/opt/rustwide/target/debug/deps/liblinkme-b1a5acf05a491570.rlib" "/opt/rustwide/rustup-home/toolchains/nightly-2024-10-28-x86_64-unknown-linux-gnu/lib/rustlib/x86_64-unknown-linux-gnu/lib/libstd-fb8c387236db3c10.rlib" "/opt/rustwide/rustup-home/toolchains/nightly-2024-10-28-x86_64-unknown-linux-gnu/lib/rustlib/x86_64-unknown-linux-gnu/lib/libpanic_unwind-b251837809b2f64b.rlib" "/opt/rustwide/rustup-home/toolchains/nightly-2024-10-28-x86_64-unknown-linux-gnu/lib/rustlib/x86_64-unknown-linux-gnu/lib/libobject-cbef83eaa4e01f04.rlib" "/opt/rustwide/rustup-home/toolchains/nightly-2024-10-28-x86_64-unknown-linux-gnu/lib/rustlib/x86_64-unknown-linux-gnu/lib/libmemchr-12a772286de2fca7.rlib" "/opt/rustwide/rustup-home/toolchains/nightly-2024-10-28-x86_64-unknown-linux-gnu/lib/rustlib/x86_64-unknown-linux-gnu/lib/libaddr2line-023bbe5ada7abfc3.rlib" "/opt/rustwide/rustup-home/toolchains/nightly-2024-10-28-x86_64-unknown-linux-gnu/lib/rustlib/x86_64-unknown-linux-gnu/lib/libgimli-de2bcdf10ec69c2b.rlib" "/opt/rustwide/rustup-home/toolchains/nightly-2024-10-28-x86_64-unknown-linux-gnu/lib/rustlib/x86_64-unknown-linux-gnu/lib/librustc_demangle-8e1754df350800fd.rlib" "/opt/rustwide/rustup-home/toolchains/nightly-2024-10-28-x86_64-unknown-linux-gnu/lib/rustlib/x86_64-unknown-linux-gnu/lib/libstd_detect-06c2ab7b9c32e037.rlib" "/opt/rustwide/rustup-home/toolchains/nightly-2024-10-28-x86_64-unknown-linux-gnu/lib/rustlib/x86_64-unknown-linux-gnu/lib/libhashbrown-51d2621fc57a281b.rlib" "/opt/rustwide/rustup-home/toolchains/nightly-2024-10-28-x86_64-unknown-linux-gnu/lib/rustlib/x86_64-unknown-linux-gnu/lib/librustc_std_workspace_alloc-54a930408793772f.rlib" "/opt/rustwide/rustup-home/toolchains/nightly-2024-10-28-x86_64-unknown-linux-gnu/lib/rustlib/x86_64-unknown-linux-gnu/lib/libminiz_oxide-0c7d01cba400dcb2.rlib" "/opt/rustwide/rustup-home/toolchains/nightly-2024-10-28-x86_64-unknown-linux-gnu/lib/rustlib/x86_64-unknown-linux-gnu/lib/libadler-b9f84d69e331b75b.rlib" "/opt/rustwide/rustup-home/toolchains/nightly-2024-10-28-x86_64-unknown-linux-gnu/lib/rustlib/x86_64-unknown-linux-gnu/lib/libunwind-eec95493246aae39.rlib" "/opt/rustwide/rustup-home/toolchains/nightly-2024-10-28-x86_64-unknown-linux-gnu/lib/rustlib/x86_64-unknown-linux-gnu/lib/libcfg_if-6f6676c475e08ab0.rlib" "/opt/rustwide/rustup-home/toolchains/nightly-2024-10-28-x86_64-unknown-linux-gnu/lib/rustlib/x86_64-unknown-linux-gnu/lib/liblibc-799d520624f8b2e0.rlib" "/opt/rustwide/rustup-home/toolchains/nightly-2024-10-28-x86_64-unknown-linux-gnu/lib/rustlib/x86_64-unknown-linux-gnu/lib/liballoc-fcf93d4842acd9a9.rlib" "/opt/rustwide/rustup-home/toolchains/nightly-2024-10-28-x86_64-unknown-linux-gnu/lib/rustlib/x86_64-unknown-linux-gnu/lib/librustc_std_workspace_core-395a38b8e0851c9b.rlib" "/opt/rustwide/rustup-home/toolchains/nightly-2024-10-28-x86_64-unknown-linux-gnu/lib/rustlib/x86_64-unknown-linux-gnu/lib/libcore-d453bab70303062c.rlib" "/opt/rustwide/rustup-home/toolchains/nightly-2024-10-28-x86_64-unknown-linux-gnu/lib/rustlib/x86_64-unknown-linux-gnu/lib/libcompiler_builtins-0e6386368b0a24e8.rlib" "-Wl,-Bdynamic" "-lgcc_s" "-lutil" "-lrt" "-lpthread" "-lm" "-ldl" "-lc" "-B/opt/rustwide/rustup-home/toolchains/nightly-2024-10-28-x86_64-unknown-linux-gnu/lib/rustlib/x86_64-unknown-linux-gnu/bin/gcc-ld" "-fuse-ld=lld" "-Wl,--eh-frame-hdr" "-Wl,-z,noexecstack" "-L" "/opt/rustwide/rustup-home/toolchains/nightly-2024-10-28-x86_64-unknown-linux-gnu/lib/rustlib/x86_64-unknown-linux-gnu/lib" "-o" "/opt/rustwide/target/debug/deps/example-cd4ad6ad0b08210c" "-Wl,--gc-sections" "-pie" "-Wl,-z,relro,-z,now" "-nodefaultlibs"
[INFO] [stdout]   = note: rust-lld: error: undefined symbol: __start_linkme_BENCHMARKS
[INFO] [stdout]           >>> referenced by example.60099f2200827346-cgu.0
[INFO] [stdout]           >>>               /opt/rustwide/target/debug/deps/example-cd4ad6ad0b08210c.example.60099f2200827346-cgu.0.rcgu.o:(example::BENCHMARKS::ha317b98b73898f90)
[INFO] [stdout]           >>> the encapsulation symbol needs to be retained under --gc-sections properly; consider -z nostart-stop-gc (see https://lld.llvm.org/ELF/start-stop-gc)
[INFO] [stdout]           
[INFO] [stdout]           rust-lld: error: undefined symbol: __stop_linkme_BENCHMARKS
[INFO] [stdout]           >>> referenced by example.60099f2200827346-cgu.0
[INFO] [stdout]           >>>               /opt/rustwide/target/debug/deps/example-cd4ad6ad0b08210c.example.60099f2200827346-cgu.0.rcgu.o:(example::BENCHMARKS::ha317b98b73898f90)
[INFO] [stdout]           
[INFO] [stdout]           rust-lld: error: undefined symbol: __start_linkm2_BENCHMARKS
[INFO] [stdout]           >>> referenced by example.60099f2200827346-cgu.0
[INFO] [stdout]           >>>               /opt/rustwide/target/debug/deps/example-cd4ad6ad0b08210c.example.60099f2200827346-cgu.0.rcgu.o:(example::BENCHMARKS::ha317b98b73898f90)
[INFO] [stdout]           >>> the encapsulation symbol needs to be retained under --gc-sections properly; consider -z nostart-stop-gc (see https://lld.llvm.org/ELF/start-stop-gc)
[INFO] [stdout]           
[INFO] [stdout]           rust-lld: error: undefined symbol: __stop_linkm2_BENCHMARKS
[INFO] [stdout]           >>> referenced by example.60099f2200827346-cgu.0
[INFO] [stdout]           >>>               /opt/rustwide/target/debug/deps/example-cd4ad6ad0b08210c.example.60099f2200827346-cgu.0.rcgu.o:(example::BENCHMARKS::ha317b98b73898f90)
[INFO] [stdout]           collect2: error: ld returned 1 exit status
[INFO] [stdout]           
[INFO] [stdout] 
[INFO] [stdout] 
[INFO] [stderr] error: could not compile `linkme` (test "example") due to 1 previous error
[INFO] [stdout] error: linking with `cc` failed: exit status: 1
[INFO] [stdout]   |
[INFO] [stdout]   = note: LC_ALL="C" PATH="/opt/rustwide/rustup-home/toolchains/nightly-2024-10-28-x86_64-unknown-linux-gnu/lib/rustlib/x86_64-unknown-linux-gnu/bin:/opt/rustwide/rustup-home/toolchains/nightly-2024-10-28-x86_64-unknown-linux-gnu/lib/rustlib/x86_64-unknown-linux-gnu/bin/self-contained:/opt/rustwide/cargo-home/bin:/usr/local/sbin:/usr/local/bin:/usr/sbin:/usr/bin:/sbin:/bin" VSLANG="1033" "cc" "-m64" "/tmp/rustcc8yvMd/symbols.o" "/opt/rustwide/target/debug/deps/win_status_access_violation-524860225461d75c.win_status_access_violation.ab2958b6c863cb24-cgu.0.rcgu.o" "/opt/rustwide/target/debug/deps/win_status_access_violation-524860225461d75c.c11457fe7fgesdz9lybm7upen.rcgu.o" "-Wl,--as-needed" "-Wl,-Bstatic" "/opt/rustwide/rustup-home/toolchains/nightly-2024-10-28-x86_64-unknown-linux-gnu/lib/rustlib/x86_64-unknown-linux-gnu/lib/libtest-a09fad3b5321e7d6.rlib" "/opt/rustwide/rustup-home/toolchains/nightly-2024-10-28-x86_64-unknown-linux-gnu/lib/rustlib/x86_64-unknown-linux-gnu/lib/libgetopts-f9c3dff41ad42661.rlib" "/opt/rustwide/rustup-home/toolchains/nightly-2024-10-28-x86_64-unknown-linux-gnu/lib/rustlib/x86_64-unknown-linux-gnu/lib/libunicode_width-ad2aef31af6addd3.rlib" "/opt/rustwide/rustup-home/toolchains/nightly-2024-10-28-x86_64-unknown-linux-gnu/lib/rustlib/x86_64-unknown-linux-gnu/lib/librustc_std_workspace_std-e3f907dc03deb913.rlib" "/opt/rustwide/target/debug/deps/liblinkme-b1a5acf05a491570.rlib" "/opt/rustwide/rustup-home/toolchains/nightly-2024-10-28-x86_64-unknown-linux-gnu/lib/rustlib/x86_64-unknown-linux-gnu/lib/libstd-fb8c387236db3c10.rlib" "/opt/rustwide/rustup-home/toolchains/nightly-2024-10-28-x86_64-unknown-linux-gnu/lib/rustlib/x86_64-unknown-linux-gnu/lib/libpanic_unwind-b251837809b2f64b.rlib" "/opt/rustwide/rustup-home/toolchains/nightly-2024-10-28-x86_64-unknown-linux-gnu/lib/rustlib/x86_64-unknown-linux-gnu/lib/libobject-cbef83eaa4e01f04.rlib" "/opt/rustwide/rustup-home/toolchains/nightly-2024-10-28-x86_64-unknown-linux-gnu/lib/rustlib/x86_64-unknown-linux-gnu/lib/libmemchr-12a772286de2fca7.rlib" "/opt/rustwide/rustup-home/toolchains/nightly-2024-10-28-x86_64-unknown-linux-gnu/lib/rustlib/x86_64-unknown-linux-gnu/lib/libaddr2line-023bbe5ada7abfc3.rlib" "/opt/rustwide/rustup-home/toolchains/nightly-2024-10-28-x86_64-unknown-linux-gnu/lib/rustlib/x86_64-unknown-linux-gnu/lib/libgimli-de2bcdf10ec69c2b.rlib" "/opt/rustwide/rustup-home/toolchains/nightly-2024-10-28-x86_64-unknown-linux-gnu/lib/rustlib/x86_64-unknown-linux-gnu/lib/librustc_demangle-8e1754df350800fd.rlib" "/opt/rustwide/rustup-home/toolchains/nightly-2024-10-28-x86_64-unknown-linux-gnu/lib/rustlib/x86_64-unknown-linux-gnu/lib/libstd_detect-06c2ab7b9c32e037.rlib" "/opt/rustwide/rustup-home/toolchains/nightly-2024-10-28-x86_64-unknown-linux-gnu/lib/rustlib/x86_64-unknown-linux-gnu/lib/libhashbrown-51d2621fc57a281b.rlib" "/opt/rustwide/rustup-home/toolchains/nightly-2024-10-28-x86_64-unknown-linux-gnu/lib/rustlib/x86_64-unknown-linux-gnu/lib/librustc_std_workspace_alloc-54a930408793772f.rlib" "/opt/rustwide/rustup-home/toolchains/nightly-2024-10-28-x86_64-unknown-linux-gnu/lib/rustlib/x86_64-unknown-linux-gnu/lib/libminiz_oxide-0c7d01cba400dcb2.rlib" "/opt/rustwide/rustup-home/toolchains/nightly-2024-10-28-x86_64-unknown-linux-gnu/lib/rustlib/x86_64-unknown-linux-gnu/lib/libadler-b9f84d69e331b75b.rlib" "/opt/rustwide/rustup-home/toolchains/nightly-2024-10-28-x86_64-unknown-linux-gnu/lib/rustlib/x86_64-unknown-linux-gnu/lib/libunwind-eec95493246aae39.rlib" "/opt/rustwide/rustup-home/toolchains/nightly-2024-10-28-x86_64-unknown-linux-gnu/lib/rustlib/x86_64-unknown-linux-gnu/lib/libcfg_if-6f6676c475e08ab0.rlib" "/opt/rustwide/rustup-home/toolchains/nightly-2024-10-28-x86_64-unknown-linux-gnu/lib/rustlib/x86_64-unknown-linux-gnu/lib/liblibc-799d520624f8b2e0.rlib" "/opt/rustwide/rustup-home/toolchains/nightly-2024-10-28-x86_64-unknown-linux-gnu/lib/rustlib/x86_64-unknown-linux-gnu/lib/liballoc-fcf93d4842acd9a9.rlib" "/opt/rustwide/rustup-home/toolchains/nightly-2024-10-28-x86_64-unknown-linux-gnu/lib/rustlib/x86_64-unknown-linux-gnu/lib/librustc_std_workspace_core-395a38b8e0851c9b.rlib" "/opt/rustwide/rustup-home/toolchains/nightly-2024-10-28-x86_64-unknown-linux-gnu/lib/rustlib/x86_64-unknown-linux-gnu/lib/libcore-d453bab70303062c.rlib" "/opt/rustwide/rustup-home/toolchains/nightly-2024-10-28-x86_64-unknown-linux-gnu/lib/rustlib/x86_64-unknown-linux-gnu/lib/libcompiler_builtins-0e6386368b0a24e8.rlib" "-Wl,-Bdynamic" "-lgcc_s" "-lutil" "-lrt" "-lpthread" "-lm" "-ldl" "-lc" "-B/opt/rustwide/rustup-home/toolchains/nightly-2024-10-28-x86_64-unknown-linux-gnu/lib/rustlib/x86_64-unknown-linux-gnu/bin/gcc-ld" "-fuse-ld=lld" "-Wl,--eh-frame-hdr" "-Wl,-z,noexecstack" "-L" "/opt/rustwide/rustup-home/toolchains/nightly-2024-10-28-x86_64-unknown-linux-gnu/lib/rustlib/x86_64-unknown-linux-gnu/lib" "-o" "/opt/rustwide/target/debug/deps/win_status_access_violation-524860225461d75c" "-Wl,--gc-sections" "-pie" "-Wl,-z,relro,-z,now" "-nodefaultlibs"
[INFO] [stdout]   = note: rust-lld: error: undefined symbol: __start_linkme_ITEMS
[INFO] [stdout]           >>> referenced by win_status_access_violation.ab2958b6c863cb24-cgu.0
[INFO] [stdout]           >>>               /opt/rustwide/target/debug/deps/win_status_access_violation-524860225461d75c.win_status_access_violation.ab2958b6c863cb24-cgu.0.rcgu.o:(win_status_access_violation::ITEMS::h23b87424d55a0452)
[INFO] [stdout]           >>> the encapsulation symbol needs to be retained under --gc-sections properly; consider -z nostart-stop-gc (see https://lld.llvm.org/ELF/start-stop-gc)
[INFO] [stdout]           
[INFO] [stdout]           rust-lld: error: undefined symbol: __stop_linkme_ITEMS
[INFO] [stdout]           >>> referenced by win_status_access_violation.ab2958b6c863cb24-cgu.0
[INFO] [stdout]           >>>               /opt/rustwide/target/debug/deps/win_status_access_violation-524860225461d75c.win_status_access_violation.ab2958b6c863cb24-cgu.0.rcgu.o:(win_status_access_violation::ITEMS::h23b87424d55a0452)
[INFO] [stdout]           
[INFO] [stdout]           rust-lld: error: undefined symbol: __start_linkm2_ITEMS
[INFO] [stdout]           >>> referenced by win_status_access_violation.ab2958b6c863cb24-cgu.0
[INFO] [stdout]           >>>               /opt/rustwide/target/debug/deps/win_status_access_violation-524860225461d75c.win_status_access_violation.ab2958b6c863cb24-cgu.0.rcgu.o:(win_status_access_violation::ITEMS::h23b87424d55a0452)
[INFO] [stdout]           >>> the encapsulation symbol needs to be retained under --gc-sections properly; consider -z nostart-stop-gc (see https://lld.llvm.org/ELF/start-stop-gc)
[INFO] [stdout]           
[INFO] [stdout]           rust-lld: error: undefined symbol: __stop_linkm2_ITEMS
[INFO] [stdout]           >>> referenced by win_status_access_violation.ab2958b6c863cb24-cgu.0
[INFO] [stdout]           >>>               /opt/rustwide/target/debug/deps/win_status_access_violation-524860225461d75c.win_status_access_violation.ab2958b6c863cb24-cgu.0.rcgu.o:(win_status_access_violation::ITEMS::h23b87424d55a0452)
[INFO] [stdout]           collect2: error: ld returned 1 exit status
[INFO] [stdout]           
[INFO] [stdout] 
[INFO] [stdout] 
[INFO] [stderr] error: could not compile `linkme` (test "win_status_access_violation") due to 1 previous error
[INFO] [stdout] error: linking with `cc` failed: exit status: 1
[INFO] [stdout]   |
[INFO] [stdout]   = note: LC_ALL="C" PATH="/opt/rustwide/rustup-home/toolchains/nightly-2024-10-28-x86_64-unknown-linux-gnu/lib/rustlib/x86_64-unknown-linux-gnu/bin:/opt/rustwide/rustup-home/toolchains/nightly-2024-10-28-x86_64-unknown-linux-gnu/lib/rustlib/x86_64-unknown-linux-gnu/bin/self-contained:/opt/rustwide/cargo-home/bin:/usr/local/sbin:/usr/local/bin:/usr/sbin:/usr/bin:/sbin:/bin" VSLANG="1033" "cc" "-m64" "/tmp/rustckdZx3w/symbols.o" "/opt/rustwide/target/debug/deps/distributed_slice-7c17de8db7e98a4d.distributed_slice.f4f396de474ce210-cgu.0.rcgu.o" "/opt/rustwide/target/debug/deps/distributed_slice-7c17de8db7e98a4d.ag49jpfmyjocemtailia5280p.rcgu.o" "-Wl,--as-needed" "-Wl,-Bstatic" "/opt/rustwide/rustup-home/toolchains/nightly-2024-10-28-x86_64-unknown-linux-gnu/lib/rustlib/x86_64-unknown-linux-gnu/lib/libtest-a09fad3b5321e7d6.rlib" "/opt/rustwide/rustup-home/toolchains/nightly-2024-10-28-x86_64-unknown-linux-gnu/lib/rustlib/x86_64-unknown-linux-gnu/lib/libgetopts-f9c3dff41ad42661.rlib" "/opt/rustwide/rustup-home/toolchains/nightly-2024-10-28-x86_64-unknown-linux-gnu/lib/rustlib/x86_64-unknown-linux-gnu/lib/libunicode_width-ad2aef31af6addd3.rlib" "/opt/rustwide/rustup-home/toolchains/nightly-2024-10-28-x86_64-unknown-linux-gnu/lib/rustlib/x86_64-unknown-linux-gnu/lib/librustc_std_workspace_std-e3f907dc03deb913.rlib" "/opt/rustwide/target/debug/deps/libonce_cell-6dc575c335e8f5a1.rlib" "/opt/rustwide/target/debug/deps/liblinkme-b1a5acf05a491570.rlib" "/opt/rustwide/rustup-home/toolchains/nightly-2024-10-28-x86_64-unknown-linux-gnu/lib/rustlib/x86_64-unknown-linux-gnu/lib/libstd-fb8c387236db3c10.rlib" "/opt/rustwide/rustup-home/toolchains/nightly-2024-10-28-x86_64-unknown-linux-gnu/lib/rustlib/x86_64-unknown-linux-gnu/lib/libpanic_unwind-b251837809b2f64b.rlib" "/opt/rustwide/rustup-home/toolchains/nightly-2024-10-28-x86_64-unknown-linux-gnu/lib/rustlib/x86_64-unknown-linux-gnu/lib/libobject-cbef83eaa4e01f04.rlib" "/opt/rustwide/rustup-home/toolchains/nightly-2024-10-28-x86_64-unknown-linux-gnu/lib/rustlib/x86_64-unknown-linux-gnu/lib/libmemchr-12a772286de2fca7.rlib" "/opt/rustwide/rustup-home/toolchains/nightly-2024-10-28-x86_64-unknown-linux-gnu/lib/rustlib/x86_64-unknown-linux-gnu/lib/libaddr2line-023bbe5ada7abfc3.rlib" "/opt/rustwide/rustup-home/toolchains/nightly-2024-10-28-x86_64-unknown-linux-gnu/lib/rustlib/x86_64-unknown-linux-gnu/lib/libgimli-de2bcdf10ec69c2b.rlib" "/opt/rustwide/rustup-home/toolchains/nightly-2024-10-28-x86_64-unknown-linux-gnu/lib/rustlib/x86_64-unknown-linux-gnu/lib/librustc_demangle-8e1754df350800fd.rlib" "/opt/rustwide/rustup-home/toolchains/nightly-2024-10-28-x86_64-unknown-linux-gnu/lib/rustlib/x86_64-unknown-linux-gnu/lib/libstd_detect-06c2ab7b9c32e037.rlib" "/opt/rustwide/rustup-home/toolchains/nightly-2024-10-28-x86_64-unknown-linux-gnu/lib/rustlib/x86_64-unknown-linux-gnu/lib/libhashbrown-51d2621fc57a281b.rlib" "/opt/rustwide/rustup-home/toolchains/nightly-2024-10-28-x86_64-unknown-linux-gnu/lib/rustlib/x86_64-unknown-linux-gnu/lib/librustc_std_workspace_alloc-54a930408793772f.rlib" "/opt/rustwide/rustup-home/toolchains/nightly-2024-10-28-x86_64-unknown-linux-gnu/lib/rustlib/x86_64-unknown-linux-gnu/lib/libminiz_oxide-0c7d01cba400dcb2.rlib" "/opt/rustwide/rustup-home/toolchains/nightly-2024-10-28-x86_64-unknown-linux-gnu/lib/rustlib/x86_64-unknown-linux-gnu/lib/libadler-b9f84d69e331b75b.rlib" "/opt/rustwide/rustup-home/toolchains/nightly-2024-10-28-x86_64-unknown-linux-gnu/lib/rustlib/x86_64-unknown-linux-gnu/lib/libunwind-eec95493246aae39.rlib" "/opt/rustwide/rustup-home/toolchains/nightly-2024-10-28-x86_64-unknown-linux-gnu/lib/rustlib/x86_64-unknown-linux-gnu/lib/libcfg_if-6f6676c475e08ab0.rlib" "/opt/rustwide/rustup-home/toolchains/nightly-2024-10-28-x86_64-unknown-linux-gnu/lib/rustlib/x86_64-unknown-linux-gnu/lib/liblibc-799d520624f8b2e0.rlib" "/opt/rustwide/rustup-home/toolchains/nightly-2024-10-28-x86_64-unknown-linux-gnu/lib/rustlib/x86_64-unknown-linux-gnu/lib/liballoc-fcf93d4842acd9a9.rlib" "/opt/rustwide/rustup-home/toolchains/nightly-2024-10-28-x86_64-unknown-linux-gnu/lib/rustlib/x86_64-unknown-linux-gnu/lib/librustc_std_workspace_core-395a38b8e0851c9b.rlib" "/opt/rustwide/rustup-home/toolchains/nightly-2024-10-28-x86_64-unknown-linux-gnu/lib/rustlib/x86_64-unknown-linux-gnu/lib/libcore-d453bab70303062c.rlib" "/opt/rustwide/rustup-home/toolchains/nightly-2024-10-28-x86_64-unknown-linux-gnu/lib/rustlib/x86_64-unknown-linux-gnu/lib/libcompiler_builtins-0e6386368b0a24e8.rlib" "-Wl,-Bdynamic" "-lgcc_s" "-lutil" "-lrt" "-lpthread" "-lm" "-ldl" "-lc" "-B/opt/rustwide/rustup-home/toolchains/nightly-2024-10-28-x86_64-unknown-linux-gnu/lib/rustlib/x86_64-unknown-linux-gnu/bin/gcc-ld" "-fuse-ld=lld" "-Wl,--eh-frame-hdr" "-Wl,-z,noexecstack" "-L" "/opt/rustwide/rustup-home/toolchains/nightly-2024-10-28-x86_64-unknown-linux-gnu/lib/rustlib/x86_64-unknown-linux-gnu/lib" "-o" "/opt/rustwide/target/debug/deps/distributed_slice-7c17de8db7e98a4d" "-Wl,--gc-sections" "-pie" "-Wl,-z,relro,-z,now" "-nodefaultlibs"
[INFO] [stdout]   = note: rust-lld: error: undefined symbol: __start_linkme_SHENANIGANS
[INFO] [stdout]           >>> referenced by distributed_slice.f4f396de474ce210-cgu.0
[INFO] [stdout]           >>>               /opt/rustwide/target/debug/deps/distributed_slice-7c17de8db7e98a4d.distributed_slice.f4f396de474ce210-cgu.0.rcgu.o:(distributed_slice::SHENANIGANS::h075448e379c1a450)
[INFO] [stdout]           >>> the encapsulation symbol needs to be retained under --gc-sections properly; consider -z nostart-stop-gc (see https://lld.llvm.org/ELF/start-stop-gc)
[INFO] [stdout]           
[INFO] [stdout]           rust-lld: error: undefined symbol: __stop_linkme_SHENANIGANS
[INFO] [stdout]           >>> referenced by distributed_slice.f4f396de474ce210-cgu.0
[INFO] [stdout]           >>>               /opt/rustwide/target/debug/deps/distributed_slice-7c17de8db7e98a4d.distributed_slice.f4f396de474ce210-cgu.0.rcgu.o:(distributed_slice::SHENANIGANS::h075448e379c1a450)
[INFO] [stdout]           
[INFO] [stdout]           rust-lld: error: undefined symbol: __start_linkm2_SHENANIGANS
[INFO] [stdout]           >>> referenced by distributed_slice.f4f396de474ce210-cgu.0
[INFO] [stdout]           >>>               /opt/rustwide/target/debug/deps/distributed_slice-7c17de8db7e98a4d.distributed_slice.f4f396de474ce210-cgu.0.rcgu.o:(distributed_slice::SHENANIGANS::h075448e379c1a450)
[INFO] [stdout]           >>> the encapsulation symbol needs to be retained under --gc-sections properly; consider -z nostart-stop-gc (see https://lld.llvm.org/ELF/start-stop-gc)
[INFO] [stdout]           
[INFO] [stdout]           rust-lld: error: undefined symbol: __stop_linkm2_SHENANIGANS
[INFO] [stdout]           >>> referenced by distributed_slice.f4f396de474ce210-cgu.0
[INFO] [stdout]           >>>               /opt/rustwide/target/debug/deps/distributed_slice-7c17de8db7e98a4d.distributed_slice.f4f396de474ce210-cgu.0.rcgu.o:(distributed_slice::SHENANIGANS::h075448e379c1a450)
[INFO] [stdout]           
[INFO] [stdout]           rust-lld: error: undefined symbol: __start_linkme_EMPTY
[INFO] [stdout]           >>> referenced by distributed_slice.f4f396de474ce210-cgu.0
[INFO] [stdout]           >>>               /opt/rustwide/target/debug/deps/distributed_slice-7c17de8db7e98a4d.distributed_slice.f4f396de474ce210-cgu.0.rcgu.o:(distributed_slice::test_empty::EMPTY::ha403d506ca1b5c06)
[INFO] [stdout]           >>> the encapsulation symbol needs to be retained under --gc-sections properly; consider -z nostart-stop-gc (see https://lld.llvm.org/ELF/start-stop-gc)
[INFO] [stdout]           
[INFO] [stdout]           rust-lld: error: undefined symbol: __stop_linkme_EMPTY
[INFO] [stdout]           >>> referenced by distributed_slice.f4f396de474ce210-cgu.0
[INFO] [stdout]           >>>               /opt/rustwide/target/debug/deps/distributed_slice-7c17de8db7e98a4d.distributed_slice.f4f396de474ce210-cgu.0.rcgu.o:(distributed_slice::test_empty::EMPTY::ha403d506ca1b5c06)
[INFO] [stdout]           
[INFO] [stdout]           rust-lld: error: undefined symbol: __start_linkm2_EMPTY
[INFO] [stdout]           >>> referenced by distributed_slice.f4f396de474ce210-cgu.0
[INFO] [stdout]           >>>               /opt/rustwide/target/debug/deps/distributed_slice-7c17de8db7e98a4d.distributed_slice.f4f396de474ce210-cgu.0.rcgu.o:(distributed_slice::test_empty::EMPTY::ha403d506ca1b5c06)
[INFO] [stdout]           >>> the encapsulation symbol needs to be retained under --gc-sections properly; consider -z nostart-stop-gc (see https://lld.llvm.org/ELF/start-stop-gc)
[INFO] [stdout]           
[INFO] [stdout]           rust-lld: error: undefined symbol: __stop_linkm2_EMPTY
[INFO] [stdout]           >>> referenced by distributed_slice.f4f396de474ce210-cgu.0
[INFO] [stdout]           >>>               /opt/rustwide/target/debug/deps/distributed_slice-7c17de8db7e98a4d.distributed_slice.f4f396de474ce210-cgu.0.rcgu.o:(distributed_slice::test_empty::EMPTY::ha403d506ca1b5c06)
[INFO] [stdout]           
[INFO] [stdout]           rust-lld: error: undefined symbol: __start_linkme_NONCOPY
[INFO] [stdout]           >>> referenced by distributed_slice.f4f396de474ce210-cgu.0
[INFO] [stdout]           >>>               /opt/rustwide/target/debug/deps/distributed_slice-7c17de8db7e98a4d.distributed_slice.f4f396de474ce210-cgu.0.rcgu.o:(distributed_slice::test_non_copy::NONCOPY::h6c4cdfb9068673f4)
[INFO] [stdout]           >>> the encapsulation symbol needs to be retained under --gc-sections properly; consider -z nostart-stop-gc (see https://lld.llvm.org/ELF/start-stop-gc)
[INFO] [stdout]           
[INFO] [stdout]           rust-lld: error: undefined symbol: __stop_linkme_NONCOPY
[INFO] [stdout]           >>> referenced by distributed_slice.f4f396de474ce210-cgu.0
[INFO] [stdout]           >>>               /opt/rustwide/target/debug/deps/distributed_slice-7c17de8db7e98a4d.distributed_slice.f4f396de474ce210-cgu.0.rcgu.o:(distributed_slice::test_non_copy::NONCOPY::h6c4cdfb9068673f4)
[INFO] [stdout]           
[INFO] [stdout]           rust-lld: error: undefined symbol: __start_linkm2_NONCOPY
[INFO] [stdout]           >>> referenced by distributed_slice.f4f396de474ce210-cgu.0
[INFO] [stdout]           >>>               /opt/rustwide/target/debug/deps/distributed_slice-7c17de8db7e98a4d.distributed_slice.f4f396de474ce210-cgu.0.rcgu.o:(distributed_slice::test_non_copy::NONCOPY::h6c4cdfb9068673f4)
[INFO] [stdout]           >>> the encapsulation symbol needs to be retained under --gc-sections properly; consider -z nostart-stop-gc (see https://lld.llvm.org/ELF/start-stop-gc)
[INFO] [stdout]           
[INFO] [stdout]           rust-lld: error: undefined symbol: __stop_linkm2_NONCOPY
[INFO] [stdout]           >>> referenced by distributed_slice.f4f396de474ce210-cgu.0
[INFO] [stdout]           >>>               /opt/rustwide/target/debug/deps/distributed_slice-7c17de8db7e98a4d.distributed_slice.f4f396de474ce210-cgu.0.rcgu.o:(distributed_slice::test_non_copy::NONCOPY::h6c4cdfb9068673f4)
[INFO] [stdout]           
[INFO] [stdout]           rust-lld: error: undefined symbol: __start_linkme_MUTABLE
[INFO] [stdout]           >>> referenced by distributed_slice.f4f396de474ce210-cgu.0
[INFO] [stdout]           >>>               /opt/rustwide/target/debug/deps/distributed_slice-7c17de8db7e98a4d.distributed_slice.f4f396de474ce210-cgu.0.rcgu.o:(distributed_slice::test_interior_mutable::MUTABLE::ha0f520838c656c22)
[INFO] [stdout]           >>> the encapsulation symbol needs to be retained under --gc-sections properly; consider -z nostart-stop-gc (see https://lld.llvm.org/ELF/start-stop-gc)
[INFO] [stdout]           
[INFO] [stdout]           rust-lld: error: undefined symbol: __stop_linkme_MUTABLE
[INFO] [stdout]           >>> referenced by distributed_slice.f4f396de474ce210-cgu.0
[INFO] [stdout]           >>>               /opt/rustwide/target/debug/deps/distributed_slice-7c17de8db7e98a4d.distributed_slice.f4f396de474ce210-cgu.0.rcgu.o:(distributed_slice::test_interior_mutable::MUTABLE::ha0f520838c656c22)
[INFO] [stdout]           
[INFO] [stdout]           rust-lld: error: undefined symbol: __start_linkm2_MUTABLE
[INFO] [stdout]           >>> referenced by distributed_slice.f4f396de474ce210-cgu.0
[INFO] [stdout]           >>>               /opt/rustwide/target/debug/deps/distributed_slice-7c17de8db7e98a4d.distributed_slice.f4f396de474ce210-cgu.0.rcgu.o:(distributed_slice::test_interior_mutable::MUTABLE::ha0f520838c656c22)
[INFO] [stdout]           >>> the encapsulation symbol needs to be retained under --gc-sections properly; consider -z nostart-stop-gc (see https://lld.llvm.org/ELF/start-stop-gc)
[INFO] [stdout]           
[INFO] [stdout]           rust-lld: error: undefined symbol: __stop_linkm2_MUTABLE
[INFO] [stdout]           >>> referenced by distributed_slice.f4f396de474ce210-cgu.0
[INFO] [stdout]           >>>               /opt/rustwide/target/debug/deps/distributed_slice-7c17de8db7e98a4d.distributed_slice.f4f396de474ce210-cgu.0.rcgu.o:(distributed_slice::test_interior_mutable::MUTABLE::ha0f520838c656c22)
[INFO] [stdout]           
[INFO] [stdout]           rust-lld: error: undefined symbol: __start_linkme_MYSLICE
[INFO] [stdout]           >>> referenced by distributed_slice.f4f396de474ce210-cgu.0
[INFO] [stdout]           >>>               /opt/rustwide/target/debug/deps/distributed_slice-7c17de8db7e98a4d.distributed_slice.f4f396de474ce210-cgu.0.rcgu.o:(distributed_slice::test_elided_lifetime::MYSLICE::h557591e5e7c62904)
[INFO] [stdout]           >>> the encapsulation symbol needs to be retained under --gc-sections properly; consider -z nostart-stop-gc (see https://lld.llvm.org/ELF/start-stop-gc)
[INFO] [stdout]           
[INFO] [stdout]           rust-lld: error: undefined symbol: __stop_linkme_MYSLICE
[INFO] [stdout]           >>> referenced by distributed_slice.f4f396de474ce210-cgu.0
[INFO] [stdout]           >>>               /opt/rustwide/target/debug/deps/distributed_slice-7c17de8db7e98a4d.distributed_slice.f4f396de474ce210-cgu.0.rcgu.o:(distributed_slice::test_elided_lifetime::MYSLICE::h557591e5e7c62904)
[INFO] [stdout]           
[INFO] [stdout]           rust-lld: error: undefined symbol: __start_linkm2_MYSLICE
[INFO] [stdout]           >>> referenced by distributed_slice.f4f396de474ce210-cgu.0
[INFO] [stdout]           >>>               /opt/rustwide/target/debug/deps/distributed_slice-7c17de8db7e98a4d.distributed_slice.f4f396de474ce210-cgu.0.rcgu.o:(distributed_slice::test_elided_lifetime::MYSLICE::h557591e5e7c62904)
[INFO] [stdout]           >>> the encapsulation symbol needs to be retained under --gc-sections properly; consider -z nostart-stop-gc (see https://lld.llvm.org/ELF/start-stop-gc)
[INFO] [stdout]           
[INFO] [stdout]           rust-lld: error: undefined symbol: __stop_linkm2_MYSLICE
[INFO] [stdout]           >>> referenced by distributed_slice.f4f396de474ce210-cgu.0
[INFO] [stdout]           >>>               /opt/rustwide/target/debug/deps/distributed_slice-7c17de8db7e98a4d.distributed_slice.f4f396de474ce210-cgu.0.rcgu.o:(distributed_slice::test_elided_lifetime::MYSLICE::h557591e5e7c62904)
[INFO] [stdout]           collect2: error: ld returned 1 exit status
[INFO] [stdout]           
[INFO] [stdout] 
[INFO] [stdout] 
[INFO] [stderr] error: could not compile `linkme` (test "distributed_slice") due to 1 previous error
[INFO] [stdout] error: linking with `cc` failed: exit status: 1
[INFO] [stdout]   |
[INFO] [stdout]   = note: LC_ALL="C" PATH="/opt/rustwide/rustup-home/toolchains/nightly-2024-10-28-x86_64-unknown-linux-gnu/lib/rustlib/x86_64-unknown-linux-gnu/bin:/opt/rustwide/rustup-home/toolchains/nightly-2024-10-28-x86_64-unknown-linux-gnu/lib/rustlib/x86_64-unknown-linux-gnu/bin/self-contained:/opt/rustwide/cargo-home/bin:/usr/local/sbin:/usr/local/bin:/usr/sbin:/usr/bin:/sbin:/bin" VSLANG="1033" "cc" "-m64" "/tmp/rustcdSyll5/symbols.o" "/opt/rustwide/target/debug/deps/win_status_illegal_instruction-df46ee290d80a100.win_status_illegal_instruction.a0b8a3be3d5a5ff8-cgu.0.rcgu.o" "/opt/rustwide/target/debug/deps/win_status_illegal_instruction-df46ee290d80a100.5xhialnug7vu6y4iil376h3dr.rcgu.o" "-Wl,--as-needed" "-Wl,-Bstatic" "/opt/rustwide/rustup-home/toolchains/nightly-2024-10-28-x86_64-unknown-linux-gnu/lib/rustlib/x86_64-unknown-linux-gnu/lib/libtest-a09fad3b5321e7d6.rlib" "/opt/rustwide/rustup-home/toolchains/nightly-2024-10-28-x86_64-unknown-linux-gnu/lib/rustlib/x86_64-unknown-linux-gnu/lib/libgetopts-f9c3dff41ad42661.rlib" "/opt/rustwide/rustup-home/toolchains/nightly-2024-10-28-x86_64-unknown-linux-gnu/lib/rustlib/x86_64-unknown-linux-gnu/lib/libunicode_width-ad2aef31af6addd3.rlib" "/opt/rustwide/rustup-home/toolchains/nightly-2024-10-28-x86_64-unknown-linux-gnu/lib/rustlib/x86_64-unknown-linux-gnu/lib/librustc_std_workspace_std-e3f907dc03deb913.rlib" "/opt/rustwide/target/debug/deps/liblinkme-b1a5acf05a491570.rlib" "/opt/rustwide/rustup-home/toolchains/nightly-2024-10-28-x86_64-unknown-linux-gnu/lib/rustlib/x86_64-unknown-linux-gnu/lib/libstd-fb8c387236db3c10.rlib" "/opt/rustwide/rustup-home/toolchains/nightly-2024-10-28-x86_64-unknown-linux-gnu/lib/rustlib/x86_64-unknown-linux-gnu/lib/libpanic_unwind-b251837809b2f64b.rlib" "/opt/rustwide/rustup-home/toolchains/nightly-2024-10-28-x86_64-unknown-linux-gnu/lib/rustlib/x86_64-unknown-linux-gnu/lib/libobject-cbef83eaa4e01f04.rlib" "/opt/rustwide/rustup-home/toolchains/nightly-2024-10-28-x86_64-unknown-linux-gnu/lib/rustlib/x86_64-unknown-linux-gnu/lib/libmemchr-12a772286de2fca7.rlib" "/opt/rustwide/rustup-home/toolchains/nightly-2024-10-28-x86_64-unknown-linux-gnu/lib/rustlib/x86_64-unknown-linux-gnu/lib/libaddr2line-023bbe5ada7abfc3.rlib" "/opt/rustwide/rustup-home/toolchains/nightly-2024-10-28-x86_64-unknown-linux-gnu/lib/rustlib/x86_64-unknown-linux-gnu/lib/libgimli-de2bcdf10ec69c2b.rlib" "/opt/rustwide/rustup-home/toolchains/nightly-2024-10-28-x86_64-unknown-linux-gnu/lib/rustlib/x86_64-unknown-linux-gnu/lib/librustc_demangle-8e1754df350800fd.rlib" "/opt/rustwide/rustup-home/toolchains/nightly-2024-10-28-x86_64-unknown-linux-gnu/lib/rustlib/x86_64-unknown-linux-gnu/lib/libstd_detect-06c2ab7b9c32e037.rlib" "/opt/rustwide/rustup-home/toolchains/nightly-2024-10-28-x86_64-unknown-linux-gnu/lib/rustlib/x86_64-unknown-linux-gnu/lib/libhashbrown-51d2621fc57a281b.rlib" "/opt/rustwide/rustup-home/toolchains/nightly-2024-10-28-x86_64-unknown-linux-gnu/lib/rustlib/x86_64-unknown-linux-gnu/lib/librustc_std_workspace_alloc-54a930408793772f.rlib" "/opt/rustwide/rustup-home/toolchains/nightly-2024-10-28-x86_64-unknown-linux-gnu/lib/rustlib/x86_64-unknown-linux-gnu/lib/libminiz_oxide-0c7d01cba400dcb2.rlib" "/opt/rustwide/rustup-home/toolchains/nightly-2024-10-28-x86_64-unknown-linux-gnu/lib/rustlib/x86_64-unknown-linux-gnu/lib/libadler-b9f84d69e331b75b.rlib" "/opt/rustwide/rustup-home/toolchains/nightly-2024-10-28-x86_64-unknown-linux-gnu/lib/rustlib/x86_64-unknown-linux-gnu/lib/libunwind-eec95493246aae39.rlib" "/opt/rustwide/rustup-home/toolchains/nightly-2024-10-28-x86_64-unknown-linux-gnu/lib/rustlib/x86_64-unknown-linux-gnu/lib/libcfg_if-6f6676c475e08ab0.rlib" "/opt/rustwide/rustup-home/toolchains/nightly-2024-10-28-x86_64-unknown-linux-gnu/lib/rustlib/x86_64-unknown-linux-gnu/lib/liblibc-799d520624f8b2e0.rlib" "/opt/rustwide/rustup-home/toolchains/nightly-2024-10-28-x86_64-unknown-linux-gnu/lib/rustlib/x86_64-unknown-linux-gnu/lib/liballoc-fcf93d4842acd9a9.rlib" "/opt/rustwide/rustup-home/toolchains/nightly-2024-10-28-x86_64-unknown-linux-gnu/lib/rustlib/x86_64-unknown-linux-gnu/lib/librustc_std_workspace_core-395a38b8e0851c9b.rlib" "/opt/rustwide/rustup-home/toolchains/nightly-2024-10-28-x86_64-unknown-linux-gnu/lib/rustlib/x86_64-unknown-linux-gnu/lib/libcore-d453bab70303062c.rlib" "/opt/rustwide/rustup-home/toolchains/nightly-2024-10-28-x86_64-unknown-linux-gnu/lib/rustlib/x86_64-unknown-linux-gnu/lib/libcompiler_builtins-0e6386368b0a24e8.rlib" "-Wl,-Bdynamic" "-lgcc_s" "-lutil" "-lrt" "-lpthread" "-lm" "-ldl" "-lc" "-B/opt/rustwide/rustup-home/toolchains/nightly-2024-10-28-x86_64-unknown-linux-gnu/lib/rustlib/x86_64-unknown-linux-gnu/bin/gcc-ld" "-fuse-ld=lld" "-Wl,--eh-frame-hdr" "-Wl,-z,noexecstack" "-L" "/opt/rustwide/rustup-home/toolchains/nightly-2024-10-28-x86_64-unknown-linux-gnu/lib/rustlib/x86_64-unknown-linux-gnu/lib" "-o" "/opt/rustwide/target/debug/deps/win_status_illegal_instruction-df46ee290d80a100" "-Wl,--gc-sections" "-pie" "-Wl,-z,relro,-z,now" "-nodefaultlibs"
[INFO] [stdout]   = note: rust-lld: error: undefined symbol: __start_linkme_ITEMS
[INFO] [stdout]           >>> referenced by win_status_illegal_instruction.a0b8a3be3d5a5ff8-cgu.0
[INFO] [stdout]           >>>               /opt/rustwide/target/debug/deps/win_status_illegal_instruction-df46ee290d80a100.win_status_illegal_instruction.a0b8a3be3d5a5ff8-cgu.0.rcgu.o:(win_status_illegal_instruction::ITEMS::hc8484a890609399f)
[INFO] [stdout]           >>> the encapsulation symbol needs to be retained under --gc-sections properly; consider -z nostart-stop-gc (see https://lld.llvm.org/ELF/start-stop-gc)
[INFO] [stdout]           
[INFO] [stdout]           rust-lld: error: undefined symbol: __stop_linkme_ITEMS
[INFO] [stdout]           >>> referenced by win_status_illegal_instruction.a0b8a3be3d5a5ff8-cgu.0
[INFO] [stdout]           >>>               /opt/rustwide/target/debug/deps/win_status_illegal_instruction-df46ee290d80a100.win_status_illegal_instruction.a0b8a3be3d5a5ff8-cgu.0.rcgu.o:(win_status_illegal_instruction::ITEMS::hc8484a890609399f)
[INFO] [stdout]           
[INFO] [stdout]           rust-lld: error: undefined symbol: __start_linkm2_ITEMS
[INFO] [stdout]           >>> referenced by win_status_illegal_instruction.a0b8a3be3d5a5ff8-cgu.0
[INFO] [stdout]           >>>               /opt/rustwide/target/debug/deps/win_status_illegal_instruction-df46ee290d80a100.win_status_illegal_instruction.a0b8a3be3d5a5ff8-cgu.0.rcgu.o:(win_status_illegal_instruction::ITEMS::hc8484a890609399f)
[INFO] [stdout]           >>> the encapsulation symbol needs to be retained under --gc-sections properly; consider -z nostart-stop-gc (see https://lld.llvm.org/ELF/start-stop-gc)
[INFO] [stdout]           
[INFO] [stdout]           rust-lld: error: undefined symbol: __stop_linkm2_ITEMS
[INFO] [stdout]           >>> referenced by win_status_illegal_instruction.a0b8a3be3d5a5ff8-cgu.0
[INFO] [stdout]           >>>               /opt/rustwide/target/debug/deps/win_status_illegal_instruction-df46ee290d80a100.win_status_illegal_instruction.a0b8a3be3d5a5ff8-cgu.0.rcgu.o:(win_status_illegal_instruction::ITEMS::hc8484a890609399f)
[INFO] [stdout]           collect2: error: ld returned 1 exit status
[INFO] [stdout]           
[INFO] [stdout] 
[INFO] [stdout] 
[INFO] [stderr] error: could not compile `linkme` (test "win_status_illegal_instruction") due to 1 previous error
[INFO] running `Command { std: "docker" "inspect" "e9f0e595ab0d0f50fc1c88d1c08f2eb937df9fb02da4a70bc08efe546999e0ed", kill_on_drop: false }`
[INFO] running `Command { std: "docker" "rm" "-f" "e9f0e595ab0d0f50fc1c88d1c08f2eb937df9fb02da4a70bc08efe546999e0ed", kill_on_drop: false }`
[INFO] [stdout] e9f0e595ab0d0f50fc1c88d1c08f2eb937df9fb02da4a70bc08efe546999e0ed
