[INFO] fetching crate linera-wasmer 4.4.0-linera.5...
[INFO] testing linera-wasmer-4.4.0-linera.5 against nightly-2024-10-28+rustflags=-Zrandomize-layout for randomize-layout
[INFO] extracting crate linera-wasmer 4.4.0-linera.5 into /workspace/builds/worker-3-tc2/source
[INFO] validating manifest of crates.io crate linera-wasmer 4.4.0-linera.5 on toolchain nightly-2024-10-28
[INFO] running `Command { std: CARGO_HOME="/workspace/cargo-home" RUSTUP_HOME="/workspace/rustup-home" "/workspace/cargo-home/bin/cargo" "+nightly-2024-10-28" "metadata" "--manifest-path" "Cargo.toml" "--no-deps", kill_on_drop: false }`
[INFO] started tweaking crates.io crate linera-wasmer 4.4.0-linera.5
[INFO] finished tweaking crates.io crate linera-wasmer 4.4.0-linera.5
[INFO] tweaked toml for crates.io crate linera-wasmer 4.4.0-linera.5 written to /workspace/builds/worker-3-tc2/source/Cargo.toml
[INFO] running `Command { std: CARGO_HOME="/workspace/cargo-home" RUSTUP_HOME="/workspace/rustup-home" "/workspace/cargo-home/bin/cargo" "+nightly-2024-10-28" "generate-lockfile" "--manifest-path" "Cargo.toml", kill_on_drop: false }`
[INFO] [stderr]     Updating crates.io index
[INFO] [stderr]      Locking 191 packages to latest compatible versions
[INFO] [stderr]       Adding hashbrown v0.11.2 (available: v0.15.0)
[INFO] [stderr]       Adding indexmap v1.9.3 (available: v2.6.0)
[INFO] [stderr]       Adding macro-wasmer-universal-test v4.4.0 (available: v5.0.0)
[INFO] [stderr]       Adding more-asserts v0.2.2 (available: v0.3.1)
[INFO] [stderr]       Adding serde-wasm-bindgen v0.4.5 (available: v0.6.5)
[INFO] [stderr]       Adding wasmer-derive v4.4.0 (available: v5.0.0)
[INFO] [stderr]       Adding wasmer-types v4.4.0 (available: v5.0.0)
[INFO] [stderr]       Adding wasmparser v0.121.2 (available: v0.219.1)
[INFO] [stderr]       Adding wat v1.217.0 (available: v1.219.1)
[INFO] running `Command { std: CARGO_HOME="/workspace/cargo-home" RUSTUP_HOME="/workspace/rustup-home" "/workspace/cargo-home/bin/cargo" "+nightly-2024-10-28" "fetch" "--manifest-path" "Cargo.toml", kill_on_drop: false }`
[INFO] running `Command { std: "docker" "create" "-v" "/var/lib/crater-agent-workspace/builds/worker-3-tc2/target:/opt/rustwide/target:rw,Z" "-v" "/var/lib/crater-agent-workspace/builds/worker-3-tc2/source:/opt/rustwide/workdir:ro,Z" "-v" "/var/lib/crater-agent-workspace/cargo-home:/opt/rustwide/cargo-home:ro,Z" "-v" "/var/lib/crater-agent-workspace/rustup-home:/opt/rustwide/rustup-home:ro,Z" "-e" "SOURCE_DIR=/opt/rustwide/workdir" "-e" "CARGO_TARGET_DIR=/opt/rustwide/target" "-e" "CARGO_HOME=/opt/rustwide/cargo-home" "-e" "RUSTUP_HOME=/opt/rustwide/rustup-home" "-w" "/opt/rustwide/workdir" "-m" "1610612736" "--user" "0:0" "--network" "none" "ghcr.io/rust-lang/crates-build-env/linux@sha256:4a844ea9eb2546a2d2c7022eacef16ef2e8229c7fbb2c7d4d55a9ceca922f72d" "/opt/rustwide/cargo-home/bin/cargo" "+nightly-2024-10-28" "metadata" "--no-deps" "--format-version=1", kill_on_drop: false }`
[INFO] [stdout] 86882c6145fd0cb63b8cd682d289a7d3bf2bf2ca48b1af3359cb09bdf9f359a8
[INFO] running `Command { std: "docker" "start" "-a" "86882c6145fd0cb63b8cd682d289a7d3bf2bf2ca48b1af3359cb09bdf9f359a8", kill_on_drop: false }`
[INFO] running `Command { std: "docker" "inspect" "86882c6145fd0cb63b8cd682d289a7d3bf2bf2ca48b1af3359cb09bdf9f359a8", kill_on_drop: false }`
[INFO] running `Command { std: "docker" "rm" "-f" "86882c6145fd0cb63b8cd682d289a7d3bf2bf2ca48b1af3359cb09bdf9f359a8", kill_on_drop: false }`
[INFO] [stdout] 86882c6145fd0cb63b8cd682d289a7d3bf2bf2ca48b1af3359cb09bdf9f359a8
[INFO] running `Command { std: "docker" "create" "-v" "/var/lib/crater-agent-workspace/builds/worker-3-tc2/target:/opt/rustwide/target:rw,Z" "-v" "/var/lib/crater-agent-workspace/builds/worker-3-tc2/source:/opt/rustwide/workdir:ro,Z" "-v" "/var/lib/crater-agent-workspace/cargo-home:/opt/rustwide/cargo-home:ro,Z" "-v" "/var/lib/crater-agent-workspace/rustup-home:/opt/rustwide/rustup-home:ro,Z" "-e" "SOURCE_DIR=/opt/rustwide/workdir" "-e" "CARGO_TARGET_DIR=/opt/rustwide/target" "-e" "CARGO_INCREMENTAL=0" "-e" "RUST_BACKTRACE=full" "-e" "RUSTFLAGS=--cap-lints=forbid -Zrandomize-layout" "-e" "RUSTDOCFLAGS=--cap-lints=forbid" "-e" "CARGO_HOME=/opt/rustwide/cargo-home" "-e" "RUSTUP_HOME=/opt/rustwide/rustup-home" "-w" "/opt/rustwide/workdir" "-m" "1610612736" "--user" "0:0" "--network" "none" "ghcr.io/rust-lang/crates-build-env/linux@sha256:4a844ea9eb2546a2d2c7022eacef16ef2e8229c7fbb2c7d4d55a9ceca922f72d" "/opt/rustwide/cargo-home/bin/cargo" "+nightly-2024-10-28" "build" "--frozen" "--message-format=json", kill_on_drop: false }`
[INFO] [stdout] c764df501d99b94261c5d93995647dbbd5bdb11cae99816cee3fb65bd5481d24
[INFO] running `Command { std: "docker" "start" "-a" "c764df501d99b94261c5d93995647dbbd5bdb11cae99816cee3fb65bd5481d24", kill_on_drop: false }`
[INFO] [stderr]    Compiling proc-macro2 v1.0.89
[INFO] [stderr]    Compiling unicode-ident v1.0.13
[INFO] [stderr]    Compiling version_check v0.9.5
[INFO] [stderr]    Compiling autocfg v1.4.0
[INFO] [stderr]    Compiling libc v0.2.161
[INFO] [stderr]    Compiling syn v1.0.109
[INFO] [stderr]    Compiling once_cell v1.20.2
[INFO] [stderr]    Compiling typenum v1.17.0
[INFO] [stderr]    Compiling crossbeam-utils v0.8.20
[INFO] [stderr]    Compiling ident_case v1.0.1
[INFO] [stderr]    Compiling smallvec v1.13.2
[INFO] [stderr]    Compiling bytecheck v0.6.12
[INFO] [stderr]    Compiling target-lexicon v0.12.16
[INFO] [stderr]    Compiling memchr v2.7.4
[INFO] [stderr]    Compiling simdutf8 v0.1.5
[INFO] [stderr]    Compiling rend v0.4.2
[INFO] [stderr]    Compiling cranelift-isle v0.91.1
[INFO] [stderr]    Compiling rkyv v0.7.45
[INFO] [stderr]    Compiling cranelift-codegen-shared v0.91.1
[INFO] [stderr]    Compiling parking_lot_core v0.9.10
[INFO] [stderr]    Compiling byteorder v1.5.0
[INFO] [stderr]    Compiling scopeguard v1.2.0
[INFO] [stderr]    Compiling thiserror v1.0.66
[INFO] [stderr]    Compiling cranelift-codegen-meta v0.91.1
[INFO] [stderr]    Compiling gimli v0.31.1
[INFO] [stderr]    Compiling bumpalo v3.16.0
[INFO] [stderr]    Compiling semver v1.0.23
[INFO] [stderr]    Compiling ahash v0.7.8
[INFO] [stderr]    Compiling generic-array v0.14.7
[INFO] [stderr]    Compiling indexmap v1.9.3
[INFO] [stderr]    Compiling lock_api v0.4.12
[INFO] [stderr]    Compiling memoffset v0.9.1
[INFO] [stderr]    Compiling corosensei v0.1.4
[INFO] [stderr]    Compiling fxhash v0.2.1
[INFO] [stderr]    Compiling leb128 v0.2.5
[INFO] [stderr]    Compiling cpufeatures v0.2.14
[INFO] [stderr]    Compiling log v0.4.22
[INFO] [stderr]    Compiling seahash v4.1.0
[INFO] [stderr]    Compiling cranelift-entity v0.91.1
[INFO] [stderr]    Compiling adler2 v2.0.0
[INFO] [stderr]    Compiling crossbeam-epoch v0.9.18
[INFO] [stderr]    Compiling miniz_oxide v0.8.0
[INFO] [stderr]    Compiling object v0.36.5
[INFO] [stderr]    Compiling quote v1.0.37
[INFO] [stderr]    Compiling proc-macro-error-attr v1.0.4
[INFO] [stderr]    Compiling rustc-demangle v0.1.24
[INFO] [stderr]    Compiling fallible-iterator v0.2.0
[INFO] [stderr]    Compiling slice-group-by v0.3.1
[INFO] [stderr]    Compiling hashbrown v0.15.0
[INFO] [stderr]    Compiling syn v2.0.86
[INFO] [stderr]    Compiling getrandom v0.2.15
[INFO] [stderr]    Compiling equivalent v1.0.1
[INFO] [stderr]    Compiling more-asserts v0.2.2
[INFO] [stderr]    Compiling rayon-core v1.12.1
[INFO] [stderr]    Compiling xxhash-rust v0.8.12
[INFO] [stderr]    Compiling hashbrown v0.14.5
[INFO] [stderr]    Compiling hex v0.4.3
[INFO] [stderr]    Compiling stable_deref_trait v1.2.0
[INFO] [stderr]    Compiling regalloc2 v0.5.1
[INFO] [stderr]    Compiling region v3.0.2
[INFO] [stderr]    Compiling memmap2 v0.6.2
[INFO] [stderr]    Compiling hashbrown v0.12.3
[INFO] [stderr]    Compiling crossbeam-deque v0.8.5
[INFO] [stderr]    Compiling cranelift-bforest v0.91.1
[INFO] [stderr]    Compiling crossbeam-queue v0.3.11
[INFO] [stderr]    Compiling indexmap v2.6.0
[INFO] [stderr]    Compiling proc-macro-error v1.0.4
[INFO] [stderr]    Compiling arrayvec v0.7.6
[INFO] [stderr]    Compiling bytes v1.8.0
[INFO] [stderr]    Compiling block-buffer v0.10.4
[INFO] [stderr]    Compiling crypto-common v0.1.6
[INFO] [stderr]    Compiling lazy_static v1.5.0
[INFO] [stderr]    Compiling digest v0.10.7
[INFO] [stderr]    Compiling dashmap v6.1.0
[INFO] [stderr]    Compiling bitflags v2.6.0
[INFO] [stderr]    Compiling wasm-encoder v0.217.0
[INFO] [stderr]    Compiling sha2 v0.10.8
[INFO] [stderr]    Compiling tracing-core v0.1.32
[INFO] [stderr]    Compiling shared-buffer v0.1.4
[INFO] [stderr]    Compiling wasmparser v0.121.2
[INFO] [stderr]    Compiling unicode-width v0.1.14
[INFO] [stderr]    Compiling self_cell v1.0.4
[INFO] [stderr]    Compiling gimli v0.26.2
[INFO] [stderr]    Compiling cranelift-egraph v0.91.1
[INFO] [stderr]    Compiling pin-project-lite v0.2.15
[INFO] [stderr]    Compiling linera-wasmer-compiler-cranelift v4.4.0-linera.5
[INFO] [stderr]    Compiling either v1.13.0
[INFO] [stderr]    Compiling addr2line v0.24.2
[INFO] [stderr]    Compiling rayon v1.10.0
[INFO] [stderr]    Compiling wast v217.0.0
[INFO] [stderr]    Compiling cranelift-codegen v0.91.1
[INFO] [stderr]    Compiling backtrace v0.3.74
[INFO] [stderr]    Compiling darling_core v0.20.10
[INFO] [stderr]    Compiling thiserror-impl v1.0.66
[INFO] [stderr]    Compiling tracing-attributes v0.1.27
[INFO] [stderr]    Compiling ptr_meta_derive v0.1.4
[INFO] [stderr]    Compiling bytecheck_derive v0.6.12
[INFO] [stderr]    Compiling enum-iterator-derive v0.7.0
[INFO] [stderr]    Compiling rkyv_derive v0.7.45
[INFO] [stderr]    Compiling derivative v2.2.0
[INFO] [stderr]    Compiling wasmer-derive v4.4.0
[INFO] [stderr]    Compiling ptr_meta v0.1.4
[INFO] [stderr]    Compiling enum-iterator v0.7.0
[INFO] [stderr]    Compiling tracing v0.1.40
[INFO] [stderr]    Compiling darling_macro v0.20.10
[INFO] [stderr]    Compiling darling v0.20.10
[INFO] [stderr]    Compiling enumset_derive v0.10.0
[INFO] [stderr]    Compiling enumset v1.1.5
[INFO] [stderr]    Compiling wat v1.217.0
[INFO] [stderr]    Compiling wasmer-types v4.4.0
[INFO] [stderr]    Compiling linera-wasmer-vm v4.4.0-linera.5
[INFO] [stderr]    Compiling linera-wasmer-compiler v4.4.0-linera.5
[INFO] [stderr]    Compiling cranelift-frontend v0.91.1
[INFO] [stderr]    Compiling linera-wasmer v4.4.0-linera.5 (/opt/rustwide/workdir)
[INFO] [stdout] warning: lint `deprecated_cfg_attr_crate_type_name` has been removed: converted into hard error, see issue #91632 <https://github.com/rust-lang/rust/issues/91632> for more information
[INFO] [stdout]   --> src/lib.rs:22:10
[INFO] [stdout]    |
[INFO] [stdout] 22 | #![allow(deprecated_cfg_attr_crate_type_name)]
[INFO] [stdout]    |          ^^^^^^^^^^^^^^^^^^^^^^^^^^^^^^^^^^^
[INFO] [stdout]    |
[INFO] [stdout]    = note: `#[warn(renamed_and_removed_lints)]` on by default
[INFO] [stdout] 
[INFO] [stdout] 
[INFO] [stdout] warning: unexpected `cfg` condition value: `llvm`
[INFO] [stdout]    --> src/lib.rs:292:13
[INFO] [stdout]     |
[INFO] [stdout] 292 | #![cfg_attr(feature = "llvm", doc = "(enabled),")]
[INFO] [stdout]     |             ^^^^^^^^^^^^^^^^
[INFO] [stdout]     |
[INFO] [stdout]     = note: expected values for `feature` are: `artifact-size`, `compiler`, `core`, `cranelift`, `default`, `enable-serde`, `engine`, `hashbrown`, `jit`, `js`, `js-default`, `js-serializable-module`, `js-sys`, `jsc`, `rusty_jsc`, `singlepass`, `static-artifact-create`, `static-artifact-load`, `std`, `sys`, `sys-default`, `wasm-bindgen`, `wasm-types-polyfill`, `wasmer-artifact-create`, `wasmer-artifact-load`, `wasmer-compiler-cranelift`, `wasmer-compiler-singlepass`, `wasmparser`, and `wat`
[INFO] [stdout]     = help: consider adding `llvm` as a feature in `Cargo.toml`
[INFO] [stdout]     = note: see <https://doc.rust-lang.org/nightly/rustc/check-cfg/cargo-specifics.html> for more information about checking conditional configuration
[INFO] [stdout]     = note: `#[warn(unexpected_cfgs)]` on by default
[INFO] [stdout] 
[INFO] [stdout] 
[INFO] [stdout] warning: unexpected `cfg` condition value: `llvm`
[INFO] [stdout]    --> src/lib.rs:293:17
[INFO] [stdout]     |
[INFO] [stdout] 293 | #![cfg_attr(not(feature = "llvm"), doc = "(disabled),")]
[INFO] [stdout]     |                 ^^^^^^^^^^^^^^^^
[INFO] [stdout]     |
[INFO] [stdout]     = note: expected values for `feature` are: `artifact-size`, `compiler`, `core`, `cranelift`, `default`, `enable-serde`, `engine`, `hashbrown`, `jit`, `js`, `js-default`, `js-serializable-module`, `js-sys`, `jsc`, `rusty_jsc`, `singlepass`, `static-artifact-create`, `static-artifact-load`, `std`, `sys`, `sys-default`, `wasm-bindgen`, `wasm-types-polyfill`, `wasmer-artifact-create`, `wasmer-artifact-load`, `wasmer-compiler-cranelift`, `wasmer-compiler-singlepass`, `wasmparser`, and `wat`
[INFO] [stdout]     = help: consider adding `llvm` as a feature in `Cargo.toml`
[INFO] [stdout]     = note: see <https://doc.rust-lang.org/nightly/rustc/check-cfg/cargo-specifics.html> for more information about checking conditional configuration
[INFO] [stdout] 
[INFO] [stdout] 
[INFO] [stdout] warning: unexpected `cfg` condition value: `llvm`
[INFO] [stdout]   --> src/sys/mod.rs:20:7
[INFO] [stdout]    |
[INFO] [stdout] 20 | #[cfg(feature = "llvm")]
[INFO] [stdout]    |       ^^^^^^^^^^^^^^^^
[INFO] [stdout]    |
[INFO] [stdout]    = note: expected values for `feature` are: `artifact-size`, `compiler`, `core`, `cranelift`, `default`, `enable-serde`, `engine`, `hashbrown`, `jit`, `js`, `js-default`, `js-serializable-module`, `js-sys`, `jsc`, `rusty_jsc`, `singlepass`, `static-artifact-create`, `static-artifact-load`, `std`, `sys`, `sys-default`, `wasm-bindgen`, `wasm-types-polyfill`, `wasmer-artifact-create`, `wasmer-artifact-load`, `wasmer-compiler-cranelift`, `wasmer-compiler-singlepass`, `wasmparser`, and `wat`
[INFO] [stdout]    = help: consider adding `llvm` as a feature in `Cargo.toml`
[INFO] [stdout]    = note: see <https://doc.rust-lang.org/nightly/rustc/check-cfg/cargo-specifics.html> for more information about checking conditional configuration
[INFO] [stdout] 
[INFO] [stdout] 
[INFO] [stdout] warning: unexpected `cfg` condition value: `llvm`
[INFO] [stdout]   --> src/sys/engine.rs:17:25
[INFO] [stdout]    |
[INFO] [stdout] 17 |         } else if #[cfg(feature = "llvm")] {
[INFO] [stdout]    |                         ^^^^^^^
[INFO] [stdout]    |
[INFO] [stdout]    = note: expected values for `feature` are: `artifact-size`, `compiler`, `core`, `cranelift`, `default`, `enable-serde`, `engine`, `hashbrown`, `jit`, `js`, `js-default`, `js-serializable-module`, `js-sys`, `jsc`, `rusty_jsc`, `singlepass`, `static-artifact-create`, `static-artifact-load`, `std`, `sys`, `sys-default`, `wasm-bindgen`, `wasm-types-polyfill`, `wasmer-artifact-create`, `wasmer-artifact-load`, `wasmer-compiler-cranelift`, `wasmer-compiler-singlepass`, `wasmparser`, and `wat`
[INFO] [stdout]    = help: consider adding `llvm` as a feature in `Cargo.toml`
[INFO] [stdout]    = note: see <https://doc.rust-lang.org/nightly/rustc/check-cfg/cargo-specifics.html> for more information about checking conditional configuration
[INFO] [stdout] 
[INFO] [stdout] 
[INFO] [stderr]     Finished `dev` profile [unoptimized + debuginfo] target(s) in 23.88s
[INFO] running `Command { std: "docker" "inspect" "c764df501d99b94261c5d93995647dbbd5bdb11cae99816cee3fb65bd5481d24", kill_on_drop: false }`
[INFO] running `Command { std: "docker" "rm" "-f" "c764df501d99b94261c5d93995647dbbd5bdb11cae99816cee3fb65bd5481d24", kill_on_drop: false }`
[INFO] [stdout] c764df501d99b94261c5d93995647dbbd5bdb11cae99816cee3fb65bd5481d24
[INFO] running `Command { std: "docker" "create" "-v" "/var/lib/crater-agent-workspace/builds/worker-3-tc2/target:/opt/rustwide/target:rw,Z" "-v" "/var/lib/crater-agent-workspace/builds/worker-3-tc2/source:/opt/rustwide/workdir:ro,Z" "-v" "/var/lib/crater-agent-workspace/cargo-home:/opt/rustwide/cargo-home:ro,Z" "-v" "/var/lib/crater-agent-workspace/rustup-home:/opt/rustwide/rustup-home:ro,Z" "-e" "SOURCE_DIR=/opt/rustwide/workdir" "-e" "CARGO_TARGET_DIR=/opt/rustwide/target" "-e" "CARGO_INCREMENTAL=0" "-e" "RUST_BACKTRACE=full" "-e" "RUSTFLAGS=--cap-lints=forbid -Zrandomize-layout" "-e" "RUSTDOCFLAGS=--cap-lints=forbid" "-e" "CARGO_HOME=/opt/rustwide/cargo-home" "-e" "RUSTUP_HOME=/opt/rustwide/rustup-home" "-w" "/opt/rustwide/workdir" "-m" "1610612736" "--user" "0:0" "--network" "none" "ghcr.io/rust-lang/crates-build-env/linux@sha256:4a844ea9eb2546a2d2c7022eacef16ef2e8229c7fbb2c7d4d55a9ceca922f72d" "/opt/rustwide/cargo-home/bin/cargo" "+nightly-2024-10-28" "test" "--frozen" "--no-run" "--message-format=json", kill_on_drop: false }`
[INFO] [stdout] 3f5a9d427dd923c26d158bc6613efa7f45e1fe655d8d641122784acf1dc147f8
[INFO] running `Command { std: "docker" "start" "-a" "3f5a9d427dd923c26d158bc6613efa7f45e1fe655d8d641122784acf1dc147f8", kill_on_drop: false }`
[INFO] [stderr]    Compiling bitflags v2.6.0
[INFO] [stderr]    Compiling proc-macro-hack v0.5.20+deprecated
[INFO] [stderr]    Compiling rustix v0.38.38
[INFO] [stderr]    Compiling anyhow v1.0.92
[INFO] [stderr]    Compiling linux-raw-sys v0.4.14
[INFO] [stderr]    Compiling fastrand v2.1.1
[INFO] [stderr]    Compiling wasmparser v0.121.2
[INFO] [stderr]    Compiling proc-quote-impl v0.3.2
[INFO] [stderr]    Compiling proc-quote v0.4.0
[INFO] [stderr]    Compiling macro-wasmer-universal-test v4.4.0
[INFO] [stderr]    Compiling tempfile v3.13.0
[INFO] [stderr]    Compiling linera-wasmer-compiler v4.4.0-linera.5
[INFO] [stderr]    Compiling linera-wasmer-compiler-cranelift v4.4.0-linera.5
[INFO] [stderr]    Compiling linera-wasmer v4.4.0-linera.5 (/opt/rustwide/workdir)
[INFO] [stdout] warning: lint `deprecated_cfg_attr_crate_type_name` has been removed: converted into hard error, see issue #91632 <https://github.com/rust-lang/rust/issues/91632> for more information
[INFO] [stdout]   --> src/lib.rs:22:10
[INFO] [stdout]    |
[INFO] [stdout] 22 | #![allow(deprecated_cfg_attr_crate_type_name)]
[INFO] [stdout]    |          ^^^^^^^^^^^^^^^^^^^^^^^^^^^^^^^^^^^
[INFO] [stdout]    |
[INFO] [stdout]    = note: `#[warn(renamed_and_removed_lints)]` on by default
[INFO] [stdout] 
[INFO] [stdout] 
[INFO] [stdout] warning: unexpected `cfg` condition value: `llvm`
[INFO] [stdout]    --> src/lib.rs:292:13
[INFO] [stdout]     |
[INFO] [stdout] 292 | #![cfg_attr(feature = "llvm", doc = "(enabled),")]
[INFO] [stdout]     |             ^^^^^^^^^^^^^^^^
[INFO] [stdout]     |
[INFO] [stdout]     = note: expected values for `feature` are: `artifact-size`, `compiler`, `core`, `cranelift`, `default`, `enable-serde`, `engine`, `hashbrown`, `jit`, `js`, `js-default`, `js-serializable-module`, `js-sys`, `jsc`, `rusty_jsc`, `singlepass`, `static-artifact-create`, `static-artifact-load`, `std`, `sys`, `sys-default`, `wasm-bindgen`, `wasm-types-polyfill`, `wasmer-artifact-create`, `wasmer-artifact-load`, `wasmer-compiler-cranelift`, `wasmer-compiler-singlepass`, `wasmparser`, and `wat`
[INFO] [stdout]     = help: consider adding `llvm` as a feature in `Cargo.toml`
[INFO] [stdout]     = note: see <https://doc.rust-lang.org/nightly/rustc/check-cfg/cargo-specifics.html> for more information about checking conditional configuration
[INFO] [stdout]     = note: `#[warn(unexpected_cfgs)]` on by default
[INFO] [stdout] 
[INFO] [stdout] 
[INFO] [stdout] warning: unexpected `cfg` condition value: `llvm`
[INFO] [stdout]    --> src/lib.rs:293:17
[INFO] [stdout]     |
[INFO] [stdout] 293 | #![cfg_attr(not(feature = "llvm"), doc = "(disabled),")]
[INFO] [stdout]     |                 ^^^^^^^^^^^^^^^^
[INFO] [stdout]     |
[INFO] [stdout]     = note: expected values for `feature` are: `artifact-size`, `compiler`, `core`, `cranelift`, `default`, `enable-serde`, `engine`, `hashbrown`, `jit`, `js`, `js-default`, `js-serializable-module`, `js-sys`, `jsc`, `rusty_jsc`, `singlepass`, `static-artifact-create`, `static-artifact-load`, `std`, `sys`, `sys-default`, `wasm-bindgen`, `wasm-types-polyfill`, `wasmer-artifact-create`, `wasmer-artifact-load`, `wasmer-compiler-cranelift`, `wasmer-compiler-singlepass`, `wasmparser`, and `wat`
[INFO] [stdout]     = help: consider adding `llvm` as a feature in `Cargo.toml`
[INFO] [stdout]     = note: see <https://doc.rust-lang.org/nightly/rustc/check-cfg/cargo-specifics.html> for more information about checking conditional configuration
[INFO] [stdout] 
[INFO] [stdout] 
[INFO] [stdout] warning: unexpected `cfg` condition value: `llvm`
[INFO] [stdout]   --> src/sys/mod.rs:20:7
[INFO] [stdout]    |
[INFO] [stdout] 20 | #[cfg(feature = "llvm")]
[INFO] [stdout]    |       ^^^^^^^^^^^^^^^^
[INFO] [stdout]    |
[INFO] [stdout]    = note: expected values for `feature` are: `artifact-size`, `compiler`, `core`, `cranelift`, `default`, `enable-serde`, `engine`, `hashbrown`, `jit`, `js`, `js-default`, `js-serializable-module`, `js-sys`, `jsc`, `rusty_jsc`, `singlepass`, `static-artifact-create`, `static-artifact-load`, `std`, `sys`, `sys-default`, `wasm-bindgen`, `wasm-types-polyfill`, `wasmer-artifact-create`, `wasmer-artifact-load`, `wasmer-compiler-cranelift`, `wasmer-compiler-singlepass`, `wasmparser`, and `wat`
[INFO] [stdout]    = help: consider adding `llvm` as a feature in `Cargo.toml`
[INFO] [stdout]    = note: see <https://doc.rust-lang.org/nightly/rustc/check-cfg/cargo-specifics.html> for more information about checking conditional configuration
[INFO] [stdout] 
[INFO] [stdout] 
[INFO] [stdout] warning: unexpected `cfg` condition value: `llvm`
[INFO] [stdout]   --> src/sys/engine.rs:17:25
[INFO] [stdout]    |
[INFO] [stdout] 17 |         } else if #[cfg(feature = "llvm")] {
[INFO] [stdout]    |                         ^^^^^^^
[INFO] [stdout]    |
[INFO] [stdout]    = note: expected values for `feature` are: `artifact-size`, `compiler`, `core`, `cranelift`, `default`, `enable-serde`, `engine`, `hashbrown`, `jit`, `js`, `js-default`, `js-serializable-module`, `js-sys`, `jsc`, `rusty_jsc`, `singlepass`, `static-artifact-create`, `static-artifact-load`, `std`, `sys`, `sys-default`, `wasm-bindgen`, `wasm-types-polyfill`, `wasmer-artifact-create`, `wasmer-artifact-load`, `wasmer-compiler-cranelift`, `wasmer-compiler-singlepass`, `wasmparser`, and `wat`
[INFO] [stdout]    = help: consider adding `llvm` as a feature in `Cargo.toml`
[INFO] [stdout]    = note: see <https://doc.rust-lang.org/nightly/rustc/check-cfg/cargo-specifics.html> for more information about checking conditional configuration
[INFO] [stdout] 
[INFO] [stdout] 
[INFO] [stdout] warning: lint `deprecated_cfg_attr_crate_type_name` has been removed: converted into hard error, see issue #91632 <https://github.com/rust-lang/rust/issues/91632> for more information
[INFO] [stdout]   --> src/lib.rs:22:10
[INFO] [stdout]    |
[INFO] [stdout] 22 | #![allow(deprecated_cfg_attr_crate_type_name)]
[INFO] [stdout]    |          ^^^^^^^^^^^^^^^^^^^^^^^^^^^^^^^^^^^
[INFO] [stdout]    |
[INFO] [stdout]    = note: `#[warn(renamed_and_removed_lints)]` on by default
[INFO] [stdout] 
[INFO] [stdout] 
[INFO] [stdout] warning: unexpected `cfg` condition value: `llvm`
[INFO] [stdout]    --> src/lib.rs:292:13
[INFO] [stdout]     |
[INFO] [stdout] 292 | #![cfg_attr(feature = "llvm", doc = "(enabled),")]
[INFO] [stdout]     |             ^^^^^^^^^^^^^^^^
[INFO] [stdout]     |
[INFO] [stdout]     = note: expected values for `feature` are: `artifact-size`, `compiler`, `core`, `cranelift`, `default`, `enable-serde`, `engine`, `hashbrown`, `jit`, `js`, `js-default`, `js-serializable-module`, `js-sys`, `jsc`, `rusty_jsc`, `singlepass`, `static-artifact-create`, `static-artifact-load`, `std`, `sys`, `sys-default`, `wasm-bindgen`, `wasm-types-polyfill`, `wasmer-artifact-create`, `wasmer-artifact-load`, `wasmer-compiler-cranelift`, `wasmer-compiler-singlepass`, `wasmparser`, and `wat`
[INFO] [stdout]     = help: consider adding `llvm` as a feature in `Cargo.toml`
[INFO] [stdout]     = note: see <https://doc.rust-lang.org/nightly/rustc/check-cfg/cargo-specifics.html> for more information about checking conditional configuration
[INFO] [stdout]     = note: `#[warn(unexpected_cfgs)]` on by default
[INFO] [stdout] 
[INFO] [stdout] 
[INFO] [stdout] warning: unexpected `cfg` condition value: `llvm`
[INFO] [stdout]    --> src/lib.rs:293:17
[INFO] [stdout]     |
[INFO] [stdout] 293 | #![cfg_attr(not(feature = "llvm"), doc = "(disabled),")]
[INFO] [stdout]     |                 ^^^^^^^^^^^^^^^^
[INFO] [stdout]     |
[INFO] [stdout]     = note: expected values for `feature` are: `artifact-size`, `compiler`, `core`, `cranelift`, `default`, `enable-serde`, `engine`, `hashbrown`, `jit`, `js`, `js-default`, `js-serializable-module`, `js-sys`, `jsc`, `rusty_jsc`, `singlepass`, `static-artifact-create`, `static-artifact-load`, `std`, `sys`, `sys-default`, `wasm-bindgen`, `wasm-types-polyfill`, `wasmer-artifact-create`, `wasmer-artifact-load`, `wasmer-compiler-cranelift`, `wasmer-compiler-singlepass`, `wasmparser`, and `wat`
[INFO] [stdout]     = help: consider adding `llvm` as a feature in `Cargo.toml`
[INFO] [stdout]     = note: see <https://doc.rust-lang.org/nightly/rustc/check-cfg/cargo-specifics.html> for more information about checking conditional configuration
[INFO] [stdout] 
[INFO] [stdout] 
[INFO] [stdout] warning: unexpected `cfg` condition value: `llvm`
[INFO] [stdout]   --> src/sys/mod.rs:20:7
[INFO] [stdout]    |
[INFO] [stdout] 20 | #[cfg(feature = "llvm")]
[INFO] [stdout]    |       ^^^^^^^^^^^^^^^^
[INFO] [stdout]    |
[INFO] [stdout]    = note: expected values for `feature` are: `artifact-size`, `compiler`, `core`, `cranelift`, `default`, `enable-serde`, `engine`, `hashbrown`, `jit`, `js`, `js-default`, `js-serializable-module`, `js-sys`, `jsc`, `rusty_jsc`, `singlepass`, `static-artifact-create`, `static-artifact-load`, `std`, `sys`, `sys-default`, `wasm-bindgen`, `wasm-types-polyfill`, `wasmer-artifact-create`, `wasmer-artifact-load`, `wasmer-compiler-cranelift`, `wasmer-compiler-singlepass`, `wasmparser`, and `wat`
[INFO] [stdout]    = help: consider adding `llvm` as a feature in `Cargo.toml`
[INFO] [stdout]    = note: see <https://doc.rust-lang.org/nightly/rustc/check-cfg/cargo-specifics.html> for more information about checking conditional configuration
[INFO] [stdout] 
[INFO] [stdout] 
[INFO] [stdout] warning: unexpected `cfg` condition value: `llvm`
[INFO] [stdout]   --> src/sys/engine.rs:17:25
[INFO] [stdout]    |
[INFO] [stdout] 17 |         } else if #[cfg(feature = "llvm")] {
[INFO] [stdout]    |                         ^^^^^^^
[INFO] [stdout]    |
[INFO] [stdout]    = note: expected values for `feature` are: `artifact-size`, `compiler`, `core`, `cranelift`, `default`, `enable-serde`, `engine`, `hashbrown`, `jit`, `js`, `js-default`, `js-serializable-module`, `js-sys`, `jsc`, `rusty_jsc`, `singlepass`, `static-artifact-create`, `static-artifact-load`, `std`, `sys`, `sys-default`, `wasm-bindgen`, `wasm-types-polyfill`, `wasmer-artifact-create`, `wasmer-artifact-load`, `wasmer-compiler-cranelift`, `wasmer-compiler-singlepass`, `wasmparser`, and `wat`
[INFO] [stdout]    = help: consider adding `llvm` as a feature in `Cargo.toml`
[INFO] [stdout]    = note: see <https://doc.rust-lang.org/nightly/rustc/check-cfg/cargo-specifics.html> for more information about checking conditional configuration
[INFO] [stdout] 
[INFO] [stdout] 
[INFO] [stdout] error[E0432]: unresolved import `wasmer`
[INFO] [stdout]  --> tests/instance.rs:5:5
[INFO] [stdout]   |
[INFO] [stdout] 5 | use wasmer::*;
[INFO] [stdout]   |     ^^^^^^ use of undeclared crate or module `wasmer`
[INFO] [stdout] 
[INFO] [stdout] 
[INFO] [stdout] error[E0432]: unresolved import `wasmer`
[INFO] [stdout]  --> tests/function_env.rs:5:5
[INFO] [stdout]   |
[INFO] [stdout] 5 | use wasmer::*;
[INFO] [stdout]   |     ^^^^^^ use of undeclared crate or module `wasmer`
[INFO] [stdout] 
[INFO] [stdout] 
[INFO] [stdout] error[E0432]: unresolved import `wasmer`
[INFO] [stdout]  --> tests/memory.rs:6:5
[INFO] [stdout]   |
[INFO] [stdout] 6 | use wasmer::{imports, Instance, Memory, MemoryLocation, MemoryType, Module, Store};
[INFO] [stdout]   |     ^^^^^^ use of undeclared crate or module `wasmer`
[INFO] [stdout] 
[INFO] [stdout] 
[INFO] [stdout] error[E0432]: unresolved import `wasmer`
[INFO] [stdout]   --> tests/memory.rs:68:9
[INFO] [stdout]    |
[INFO] [stdout] 68 |     use wasmer::AtomicsError;
[INFO] [stdout]    |         ^^^^^^ use of undeclared crate or module `wasmer`
[INFO] [stdout] 
[INFO] [stdout] 
[INFO] [stdout] error[E0432]: unresolved import `wasmer`
[INFO] [stdout]  --> tests/import_function.rs:6:5
[INFO] [stdout]   |
[INFO] [stdout] 6 | use wasmer::*;
[INFO] [stdout]   |     ^^^^^^ use of undeclared crate or module `wasmer`
[INFO] [stdout] 
[INFO] [stdout] 
[INFO] [stdout] error[E0432]: unresolved import `wasmer`
[INFO] [stdout]  --> tests/module.rs:5:5
[INFO] [stdout]   |
[INFO] [stdout] 5 | use wasmer::*;
[INFO] [stdout]   |     ^^^^^^ use of undeclared crate or module `wasmer`
[INFO] [stdout] 
[INFO] [stdout] 
[INFO] [stdout] For more information about this error, try `rustc --explain E0432`.
[INFO] [stdout] 
[INFO] [stdout] error[E0432]: unresolved import `wasmer`
[INFO] [stdout]  --> tests/externals.rs:5:5
[INFO] [stdout]   |
[INFO] [stdout] 5 | use wasmer::*;
[INFO] [stdout]   |     ^^^^^^ use of undeclared crate or module `wasmer`
[INFO] [stdout] 
[INFO] [stdout] 
[INFO] [stderr] error: could not compile `linera-wasmer` (test "memory") due to 2 previous errors
[INFO] [stderr] warning: build failed, waiting for other jobs to finish...
[INFO] [stdout] error[E0432]: unresolved import `wasmer`
[INFO] [stdout]   --> tests/reference_types.rs:10:9
[INFO] [stdout]    |
[INFO] [stdout] 10 |     use wasmer::*;
[INFO] [stdout]    |         ^^^^^^ use of undeclared crate or module `wasmer`
[INFO] [stdout] 
[INFO] [stdout] 
[INFO] [stdout] error: cannot find macro `imports` in this scope
[INFO] [stdout]   --> tests/import_function.rs:21:9
[INFO] [stdout]    |
[INFO] [stdout] 21 |         imports! {
[INFO] [stdout]    |         ^^^^^^^
[INFO] [stdout]    |
[INFO] [stdout] help: consider importing this macro
[INFO] [stdout]    |
[INFO] [stdout] 1  + use linera_wasmer::imports;
[INFO] [stdout]    |
[INFO] [stdout] 
[INFO] [stdout] 
[INFO] [stdout] error: cannot find macro `imports` in this scope
[INFO] [stdout]    --> tests/module.rs:196:19
[INFO] [stdout]     |
[INFO] [stdout] 196 |     let imports = imports! {
[INFO] [stdout]     |                   ^^^^^^^
[INFO] [stdout]     |
[INFO] [stdout]     = note: `imports` is in scope, but it is a function, not a macro
[INFO] [stdout] help: consider importing this macro
[INFO] [stdout]     |
[INFO] [stdout] 1   + use linera_wasmer::imports;
[INFO] [stdout]     |
[INFO] [stdout] 
[INFO] [stdout] 
[INFO] [stdout] error: cannot find macro `imports` in this scope
[INFO] [stdout]   --> tests/import_function.rs:63:9
[INFO] [stdout]    |
[INFO] [stdout] 63 |         imports! {
[INFO] [stdout]    |         ^^^^^^^
[INFO] [stdout]    |
[INFO] [stdout] help: consider importing this macro
[INFO] [stdout]    |
[INFO] [stdout] 1  + use linera_wasmer::imports;
[INFO] [stdout]    |
[INFO] [stdout] 
[INFO] [stdout] 
[INFO] [stdout] error: cannot find macro `imports` in this scope
[INFO] [stdout]    --> tests/import_function.rs:102:19
[INFO] [stdout]     |
[INFO] [stdout] 102 |     let imports = imports! {
[INFO] [stdout]     |                   ^^^^^^^
[INFO] [stdout]     |
[INFO] [stdout] help: consider importing this macro
[INFO] [stdout]     |
[INFO] [stdout] 1   + use linera_wasmer::imports;
[INFO] [stdout]     |
[INFO] [stdout] 
[INFO] [stdout] 
[INFO] [stdout] error: cannot find macro `imports` in this scope
[INFO] [stdout]    --> tests/import_function.rs:139:25
[INFO] [stdout]     |
[INFO] [stdout] 139 |     let import_object = imports! {
[INFO] [stdout]     |                         ^^^^^^^
[INFO] [stdout]     |
[INFO] [stdout] help: consider importing this macro
[INFO] [stdout]     |
[INFO] [stdout] 1   + use linera_wasmer::imports;
[INFO] [stdout]     |
[INFO] [stdout] 
[INFO] [stdout] 
[INFO] [stdout] For more information about this error, try `rustc --explain E0432`.
[INFO] [stdout] 
[INFO] [stdout] error: cannot find macro `imports` in this scope
[INFO] [stdout]   --> tests/reference_types.rs:31:23
[INFO] [stdout]    |
[INFO] [stdout] 31 |         let imports = imports! {
[INFO] [stdout]    |                       ^^^^^^^
[INFO] [stdout]    |
[INFO] [stdout] help: consider importing this macro
[INFO] [stdout]    |
[INFO] [stdout] 4  +     use linera_wasmer::imports;
[INFO] [stdout]    |
[INFO] [stdout] 
[INFO] [stdout] 
[INFO] [stdout] error: cannot find macro `imports` in this scope
[INFO] [stdout]   --> tests/reference_types.rs:95:23
[INFO] [stdout]    |
[INFO] [stdout] 95 |         let imports = imports! {
[INFO] [stdout]    |                       ^^^^^^^
[INFO] [stdout]    |
[INFO] [stdout] help: consider importing this macro
[INFO] [stdout]    |
[INFO] [stdout] 4  +     use linera_wasmer::imports;
[INFO] [stdout]    |
[INFO] [stdout] 
[INFO] [stdout] 
[INFO] [stderr] error: could not compile `linera-wasmer` (test "function_env") due to 1 previous error
[INFO] [stdout] error: cannot find macro `imports` in this scope
[INFO] [stdout]    --> tests/reference_types.rs:154:23
[INFO] [stdout]     |
[INFO] [stdout] 154 |         let imports = imports! {
[INFO] [stdout]     |                       ^^^^^^^
[INFO] [stdout]     |
[INFO] [stdout] help: consider importing this macro
[INFO] [stdout]     |
[INFO] [stdout] 4   +     use linera_wasmer::imports;
[INFO] [stdout]     |
[INFO] [stdout] 
[INFO] [stdout] 
[INFO] [stdout] error: cannot find macro `imports` in this scope
[INFO] [stdout]    --> tests/reference_types.rs:232:60
[INFO] [stdout]     |
[INFO] [stdout] 232 |         let instance = Instance::new(&mut store, &module, &imports! {})?;
[INFO] [stdout]     |                                                            ^^^^^^^
[INFO] [stdout]     |
[INFO] [stdout] help: consider importing this macro
[INFO] [stdout]     |
[INFO] [stdout] 4   +     use linera_wasmer::imports;
[INFO] [stdout]     |
[INFO] [stdout] 
[INFO] [stdout] 
[INFO] [stdout] error: cannot find macro `imports` in this scope
[INFO] [stdout]    --> tests/reference_types.rs:256:60
[INFO] [stdout]     |
[INFO] [stdout] 256 |         let instance = Instance::new(&mut store, &module, &imports! {})?;
[INFO] [stdout]     |                                                            ^^^^^^^
[INFO] [stdout]     |
[INFO] [stdout] help: consider importing this macro
[INFO] [stdout]     |
[INFO] [stdout] 4   +     use linera_wasmer::imports;
[INFO] [stdout]     |
[INFO] [stdout] 
[INFO] [stdout] 
[INFO] [stdout] error: cannot find macro `imports` in this scope
[INFO] [stdout]    --> tests/reference_types.rs:325:60
[INFO] [stdout]     |
[INFO] [stdout] 325 |         let instance = Instance::new(&mut store, &module, &imports! {})?;
[INFO] [stdout]     |                                                            ^^^^^^^
[INFO] [stdout]     |
[INFO] [stdout] help: consider importing this macro
[INFO] [stdout]     |
[INFO] [stdout] 4   +     use linera_wasmer::imports;
[INFO] [stdout]     |
[INFO] [stdout] 
[INFO] [stdout] 
[INFO] [stdout] error: cannot find macro `imports` in this scope
[INFO] [stdout]    --> tests/reference_types.rs:362:60
[INFO] [stdout]     |
[INFO] [stdout] 362 |         let instance = Instance::new(&mut store, &module, &imports! {})?;
[INFO] [stdout]     |                                                            ^^^^^^^
[INFO] [stdout]     |
[INFO] [stdout] help: consider importing this macro
[INFO] [stdout]     |
[INFO] [stdout] 4   +     use linera_wasmer::imports;
[INFO] [stdout]     |
[INFO] [stdout] 
[INFO] [stdout] 
[INFO] [stdout] error: cannot find macro `imports` in this scope
[INFO] [stdout]    --> tests/reference_types.rs:390:60
[INFO] [stdout]     |
[INFO] [stdout] 390 |         let instance = Instance::new(&mut store, &module, &imports! {})?;
[INFO] [stdout]     |                                                            ^^^^^^^
[INFO] [stdout]     |
[INFO] [stdout] help: consider importing this macro
[INFO] [stdout]     |
[INFO] [stdout] 4   +     use linera_wasmer::imports;
[INFO] [stdout]     |
[INFO] [stdout] 
[INFO] [stdout] 
[INFO] [stdout] error: cannot find macro `imports` in this scope
[INFO] [stdout]    --> tests/reference_types.rs:418:60
[INFO] [stdout]     |
[INFO] [stdout] 418 |         let instance = Instance::new(&mut store, &module, &imports! {})?;
[INFO] [stdout]     |                                                            ^^^^^^^
[INFO] [stdout]     |
[INFO] [stdout] help: consider importing this macro
[INFO] [stdout]     |
[INFO] [stdout] 4   +     use linera_wasmer::imports;
[INFO] [stdout]     |
[INFO] [stdout] 
[INFO] [stdout] 
[INFO] [stdout] For more information about this error, try `rustc --explain E0432`.
[INFO] [stdout] 
[INFO] [stderr] error: could not compile `linera-wasmer` (test "import_function") due to 5 previous errors
[INFO] [stdout] For more information about this error, try `rustc --explain E0432`.
[INFO] [stdout] 
[INFO] [stdout] For more information about this error, try `rustc --explain E0432`.
[INFO] [stdout] 
[INFO] [stderr] error: could not compile `linera-wasmer` (test "instance") due to 1 previous error
[INFO] [stderr] error: could not compile `linera-wasmer` (test "module") due to 2 previous errors
[INFO] [stdout] For more information about this error, try `rustc --explain E0432`.
[INFO] [stdout] 
[INFO] [stderr] error: could not compile `linera-wasmer` (test "reference_types") due to 10 previous errors
[INFO] [stdout] For more information about this error, try `rustc --explain E0432`.
[INFO] [stdout] 
[INFO] [stderr] error: could not compile `linera-wasmer` (test "externals") due to 1 previous error
[INFO] running `Command { std: "docker" "inspect" "3f5a9d427dd923c26d158bc6613efa7f45e1fe655d8d641122784acf1dc147f8", kill_on_drop: false }`
[INFO] running `Command { std: "docker" "rm" "-f" "3f5a9d427dd923c26d158bc6613efa7f45e1fe655d8d641122784acf1dc147f8", kill_on_drop: false }`
[INFO] [stdout] 3f5a9d427dd923c26d158bc6613efa7f45e1fe655d8d641122784acf1dc147f8
