[INFO] fetching crate linera-execution 0.12.1...
[INFO] testing linera-execution-0.12.1 against nightly-2024-10-28 for randomize-layout
[INFO] extracting crate linera-execution 0.12.1 into /workspace/builds/worker-5-tc1/source
[INFO] validating manifest of crates.io crate linera-execution 0.12.1 on toolchain nightly-2024-10-28
[INFO] running `Command { std: CARGO_HOME="/workspace/cargo-home" RUSTUP_HOME="/workspace/rustup-home" "/workspace/cargo-home/bin/cargo" "+nightly-2024-10-28" "metadata" "--manifest-path" "Cargo.toml" "--no-deps", kill_on_drop: false }`
[INFO] started tweaking crates.io crate linera-execution 0.12.1
[INFO] removed 0 missing tests
[INFO] finished tweaking crates.io crate linera-execution 0.12.1
[INFO] tweaked toml for crates.io crate linera-execution 0.12.1 written to /workspace/builds/worker-5-tc1/source/Cargo.toml
[INFO] running `Command { std: CARGO_HOME="/workspace/cargo-home" RUSTUP_HOME="/workspace/rustup-home" "/workspace/cargo-home/bin/cargo" "+nightly-2024-10-28" "generate-lockfile" "--manifest-path" "Cargo.toml", kill_on_drop: false }`
[INFO] [stderr]     Updating crates.io index
[INFO] [stderr]      Locking 483 packages to latest compatible versions
[INFO] [stderr]       Adding async-graphql v7.0.2 (available: v7.0.11)
[INFO] [stderr]       Adding async-graphql-derive v7.0.2 (available: v7.0.11)
[INFO] [stderr]       Adding dashmap v5.5.3 (available: v6.1.0)
[INFO] [stderr]       Adding derive_more v0.99.18 (available: v1.0.0)
[INFO] [stderr]       Adding reqwest v0.11.27 (available: v0.12.9)
[INFO] [stderr]       Adding wasm-encoder v0.24.1 (available: v0.219.1)
[INFO] [stderr]       Adding wasmer-derive v4.3.6 (available: v4.4.0)
[INFO] [stderr]       Adding wasmer-types v4.3.6 (available: v4.4.0)
[INFO] [stderr]       Adding wasmparser v0.101.1 (available: v0.219.1)
[INFO] [stderr]       Adding wasmtime v24.0.1 (available: v26.0.0)
[INFO] [stderr]       Adding wat v1.217.0 (available: v1.219.1)
[INFO] running `Command { std: CARGO_HOME="/workspace/cargo-home" RUSTUP_HOME="/workspace/rustup-home" "/workspace/cargo-home/bin/cargo" "+nightly-2024-10-28" "fetch" "--manifest-path" "Cargo.toml", kill_on_drop: false }`
[INFO] [stderr]  Downloading crates ...
[INFO] [stderr]   Downloaded wat v1.217.0
[INFO] [stderr]   Downloaded wasmtime-winch v24.0.1
[INFO] [stderr]   Downloaded wasmtime-types v24.0.1
[INFO] [stderr]   Downloaded wasmtime-component-util v24.0.1
[INFO] [stderr]   Downloaded wasmtime-slab v24.0.1
[INFO] [stderr]   Downloaded serde-name v0.2.1
[INFO] [stderr]   Downloaded linera-views-derive v0.12.1
[INFO] [stderr]   Downloaded wasmer-derive v4.3.6
[INFO] [stderr]   Downloaded cranelift-bitset v0.111.1
[INFO] [stderr]   Downloaded structmeta v0.2.0
[INFO] [stderr]   Downloaded async-graphql-derive v7.0.2
[INFO] [stderr]   Downloaded bcs v0.1.6
[INFO] [stderr]   Downloaded linera-wasmer-compiler-cranelift v4.3.6-linera.4
[INFO] [stderr]   Downloaded dynasm v1.2.3
[INFO] [stderr]   Downloaded wasmtime-component-macro v24.0.1
[INFO] [stderr]   Downloaded linera-wasmer-compiler-singlepass v4.3.6-linera.4
[INFO] [stderr]   Downloaded linera-views v0.12.1
[INFO] [stderr]   Downloaded linera-wasmer v4.3.6-linera.4
[INFO] [stderr]   Downloaded wit-parser v0.215.0
[INFO] [stderr]   Downloaded wast v217.0.0
[INFO] [stderr]   Downloaded wasmparser v0.215.0
[INFO] [stderr]   Downloaded wasmtime-cranelift v24.0.1
[INFO] [stderr]   Downloaded async-graphql v7.0.2
[INFO] [stderr]   Downloaded wasm-encoder v0.215.0
[INFO] [stderr]   Downloaded linera-wasmer-compiler v4.3.6-linera.4
[INFO] [stderr]   Downloaded cranelift-codegen-meta v0.111.1
[INFO] [stderr]   Downloaded linera-witty v0.12.1
[INFO] [stderr]   Downloaded parity-wasm v0.45.0
[INFO] [stderr]   Downloaded wasm-instrument v0.4.0
[INFO] [stderr]   Downloaded cranelift-frontend v0.111.1
[INFO] [stderr]   Downloaded wasmprinter v0.215.0
[INFO] [stderr]   Downloaded linera-base v0.12.1
[INFO] [stderr]   Downloaded wasmer-types v4.3.6
[INFO] [stderr]   Downloaded linera-witty-macros v0.12.1
[INFO] [stderr]   Downloaded wasmtime-wit-bindgen v24.0.1
[INFO] [stderr]   Downloaded cranelift-bforest v0.111.1
[INFO] [stderr]   Downloaded cranelift-isle v0.111.1
[INFO] [stderr]   Downloaded cranelift-wasm v0.111.1
[INFO] [stderr]   Downloaded wasmtime-environ v24.0.1
[INFO] [stderr]   Downloaded structmeta-derive v0.2.0
[INFO] [stderr]   Downloaded test-strategy v0.3.1
[INFO] [stderr]   Downloaded linera-wasmer-vm v4.3.6-linera.4
[INFO] [stderr]   Downloaded cranelift-native v0.111.1
[INFO] [stderr]   Downloaded wasmtime v24.0.1
[INFO] [stderr]   Downloaded winch-codegen v0.22.1
[INFO] [stderr]   Downloaded cranelift-entity v0.111.1
[INFO] [stderr]   Downloaded wasm-encoder v0.24.1
[INFO] [stderr]   Downloaded wasmtime-cache v24.0.1
[INFO] [stderr]   Downloaded wasmtime-asm-macros v24.0.1
[INFO] [stderr]   Downloaded wasmtime-jit-debug v24.0.1
[INFO] [stderr]   Downloaded wasmtime-jit-icache-coherence v24.0.1
[INFO] [stderr]   Downloaded cranelift-codegen-shared v0.111.1
[INFO] [stderr]   Downloaded cranelift-control v0.111.1
[INFO] [stderr]   Downloaded wasmtime-versioned-export-macros v24.0.1
[INFO] [stderr]   Downloaded dynasmrt v1.2.3
[INFO] [stderr]   Downloaded wasmtime-fiber v24.0.1
[INFO] [stderr]   Downloaded cranelift-codegen v0.111.1
[INFO] running `Command { std: "docker" "create" "-v" "/var/lib/crater-agent-workspace/builds/worker-5-tc1/target:/opt/rustwide/target:rw,Z" "-v" "/var/lib/crater-agent-workspace/builds/worker-5-tc1/source:/opt/rustwide/workdir:ro,Z" "-v" "/var/lib/crater-agent-workspace/cargo-home:/opt/rustwide/cargo-home:ro,Z" "-v" "/var/lib/crater-agent-workspace/rustup-home:/opt/rustwide/rustup-home:ro,Z" "-e" "SOURCE_DIR=/opt/rustwide/workdir" "-e" "CARGO_TARGET_DIR=/opt/rustwide/target" "-e" "CARGO_HOME=/opt/rustwide/cargo-home" "-e" "RUSTUP_HOME=/opt/rustwide/rustup-home" "-w" "/opt/rustwide/workdir" "-m" "1610612736" "--user" "0:0" "--network" "none" "ghcr.io/rust-lang/crates-build-env/linux@sha256:4a844ea9eb2546a2d2c7022eacef16ef2e8229c7fbb2c7d4d55a9ceca922f72d" "/opt/rustwide/cargo-home/bin/cargo" "+nightly-2024-10-28" "metadata" "--no-deps" "--format-version=1", kill_on_drop: false }`
[INFO] [stdout] 927502053da11af0dde93985e8c99feb3f5d95b15adcd58b905e1deea3bf14e2
[INFO] running `Command { std: "docker" "start" "-a" "927502053da11af0dde93985e8c99feb3f5d95b15adcd58b905e1deea3bf14e2", kill_on_drop: false }`
[INFO] running `Command { std: "docker" "inspect" "927502053da11af0dde93985e8c99feb3f5d95b15adcd58b905e1deea3bf14e2", kill_on_drop: false }`
[INFO] running `Command { std: "docker" "rm" "-f" "927502053da11af0dde93985e8c99feb3f5d95b15adcd58b905e1deea3bf14e2", kill_on_drop: false }`
[INFO] [stdout] 927502053da11af0dde93985e8c99feb3f5d95b15adcd58b905e1deea3bf14e2
[INFO] running `Command { std: "docker" "create" "-v" "/var/lib/crater-agent-workspace/builds/worker-5-tc1/target:/opt/rustwide/target:rw,Z" "-v" "/var/lib/crater-agent-workspace/builds/worker-5-tc1/source:/opt/rustwide/workdir:ro,Z" "-v" "/var/lib/crater-agent-workspace/cargo-home:/opt/rustwide/cargo-home:ro,Z" "-v" "/var/lib/crater-agent-workspace/rustup-home:/opt/rustwide/rustup-home:ro,Z" "-e" "SOURCE_DIR=/opt/rustwide/workdir" "-e" "CARGO_TARGET_DIR=/opt/rustwide/target" "-e" "CARGO_INCREMENTAL=0" "-e" "RUST_BACKTRACE=full" "-e" "RUSTFLAGS=--cap-lints=forbid" "-e" "RUSTDOCFLAGS=--cap-lints=forbid" "-e" "CARGO_HOME=/opt/rustwide/cargo-home" "-e" "RUSTUP_HOME=/opt/rustwide/rustup-home" "-w" "/opt/rustwide/workdir" "-m" "1610612736" "--user" "0:0" "--network" "none" "ghcr.io/rust-lang/crates-build-env/linux@sha256:4a844ea9eb2546a2d2c7022eacef16ef2e8229c7fbb2c7d4d55a9ceca922f72d" "/opt/rustwide/cargo-home/bin/cargo" "+nightly-2024-10-28" "build" "--frozen" "--message-format=json", kill_on_drop: false }`
[INFO] [stdout] 16def2f08107cf3ba59b1bd38ada27c7cdef562ebec7c0940d336df3c1d6c391
[INFO] running `Command { std: "docker" "start" "-a" "16def2f08107cf3ba59b1bd38ada27c7cdef562ebec7c0940d336df3c1d6c391", kill_on_drop: false }`
[INFO] [stderr]    Compiling cfg_aliases v0.2.1
[INFO] [stderr]    Compiling syn v1.0.109
[INFO] [stderr]    Compiling generic-array v0.14.7
[INFO] [stderr]    Compiling ucd-trie v0.1.7
[INFO] [stderr]    Compiling strsim v0.11.1
[INFO] [stderr]    Compiling serde_derive v1.0.214
[INFO] [stderr]    Compiling futures-macro v0.3.31
[INFO] [stderr]    Compiling proc-macro-error-attr v0.4.12
[INFO] [stderr]    Compiling thiserror v1.0.66
[INFO] [stderr]    Compiling ring v0.17.8
[INFO] [stderr]    Compiling heck v0.4.1
[INFO] [stderr]    Compiling zstd-sys v2.0.13+zstd.1.5.6
[INFO] [stderr]    Compiling tracing v0.1.40
[INFO] [stderr]    Compiling proc-macro-error v0.4.12
[INFO] [stderr]    Compiling frunk_core v0.4.3
[INFO] [stderr]    Compiling proc-macro-hack v0.5.20+deprecated
[INFO] [stderr]    Compiling crossbeam-utils v0.8.20
[INFO] [stderr]    Compiling pest v2.7.14
[INFO] [stderr]    Compiling rustc_version v0.4.1
[INFO] [stderr]    Compiling darling_core v0.20.10
[INFO] [stderr]    Compiling regex v1.11.1
[INFO] [stderr]    Compiling num-traits v0.2.19
[INFO] [stderr]    Compiling toml_datetime v0.6.8
[INFO] [stderr]    Compiling rustix v0.38.38
[INFO] [stderr]    Compiling winnow v0.5.40
[INFO] [stderr]    Compiling strum_macros v0.25.3
[INFO] [stderr]    Compiling zeroize v1.8.1
[INFO] [stderr]    Compiling curve25519-dalek v4.1.3
[INFO] [stderr]    Compiling linera-witty-macros v0.12.1
[INFO] [stderr]    Compiling multer v3.1.0
[INFO] [stderr]    Compiling zstd-safe v7.2.1
[INFO] [stderr]    Compiling linux-raw-sys v0.4.14
[INFO] [stderr]    Compiling regex-syntax v0.6.29
[INFO] [stderr]    Compiling keccak v0.1.5
[INFO] [stderr]    Compiling rustls v0.21.12
[INFO] [stderr]    Compiling protobuf v2.28.0
[INFO] [stderr]    Compiling Inflector v0.11.4
[INFO] [stderr]    Compiling futures-util v0.3.31
[INFO] [stderr]    Compiling concurrent-queue v2.5.0
[INFO] [stderr]    Compiling ppv-lite86 v0.2.20
[INFO] [stderr]    Compiling linera-witty v0.12.1
[INFO] [stderr]    Compiling curve25519-dalek-derive v0.1.1
[INFO] [stderr]    Compiling async-stream-impl v0.3.6
[INFO] [stderr]    Compiling frunk_proc_macro_helpers v0.1.3
[INFO] [stderr]    Compiling pest_meta v2.7.14
[INFO] [stderr]    Compiling prometheus v0.13.4
[INFO] [stderr]    Compiling strum v0.25.0
[INFO] [stderr]    Compiling genawaiter-macro v0.99.1
[INFO] [stderr]    Compiling signature v2.2.0
[INFO] [stderr]    Compiling ascii_utils v0.9.3
[INFO] [stderr]    Compiling overload v0.1.1
[INFO] [stderr]    Compiling either v1.13.0
[INFO] [stderr]    Compiling nu-ansi-term v0.46.0
[INFO] [stderr]    Compiling fast_chemail v0.9.6
[INFO] [stderr]    Compiling event-listener v5.3.1
[INFO] [stderr]    Compiling frunk_proc_macros v0.1.3
[INFO] [stderr]    Compiling frunk_derives v0.4.3
[INFO] [stderr]    Compiling itertools v0.12.1
[INFO] [stderr]    Compiling async-stream v0.3.6
[INFO] [stderr]    Compiling rand_chacha v0.3.1
[INFO] [stderr]    Compiling merlin v3.0.0
[INFO] [stderr]    Compiling linera-base v0.12.1
[INFO] [stderr]    Compiling pest_generator v2.7.14
[INFO] [stderr]    Compiling sharded-slab v0.1.7
[INFO] [stderr]    Compiling tempfile v3.13.0
[INFO] [stderr]    Compiling synstructure v0.13.1
[INFO] [stderr]    Compiling regex-automata v0.1.10
[INFO] [stderr]    Compiling frunk v0.4.3
[INFO] [stderr]    Compiling async-trait v0.1.83
[INFO] [stderr]    Compiling serde v1.0.214
[INFO] [stderr]    Compiling syn-mid v0.5.4
[INFO] [stderr]    Compiling proc-macro-error v1.0.4
[INFO] [stderr]    Compiling darling_macro v0.20.10
[INFO] [stderr]    Compiling thread_local v1.1.8
[INFO] [stderr]    Compiling static_assertions_next v1.1.2
[INFO] [stderr]    Compiling darling v0.20.10
[INFO] [stderr]    Compiling is_terminal_polyfill v1.70.1
[INFO] [stderr]    Compiling anstyle v1.0.9
[INFO] [stderr]    Compiling anstyle-query v1.1.2
[INFO] [stderr]    Compiling colorchoice v1.0.3
[INFO] [stderr]    Compiling futures-executor v0.3.31
[INFO] [stderr]    Compiling pest_derive v2.7.14
[INFO] [stderr]    Compiling custom_debug_derive v0.6.1
[INFO] [stderr]    Compiling rand v0.8.5
[INFO] [stderr]    Compiling event-listener-strategy v0.5.2
[INFO] [stderr]    Compiling chrono v0.4.38
[INFO] [stderr]    Compiling linera-views v0.12.1
[INFO] [stderr]    Compiling is-terminal v0.4.13
[INFO] [stderr]    Compiling anstream v0.6.17
[INFO] [stderr]    Compiling unicode-segmentation v1.12.0
[INFO] [stderr]    Compiling matchers v0.1.0
[INFO] [stderr]    Compiling clap_lex v0.7.2
[INFO] [stderr]    Compiling clap_derive v4.5.18
[INFO] [stderr]    Compiling futures v0.3.31
[INFO] [stderr]    Compiling async-lock v3.4.0
[INFO] [stderr]    Compiling linera-execution v0.12.1 (/opt/rustwide/workdir)
[INFO] [stderr]    Compiling trait-variant v0.1.2
[INFO] [stderr]    Compiling clap_builder v4.5.20
[INFO] [stderr]    Compiling linera-views-derive v0.12.1
[INFO] [stderr]    Compiling webpki-roots v0.25.4
[INFO] [stderr]    Compiling convert_case v0.6.0
[INFO] [stderr]    Compiling hashbrown v0.14.5
[INFO] [stderr]    Compiling linked-hash-map v0.5.6
[INFO] [stderr]    Compiling static_assertions v1.1.0
[INFO] [stderr]    Compiling derive_more v0.99.18
[INFO] [stderr]    Compiling lru v0.12.5
[INFO] [stderr]    Compiling dashmap v5.5.3
[INFO] [stderr]    Compiling oneshot v0.1.8
[INFO] [stderr]    Compiling rustls-webpki v0.101.7
[INFO] [stderr]    Compiling sct v0.7.1
[INFO] [stderr]    Compiling genawaiter-proc-macro v0.99.1
[INFO] [stderr]    Compiling bytes v1.8.0
[INFO] [stderr]    Compiling serde_json v1.0.132
[INFO] [stderr]    Compiling indexmap v2.6.0
[INFO] [stderr]    Compiling tokio v1.41.0
[INFO] [stderr]    Compiling block-buffer v0.10.4
[INFO] [stderr]    Compiling crypto-common v0.1.6
[INFO] [stderr]    Compiling http v0.2.12
[INFO] [stderr]    Compiling http v1.1.0
[INFO] [stderr]    Compiling digest v0.10.7
[INFO] [stderr]    Compiling serde_urlencoded v0.7.1
[INFO] [stderr]    Compiling genawaiter v0.99.1
[INFO] [stderr]    Compiling sha2 v0.10.8
[INFO] [stderr]    Compiling tracing-serde v0.1.3
[INFO] [stderr]    Compiling toml_edit v0.19.15
[INFO] [stderr]    Compiling ed25519 v2.2.3
[INFO] [stderr]    Compiling async-graphql-value v7.0.11
[INFO] [stderr]    Compiling http-body v0.4.6
[INFO] [stderr]    Compiling handlebars v4.5.0
[INFO] [stderr]    Compiling tracing-subscriber v0.3.18
[INFO] [stderr]    Compiling async-graphql-parser v7.0.11
[INFO] [stderr]    Compiling sha3 v0.10.8
[INFO] [stderr]    Compiling zstd v0.13.2
[INFO] [stderr]    Compiling serde-name v0.2.1
[INFO] [stderr]    Compiling ed25519-dalek v2.1.1
[INFO] [stderr]    Compiling serde_bytes v0.11.15
[INFO] [stderr]    Compiling bcs v0.1.6
[INFO] [stderr]    Compiling clap v4.5.20
[INFO] [stderr]    Compiling proc-macro-crate v1.3.1
[INFO] [stderr]    Compiling async-graphql-derive v7.0.2
[INFO] [stderr]    Compiling tokio-util v0.7.12
[INFO] [stderr]    Compiling tokio-rustls v0.24.1
[INFO] [stderr]    Compiling h2 v0.3.26
[INFO] [stderr]    Compiling hyper v0.14.31
[INFO] [stderr]    Compiling async-graphql v7.0.2
[INFO] [stderr]    Compiling hyper-rustls v0.24.2
[INFO] [stderr]    Compiling reqwest v0.11.27
[INFO] [stderr]     Finished `dev` profile [unoptimized + debuginfo] target(s) in 1m 03s
[INFO] running `Command { std: "docker" "inspect" "16def2f08107cf3ba59b1bd38ada27c7cdef562ebec7c0940d336df3c1d6c391", kill_on_drop: false }`
[INFO] running `Command { std: "docker" "rm" "-f" "16def2f08107cf3ba59b1bd38ada27c7cdef562ebec7c0940d336df3c1d6c391", kill_on_drop: false }`
[INFO] [stdout] 16def2f08107cf3ba59b1bd38ada27c7cdef562ebec7c0940d336df3c1d6c391
[INFO] running `Command { std: "docker" "create" "-v" "/var/lib/crater-agent-workspace/builds/worker-5-tc1/target:/opt/rustwide/target:rw,Z" "-v" "/var/lib/crater-agent-workspace/builds/worker-5-tc1/source:/opt/rustwide/workdir:ro,Z" "-v" "/var/lib/crater-agent-workspace/cargo-home:/opt/rustwide/cargo-home:ro,Z" "-v" "/var/lib/crater-agent-workspace/rustup-home:/opt/rustwide/rustup-home:ro,Z" "-e" "SOURCE_DIR=/opt/rustwide/workdir" "-e" "CARGO_TARGET_DIR=/opt/rustwide/target" "-e" "CARGO_INCREMENTAL=0" "-e" "RUST_BACKTRACE=full" "-e" "RUSTFLAGS=--cap-lints=forbid" "-e" "RUSTDOCFLAGS=--cap-lints=forbid" "-e" "CARGO_HOME=/opt/rustwide/cargo-home" "-e" "RUSTUP_HOME=/opt/rustwide/rustup-home" "-w" "/opt/rustwide/workdir" "-m" "1610612736" "--user" "0:0" "--network" "none" "ghcr.io/rust-lang/crates-build-env/linux@sha256:4a844ea9eb2546a2d2c7022eacef16ef2e8229c7fbb2c7d4d55a9ceca922f72d" "/opt/rustwide/cargo-home/bin/cargo" "+nightly-2024-10-28" "test" "--frozen" "--no-run" "--message-format=json", kill_on_drop: false }`
[INFO] [stdout] 03b5166302791ead50a79d71d2eda9c750fcc645f7a9df9ac2a2e263b962dc34
[INFO] running `Command { std: "docker" "start" "-a" "03b5166302791ead50a79d71d2eda9c750fcc645f7a9df9ac2a2e263b962dc34", kill_on_drop: false }`
[INFO] [stderr]    Compiling num-traits v0.2.19
[INFO] [stderr]    Compiling tokio v1.41.0
[INFO] [stderr]    Compiling linera-witty-macros v0.12.1
[INFO] [stderr]    Compiling structmeta-derive v0.2.0
[INFO] [stderr]    Compiling linera-witty v0.12.1
[INFO] [stderr]    Compiling rand_xorshift v0.3.0
[INFO] [stderr]    Compiling linera-base v0.12.1
[INFO] [stderr]    Compiling unarray v0.1.4
[INFO] [stderr]    Compiling test-case-core v3.3.1
[INFO] [stderr]    Compiling test-log-macros v0.2.16
[INFO] [stderr]    Compiling assert_matches v1.5.0
[INFO] [stderr]    Compiling test-log v0.2.16
[INFO] [stderr]    Compiling test-case-macros v3.3.1
[INFO] [stderr]    Compiling structmeta v0.2.0
[INFO] [stderr]    Compiling proptest v1.5.0
[INFO] [stderr]    Compiling chrono v0.4.38
[INFO] [stderr]    Compiling async-graphql v7.0.2
[INFO] [stderr]    Compiling test-strategy v0.3.1
[INFO] [stderr]    Compiling test-case v3.3.1
[INFO] [stderr]    Compiling tokio-util v0.7.12
[INFO] [stderr]    Compiling tokio-rustls v0.24.1
[INFO] [stderr]    Compiling h2 v0.3.26
[INFO] [stderr]    Compiling linera-views v0.12.1
[INFO] [stderr]    Compiling hyper v0.14.31
[INFO] [stderr]    Compiling hyper-rustls v0.24.2
[INFO] [stderr]    Compiling reqwest v0.11.27
[INFO] [stderr]    Compiling linera-execution v0.12.1 (/opt/rustwide/workdir)
[INFO] [stdout] error[E0432]: unresolved import `super::ApplicationRegistry`
[INFO] [stdout]   --> src/unit_tests/applications_tests.rs:11:5
[INFO] [stdout]    |
[INFO] [stdout] 11 |     ApplicationRegistry, ApplicationRegistryView, UserApplicationDescription, UserApplicationId,
[INFO] [stdout]    |     ^^^^^^^^^^^^^^^^^^^
[INFO] [stdout]    |     |
[INFO] [stdout]    |     no `ApplicationRegistry` in `applications`
[INFO] [stdout]    |     help: a similar name exists in the module: `ApplicationRegistryView`
[INFO] [stdout]    |
[INFO] [stdout] note: found an item that was configured out
[INFO] [stdout]   --> src/applications.rs:33:12
[INFO] [stdout]    |
[INFO] [stdout] 33 | pub struct ApplicationRegistry {
[INFO] [stdout]    |            ^^^^^^^^^^^^^^^^^^^
[INFO] [stdout] note: the item is gated here
[INFO] [stdout]   --> src/applications.rs:31:1
[INFO] [stdout]    |
[INFO] [stdout] 31 | #[cfg(with_testing)]
[INFO] [stdout]    | ^^^^^^^^^^^^^^^^^^^^
[INFO] [stdout] 
[INFO] [stdout] 
[INFO] [stdout] error[E0432]: unresolved import `crate::test_utils`
[INFO] [stdout]   --> src/system.rs:37:12
[INFO] [stdout]    |
[INFO] [stdout] 37 | use crate::test_utils::SystemExecutionState;
[INFO] [stdout]    |            ^^^^^^^^^^ could not find `test_utils` in the crate root
[INFO] [stdout]    |
[INFO] [stdout] note: found an item that was configured out
[INFO] [stdout]   --> src/lib.rs:19:9
[INFO] [stdout]    |
[INFO] [stdout] 19 | pub mod test_utils;
[INFO] [stdout]    |         ^^^^^^^^^^
[INFO] [stdout] note: the item is gated here
[INFO] [stdout]   --> src/lib.rs:18:1
[INFO] [stdout]    |
[INFO] [stdout] 18 | #[cfg(with_testing)]
[INFO] [stdout]    | ^^^^^^^^^^^^^^^^^^^^
[INFO] [stdout] 
[INFO] [stdout] 
[INFO] [stdout] error[E0432]: unresolved import `crate::TestExecutionRuntimeContext`
[INFO] [stdout]     --> src/system.rs:1040:55
[INFO] [stdout]      |
[INFO] [stdout] 1040 |     use crate::{ExecutionOutcome, ExecutionStateView, TestExecutionRuntimeContext};
[INFO] [stdout]      |                                                       ^^^^^^^^^^^^^^^^^^^^^^^^^^^
[INFO] [stdout]      |                                                       |
[INFO] [stdout]      |                                                       no `TestExecutionRuntimeContext` in the root
[INFO] [stdout]      |                                                       help: a similar name exists in the module: `ExecutionRuntimeContext`
[INFO] [stdout]      |
[INFO] [stdout] note: found an item that was configured out
[INFO] [stdout]     --> src/lib.rs:865:12
[INFO] [stdout]      |
[INFO] [stdout] 865  | pub struct TestExecutionRuntimeContext {
[INFO] [stdout]      |            ^^^^^^^^^^^^^^^^^^^^^^^^^^^
[INFO] [stdout] note: the item is gated here
[INFO] [stdout]     --> src/lib.rs:863:1
[INFO] [stdout]      |
[INFO] [stdout] 863  | #[cfg(with_testing)]
[INFO] [stdout]      | ^^^^^^^^^^^^^^^^^^^^
[INFO] [stdout] 
[INFO] [stdout] 
[INFO] [stdout] error[E0433]: failed to resolve: could not find `test` in `tokio`
[INFO] [stdout]   --> src/unit_tests/applications_tests.rs:56:10
[INFO] [stdout]    |
[INFO] [stdout] 56 | #[tokio::test]
[INFO] [stdout]    |          ^^^^ could not find `test` in `tokio`
[INFO] [stdout] 
[INFO] [stdout] 
[INFO] [stdout] error[E0433]: failed to resolve: could not find `test` in `tokio`
[INFO] [stdout]   --> src/unit_tests/applications_tests.rs:97:10
[INFO] [stdout]    |
[INFO] [stdout] 97 | #[tokio::test]
[INFO] [stdout]    |          ^^^^ could not find `test` in `tokio`
[INFO] [stdout] 
[INFO] [stdout] 
[INFO] [stdout] error[E0433]: failed to resolve: could not find `test` in `tokio`
[INFO] [stdout]   --> src/unit_tests/runtime_tests.rs:29:25
[INFO] [stdout]    |
[INFO] [stdout] 29 | #[test_log::test(tokio::test)]
[INFO] [stdout]    |                         ^^^^ could not find `test` in `tokio`
[INFO] [stdout] 
[INFO] [stdout] 
[INFO] [stdout] error[E0433]: failed to resolve: could not find `test` in `tokio`
[INFO] [stdout]   --> src/unit_tests/runtime_tests.rs:52:25
[INFO] [stdout]    |
[INFO] [stdout] 52 | #[test_log::test(tokio::test)]
[INFO] [stdout]    |                         ^^^^ could not find `test` in `tokio`
[INFO] [stdout] 
[INFO] [stdout] 
[INFO] [stdout] error[E0433]: failed to resolve: could not find `test` in `tokio`
[INFO] [stdout]   --> src/unit_tests/runtime_tests.rs:70:25
[INFO] [stdout]    |
[INFO] [stdout] 70 | #[test_log::test(tokio::test)]
[INFO] [stdout]    |                         ^^^^ could not find `test` in `tokio`
[INFO] [stdout] 
[INFO] [stdout] 
[INFO] [stdout] error[E0433]: failed to resolve: could not find `test` in `tokio`
[INFO] [stdout]   --> src/unit_tests/runtime_tests.rs:93:25
[INFO] [stdout]    |
[INFO] [stdout] 93 | #[test_log::test(tokio::test(flavor = "multi_thread"))]
[INFO] [stdout]    |                         ^^^^ could not find `test` in `tokio`
[INFO] [stdout] 
[INFO] [stdout] 
[INFO] [stdout] error[E0433]: failed to resolve: could not find `test` in `tokio`
[INFO] [stdout]     --> src/system.rs:1067:14
[INFO] [stdout]      |
[INFO] [stdout] 1067 |     #[tokio::test]
[INFO] [stdout]      |              ^^^^ could not find `test` in `tokio`
[INFO] [stdout] 
[INFO] [stdout] 
[INFO] [stdout] error[E0433]: failed to resolve: could not find `test` in `tokio`
[INFO] [stdout]     --> src/system.rs:1109:14
[INFO] [stdout]      |
[INFO] [stdout] 1109 |     #[tokio::test]
[INFO] [stdout]      |              ^^^^ could not find `test` in `tokio`
[INFO] [stdout] 
[INFO] [stdout] 
[INFO] [stdout] error[E0599]: no function or associated item named `new` found for struct `ApplicationRegistryView` in the current scope
[INFO] [stdout]   --> src/unit_tests/applications_tests.rs:58:45
[INFO] [stdout]    |
[INFO] [stdout] 58 |     let mut view = ApplicationRegistryView::new().await;
[INFO] [stdout]    |                                             ^^^ function or associated item not found in `ApplicationRegistryView<_>`
[INFO] [stdout]    |
[INFO] [stdout]   ::: src/applications.rs:26:1
[INFO] [stdout]    |
[INFO] [stdout] 26 | pub struct ApplicationRegistryView<C> {
[INFO] [stdout]    | ------------------------------------- function or associated item `new` not found for this struct
[INFO] [stdout]    |
[INFO] [stdout]    = help: items from traits can only be used if the trait is in scope
[INFO] [stdout] help: trait `View` which provides `new` is implemented but not in scope; perhaps you want to import it
[INFO] [stdout]    |
[INFO] [stdout] 4  + use linera_views::views::View;
[INFO] [stdout]    |
[INFO] [stdout] 
[INFO] [stdout] 
[INFO] [stdout] error[E0599]: no function or associated item named `new` found for struct `ApplicationRegistryView` in the current scope
[INFO] [stdout]   --> src/unit_tests/applications_tests.rs:99:45
[INFO] [stdout]    |
[INFO] [stdout] 99 |     let mut view = ApplicationRegistryView::new().await;
[INFO] [stdout]    |                                             ^^^ function or associated item not found in `ApplicationRegistryView<_>`
[INFO] [stdout]    |
[INFO] [stdout]   ::: src/applications.rs:26:1
[INFO] [stdout]    |
[INFO] [stdout] 26 | pub struct ApplicationRegistryView<C> {
[INFO] [stdout]    | ------------------------------------- function or associated item `new` not found for this struct
[INFO] [stdout]    |
[INFO] [stdout]    = help: items from traits can only be used if the trait is in scope
[INFO] [stdout] help: trait `View` which provides `new` is implemented but not in scope; perhaps you want to import it
[INFO] [stdout]    |
[INFO] [stdout] 4  + use linera_views::views::View;
[INFO] [stdout]    |
[INFO] [stdout] 
[INFO] [stdout] 
[INFO] [stdout] error[E0432]: unresolved import `linera_execution::test_utils`
[INFO] [stdout]   --> tests/fee_consumption.rs:16:5
[INFO] [stdout]    |
[INFO] [stdout] 16 |     test_utils::{register_mock_applications, ExpectedCall, SystemExecutionState},
[INFO] [stdout]    |     ^^^^^^^^^^ could not find `test_utils` in `linera_execution`
[INFO] [stdout]    |
[INFO] [stdout] note: found an item that was configured out
[INFO] [stdout]   --> /opt/rustwide/workdir/src/lib.rs:19:9
[INFO] [stdout]    |
[INFO] [stdout] 19 | pub mod test_utils;
[INFO] [stdout]    |         ^^^^^^^^^^
[INFO] [stdout] note: the item is gated here
[INFO] [stdout]   --> /opt/rustwide/workdir/src/lib.rs:18:1
[INFO] [stdout]    |
[INFO] [stdout] 18 | #[cfg(with_testing)]
[INFO] [stdout]    | ^^^^^^^^^^^^^^^^^^^^
[INFO] [stdout] 
[INFO] [stdout] 
[INFO] [stdout] error[E0433]: failed to resolve: could not find `test` in `tokio`
[INFO] [stdout]    --> tests/fee_consumption.rs:113:10
[INFO] [stdout]     |
[INFO] [stdout] 113 | #[tokio::test]
[INFO] [stdout]     |          ^^^^ could not find `test` in `tokio`
[INFO] [stdout] 
[INFO] [stdout] 
[INFO] [stdout] error[E0432]: unresolved import `linera_execution::test_utils`
[INFO] [stdout]   --> tests/test_system_execution.rs:13:5
[INFO] [stdout]    |
[INFO] [stdout] 13 |     test_utils::SystemExecutionState,
[INFO] [stdout]    |     ^^^^^^^^^^ could not find `test_utils` in `linera_execution`
[INFO] [stdout]    |
[INFO] [stdout] note: found an item that was configured out
[INFO] [stdout]   --> /opt/rustwide/workdir/src/lib.rs:19:9
[INFO] [stdout]    |
[INFO] [stdout] 19 | pub mod test_utils;
[INFO] [stdout]    |         ^^^^^^^^^^
[INFO] [stdout] note: the item is gated here
[INFO] [stdout]   --> /opt/rustwide/workdir/src/lib.rs:18:1
[INFO] [stdout]    |
[INFO] [stdout] 18 | #[cfg(with_testing)]
[INFO] [stdout]    | ^^^^^^^^^^^^^^^^^^^^
[INFO] [stdout] 
[INFO] [stdout] 
[INFO] [stdout] error[E0433]: failed to resolve: could not find `test` in `tokio`
[INFO] [stdout]   --> tests/test_system_execution.rs:19:10
[INFO] [stdout]    |
[INFO] [stdout] 19 | #[tokio::test]
[INFO] [stdout]    |          ^^^^ could not find `test` in `tokio`
[INFO] [stdout] 
[INFO] [stdout] 
[INFO] [stdout] error[E0433]: failed to resolve: could not find `test` in `tokio`
[INFO] [stdout]   --> tests/test_system_execution.rs:64:10
[INFO] [stdout]    |
[INFO] [stdout] 64 | #[tokio::test]
[INFO] [stdout]    |          ^^^^ could not find `test` in `tokio`
[INFO] [stdout] 
[INFO] [stdout] 
[INFO] [stdout] error[E0433]: failed to resolve: could not find `test` in `tokio`
[INFO] [stdout]    --> tests/test_system_execution.rs:108:10
[INFO] [stdout]     |
[INFO] [stdout] 108 | #[tokio::test]
[INFO] [stdout]     |          ^^^^ could not find `test` in `tokio`
[INFO] [stdout] 
[INFO] [stdout] 
[INFO] [stdout] error[E0369]: binary operation `==` cannot be applied to type `Vec<ExecutionOutcome>`
[INFO] [stdout]    --> tests/test_system_execution.rs:55:5
[INFO] [stdout]     |
[INFO] [stdout] 55  | /     assert_eq!(
[INFO] [stdout] 56  | |         outcomes,
[INFO] [stdout] 57  | |         vec![ExecutionOutcome::System(
[INFO] [stdout] 58  | |             RawExecutionOutcome::default().with_refund_grant_to(Some(account))
[INFO] [stdout] 59  | |         )]
[INFO] [stdout] 60  | |     );
[INFO] [stdout]     | |     ^
[INFO] [stdout]     | |_____|
[INFO] [stdout]     | |_____Vec<ExecutionOutcome>
[INFO] [stdout]     |       Vec<ExecutionOutcome>
[INFO] [stdout]     |
[INFO] [stdout] note: the foreign item type `ExecutionOutcome` doesn't implement `PartialEq`
[INFO] [stdout]    --> /opt/rustwide/workdir/src/lib.rs:744:1
[INFO] [stdout]     |
[INFO] [stdout] 744 | pub enum ExecutionOutcome {
[INFO] [stdout]     | ^^^^^^^^^^^^^^^^^^^^^^^^^ not implement `PartialEq`
[INFO] [stdout]     = note: this error originates in the macro `assert_eq` (in Nightly builds, run with -Z macro-backtrace for more info)
[INFO] [stdout] 
[INFO] [stdout] 
[INFO] [stdout] error[E0369]: binary operation `==` cannot be applied to type `Vec<ExecutionOutcome>`
[INFO] [stdout]    --> tests/test_system_execution.rs:101:5
[INFO] [stdout]     |
[INFO] [stdout] 101 | /     assert_eq!(
[INFO] [stdout] 102 | |         outcomes,
[INFO] [stdout] 103 | |         vec![ExecutionOutcome::System(RawExecutionOutcome::default())]
[INFO] [stdout] 104 | |     );
[INFO] [stdout]     | |     ^
[INFO] [stdout]     | |_____|
[INFO] [stdout]     | |_____Vec<ExecutionOutcome>
[INFO] [stdout]     |       Vec<ExecutionOutcome>
[INFO] [stdout]     |
[INFO] [stdout] note: the foreign item type `ExecutionOutcome` doesn't implement `PartialEq`
[INFO] [stdout]    --> /opt/rustwide/workdir/src/lib.rs:744:1
[INFO] [stdout]     |
[INFO] [stdout] 744 | pub enum ExecutionOutcome {
[INFO] [stdout]     | ^^^^^^^^^^^^^^^^^^^^^^^^^ not implement `PartialEq`
[INFO] [stdout]     = note: this error originates in the macro `assert_eq` (in Nightly builds, run with -Z macro-backtrace for more info)
[INFO] [stdout] 
[INFO] [stdout] 
[INFO] [stdout] error[E0369]: binary operation `==` cannot be applied to type `Vec<ExecutionOutcome>`
[INFO] [stdout]    --> tests/fee_consumption.rs:215:5
[INFO] [stdout]     |
[INFO] [stdout] 215 | /     assert_eq!(
[INFO] [stdout] 216 | |         outcomes,
[INFO] [stdout] 217 | |         vec![
[INFO] [stdout] 218 | |             ExecutionOutcome::User(
[INFO] [stdout] ...   |
[INFO] [stdout] 234 | |         ]
[INFO] [stdout] 235 | |     );
[INFO] [stdout]     | |     ^
[INFO] [stdout]     | |_____|
[INFO] [stdout]     | |_____Vec<ExecutionOutcome>
[INFO] [stdout]     |       Vec<ExecutionOutcome>
[INFO] [stdout]     |
[INFO] [stdout] note: the foreign item type `ExecutionOutcome` doesn't implement `PartialEq`
[INFO] [stdout]    --> /opt/rustwide/workdir/src/lib.rs:744:1
[INFO] [stdout]     |
[INFO] [stdout] 744 | pub enum ExecutionOutcome {
[INFO] [stdout]     | ^^^^^^^^^^^^^^^^^^^^^^^^^ not implement `PartialEq`
[INFO] [stdout]     = note: this error originates in the macro `assert_eq` (in Nightly builds, run with -Z macro-backtrace for more info)
[INFO] [stdout] 
[INFO] [stdout] 
[INFO] [stdout] Some errors have detailed explanations: E0369, E0432, E0433.
[INFO] [stdout] 
[INFO] [stdout] For more information about an error, try `rustc --explain E0369`.
[INFO] [stdout] 
[INFO] [stderr] error: could not compile `linera-execution` (test "test_system_execution") due to 6 previous errors
[INFO] [stderr] warning: build failed, waiting for other jobs to finish...
[INFO] [stdout] error[E0432]: unresolved import `linera_execution::test_utils`
[INFO] [stdout]   --> tests/test_execution.rs:21:5
[INFO] [stdout]    |
[INFO] [stdout] 21 |     test_utils::{
[INFO] [stdout]    |     ^^^^^^^^^^ could not find `test_utils` in `linera_execution`
[INFO] [stdout]    |
[INFO] [stdout] note: found an item that was configured out
[INFO] [stdout]   --> /opt/rustwide/workdir/src/lib.rs:19:9
[INFO] [stdout]    |
[INFO] [stdout] 19 | pub mod test_utils;
[INFO] [stdout]    |         ^^^^^^^^^^
[INFO] [stdout] note: the item is gated here
[INFO] [stdout]   --> /opt/rustwide/workdir/src/lib.rs:18:1
[INFO] [stdout]    |
[INFO] [stdout] 18 | #[cfg(with_testing)]
[INFO] [stdout]    | ^^^^^^^^^^^^^^^^^^^^
[INFO] [stdout] 
[INFO] [stdout] 
[INFO] [stdout] error[E0433]: failed to resolve: could not find `test` in `tokio`
[INFO] [stdout]   --> tests/test_execution.rs:41:10
[INFO] [stdout]    |
[INFO] [stdout] 41 | #[tokio::test]
[INFO] [stdout]    |          ^^^^ could not find `test` in `tokio`
[INFO] [stdout] 
[INFO] [stdout] 
[INFO] [stdout] error[E0433]: failed to resolve: could not find `test` in `tokio`
[INFO] [stdout]   --> tests/test_execution.rs:72:10
[INFO] [stdout]    |
[INFO] [stdout] 72 | #[tokio::test]
[INFO] [stdout]    |          ^^^^ could not find `test` in `tokio`
[INFO] [stdout] 
[INFO] [stdout] 
[INFO] [stdout] error[E0433]: failed to resolve: could not find `test` in `tokio`
[INFO] [stdout]    --> tests/test_execution.rs:260:10
[INFO] [stdout]     |
[INFO] [stdout] 260 | #[tokio::test]
[INFO] [stdout]     |          ^^^^ could not find `test` in `tokio`
[INFO] [stdout] 
[INFO] [stdout] 
[INFO] [stdout] error[E0433]: failed to resolve: could not find `test` in `tokio`
[INFO] [stdout]    --> tests/test_execution.rs:373:10
[INFO] [stdout]     |
[INFO] [stdout] 373 | #[tokio::test]
[INFO] [stdout]     |          ^^^^ could not find `test` in `tokio`
[INFO] [stdout] 
[INFO] [stdout] 
[INFO] [stdout] error[E0433]: failed to resolve: could not find `test` in `tokio`
[INFO] [stdout]    --> tests/test_execution.rs:447:10
[INFO] [stdout]     |
[INFO] [stdout] 447 | #[tokio::test]
[INFO] [stdout]     |          ^^^^ could not find `test` in `tokio`
[INFO] [stdout] 
[INFO] [stdout] 
[INFO] [stdout] error[E0433]: failed to resolve: could not find `test` in `tokio`
[INFO] [stdout]    --> tests/test_execution.rs:488:10
[INFO] [stdout]     |
[INFO] [stdout] 488 | #[tokio::test]
[INFO] [stdout]     |          ^^^^ could not find `test` in `tokio`
[INFO] [stdout] 
[INFO] [stdout] 
[INFO] [stdout] error[E0433]: failed to resolve: could not find `test` in `tokio`
[INFO] [stdout]    --> tests/test_execution.rs:559:10
[INFO] [stdout]     |
[INFO] [stdout] 559 | #[tokio::test]
[INFO] [stdout]     |          ^^^^ could not find `test` in `tokio`
[INFO] [stdout] 
[INFO] [stdout] 
[INFO] [stdout] error[E0433]: failed to resolve: could not find `test` in `tokio`
[INFO] [stdout]    --> tests/test_execution.rs:741:10
[INFO] [stdout]     |
[INFO] [stdout] 741 | #[tokio::test]
[INFO] [stdout]     |          ^^^^ could not find `test` in `tokio`
[INFO] [stdout] 
[INFO] [stdout] 
[INFO] [stdout] error[E0433]: failed to resolve: could not find `test` in `tokio`
[INFO] [stdout]    --> tests/test_execution.rs:794:10
[INFO] [stdout]     |
[INFO] [stdout] 794 | #[tokio::test]
[INFO] [stdout]     |          ^^^^ could not find `test` in `tokio`
[INFO] [stdout] 
[INFO] [stdout] 
[INFO] [stdout] error[E0433]: failed to resolve: could not find `test` in `tokio`
[INFO] [stdout]    --> tests/test_execution.rs:853:10
[INFO] [stdout]     |
[INFO] [stdout] 853 | #[tokio::test]
[INFO] [stdout]     |          ^^^^ could not find `test` in `tokio`
[INFO] [stdout] 
[INFO] [stdout] 
[INFO] [stdout] error[E0433]: failed to resolve: could not find `test` in `tokio`
[INFO] [stdout]    --> tests/test_execution.rs:915:10
[INFO] [stdout]     |
[INFO] [stdout] 915 | #[tokio::test]
[INFO] [stdout]     |          ^^^^ could not find `test` in `tokio`
[INFO] [stdout] 
[INFO] [stdout] 
[INFO] [stdout] error[E0433]: failed to resolve: could not find `test` in `tokio`
[INFO] [stdout]    --> tests/test_execution.rs:964:10
[INFO] [stdout]     |
[INFO] [stdout] 964 | #[tokio::test]
[INFO] [stdout]     |          ^^^^ could not find `test` in `tokio`
[INFO] [stdout] 
[INFO] [stdout] 
[INFO] [stdout] error[E0433]: failed to resolve: could not find `test` in `tokio`
[INFO] [stdout]     --> tests/test_execution.rs:1057:10
[INFO] [stdout]      |
[INFO] [stdout] 1057 | #[tokio::test]
[INFO] [stdout]      |          ^^^^ could not find `test` in `tokio`
[INFO] [stdout] 
[INFO] [stdout] 
[INFO] [stdout] error[E0433]: failed to resolve: could not find `test` in `tokio`
[INFO] [stdout]     --> tests/test_execution.rs:1165:10
[INFO] [stdout]      |
[INFO] [stdout] 1165 | #[tokio::test]
[INFO] [stdout]      |          ^^^^ could not find `test` in `tokio`
[INFO] [stdout] 
[INFO] [stdout] 
[INFO] [stdout] error[E0433]: failed to resolve: could not find `test` in `tokio`
[INFO] [stdout]     --> tests/test_execution.rs:1295:10
[INFO] [stdout]      |
[INFO] [stdout] 1295 | #[tokio::test]
[INFO] [stdout]      |          ^^^^ could not find `test` in `tokio`
[INFO] [stdout] 
[INFO] [stdout] 
[INFO] [stdout] error[E0433]: failed to resolve: could not find `test` in `tokio`
[INFO] [stdout]     --> tests/test_execution.rs:1482:10
[INFO] [stdout]      |
[INFO] [stdout] 1482 | #[tokio::test]
[INFO] [stdout]      |          ^^^^ could not find `test` in `tokio`
[INFO] [stdout] 
[INFO] [stdout] 
[INFO] [stdout] error[E0433]: failed to resolve: could not find `test` in `tokio`
[INFO] [stdout]     --> tests/test_execution.rs:1585:10
[INFO] [stdout]      |
[INFO] [stdout] 1585 | #[tokio::test]
[INFO] [stdout]      |          ^^^^ could not find `test` in `tokio`
[INFO] [stdout] 
[INFO] [stdout] 
[INFO] [stdout] Some errors have detailed explanations: E0369, E0432, E0433.
[INFO] [stdout] 
[INFO] [stdout] For more information about an error, try `rustc --explain E0369`.
[INFO] [stdout] 
[INFO] [stderr] error: could not compile `linera-execution` (test "fee_consumption") due to 3 previous errors
[INFO] [stdout] error[E0369]: binary operation `==` cannot be applied to type `Vec<ExecutionOutcome>`
[INFO] [stdout]    --> tests/test_execution.rs:166:5
[INFO] [stdout]     |
[INFO] [stdout] 166 | /     assert_eq!(
[INFO] [stdout] 167 | |         outcomes,
[INFO] [stdout] 168 | |         vec![
[INFO] [stdout] 169 | |             ExecutionOutcome::User(
[INFO] [stdout] ...   |
[INFO] [stdout] 197 | |         ]
[INFO] [stdout] 198 | |     );
[INFO] [stdout]     | |     ^
[INFO] [stdout]     | |_____|
[INFO] [stdout]     | |_____Vec<ExecutionOutcome>
[INFO] [stdout]     |       Vec<ExecutionOutcome>
[INFO] [stdout]     |
[INFO] [stdout] note: the foreign item type `ExecutionOutcome` doesn't implement `PartialEq`
[INFO] [stdout]    --> /opt/rustwide/workdir/src/lib.rs:744:1
[INFO] [stdout]     |
[INFO] [stdout] 744 | pub enum ExecutionOutcome {
[INFO] [stdout]     | ^^^^^^^^^^^^^^^^^^^^^^^^^ not implement `PartialEq`
[INFO] [stdout]     = note: this error originates in the macro `assert_eq` (in Nightly builds, run with -Z macro-backtrace for more info)
[INFO] [stdout] 
[INFO] [stdout] 
[INFO] [stdout] error[E0599]: no method named `spawn_service_runtime_actor` found for struct `QueryContext` in the current scope
[INFO] [stdout]    --> tests/test_execution.rs:218:48
[INFO] [stdout]     |
[INFO] [stdout] 218 |     let mut service_runtime_endpoint = context.spawn_service_runtime_actor();
[INFO] [stdout]     |                                                ^^^^^^^^^^^^^^^^^^^^^^^^^^^ method not found in `QueryContext`
[INFO] [stdout] 
[INFO] [stdout] 
[INFO] [stdout] error[E0369]: binary operation `==` cannot be applied to type `Vec<ExecutionOutcome>`
[INFO] [stdout]    --> tests/test_execution.rs:344:5
[INFO] [stdout]     |
[INFO] [stdout] 344 | /     assert_eq!(
[INFO] [stdout] 345 | |         outcomes,
[INFO] [stdout] 346 | |         vec![
[INFO] [stdout] 347 | |             ExecutionOutcome::User(
[INFO] [stdout] ...   |
[INFO] [stdout] 367 | |         ]
[INFO] [stdout] 368 | |     );
[INFO] [stdout]     | |     ^
[INFO] [stdout]     | |_____|
[INFO] [stdout]     | |_____Vec<ExecutionOutcome>
[INFO] [stdout]     |       Vec<ExecutionOutcome>
[INFO] [stdout]     |
[INFO] [stdout] note: the foreign item type `ExecutionOutcome` doesn't implement `PartialEq`
[INFO] [stdout]    --> /opt/rustwide/workdir/src/lib.rs:744:1
[INFO] [stdout]     |
[INFO] [stdout] 744 | pub enum ExecutionOutcome {
[INFO] [stdout]     | ^^^^^^^^^^^^^^^^^^^^^^^^^ not implement `PartialEq`
[INFO] [stdout]     = note: this error originates in the macro `assert_eq` (in Nightly builds, run with -Z macro-backtrace for more info)
[INFO] [stdout] 
[INFO] [stdout] 
[INFO] [stdout] error[E0369]: binary operation `==` cannot be applied to type `Vec<ExecutionOutcome>`
[INFO] [stdout]    --> tests/test_execution.rs:690:5
[INFO] [stdout]     |
[INFO] [stdout] 690 | /     assert_eq!(
[INFO] [stdout] 691 | |         outcomes,
[INFO] [stdout] 692 | |         vec![
[INFO] [stdout] 693 | |             ExecutionOutcome::System(
[INFO] [stdout] ...   |
[INFO] [stdout] 735 | |         ]
[INFO] [stdout] 736 | |     );
[INFO] [stdout]     | |     ^
[INFO] [stdout]     | |_____|
[INFO] [stdout]     | |_____Vec<ExecutionOutcome>
[INFO] [stdout]     |       Vec<ExecutionOutcome>
[INFO] [stdout]     |
[INFO] [stdout] note: the foreign item type `ExecutionOutcome` doesn't implement `PartialEq`
[INFO] [stdout]    --> /opt/rustwide/workdir/src/lib.rs:744:1
[INFO] [stdout]     |
[INFO] [stdout] 744 | pub enum ExecutionOutcome {
[INFO] [stdout]     | ^^^^^^^^^^^^^^^^^^^^^^^^^ not implement `PartialEq`
[INFO] [stdout]     = note: this error originates in the macro `assert_eq` (in Nightly builds, run with -Z macro-backtrace for more info)
[INFO] [stdout] 
[INFO] [stdout] 
[INFO] [stdout] error[E0369]: binary operation `==` cannot be applied to type `Vec<ExecutionOutcome>`
[INFO] [stdout]     --> tests/test_execution.rs:1033:5
[INFO] [stdout]      |
[INFO] [stdout] 1033 | /     assert_eq!(
[INFO] [stdout] 1034 | |         outcomes,
[INFO] [stdout] 1035 | |         &[
[INFO] [stdout] 1036 | |             ExecutionOutcome::System(
[INFO] [stdout] ...    |
[INFO] [stdout] 1049 | |         ]
[INFO] [stdout] 1050 | |     );
[INFO] [stdout]      | |     ^
[INFO] [stdout]      | |     |
[INFO] [stdout]      | |_____Vec<ExecutionOutcome>
[INFO] [stdout]      |       &[ExecutionOutcome; 3]
[INFO] [stdout]      |
[INFO] [stdout] note: the foreign item type `ExecutionOutcome` doesn't implement `PartialEq`
[INFO] [stdout]     --> /opt/rustwide/workdir/src/lib.rs:744:1
[INFO] [stdout]      |
[INFO] [stdout] 744  | pub enum ExecutionOutcome {
[INFO] [stdout]      | ^^^^^^^^^^^^^^^^^^^^^^^^^ not implement `PartialEq`
[INFO] [stdout]      = note: this error originates in the macro `assert_eq` (in Nightly builds, run with -Z macro-backtrace for more info)
[INFO] [stdout] 
[INFO] [stdout] 
[INFO] [stdout] error[E0369]: binary operation `==` cannot be applied to type `Vec<ExecutionOutcome>`
[INFO] [stdout]     --> tests/test_execution.rs:1134:5
[INFO] [stdout]      |
[INFO] [stdout] 1134 | /     assert_eq!(
[INFO] [stdout] 1135 | |         outcomes,
[INFO] [stdout] 1136 | |         &[
[INFO] [stdout] 1137 | |             ExecutionOutcome::System(
[INFO] [stdout] ...    |
[INFO] [stdout] 1158 | |         ]
[INFO] [stdout] 1159 | |     );
[INFO] [stdout]      | |     ^
[INFO] [stdout]      | |     |
[INFO] [stdout]      | |_____Vec<ExecutionOutcome>
[INFO] [stdout]      |       &[ExecutionOutcome; 5]
[INFO] [stdout]      |
[INFO] [stdout] note: the foreign item type `ExecutionOutcome` doesn't implement `PartialEq`
[INFO] [stdout]     --> /opt/rustwide/workdir/src/lib.rs:744:1
[INFO] [stdout]      |
[INFO] [stdout] 744  | pub enum ExecutionOutcome {
[INFO] [stdout]      | ^^^^^^^^^^^^^^^^^^^^^^^^^ not implement `PartialEq`
[INFO] [stdout]      = note: this error originates in the macro `assert_eq` (in Nightly builds, run with -Z macro-backtrace for more info)
[INFO] [stdout] 
[INFO] [stdout] 
[INFO] [stdout] error[E0369]: binary operation `==` cannot be applied to type `Vec<ExecutionOutcome>`
[INFO] [stdout]     --> tests/test_execution.rs:1252:5
[INFO] [stdout]      |
[INFO] [stdout] 1252 | /     assert_eq!(
[INFO] [stdout] 1253 | |         outcomes,
[INFO] [stdout] 1254 | |         &[
[INFO] [stdout] 1255 | |             ExecutionOutcome::System(
[INFO] [stdout] ...    |
[INFO] [stdout] 1284 | |         ]
[INFO] [stdout] 1285 | |     );
[INFO] [stdout]      | |     ^
[INFO] [stdout]      | |     |
[INFO] [stdout]      | |_____Vec<ExecutionOutcome>
[INFO] [stdout]      |       &[ExecutionOutcome; 7]
[INFO] [stdout]      |
[INFO] [stdout] note: the foreign item type `ExecutionOutcome` doesn't implement `PartialEq`
[INFO] [stdout]     --> /opt/rustwide/workdir/src/lib.rs:744:1
[INFO] [stdout]      |
[INFO] [stdout] 744  | pub enum ExecutionOutcome {
[INFO] [stdout]      | ^^^^^^^^^^^^^^^^^^^^^^^^^ not implement `PartialEq`
[INFO] [stdout]      = note: this error originates in the macro `assert_eq` (in Nightly builds, run with -Z macro-backtrace for more info)
[INFO] [stdout] 
[INFO] [stdout] 
[INFO] [stdout] error[E0369]: binary operation `==` cannot be applied to type `Vec<ExecutionOutcome>`
[INFO] [stdout]     --> tests/test_execution.rs:1438:5
[INFO] [stdout]      |
[INFO] [stdout] 1438 | /     assert_eq!(
[INFO] [stdout] 1439 | |         outcomes,
[INFO] [stdout] 1440 | |         &[
[INFO] [stdout] 1441 | |             ExecutionOutcome::System(
[INFO] [stdout] ...    |
[INFO] [stdout] 1475 | |         ]
[INFO] [stdout] 1476 | |     );
[INFO] [stdout]      | |     ^
[INFO] [stdout]      | |     |
[INFO] [stdout]      | |_____Vec<ExecutionOutcome>
[INFO] [stdout]      |       &[ExecutionOutcome; 7]
[INFO] [stdout]      |
[INFO] [stdout] note: the foreign item type `ExecutionOutcome` doesn't implement `PartialEq`
[INFO] [stdout]     --> /opt/rustwide/workdir/src/lib.rs:744:1
[INFO] [stdout]      |
[INFO] [stdout] 744  | pub enum ExecutionOutcome {
[INFO] [stdout]      | ^^^^^^^^^^^^^^^^^^^^^^^^^ not implement `PartialEq`
[INFO] [stdout]      = note: this error originates in the macro `assert_eq` (in Nightly builds, run with -Z macro-backtrace for more info)
[INFO] [stdout] 
[INFO] [stdout] 
[INFO] [stdout] error[E0599]: no function or associated item named `make_simple` found for struct `Committee` in the current scope
[INFO] [stdout]     --> tests/test_execution.rs:1484:32
[INFO] [stdout]      |
[INFO] [stdout] 1484 |     let committee = Committee::make_simple(vec![PublicKey::test_key(0).into()]);
[INFO] [stdout]      |                                ^^^^^^^^^^^ function or associated item not found in `Committee`
[INFO] [stdout]      |
[INFO] [stdout] note: if you're trying to build a new `Committee`, consider using `Committee::new` which returns `Committee`
[INFO] [stdout]     --> /opt/rustwide/workdir/src/committee.rs:292:5
[INFO] [stdout]      |
[INFO] [stdout] 292  | /     pub fn new(
[INFO] [stdout] 293  | |         validators: BTreeMap<ValidatorName, ValidatorState>,
[INFO] [stdout] 294  | |         policy: ResourceControlPolicy,
[INFO] [stdout] 295  | |     ) -> Self {
[INFO] [stdout]      | |_____________^
[INFO] [stdout] 
[INFO] [stdout] 
[INFO] [stdout] error[E0599]: no function or associated item named `make_simple` found for struct `Committee` in the current scope
[INFO] [stdout]     --> tests/test_execution.rs:1587:32
[INFO] [stdout]      |
[INFO] [stdout] 1587 |     let committee = Committee::make_simple(vec![PublicKey::test_key(0).into()]);
[INFO] [stdout]      |                                ^^^^^^^^^^^ function or associated item not found in `Committee`
[INFO] [stdout]      |
[INFO] [stdout] note: if you're trying to build a new `Committee`, consider using `Committee::new` which returns `Committee`
[INFO] [stdout]     --> /opt/rustwide/workdir/src/committee.rs:292:5
[INFO] [stdout]      |
[INFO] [stdout] 292  | /     pub fn new(
[INFO] [stdout] 293  | |         validators: BTreeMap<ValidatorName, ValidatorState>,
[INFO] [stdout] 294  | |         policy: ResourceControlPolicy,
[INFO] [stdout] 295  | |     ) -> Self {
[INFO] [stdout]      | |_____________^
[INFO] [stdout] 
[INFO] [stdout] 
[INFO] [stdout] Some errors have detailed explanations: E0369, E0432, E0433, E0599.
[INFO] [stdout] 
[INFO] [stdout] For more information about an error, try `rustc --explain E0369`.
[INFO] [stdout] 
[INFO] [stderr] error: could not compile `linera-execution` (test "test_execution") due to 28 previous errors
[INFO] [stdout] Some errors have detailed explanations: E0432, E0433, E0599.
[INFO] [stdout] 
[INFO] [stdout] For more information about an error, try `rustc --explain E0432`.
[INFO] [stdout] 
[INFO] [stderr] error: could not compile `linera-execution` (lib test) due to 13 previous errors
[INFO] running `Command { std: "docker" "inspect" "03b5166302791ead50a79d71d2eda9c750fcc645f7a9df9ac2a2e263b962dc34", kill_on_drop: false }`
[INFO] running `Command { std: "docker" "rm" "-f" "03b5166302791ead50a79d71d2eda9c750fcc645f7a9df9ac2a2e263b962dc34", kill_on_drop: false }`
[INFO] [stdout] 03b5166302791ead50a79d71d2eda9c750fcc645f7a9df9ac2a2e263b962dc34
