[INFO] fetching crate linera-chain 0.12.1...
[INFO] testing linera-chain-0.12.1 against nightly-2024-10-28+rustflags=-Zrandomize-layout for randomize-layout
[INFO] extracting crate linera-chain 0.12.1 into /workspace/builds/worker-6-tc2/source
[INFO] validating manifest of crates.io crate linera-chain 0.12.1 on toolchain nightly-2024-10-28
[INFO] running `Command { std: CARGO_HOME="/workspace/cargo-home" RUSTUP_HOME="/workspace/rustup-home" "/workspace/cargo-home/bin/cargo" "+nightly-2024-10-28" "metadata" "--manifest-path" "Cargo.toml" "--no-deps", kill_on_drop: false }`
[INFO] started tweaking crates.io crate linera-chain 0.12.1
[INFO] finished tweaking crates.io crate linera-chain 0.12.1
[INFO] tweaked toml for crates.io crate linera-chain 0.12.1 written to /workspace/builds/worker-6-tc2/source/Cargo.toml
[INFO] running `Command { std: CARGO_HOME="/workspace/cargo-home" RUSTUP_HOME="/workspace/rustup-home" "/workspace/cargo-home/bin/cargo" "+nightly-2024-10-28" "generate-lockfile" "--manifest-path" "Cargo.toml", kill_on_drop: false }`
[INFO] [stderr]     Blocking waiting for file lock on package cache
[INFO] [stderr]     Updating crates.io index
[INFO] [stderr]      Locking 307 packages to latest compatible versions
[INFO] [stderr]       Adding async-graphql v7.0.2 (available: v7.0.11)
[INFO] [stderr]       Adding async-graphql-derive v7.0.2 (available: v7.0.11)
[INFO] running `Command { std: CARGO_HOME="/workspace/cargo-home" RUSTUP_HOME="/workspace/rustup-home" "/workspace/cargo-home/bin/cargo" "+nightly-2024-10-28" "fetch" "--manifest-path" "Cargo.toml", kill_on_drop: false }`
[INFO] running `Command { std: "docker" "create" "-v" "/var/lib/crater-agent-workspace/builds/worker-6-tc2/target:/opt/rustwide/target:rw,Z" "-v" "/var/lib/crater-agent-workspace/builds/worker-6-tc2/source:/opt/rustwide/workdir:ro,Z" "-v" "/var/lib/crater-agent-workspace/cargo-home:/opt/rustwide/cargo-home:ro,Z" "-v" "/var/lib/crater-agent-workspace/rustup-home:/opt/rustwide/rustup-home:ro,Z" "-e" "SOURCE_DIR=/opt/rustwide/workdir" "-e" "CARGO_TARGET_DIR=/opt/rustwide/target" "-e" "CARGO_HOME=/opt/rustwide/cargo-home" "-e" "RUSTUP_HOME=/opt/rustwide/rustup-home" "-w" "/opt/rustwide/workdir" "-m" "1610612736" "--user" "0:0" "--network" "none" "ghcr.io/rust-lang/crates-build-env/linux@sha256:4a844ea9eb2546a2d2c7022eacef16ef2e8229c7fbb2c7d4d55a9ceca922f72d" "/opt/rustwide/cargo-home/bin/cargo" "+nightly-2024-10-28" "metadata" "--no-deps" "--format-version=1", kill_on_drop: false }`
[INFO] [stdout] 788c0997dbc708db207e2847cbe52d8a5a01a7020f0a5c2e6f6417893cbd7615
[INFO] running `Command { std: "docker" "start" "-a" "788c0997dbc708db207e2847cbe52d8a5a01a7020f0a5c2e6f6417893cbd7615", kill_on_drop: false }`
[INFO] running `Command { std: "docker" "inspect" "788c0997dbc708db207e2847cbe52d8a5a01a7020f0a5c2e6f6417893cbd7615", kill_on_drop: false }`
[INFO] running `Command { std: "docker" "rm" "-f" "788c0997dbc708db207e2847cbe52d8a5a01a7020f0a5c2e6f6417893cbd7615", kill_on_drop: false }`
[INFO] [stdout] 788c0997dbc708db207e2847cbe52d8a5a01a7020f0a5c2e6f6417893cbd7615
[INFO] running `Command { std: "docker" "create" "-v" "/var/lib/crater-agent-workspace/builds/worker-6-tc2/target:/opt/rustwide/target:rw,Z" "-v" "/var/lib/crater-agent-workspace/builds/worker-6-tc2/source:/opt/rustwide/workdir:ro,Z" "-v" "/var/lib/crater-agent-workspace/cargo-home:/opt/rustwide/cargo-home:ro,Z" "-v" "/var/lib/crater-agent-workspace/rustup-home:/opt/rustwide/rustup-home:ro,Z" "-e" "SOURCE_DIR=/opt/rustwide/workdir" "-e" "CARGO_TARGET_DIR=/opt/rustwide/target" "-e" "CARGO_INCREMENTAL=0" "-e" "RUST_BACKTRACE=full" "-e" "RUSTFLAGS=--cap-lints=forbid -Zrandomize-layout" "-e" "RUSTDOCFLAGS=--cap-lints=forbid" "-e" "CARGO_HOME=/opt/rustwide/cargo-home" "-e" "RUSTUP_HOME=/opt/rustwide/rustup-home" "-w" "/opt/rustwide/workdir" "-m" "1610612736" "--user" "0:0" "--network" "none" "ghcr.io/rust-lang/crates-build-env/linux@sha256:4a844ea9eb2546a2d2c7022eacef16ef2e8229c7fbb2c7d4d55a9ceca922f72d" "/opt/rustwide/cargo-home/bin/cargo" "+nightly-2024-10-28" "build" "--frozen" "--message-format=json", kill_on_drop: false }`
[INFO] [stdout] e727442247dd62b2e1537decbc4c2986800c9821676d6c4f1f1cc64953491b39
[INFO] running `Command { std: "docker" "start" "-a" "e727442247dd62b2e1537decbc4c2986800c9821676d6c4f1f1cc64953491b39", kill_on_drop: false }`
[INFO] [stderr]    Compiling proc-macro2 v1.0.89
[INFO] [stderr]    Compiling serde v1.0.214
[INFO] [stderr]    Compiling libc v0.2.161
[INFO] [stderr]    Compiling version_check v0.9.5
[INFO] [stderr]    Compiling memchr v2.7.4
[INFO] [stderr]    Compiling autocfg v1.4.0
[INFO] [stderr]    Compiling pin-project-lite v0.2.15
[INFO] [stderr]    Compiling itoa v1.0.11
[INFO] [stderr]    Compiling once_cell v1.20.2
[INFO] [stderr]    Compiling shlex v1.3.0
[INFO] [stderr]    Compiling equivalent v1.0.1
[INFO] [stderr]    Compiling fnv v1.0.7
[INFO] [stderr]    Compiling thiserror v1.0.66
[INFO] [stderr]    Compiling cfg_aliases v0.2.1
[INFO] [stderr]    Compiling futures-core v0.3.31
[INFO] [stderr]    Compiling serde_json v1.0.132
[INFO] [stderr]    Compiling log v0.4.22
[INFO] [stderr]    Compiling futures-sink v0.3.31
[INFO] [stderr]    Compiling ryu v1.0.18
[INFO] [stderr]    Compiling typenum v1.17.0
[INFO] [stderr]    Compiling allocator-api2 v0.2.18
[INFO] [stderr]    Compiling syn v1.0.109
[INFO] [stderr]    Compiling foldhash v0.1.3
[INFO] [stderr]    Compiling futures-channel v0.3.31
[INFO] [stderr]    Compiling pin-utils v0.1.0
[INFO] [stderr]    Compiling futures-task v0.3.31
[INFO] [stderr]    Compiling futures-io v0.3.31
[INFO] [stderr]    Compiling ucd-trie v0.1.7
[INFO] [stderr]    Compiling generic-array v0.14.7
[INFO] [stderr]    Compiling spin v0.9.8
[INFO] [stderr]    Compiling strsim v0.11.1
[INFO] [stderr]    Compiling tracing-core v0.1.32
[INFO] [stderr]    Compiling semver v1.0.23
[INFO] [stderr]    Compiling hashbrown v0.15.0
[INFO] [stderr]    Compiling byteorder v1.5.0
[INFO] [stderr]    Compiling httparse v1.9.5
[INFO] [stderr]    Compiling proc-macro-error-attr v0.4.12
[INFO] [stderr]    Compiling pkg-config v0.3.31
[INFO] [stderr]    Compiling aho-corasick v1.1.3
[INFO] [stderr]    Compiling rustversion v1.0.18
[INFO] [stderr]    Compiling regex-syntax v0.8.5
[INFO] [stderr]    Compiling quote v1.0.37
[INFO] [stderr]    Compiling slab v0.4.9
[INFO] [stderr]    Compiling lazy_static v1.5.0
[INFO] [stderr]    Compiling ident_case v1.0.1
[INFO] [stderr]    Compiling heck v0.4.1
[INFO] [stderr]    Compiling libm v0.2.11
[INFO] [stderr]    Compiling syn v2.0.86
[INFO] [stderr]    Compiling num-traits v0.2.19
[INFO] [stderr]    Compiling lock_api v0.4.12
[INFO] [stderr]    Compiling proc-macro-error-attr v1.0.4
[INFO] [stderr]    Compiling proc-macro-error v0.4.12
[INFO] [stderr]    Compiling crossbeam-utils v0.8.20
[INFO] [stderr]    Compiling parking_lot_core v0.9.10
[INFO] [stderr]    Compiling jobserver v0.1.32
[INFO] [stderr]    Compiling getrandom v0.2.15
[INFO] [stderr]    Compiling socket2 v0.5.7
[INFO] [stderr]    Compiling mio v1.0.2
[INFO] [stderr]    Compiling signal-hook-registry v1.4.2
[INFO] [stderr]    Compiling frunk_core v0.4.3
[INFO] [stderr]    Compiling percent-encoding v2.3.1
[INFO] [stderr]    Compiling proc-macro-hack v0.5.20+deprecated
[INFO] [stderr]    Compiling untrusted v0.9.0
[INFO] [stderr]    Compiling rustc_version v0.4.1
[INFO] [stderr]    Compiling cc v1.1.31
[INFO] [stderr]    Compiling form_urlencoded v1.2.1
[INFO] [stderr]    Compiling proc-macro-error v1.0.4
[INFO] [stderr]    Compiling toml_datetime v0.6.8
[INFO] [stderr]    Compiling winnow v0.5.40
[INFO] [stderr]    Compiling rustix v0.38.38
[INFO] [stderr]    Compiling smallvec v1.13.2
[INFO] [stderr]    Compiling curve25519-dalek v4.1.3
[INFO] [stderr]    Compiling multer v3.1.0
[INFO] [stderr]    Compiling linera-witty-macros v0.12.1
[INFO] [stderr]    Compiling encoding_rs v0.8.35
[INFO] [stderr]    Compiling zstd-safe v7.2.1
[INFO] [stderr]    Compiling linux-raw-sys v0.4.14
[INFO] [stderr]    Compiling cpufeatures v0.2.14
[INFO] [stderr]    Compiling tinyvec_macros v0.1.1
[INFO] [stderr]    Compiling rustls v0.21.12
[INFO] [stderr]    Compiling base64 v0.21.7
[INFO] [stderr]    Compiling mime v0.3.17
[INFO] [stderr]    Compiling keccak v0.1.5
[INFO] [stderr]    Compiling regex-syntax v0.6.29
[INFO] [stderr]    Compiling anyhow v1.0.92
[INFO] [stderr]    Compiling protobuf v2.28.0
[INFO] [stderr]    Compiling bitflags v2.6.0
[INFO] [stderr]    Compiling tinyvec v1.8.0
[INFO] [stderr]    Compiling regex-automata v0.4.8
[INFO] [stderr]    Compiling concurrent-queue v2.5.0
[INFO] [stderr]    Compiling linera-witty v0.12.1
[INFO] [stderr]    Compiling fastrand v2.1.1
[INFO] [stderr]    Compiling subtle v2.6.1
[INFO] [stderr]    Compiling try-lock v0.2.5
[INFO] [stderr]    Compiling ascii_utils v0.9.3
[INFO] [stderr]    Compiling ring v0.17.8
[INFO] [stderr]    Compiling zstd-sys v2.0.13+zstd.1.5.6
[INFO] [stderr]    Compiling parking v2.2.1
[INFO] [stderr]    Compiling utf8parse v0.2.2
[INFO] [stderr]    Compiling signature v2.2.0
[INFO] [stderr]    Compiling either v1.13.0
[INFO] [stderr]    Compiling overload v0.1.1
[INFO] [stderr]    Compiling genawaiter-macro v0.99.1
[INFO] [stderr]    Compiling prometheus v0.13.4
[INFO] [stderr]    Compiling nu-ansi-term v0.46.0
[INFO] [stderr]    Compiling unicode-normalization v0.1.24
[INFO] [stderr]    Compiling itertools v0.12.1
[INFO] [stderr]    Compiling event-listener v5.3.1
[INFO] [stderr]    Compiling anstyle-parse v0.2.6
[INFO] [stderr]    Compiling fast_chemail v0.9.6
[INFO] [stderr]    Compiling syn-mid v0.5.4
[INFO] [stderr]    Compiling want v0.3.1
[INFO] [stderr]    Compiling parking_lot v0.12.3
[INFO] [stderr]    Compiling regex-automata v0.1.10
[INFO] [stderr]    Compiling sharded-slab v0.1.7
[INFO] [stderr]    Compiling thread_local v1.1.8
[INFO] [stderr]    Compiling linera-base v0.12.1
[INFO] [stderr]    Compiling httpdate v1.0.3
[INFO] [stderr]    Compiling tower-service v0.3.3
[INFO] [stderr]    Compiling anstyle-query v1.1.2
[INFO] [stderr]    Compiling darling_core v0.20.10
[INFO] [stderr]    Compiling frunk_proc_macro_helpers v0.1.3
[INFO] [stderr]    Compiling synstructure v0.13.1
[INFO] [stderr]    Compiling anstyle v1.0.9
[INFO] [stderr]    Compiling tempfile v3.13.0
[INFO] [stderr]    Compiling is_terminal_polyfill v1.70.1
[INFO] [stderr]    Compiling unicode-bidi v0.3.17
[INFO] [stderr]    Compiling matchers v0.1.0
[INFO] [stderr]    Compiling regex v1.11.1
[INFO] [stderr]    Compiling static_assertions_next v1.1.2
[INFO] [stderr]    Compiling colorchoice v1.0.3
[INFO] [stderr]    Compiling anstream v0.6.17
[INFO] [stderr]    Compiling event-listener-strategy v0.5.2
[INFO] [stderr]    Compiling chrono v0.4.38
[INFO] [stderr]    Compiling Inflector v0.11.4
[INFO] [stderr]    Compiling idna v0.5.0
[INFO] [stderr]    Compiling is-terminal v0.4.13
[INFO] [stderr]    Compiling linera-views v0.12.1
[INFO] [stderr]    Compiling base64 v0.22.1
[INFO] [stderr]    Compiling heck v0.5.0
[INFO] [stderr]    Compiling hex v0.4.3
[INFO] [stderr]    Compiling unicode-segmentation v1.12.0
[INFO] [stderr]    Compiling clap_lex v0.7.2
[INFO] [stderr]    Compiling async-lock v3.4.0
[INFO] [stderr]    Compiling rustls-pemfile v1.0.4
[INFO] [stderr]    Compiling url v2.5.2
[INFO] [stderr]    Compiling clap_builder v4.5.20
[INFO] [stderr]    Compiling linera-execution v0.12.1
[INFO] [stderr]    Compiling ipnet v2.10.1
[INFO] [stderr]    Compiling webpki-roots v0.25.4
[INFO] [stderr]    Compiling convert_case v0.6.0
[INFO] [stderr]    Compiling convert_case v0.4.0
[INFO] [stderr]    Compiling hashbrown v0.14.5
[INFO] [stderr]    Compiling sync_wrapper v0.1.2
[INFO] [stderr]    Compiling linked-hash-map v0.5.6
[INFO] [stderr]    Compiling static_assertions v1.1.0
[INFO] [stderr]    Compiling lru v0.12.5
[INFO] [stderr]    Compiling genawaiter-proc-macro v0.99.1
[INFO] [stderr]    Compiling linera-chain v0.12.1 (/opt/rustwide/workdir)
[INFO] [stderr]    Compiling oneshot v0.1.8
[INFO] [stderr]    Compiling dashmap v5.5.3
[INFO] [stderr]    Compiling serde_derive v1.0.214
[INFO] [stderr]    Compiling thiserror-impl v1.0.66
[INFO] [stderr]    Compiling futures-macro v0.3.31
[INFO] [stderr]    Compiling tracing-attributes v0.1.27
[INFO] [stderr]    Compiling zerocopy-derive v0.7.35
[INFO] [stderr]    Compiling zeroize_derive v1.4.2
[INFO] [stderr]    Compiling strum_macros v0.25.3
[INFO] [stderr]    Compiling async-stream-impl v0.3.6
[INFO] [stderr]    Compiling curve25519-dalek-derive v0.1.1
[INFO] [stderr]    Compiling darling_macro v0.20.10
[INFO] [stderr]    Compiling frunk_derives v0.4.3
[INFO] [stderr]    Compiling frunk_proc_macros v0.1.3
[INFO] [stderr]    Compiling darling v0.20.10
[INFO] [stderr]    Compiling genawaiter v0.99.1
[INFO] [stderr]    Compiling async-stream v0.3.6
[INFO] [stderr]    Compiling zeroize v1.8.1
[INFO] [stderr]    Compiling async-trait v0.1.83
[INFO] [stderr]    Compiling custom_debug_derive v0.6.1
[INFO] [stderr]    Compiling clap_derive v4.5.18
[INFO] [stderr]    Compiling trait-variant v0.1.2
[INFO] [stderr]    Compiling zerocopy v0.7.35
[INFO] [stderr]    Compiling frunk v0.4.3
[INFO] [stderr]    Compiling futures-util v0.3.31
[INFO] [stderr]    Compiling linera-views-derive v0.12.1
[INFO] [stderr]    Compiling derive_more v0.99.18
[INFO] [stderr]    Compiling pest v2.7.14
[INFO] [stderr]    Compiling tracing v0.1.40
[INFO] [stderr]    Compiling ppv-lite86 v0.2.20
[INFO] [stderr]    Compiling strum v0.25.0
[INFO] [stderr]    Compiling sct v0.7.1
[INFO] [stderr]    Compiling rustls-webpki v0.101.7
[INFO] [stderr]    Compiling pest_meta v2.7.14
[INFO] [stderr]    Compiling clap v4.5.20
[INFO] [stderr]    Compiling pest_generator v2.7.14
[INFO] [stderr]    Compiling futures-executor v0.3.31
[INFO] [stderr]    Compiling futures v0.3.31
[INFO] [stderr]    Compiling pest_derive v2.7.14
[INFO] [stderr]    Compiling zstd v0.13.2
[INFO] [stderr]    Compiling bytes v1.8.0
[INFO] [stderr]    Compiling indexmap v2.6.0
[INFO] [stderr]    Compiling rand_core v0.6.4
[INFO] [stderr]    Compiling serde_urlencoded v0.7.1
[INFO] [stderr]    Compiling tracing-serde v0.1.3
[INFO] [stderr]    Compiling ed25519 v2.2.3
[INFO] [stderr]    Compiling serde_bytes v0.11.15
[INFO] [stderr]    Compiling bcs v0.1.6
[INFO] [stderr]    Compiling serde-name v0.2.1
[INFO] [stderr]    Compiling rand_chacha v0.3.1
[INFO] [stderr]    Compiling merlin v3.0.0
[INFO] [stderr]    Compiling rand v0.8.5
[INFO] [stderr]    Compiling tokio v1.41.0
[INFO] [stderr]    Compiling http v0.2.12
[INFO] [stderr]    Compiling http v1.1.0
[INFO] [stderr]    Compiling crypto-common v0.1.6
[INFO] [stderr]    Compiling block-buffer v0.10.4
[INFO] [stderr]    Compiling toml_edit v0.19.15
[INFO] [stderr]    Compiling digest v0.10.7
[INFO] [stderr]    Compiling sha2 v0.10.8
[INFO] [stderr]    Compiling sha3 v0.10.8
[INFO] [stderr]    Compiling async-graphql-value v7.0.11
[INFO] [stderr]    Compiling handlebars v4.5.0
[INFO] [stderr]    Compiling tracing-subscriber v0.3.18
[INFO] [stderr]    Compiling async-graphql-parser v7.0.11
[INFO] [stderr]    Compiling http-body v0.4.6
[INFO] [stderr]    Compiling rand_distr v0.4.3
[INFO] [stderr]    Compiling ed25519-dalek v2.1.1
[INFO] [stderr]    Compiling proc-macro-crate v1.3.1
[INFO] [stderr]    Compiling async-graphql-derive v7.0.2
[INFO] [stderr]    Compiling tokio-util v0.7.12
[INFO] [stderr]    Compiling tokio-rustls v0.24.1
[INFO] [stderr]    Compiling h2 v0.3.26
[INFO] [stderr]    Compiling async-graphql v7.0.2
[INFO] [stderr]    Compiling hyper v0.14.31
[INFO] [stderr]    Compiling hyper-rustls v0.24.2
[INFO] [stderr]    Compiling reqwest v0.11.27
[INFO] [stderr]     Finished `dev` profile [unoptimized + debuginfo] target(s) in 51.53s
[INFO] running `Command { std: "docker" "inspect" "e727442247dd62b2e1537decbc4c2986800c9821676d6c4f1f1cc64953491b39", kill_on_drop: false }`
[INFO] running `Command { std: "docker" "rm" "-f" "e727442247dd62b2e1537decbc4c2986800c9821676d6c4f1f1cc64953491b39", kill_on_drop: false }`
[INFO] [stdout] e727442247dd62b2e1537decbc4c2986800c9821676d6c4f1f1cc64953491b39
[INFO] running `Command { std: "docker" "create" "-v" "/var/lib/crater-agent-workspace/builds/worker-6-tc2/target:/opt/rustwide/target:rw,Z" "-v" "/var/lib/crater-agent-workspace/builds/worker-6-tc2/source:/opt/rustwide/workdir:ro,Z" "-v" "/var/lib/crater-agent-workspace/cargo-home:/opt/rustwide/cargo-home:ro,Z" "-v" "/var/lib/crater-agent-workspace/rustup-home:/opt/rustwide/rustup-home:ro,Z" "-e" "SOURCE_DIR=/opt/rustwide/workdir" "-e" "CARGO_TARGET_DIR=/opt/rustwide/target" "-e" "CARGO_INCREMENTAL=0" "-e" "RUST_BACKTRACE=full" "-e" "RUSTFLAGS=--cap-lints=forbid -Zrandomize-layout" "-e" "RUSTDOCFLAGS=--cap-lints=forbid" "-e" "CARGO_HOME=/opt/rustwide/cargo-home" "-e" "RUSTUP_HOME=/opt/rustwide/rustup-home" "-w" "/opt/rustwide/workdir" "-m" "1610612736" "--user" "0:0" "--network" "none" "ghcr.io/rust-lang/crates-build-env/linux@sha256:4a844ea9eb2546a2d2c7022eacef16ef2e8229c7fbb2c7d4d55a9ceca922f72d" "/opt/rustwide/cargo-home/bin/cargo" "+nightly-2024-10-28" "test" "--frozen" "--no-run" "--message-format=json", kill_on_drop: false }`
[INFO] [stdout] ec49619f5df1a26063d2f25cab5d5d5810d6bc7807becac910ccfbbf1ad69695
[INFO] running `Command { std: "docker" "start" "-a" "ec49619f5df1a26063d2f25cab5d5d5810d6bc7807becac910ccfbbf1ad69695", kill_on_drop: false }`
[INFO] [stderr]    Compiling assert_matches v1.5.0
[INFO] [stderr]    Compiling linera-chain v0.12.1 (/opt/rustwide/workdir)
[INFO] [stdout] error[E0432]: unresolved imports `linera_execution::test_utils`, `linera_execution::TestExecutionRuntimeContext`
[INFO] [stdout]    --> src/unit_tests/chain_tests.rs:21:5
[INFO] [stdout]     |
[INFO] [stdout] 21  |     test_utils::{ExpectedCall, MockApplication},
[INFO] [stdout]     |     ^^^^^^^^^^ could not find `test_utils` in `linera_execution`
[INFO] [stdout] 22  |     ExecutionRuntimeConfig, ExecutionRuntimeContext, Message, MessageKind, Operation,
[INFO] [stdout] 23  |     SystemMessage, TestExecutionRuntimeContext,
[INFO] [stdout]     |                    ^^^^^^^^^^^^^^^^^^^^^^^^^^^
[INFO] [stdout]     |                    |
[INFO] [stdout]     |                    no `TestExecutionRuntimeContext` in the root
[INFO] [stdout]     |                    help: a similar name exists in the module: `ExecutionRuntimeContext`
[INFO] [stdout]     |
[INFO] [stdout] note: found an item that was configured out
[INFO] [stdout]    --> /opt/rustwide/cargo-home/registry/src/index.crates.io-6f17d22bba15001f/linera-execution-0.12.1/src/lib.rs:19:9
[INFO] [stdout]     |
[INFO] [stdout] 19  | pub mod test_utils;
[INFO] [stdout]     |         ^^^^^^^^^^
[INFO] [stdout] note: the item is gated here
[INFO] [stdout]    --> /opt/rustwide/cargo-home/registry/src/index.crates.io-6f17d22bba15001f/linera-execution-0.12.1/src/lib.rs:18:1
[INFO] [stdout]     |
[INFO] [stdout] 18  | #[cfg(with_testing)]
[INFO] [stdout]     | ^^^^^^^^^^^^^^^^^^^^
[INFO] [stdout] note: found an item that was configured out
[INFO] [stdout]    --> /opt/rustwide/cargo-home/registry/src/index.crates.io-6f17d22bba15001f/linera-execution-0.12.1/src/lib.rs:865:12
[INFO] [stdout]     |
[INFO] [stdout] 865 | pub struct TestExecutionRuntimeContext {
[INFO] [stdout]     |            ^^^^^^^^^^^^^^^^^^^^^^^^^^^
[INFO] [stdout] note: the item is gated here
[INFO] [stdout]    --> /opt/rustwide/cargo-home/registry/src/index.crates.io-6f17d22bba15001f/linera-execution-0.12.1/src/lib.rs:863:1
[INFO] [stdout]     |
[INFO] [stdout] 863 | #[cfg(with_testing)]
[INFO] [stdout]     | ^^^^^^^^^^^^^^^^^^^^
[INFO] [stdout] 
[INFO] [stdout] 
[INFO] [stdout] error[E0432]: unresolved import `linera_views::test_utils`
[INFO] [stdout]   --> src/unit_tests/chain_tests.rs:28:5
[INFO] [stdout]    |
[INFO] [stdout] 28 |     test_utils::generate_test_namespace,
[INFO] [stdout]    |     ^^^^^^^^^^ could not find `test_utils` in `linera_views`
[INFO] [stdout]    |
[INFO] [stdout] note: found an item that was configured out
[INFO] [stdout]   --> /opt/rustwide/cargo-home/registry/src/index.crates.io-6f17d22bba15001f/linera-views-0.12.1/src/lib.rs:86:9
[INFO] [stdout]    |
[INFO] [stdout] 86 | pub mod test_utils;
[INFO] [stdout]    |         ^^^^^^^^^^
[INFO] [stdout] note: the item is gated here
[INFO] [stdout]   --> /opt/rustwide/cargo-home/registry/src/index.crates.io-6f17d22bba15001f/linera-views-0.12.1/src/lib.rs:85:1
[INFO] [stdout]    |
[INFO] [stdout] 85 | #[cfg(with_testing)]
[INFO] [stdout]    | ^^^^^^^^^^^^^^^^^^^^
[INFO] [stdout] 
[INFO] [stdout] 
[INFO] [stdout] error[E0432]: unresolved import `crate::test`
[INFO] [stdout]   --> src/unit_tests/chain_tests.rs:34:5
[INFO] [stdout]    |
[INFO] [stdout] 34 |     test::{make_child_block, make_first_block, BlockTestExt, MessageTestExt},
[INFO] [stdout]    |     ^^^^ could not find `test` in the crate root
[INFO] [stdout]    |
[INFO] [stdout] note: found an item that was configured out
[INFO] [stdout]   --> src/lib.rs:14:9
[INFO] [stdout]    |
[INFO] [stdout] 14 | pub mod test;
[INFO] [stdout]    |         ^^^^
[INFO] [stdout] note: the item is gated here
[INFO] [stdout]   --> src/lib.rs:13:1
[INFO] [stdout]    |
[INFO] [stdout] 13 | #[cfg(with_testing)]
[INFO] [stdout]    | ^^^^^^^^^^^^^^^^^^^^
[INFO] [stdout] 
[INFO] [stdout] 
[INFO] [stdout] error[E0432]: unresolved import `crate::test`
[INFO] [stdout]   --> src/unit_tests/data_types_tests.rs:8:12
[INFO] [stdout]    |
[INFO] [stdout] 8  | use crate::test::{make_first_block, BlockTestExt};
[INFO] [stdout]    |            ^^^^ could not find `test` in the crate root
[INFO] [stdout]    |
[INFO] [stdout] note: found an item that was configured out
[INFO] [stdout]   --> src/lib.rs:14:9
[INFO] [stdout]    |
[INFO] [stdout] 14 | pub mod test;
[INFO] [stdout]    |         ^^^^
[INFO] [stdout] note: the item is gated here
[INFO] [stdout]   --> src/lib.rs:13:1
[INFO] [stdout]    |
[INFO] [stdout] 13 | #[cfg(with_testing)]
[INFO] [stdout]    | ^^^^^^^^^^^^^^^^^^^^
[INFO] [stdout] 
[INFO] [stdout] 
[INFO] [stdout] error[E0432]: unresolved import `crate::test`
[INFO] [stdout]   --> src/unit_tests/inbox_tests.rs:10:12
[INFO] [stdout]    |
[INFO] [stdout] 10 | use crate::test::MessageTestExt as _;
[INFO] [stdout]    |            ^^^^ could not find `test` in the crate root
[INFO] [stdout]    |
[INFO] [stdout] note: found an item that was configured out
[INFO] [stdout]   --> src/lib.rs:14:9
[INFO] [stdout]    |
[INFO] [stdout] 14 | pub mod test;
[INFO] [stdout]    |         ^^^^
[INFO] [stdout] note: the item is gated here
[INFO] [stdout]   --> src/lib.rs:13:1
[INFO] [stdout]    |
[INFO] [stdout] 13 | #[cfg(with_testing)]
[INFO] [stdout]    | ^^^^^^^^^^^^^^^^^^^^
[INFO] [stdout] 
[INFO] [stdout] 
[INFO] [stdout] error[E0433]: failed to resolve: could not find `test` in `tokio`
[INFO] [stdout]    --> src/unit_tests/chain_tests.rs:101:10
[INFO] [stdout]     |
[INFO] [stdout] 101 | #[tokio::test]
[INFO] [stdout]     |          ^^^^ could not find `test` in `tokio`
[INFO] [stdout] 
[INFO] [stdout] 
[INFO] [stdout] error[E0433]: failed to resolve: could not find `test` in `tokio`
[INFO] [stdout]   --> src/unit_tests/inbox_tests.rs:42:10
[INFO] [stdout]    |
[INFO] [stdout] 42 | #[tokio::test]
[INFO] [stdout]    |          ^^^^ could not find `test` in `tokio`
[INFO] [stdout] 
[INFO] [stdout] 
[INFO] [stdout] error[E0433]: failed to resolve: could not find `test` in `tokio`
[INFO] [stdout]   --> src/unit_tests/inbox_tests.rs:87:10
[INFO] [stdout]    |
[INFO] [stdout] 87 | #[tokio::test]
[INFO] [stdout]    |          ^^^^ could not find `test` in `tokio`
[INFO] [stdout] 
[INFO] [stdout] 
[INFO] [stdout] error[E0433]: failed to resolve: could not find `test` in `tokio`
[INFO] [stdout]    --> src/unit_tests/inbox_tests.rs:148:10
[INFO] [stdout]     |
[INFO] [stdout] 148 | #[tokio::test]
[INFO] [stdout]     |          ^^^^ could not find `test` in `tokio`
[INFO] [stdout] 
[INFO] [stdout] 
[INFO] [stdout] error[E0433]: failed to resolve: could not find `test` in `tokio`
[INFO] [stdout]    --> src/unit_tests/inbox_tests.rs:219:10
[INFO] [stdout]     |
[INFO] [stdout] 219 | #[tokio::test]
[INFO] [stdout]     |          ^^^^ could not find `test` in `tokio`
[INFO] [stdout] 
[INFO] [stdout] 
[INFO] [stdout] error[E0433]: failed to resolve: could not find `test` in `tokio`
[INFO] [stdout]    --> src/unit_tests/inbox_tests.rs:297:10
[INFO] [stdout]     |
[INFO] [stdout] 297 | #[tokio::test]
[INFO] [stdout]     |          ^^^^ could not find `test` in `tokio`
[INFO] [stdout] 
[INFO] [stdout] 
[INFO] [stdout] error[E0433]: failed to resolve: could not find `test` in `tokio`
[INFO] [stdout]  --> src/unit_tests/outbox_tests.rs:6:10
[INFO] [stdout]   |
[INFO] [stdout] 6 | #[tokio::test]
[INFO] [stdout]   |          ^^^^ could not find `test` in `tokio`
[INFO] [stdout] 
[INFO] [stdout] 
[INFO] [stdout] error[E0599]: no function or associated item named `new_for_testing` found for struct `ViewContext` in the current scope
[INFO] [stdout]    --> src/unit_tests/chain_tests.rs:50:38
[INFO] [stdout]     |
[INFO] [stdout] 50  |         let context = MemoryContext::new_for_testing(
[INFO] [stdout]     |                                      ^^^^^^^^^^^^^^^ function or associated item not found in `ViewContext<_, MemoryStore>`
[INFO] [stdout]     |
[INFO] [stdout] note: if you're trying to build a new `ViewContext<_, MemoryStore>`, consider using `ViewContext::<E, S>::new_unsafe` which returns `ViewContext<_, _>`
[INFO] [stdout]    --> /opt/rustwide/cargo-home/registry/src/index.crates.io-6f17d22bba15001f/linera-views-0.12.1/src/context.rs:194:5
[INFO] [stdout]     |
[INFO] [stdout] 194 |     pub fn new_unsafe(store: S, base_key: Vec<u8>, extra: E) -> Self {
[INFO] [stdout]     |     ^^^^^^^^^^^^^^^^^^^^^^^^^^^^^^^^^^^^^^^^^^^^^^^^^^^^^^^^^^^^^^^^
[INFO] [stdout] 
[INFO] [stdout] 
[INFO] [stdout] error[E0599]: no function or associated item named `test_hash` found for struct `linera_base::crypto::CryptoHash` in the current scope
[INFO] [stdout]    --> src/unit_tests/chain_tests.rs:140:43
[INFO] [stdout]     |
[INFO] [stdout] 140 |             certificate_hash: CryptoHash::test_hash("certificate"),
[INFO] [stdout]     |                                           ^^^^^^^^^ function or associated item not found in `CryptoHash`
[INFO] [stdout]     |
[INFO] [stdout] note: if you're trying to build a new `linera_base::crypto::CryptoHash`, consider using `linera_base::crypto::CryptoHash::new` which returns `linera_base::crypto::CryptoHash`
[INFO] [stdout]    --> /opt/rustwide/cargo-home/registry/src/index.crates.io-6f17d22bba15001f/linera-base-0.12.1/src/crypto.rs:419:5
[INFO] [stdout]     |
[INFO] [stdout] 419 |     pub fn new<T: BcsHashable>(value: &T) -> Self {
[INFO] [stdout]     |     ^^^^^^^^^^^^^^^^^^^^^^^^^^^^^^^^^^^^^^^^^^^^^
[INFO] [stdout] 
[INFO] [stdout] 
[INFO] [stdout] error[E0599]: no method named `to_posted` found for enum `Message` in the current scope
[INFO] [stdout]    --> src/unit_tests/chain_tests.rs:145:36
[INFO] [stdout]     |
[INFO] [stdout] 145 |                 open_chain_message.to_posted(0, MessageKind::Protected),
[INFO] [stdout]     |                                    ^^^^^^^^^
[INFO] [stdout]     |
[INFO] [stdout] help: there is a method `to_owned` with a similar name, but with different arguments
[INFO] [stdout]    --> /rustc/df4ca44d3fbc9301ee17f30f4d474e6ae4b05252/library/alloc/src/borrow.rs:58:5
[INFO] [stdout] 
[INFO] [stdout] 
[INFO] [stdout] error[E0599]: no method named `to_posted` found for enum `SystemMessage` in the current scope
[INFO] [stdout]    --> src/unit_tests/chain_tests.rs:146:38
[INFO] [stdout]     |
[INFO] [stdout] 146 |                 register_app_message.to_posted(1, MessageKind::Simple),
[INFO] [stdout]     |                                      ^^^^^^^^^
[INFO] [stdout]     |
[INFO] [stdout] help: there is a method `to_owned` with a similar name, but with different arguments
[INFO] [stdout]    --> /rustc/df4ca44d3fbc9301ee17f30f4d474e6ae4b05252/library/alloc/src/borrow.rs:58:5
[INFO] [stdout] 
[INFO] [stdout] 
[INFO] [stdout] error[E0599]: no function or associated item named `test_hash` found for struct `linera_base::crypto::CryptoHash` in the current scope
[INFO] [stdout]    --> src/unit_tests/inbox_tests.rs:44:28
[INFO] [stdout]     |
[INFO] [stdout] 44  |     let hash = CryptoHash::test_hash("1");
[INFO] [stdout]     |                            ^^^^^^^^^ function or associated item not found in `CryptoHash`
[INFO] [stdout]     |
[INFO] [stdout] note: if you're trying to build a new `linera_base::crypto::CryptoHash`, consider using `linera_base::crypto::CryptoHash::new` which returns `linera_base::crypto::CryptoHash`
[INFO] [stdout]    --> /opt/rustwide/cargo-home/registry/src/index.crates.io-6f17d22bba15001f/linera-base-0.12.1/src/crypto.rs:419:5
[INFO] [stdout]     |
[INFO] [stdout] 419 |     pub fn new<T: BcsHashable>(value: &T) -> Self {
[INFO] [stdout]     |     ^^^^^^^^^^^^^^^^^^^^^^^^^^^^^^^^^^^^^^^^^^^^^
[INFO] [stdout] 
[INFO] [stdout] 
[INFO] [stdout] error[E0061]: this function takes 1 argument but 0 arguments were supplied
[INFO] [stdout]   --> src/unit_tests/inbox_tests.rs:45:20
[INFO] [stdout]    |
[INFO] [stdout] 45 |     let mut view = InboxStateView::new().await;
[INFO] [stdout]    |                    ^^^^^^^^^^^^^^^^^^^-- argument #1 is missing
[INFO] [stdout]    |
[INFO] [stdout] note: associated function defined here
[INFO] [stdout]   --> /opt/rustwide/cargo-home/registry/src/index.crates.io-6f17d22bba15001f/linera-views-0.12.1/src/views/mod.rs:84:8
[INFO] [stdout]    |
[INFO] [stdout] 84 |     fn new(context: C) -> Result<Self, ViewError> {
[INFO] [stdout]    |        ^^^
[INFO] [stdout] help: provide the argument
[INFO] [stdout]    |
[INFO] [stdout] 45 |     let mut view = InboxStateView::new(/* context */).await;
[INFO] [stdout]    |                                       ~~~~~~~~~~~~~~~
[INFO] [stdout] 
[INFO] [stdout] 
[INFO] [stdout] error[E0277]: `Result<inbox::InboxStateView<_>, linera_views::views::ViewError>` is not a future
[INFO] [stdout]   --> src/unit_tests/inbox_tests.rs:45:42
[INFO] [stdout]    |
[INFO] [stdout] 45 |     let mut view = InboxStateView::new().await;
[INFO] [stdout]    |                    ----------------------^^^^^
[INFO] [stdout]    |                    |                    ||
[INFO] [stdout]    |                    |                    |`Result<inbox::InboxStateView<_>, linera_views::views::ViewError>` is not a future
[INFO] [stdout]    |                    |                    help: remove the `.await`
[INFO] [stdout]    |                    this call returns `Result<inbox::InboxStateView<_>, linera_views::views::ViewError>`
[INFO] [stdout]    |
[INFO] [stdout]    = help: the trait `futures::Future` is not implemented for `Result<inbox::InboxStateView<_>, linera_views::views::ViewError>`, which is required by `Result<inbox::InboxStateView<_>, linera_views::views::ViewError>: std::future::IntoFuture`
[INFO] [stdout]    = note: Result<inbox::InboxStateView<_>, linera_views::views::ViewError> must be a future or must implement `IntoFuture` to be awaited
[INFO] [stdout]    = note: required for `Result<inbox::InboxStateView<_>, linera_views::views::ViewError>` to implement `std::future::IntoFuture`
[INFO] [stdout] 
[INFO] [stdout] 
[INFO] [stdout] error[E0599]: no function or associated item named `test_hash` found for struct `linera_base::crypto::CryptoHash` in the current scope
[INFO] [stdout]    --> src/unit_tests/inbox_tests.rs:73:53
[INFO] [stdout]     |
[INFO] [stdout] 73  |         view.remove_bundle(&make_bundle(CryptoHash::test_hash("2"), 0, 1, [1]))
[INFO] [stdout]     |                                                     ^^^^^^^^^ function or associated item not found in `CryptoHash`
[INFO] [stdout]     |
[INFO] [stdout] note: if you're trying to build a new `linera_base::crypto::CryptoHash`, consider using `linera_base::crypto::CryptoHash::new` which returns `linera_base::crypto::CryptoHash`
[INFO] [stdout]    --> /opt/rustwide/cargo-home/registry/src/index.crates.io-6f17d22bba15001f/linera-base-0.12.1/src/crypto.rs:419:5
[INFO] [stdout]     |
[INFO] [stdout] 419 |     pub fn new<T: BcsHashable>(value: &T) -> Self {
[INFO] [stdout]     |     ^^^^^^^^^^^^^^^^^^^^^^^^^^^^^^^^^^^^^^^^^^^^^
[INFO] [stdout] 
[INFO] [stdout] 
[INFO] [stdout] error[E0599]: no function or associated item named `test_hash` found for struct `linera_base::crypto::CryptoHash` in the current scope
[INFO] [stdout]    --> src/unit_tests/inbox_tests.rs:89:28
[INFO] [stdout]     |
[INFO] [stdout] 89  |     let hash = CryptoHash::test_hash("1");
[INFO] [stdout]     |                            ^^^^^^^^^ function or associated item not found in `CryptoHash`
[INFO] [stdout]     |
[INFO] [stdout] note: if you're trying to build a new `linera_base::crypto::CryptoHash`, consider using `linera_base::crypto::CryptoHash::new` which returns `linera_base::crypto::CryptoHash`
[INFO] [stdout]    --> /opt/rustwide/cargo-home/registry/src/index.crates.io-6f17d22bba15001f/linera-base-0.12.1/src/crypto.rs:419:5
[INFO] [stdout]     |
[INFO] [stdout] 419 |     pub fn new<T: BcsHashable>(value: &T) -> Self {
[INFO] [stdout]     |     ^^^^^^^^^^^^^^^^^^^^^^^^^^^^^^^^^^^^^^^^^^^^^
[INFO] [stdout] 
[INFO] [stdout] 
[INFO] [stdout] error[E0061]: this function takes 1 argument but 0 arguments were supplied
[INFO] [stdout]   --> src/unit_tests/inbox_tests.rs:90:20
[INFO] [stdout]    |
[INFO] [stdout] 90 |     let mut view = InboxStateView::new().await;
[INFO] [stdout]    |                    ^^^^^^^^^^^^^^^^^^^-- argument #1 is missing
[INFO] [stdout]    |
[INFO] [stdout] note: associated function defined here
[INFO] [stdout]   --> /opt/rustwide/cargo-home/registry/src/index.crates.io-6f17d22bba15001f/linera-views-0.12.1/src/views/mod.rs:84:8
[INFO] [stdout]    |
[INFO] [stdout] 84 |     fn new(context: C) -> Result<Self, ViewError> {
[INFO] [stdout]    |        ^^^
[INFO] [stdout] help: provide the argument
[INFO] [stdout]    |
[INFO] [stdout] 90 |     let mut view = InboxStateView::new(/* context */).await;
[INFO] [stdout]    |                                       ~~~~~~~~~~~~~~~
[INFO] [stdout] 
[INFO] [stdout] 
[INFO] [stdout] error[E0277]: `Result<inbox::InboxStateView<_>, linera_views::views::ViewError>` is not a future
[INFO] [stdout]   --> src/unit_tests/inbox_tests.rs:90:42
[INFO] [stdout]    |
[INFO] [stdout] 90 |     let mut view = InboxStateView::new().await;
[INFO] [stdout]    |                    ----------------------^^^^^
[INFO] [stdout]    |                    |                    ||
[INFO] [stdout]    |                    |                    |`Result<inbox::InboxStateView<_>, linera_views::views::ViewError>` is not a future
[INFO] [stdout]    |                    |                    help: remove the `.await`
[INFO] [stdout]    |                    this call returns `Result<inbox::InboxStateView<_>, linera_views::views::ViewError>`
[INFO] [stdout]    |
[INFO] [stdout]    = help: the trait `futures::Future` is not implemented for `Result<inbox::InboxStateView<_>, linera_views::views::ViewError>`, which is required by `Result<inbox::InboxStateView<_>, linera_views::views::ViewError>: std::future::IntoFuture`
[INFO] [stdout]    = note: Result<inbox::InboxStateView<_>, linera_views::views::ViewError> must be a future or must implement `IntoFuture` to be awaited
[INFO] [stdout]    = note: required for `Result<inbox::InboxStateView<_>, linera_views::views::ViewError>` to implement `std::future::IntoFuture`
[INFO] [stdout] 
[INFO] [stdout] 
[INFO] [stdout] error[E0599]: no function or associated item named `test_hash` found for struct `linera_base::crypto::CryptoHash` in the current scope
[INFO] [stdout]    --> src/unit_tests/inbox_tests.rs:124:49
[INFO] [stdout]     |
[INFO] [stdout] 124 |         view.add_bundle(make_bundle(CryptoHash::test_hash("2"), 0, 1, [1]))
[INFO] [stdout]     |                                                 ^^^^^^^^^ function or associated item not found in `CryptoHash`
[INFO] [stdout]     |
[INFO] [stdout] note: if you're trying to build a new `linera_base::crypto::CryptoHash`, consider using `linera_base::crypto::CryptoHash::new` which returns `linera_base::crypto::CryptoHash`
[INFO] [stdout]    --> /opt/rustwide/cargo-home/registry/src/index.crates.io-6f17d22bba15001f/linera-base-0.12.1/src/crypto.rs:419:5
[INFO] [stdout]     |
[INFO] [stdout] 419 |     pub fn new<T: BcsHashable>(value: &T) -> Self {
[INFO] [stdout]     |     ^^^^^^^^^^^^^^^^^^^^^^^^^^^^^^^^^^^^^^^^^^^^^
[INFO] [stdout] 
[INFO] [stdout] 
[INFO] [stdout] error[E0599]: no function or associated item named `test_hash` found for struct `linera_base::crypto::CryptoHash` in the current scope
[INFO] [stdout]    --> src/unit_tests/inbox_tests.rs:150:28
[INFO] [stdout]     |
[INFO] [stdout] 150 |     let hash = CryptoHash::test_hash("1");
[INFO] [stdout]     |                            ^^^^^^^^^ function or associated item not found in `CryptoHash`
[INFO] [stdout]     |
[INFO] [stdout] note: if you're trying to build a new `linera_base::crypto::CryptoHash`, consider using `linera_base::crypto::CryptoHash::new` which returns `linera_base::crypto::CryptoHash`
[INFO] [stdout]    --> /opt/rustwide/cargo-home/registry/src/index.crates.io-6f17d22bba15001f/linera-base-0.12.1/src/crypto.rs:419:5
[INFO] [stdout]     |
[INFO] [stdout] 419 |     pub fn new<T: BcsHashable>(value: &T) -> Self {
[INFO] [stdout]     |     ^^^^^^^^^^^^^^^^^^^^^^^^^^^^^^^^^^^^^^^^^^^^^
[INFO] [stdout] 
[INFO] [stdout] 
[INFO] [stdout] error[E0061]: this function takes 1 argument but 0 arguments were supplied
[INFO] [stdout]    --> src/unit_tests/inbox_tests.rs:151:20
[INFO] [stdout]     |
[INFO] [stdout] 151 |     let mut view = InboxStateView::new().await;
[INFO] [stdout]     |                    ^^^^^^^^^^^^^^^^^^^-- argument #1 is missing
[INFO] [stdout]     |
[INFO] [stdout] note: associated function defined here
[INFO] [stdout]    --> /opt/rustwide/cargo-home/registry/src/index.crates.io-6f17d22bba15001f/linera-views-0.12.1/src/views/mod.rs:84:8
[INFO] [stdout]     |
[INFO] [stdout] 84  |     fn new(context: C) -> Result<Self, ViewError> {
[INFO] [stdout]     |        ^^^
[INFO] [stdout] help: provide the argument
[INFO] [stdout]     |
[INFO] [stdout] 151 |     let mut view = InboxStateView::new(/* context */).await;
[INFO] [stdout]     |                                       ~~~~~~~~~~~~~~~
[INFO] [stdout] 
[INFO] [stdout] 
[INFO] [stdout] error[E0277]: `Result<inbox::InboxStateView<_>, linera_views::views::ViewError>` is not a future
[INFO] [stdout]    --> src/unit_tests/inbox_tests.rs:151:42
[INFO] [stdout]     |
[INFO] [stdout] 151 |     let mut view = InboxStateView::new().await;
[INFO] [stdout]     |                    ----------------------^^^^^
[INFO] [stdout]     |                    |                    ||
[INFO] [stdout]     |                    |                    |`Result<inbox::InboxStateView<_>, linera_views::views::ViewError>` is not a future
[INFO] [stdout]     |                    |                    help: remove the `.await`
[INFO] [stdout]     |                    this call returns `Result<inbox::InboxStateView<_>, linera_views::views::ViewError>`
[INFO] [stdout]     |
[INFO] [stdout]     = help: the trait `futures::Future` is not implemented for `Result<inbox::InboxStateView<_>, linera_views::views::ViewError>`, which is required by `Result<inbox::InboxStateView<_>, linera_views::views::ViewError>: std::future::IntoFuture`
[INFO] [stdout]     = note: Result<inbox::InboxStateView<_>, linera_views::views::ViewError> must be a future or must implement `IntoFuture` to be awaited
[INFO] [stdout]     = note: required for `Result<inbox::InboxStateView<_>, linera_views::views::ViewError>` to implement `std::future::IntoFuture`
[INFO] [stdout] 
[INFO] [stdout] 
[INFO] [stdout] error[E0599]: no function or associated item named `test_hash` found for struct `linera_base::crypto::CryptoHash` in the current scope
[INFO] [stdout]    --> src/unit_tests/inbox_tests.rs:192:25
[INFO] [stdout]     |
[INFO] [stdout] 192 |             CryptoHash::test_hash("2"),
[INFO] [stdout]     |                         ^^^^^^^^^ function or associated item not found in `CryptoHash`
[INFO] [stdout]     |
[INFO] [stdout] note: if you're trying to build a new `linera_base::crypto::CryptoHash`, consider using `linera_base::crypto::CryptoHash::new` which returns `linera_base::crypto::CryptoHash`
[INFO] [stdout]    --> /opt/rustwide/cargo-home/registry/src/index.crates.io-6f17d22bba15001f/linera-base-0.12.1/src/crypto.rs:419:5
[INFO] [stdout]     |
[INFO] [stdout] 419 |     pub fn new<T: BcsHashable>(value: &T) -> Self {
[INFO] [stdout]     |     ^^^^^^^^^^^^^^^^^^^^^^^^^^^^^^^^^^^^^^^^^^^^^
[INFO] [stdout] 
[INFO] [stdout] 
[INFO] [stdout] error[E0599]: no function or associated item named `test_hash` found for struct `linera_base::crypto::CryptoHash` in the current scope
[INFO] [stdout]    --> src/unit_tests/inbox_tests.rs:221:28
[INFO] [stdout]     |
[INFO] [stdout] 221 |     let hash = CryptoHash::test_hash("1");
[INFO] [stdout]     |                            ^^^^^^^^^ function or associated item not found in `CryptoHash`
[INFO] [stdout]     |
[INFO] [stdout] note: if you're trying to build a new `linera_base::crypto::CryptoHash`, consider using `linera_base::crypto::CryptoHash::new` which returns `linera_base::crypto::CryptoHash`
[INFO] [stdout]    --> /opt/rustwide/cargo-home/registry/src/index.crates.io-6f17d22bba15001f/linera-base-0.12.1/src/crypto.rs:419:5
[INFO] [stdout]     |
[INFO] [stdout] 419 |     pub fn new<T: BcsHashable>(value: &T) -> Self {
[INFO] [stdout]     |     ^^^^^^^^^^^^^^^^^^^^^^^^^^^^^^^^^^^^^^^^^^^^^
[INFO] [stdout] 
[INFO] [stdout] 
[INFO] [stdout] error[E0061]: this function takes 1 argument but 0 arguments were supplied
[INFO] [stdout]    --> src/unit_tests/inbox_tests.rs:222:20
[INFO] [stdout]     |
[INFO] [stdout] 222 |     let mut view = InboxStateView::new().await;
[INFO] [stdout]     |                    ^^^^^^^^^^^^^^^^^^^-- argument #1 is missing
[INFO] [stdout]     |
[INFO] [stdout] note: associated function defined here
[INFO] [stdout]    --> /opt/rustwide/cargo-home/registry/src/index.crates.io-6f17d22bba15001f/linera-views-0.12.1/src/views/mod.rs:84:8
[INFO] [stdout]     |
[INFO] [stdout] 84  |     fn new(context: C) -> Result<Self, ViewError> {
[INFO] [stdout]     |        ^^^
[INFO] [stdout] help: provide the argument
[INFO] [stdout]     |
[INFO] [stdout] 222 |     let mut view = InboxStateView::new(/* context */).await;
[INFO] [stdout]     |                                       ~~~~~~~~~~~~~~~
[INFO] [stdout] 
[INFO] [stdout] 
[INFO] [stdout] error[E0277]: `Result<inbox::InboxStateView<_>, linera_views::views::ViewError>` is not a future
[INFO] [stdout]    --> src/unit_tests/inbox_tests.rs:222:42
[INFO] [stdout]     |
[INFO] [stdout] 222 |     let mut view = InboxStateView::new().await;
[INFO] [stdout]     |                    ----------------------^^^^^
[INFO] [stdout]     |                    |                    ||
[INFO] [stdout]     |                    |                    |`Result<inbox::InboxStateView<_>, linera_views::views::ViewError>` is not a future
[INFO] [stdout]     |                    |                    help: remove the `.await`
[INFO] [stdout]     |                    this call returns `Result<inbox::InboxStateView<_>, linera_views::views::ViewError>`
[INFO] [stdout]     |
[INFO] [stdout]     = help: the trait `futures::Future` is not implemented for `Result<inbox::InboxStateView<_>, linera_views::views::ViewError>`, which is required by `Result<inbox::InboxStateView<_>, linera_views::views::ViewError>: std::future::IntoFuture`
[INFO] [stdout]     = note: Result<inbox::InboxStateView<_>, linera_views::views::ViewError> must be a future or must implement `IntoFuture` to be awaited
[INFO] [stdout]     = note: required for `Result<inbox::InboxStateView<_>, linera_views::views::ViewError>` to implement `std::future::IntoFuture`
[INFO] [stdout] 
[INFO] [stdout] 
[INFO] [stdout] error[E0599]: no function or associated item named `test_hash` found for struct `linera_base::crypto::CryptoHash` in the current scope
[INFO] [stdout]    --> src/unit_tests/inbox_tests.rs:263:25
[INFO] [stdout]     |
[INFO] [stdout] 263 |             CryptoHash::test_hash("2"),
[INFO] [stdout]     |                         ^^^^^^^^^ function or associated item not found in `CryptoHash`
[INFO] [stdout]     |
[INFO] [stdout] note: if you're trying to build a new `linera_base::crypto::CryptoHash`, consider using `linera_base::crypto::CryptoHash::new` which returns `linera_base::crypto::CryptoHash`
[INFO] [stdout]    --> /opt/rustwide/cargo-home/registry/src/index.crates.io-6f17d22bba15001f/linera-base-0.12.1/src/crypto.rs:419:5
[INFO] [stdout]     |
[INFO] [stdout] 419 |     pub fn new<T: BcsHashable>(value: &T) -> Self {
[INFO] [stdout]     |     ^^^^^^^^^^^^^^^^^^^^^^^^^^^^^^^^^^^^^^^^^^^^^
[INFO] [stdout] 
[INFO] [stdout] 
[INFO] [stdout] error[E0599]: no function or associated item named `test_hash` found for struct `linera_base::crypto::CryptoHash` in the current scope
[INFO] [stdout]    --> src/unit_tests/inbox_tests.rs:299:28
[INFO] [stdout]     |
[INFO] [stdout] 299 |     let hash = CryptoHash::test_hash("1");
[INFO] [stdout]     |                            ^^^^^^^^^ function or associated item not found in `CryptoHash`
[INFO] [stdout]     |
[INFO] [stdout] note: if you're trying to build a new `linera_base::crypto::CryptoHash`, consider using `linera_base::crypto::CryptoHash::new` which returns `linera_base::crypto::CryptoHash`
[INFO] [stdout]    --> /opt/rustwide/cargo-home/registry/src/index.crates.io-6f17d22bba15001f/linera-base-0.12.1/src/crypto.rs:419:5
[INFO] [stdout]     |
[INFO] [stdout] 419 |     pub fn new<T: BcsHashable>(value: &T) -> Self {
[INFO] [stdout]     |     ^^^^^^^^^^^^^^^^^^^^^^^^^^^^^^^^^^^^^^^^^^^^^
[INFO] [stdout] 
[INFO] [stdout] 
[INFO] [stdout] error[E0061]: this function takes 1 argument but 0 arguments were supplied
[INFO] [stdout]    --> src/unit_tests/inbox_tests.rs:300:20
[INFO] [stdout]     |
[INFO] [stdout] 300 |     let mut view = InboxStateView::new().await;
[INFO] [stdout]     |                    ^^^^^^^^^^^^^^^^^^^-- argument #1 is missing
[INFO] [stdout]     |
[INFO] [stdout] note: associated function defined here
[INFO] [stdout]    --> /opt/rustwide/cargo-home/registry/src/index.crates.io-6f17d22bba15001f/linera-views-0.12.1/src/views/mod.rs:84:8
[INFO] [stdout]     |
[INFO] [stdout] 84  |     fn new(context: C) -> Result<Self, ViewError> {
[INFO] [stdout]     |        ^^^
[INFO] [stdout] help: provide the argument
[INFO] [stdout]     |
[INFO] [stdout] 300 |     let mut view = InboxStateView::new(/* context */).await;
[INFO] [stdout]     |                                       ~~~~~~~~~~~~~~~
[INFO] [stdout] 
[INFO] [stdout] 
[INFO] [stdout] error[E0277]: `Result<inbox::InboxStateView<_>, linera_views::views::ViewError>` is not a future
[INFO] [stdout]    --> src/unit_tests/inbox_tests.rs:300:42
[INFO] [stdout]     |
[INFO] [stdout] 300 |     let mut view = InboxStateView::new().await;
[INFO] [stdout]     |                    ----------------------^^^^^
[INFO] [stdout]     |                    |                    ||
[INFO] [stdout]     |                    |                    |`Result<inbox::InboxStateView<_>, linera_views::views::ViewError>` is not a future
[INFO] [stdout]     |                    |                    help: remove the `.await`
[INFO] [stdout]     |                    this call returns `Result<inbox::InboxStateView<_>, linera_views::views::ViewError>`
[INFO] [stdout]     |
[INFO] [stdout]     = help: the trait `futures::Future` is not implemented for `Result<inbox::InboxStateView<_>, linera_views::views::ViewError>`, which is required by `Result<inbox::InboxStateView<_>, linera_views::views::ViewError>: std::future::IntoFuture`
[INFO] [stdout]     = note: Result<inbox::InboxStateView<_>, linera_views::views::ViewError> must be a future or must implement `IntoFuture` to be awaited
[INFO] [stdout]     = note: required for `Result<inbox::InboxStateView<_>, linera_views::views::ViewError>` to implement `std::future::IntoFuture`
[INFO] [stdout] 
[INFO] [stdout] 
[INFO] [stdout] error[E0599]: no function or associated item named `test_hash` found for struct `linera_base::crypto::CryptoHash` in the current scope
[INFO] [stdout]    --> src/unit_tests/inbox_tests.rs:315:25
[INFO] [stdout]     |
[INFO] [stdout] 315 |             CryptoHash::test_hash("2"),
[INFO] [stdout]     |                         ^^^^^^^^^ function or associated item not found in `CryptoHash`
[INFO] [stdout]     |
[INFO] [stdout] note: if you're trying to build a new `linera_base::crypto::CryptoHash`, consider using `linera_base::crypto::CryptoHash::new` which returns `linera_base::crypto::CryptoHash`
[INFO] [stdout]    --> /opt/rustwide/cargo-home/registry/src/index.crates.io-6f17d22bba15001f/linera-base-0.12.1/src/crypto.rs:419:5
[INFO] [stdout]     |
[INFO] [stdout] 419 |     pub fn new<T: BcsHashable>(value: &T) -> Self {
[INFO] [stdout]     |     ^^^^^^^^^^^^^^^^^^^^^^^^^^^^^^^^^^^^^^^^^^^^^
[INFO] [stdout] 
[INFO] [stdout] 
[INFO] [stdout] error[E0061]: this function takes 1 argument but 0 arguments were supplied
[INFO] [stdout]   --> src/unit_tests/outbox_tests.rs:8:20
[INFO] [stdout]    |
[INFO] [stdout] 8  |     let mut view = OutboxStateView::new().await;
[INFO] [stdout]    |                    ^^^^^^^^^^^^^^^^^^^^-- argument #1 is missing
[INFO] [stdout]    |
[INFO] [stdout] note: associated function defined here
[INFO] [stdout]   --> /opt/rustwide/cargo-home/registry/src/index.crates.io-6f17d22bba15001f/linera-views-0.12.1/src/views/mod.rs:84:8
[INFO] [stdout]    |
[INFO] [stdout] 84 |     fn new(context: C) -> Result<Self, ViewError> {
[INFO] [stdout]    |        ^^^
[INFO] [stdout] help: provide the argument
[INFO] [stdout]    |
[INFO] [stdout] 8  |     let mut view = OutboxStateView::new(/* context */).await;
[INFO] [stdout]    |                                        ~~~~~~~~~~~~~~~
[INFO] [stdout] 
[INFO] [stdout] 
[INFO] [stdout] error[E0277]: `Result<outbox::OutboxStateView<_>, linera_views::views::ViewError>` is not a future
[INFO] [stdout]  --> src/unit_tests/outbox_tests.rs:8:43
[INFO] [stdout]   |
[INFO] [stdout] 8 |     let mut view = OutboxStateView::new().await;
[INFO] [stdout]   |                    -----------------------^^^^^
[INFO] [stdout]   |                    |                     ||
[INFO] [stdout]   |                    |                     |`Result<outbox::OutboxStateView<_>, linera_views::views::ViewError>` is not a future
[INFO] [stdout]   |                    |                     help: remove the `.await`
[INFO] [stdout]   |                    this call returns `Result<outbox::OutboxStateView<_>, linera_views::views::ViewError>`
[INFO] [stdout]   |
[INFO] [stdout]   = help: the trait `futures::Future` is not implemented for `Result<outbox::OutboxStateView<_>, linera_views::views::ViewError>`, which is required by `Result<outbox::OutboxStateView<_>, linera_views::views::ViewError>: std::future::IntoFuture`
[INFO] [stdout]   = note: Result<outbox::OutboxStateView<_>, linera_views::views::ViewError> must be a future or must implement `IntoFuture` to be awaited
[INFO] [stdout]   = note: required for `Result<outbox::OutboxStateView<_>, linera_views::views::ViewError>` to implement `std::future::IntoFuture`
[INFO] [stdout] 
[INFO] [stdout] 
[INFO] [stdout] error[E0599]: no function or associated item named `make_simple` found for struct `linera_execution::committee::Committee` in the current scope
[INFO] [stdout]    --> src/unit_tests/chain_tests.rs:90:32
[INFO] [stdout]     |
[INFO] [stdout] 90  |     let committee = Committee::make_simple(vec![PublicKey::test_key(1).into()]);
[INFO] [stdout]     |                                ^^^^^^^^^^^ function or associated item not found in `Committee`
[INFO] [stdout]     |
[INFO] [stdout] note: if you're trying to build a new `linera_execution::committee::Committee`, consider using `linera_execution::committee::Committee::new` which returns `linera_execution::committee::Committee`
[INFO] [stdout]    --> /opt/rustwide/cargo-home/registry/src/index.crates.io-6f17d22bba15001f/linera-execution-0.12.1/src/committee.rs:292:5
[INFO] [stdout]     |
[INFO] [stdout] 292 | /     pub fn new(
[INFO] [stdout] 293 | |         validators: BTreeMap<ValidatorName, ValidatorState>,
[INFO] [stdout] 294 | |         policy: ResourceControlPolicy,
[INFO] [stdout] 295 | |     ) -> Self {
[INFO] [stdout]     | |_____________^
[INFO] [stdout] 
[INFO] [stdout] 
[INFO] [stdout] error[E0599]: no function or associated item named `test_key` found for struct `PublicKey` in the current scope
[INFO] [stdout]   --> src/unit_tests/chain_tests.rs:90:60
[INFO] [stdout]    |
[INFO] [stdout] 90 |     let committee = Committee::make_simple(vec![PublicKey::test_key(1).into()]);
[INFO] [stdout]    |                                                            ^^^^^^^^ function or associated item not found in `PublicKey`
[INFO] [stdout] 
[INFO] [stdout] 
[INFO] [stdout] error[E0599]: no function or associated item named `test_key` found for struct `PublicKey` in the current scope
[INFO] [stdout]   --> src/unit_tests/chain_tests.rs:92:54
[INFO] [stdout]    |
[INFO] [stdout] 92 |         ownership: ChainOwnership::single(PublicKey::test_key(0)),
[INFO] [stdout]    |                                                      ^^^^^^^^ function or associated item not found in `PublicKey`
[INFO] [stdout] 
[INFO] [stdout] 
[INFO] [stdout] error[E0599]: no function or associated item named `generate` found for struct `linera_base::crypto::KeyPair` in the current scope
[INFO] [stdout]    --> src/unit_tests/data_types_tests.rs:12:25
[INFO] [stdout]     |
[INFO] [stdout] 12  |     let key1 = KeyPair::generate();
[INFO] [stdout]     |                         ^^^^^^^^ function or associated item not found in `KeyPair`
[INFO] [stdout]     |
[INFO] [stdout] note: if you're trying to build a new `linera_base::crypto::KeyPair`, consider using `linera_base::crypto::KeyPair::generate_from` which returns `linera_base::crypto::KeyPair`
[INFO] [stdout]    --> /opt/rustwide/cargo-home/registry/src/index.crates.io-6f17d22bba15001f/linera-base-0.12.1/src/crypto.rs:110:5
[INFO] [stdout]     |
[INFO] [stdout] 110 |     pub fn generate_from<R: CryptoRng>(rng: &mut R) -> Self {
[INFO] [stdout]     |     ^^^^^^^^^^^^^^^^^^^^^^^^^^^^^^^^^^^^^^^^^^^^^^^^^^^^^^^
[INFO] [stdout] help: there is an associated function `generate_from` with a similar name
[INFO] [stdout]    --> /opt/rustwide/cargo-home/registry/src/index.crates.io-6f17d22bba15001f/linera-base-0.12.1/src/crypto.rs:110:5
[INFO] [stdout]     |
[INFO] [stdout] 110 |     pub fn generate_from<R: CryptoRng>(rng: &mut R) -> Self {
[INFO] [stdout]     |     ^^^^^^^^^^^^^^^^^^^^^^^^^^^^^^^^^^^^^^^^^^^^^^^^^^^^^^^
[INFO] [stdout] 
[INFO] [stdout] 
[INFO] [stdout] error[E0599]: no function or associated item named `generate` found for struct `linera_base::crypto::KeyPair` in the current scope
[INFO] [stdout]    --> src/unit_tests/data_types_tests.rs:13:25
[INFO] [stdout]     |
[INFO] [stdout] 13  |     let key2 = KeyPair::generate();
[INFO] [stdout]     |                         ^^^^^^^^ function or associated item not found in `KeyPair`
[INFO] [stdout]     |
[INFO] [stdout] note: if you're trying to build a new `linera_base::crypto::KeyPair`, consider using `linera_base::crypto::KeyPair::generate_from` which returns `linera_base::crypto::KeyPair`
[INFO] [stdout]    --> /opt/rustwide/cargo-home/registry/src/index.crates.io-6f17d22bba15001f/linera-base-0.12.1/src/crypto.rs:110:5
[INFO] [stdout]     |
[INFO] [stdout] 110 |     pub fn generate_from<R: CryptoRng>(rng: &mut R) -> Self {
[INFO] [stdout]     |     ^^^^^^^^^^^^^^^^^^^^^^^^^^^^^^^^^^^^^^^^^^^^^^^^^^^^^^^
[INFO] [stdout] help: there is an associated function `generate_from` with a similar name
[INFO] [stdout]    --> /opt/rustwide/cargo-home/registry/src/index.crates.io-6f17d22bba15001f/linera-base-0.12.1/src/crypto.rs:110:5
[INFO] [stdout]     |
[INFO] [stdout] 110 |     pub fn generate_from<R: CryptoRng>(rng: &mut R) -> Self {
[INFO] [stdout]     |     ^^^^^^^^^^^^^^^^^^^^^^^^^^^^^^^^^^^^^^^^^^^^^^^^^^^^^^^
[INFO] [stdout] 
[INFO] [stdout] 
[INFO] [stdout] error[E0599]: no function or associated item named `test_hash` found for struct `linera_base::crypto::CryptoHash` in the current scope
[INFO] [stdout]    --> src/unit_tests/data_types_tests.rs:20:33
[INFO] [stdout]     |
[INFO] [stdout] 20  |         state_hash: CryptoHash::test_hash("state"),
[INFO] [stdout]     |                                 ^^^^^^^^^ function or associated item not found in `CryptoHash`
[INFO] [stdout]     |
[INFO] [stdout] note: if you're trying to build a new `linera_base::crypto::CryptoHash`, consider using `linera_base::crypto::CryptoHash::new` which returns `linera_base::crypto::CryptoHash`
[INFO] [stdout]    --> /opt/rustwide/cargo-home/registry/src/index.crates.io-6f17d22bba15001f/linera-base-0.12.1/src/crypto.rs:419:5
[INFO] [stdout]     |
[INFO] [stdout] 419 |     pub fn new<T: BcsHashable>(value: &T) -> Self {
[INFO] [stdout]     |     ^^^^^^^^^^^^^^^^^^^^^^^^^^^^^^^^^^^^^^^^^^^^^
[INFO] [stdout] 
[INFO] [stdout] 
[INFO] [stdout] error[E0599]: no function or associated item named `generate` found for struct `linera_base::crypto::KeyPair` in the current scope
[INFO] [stdout]    --> src/unit_tests/data_types_tests.rs:37:25
[INFO] [stdout]     |
[INFO] [stdout] 37  |     let key1 = KeyPair::generate();
[INFO] [stdout]     |                         ^^^^^^^^ function or associated item not found in `KeyPair`
[INFO] [stdout]     |
[INFO] [stdout] note: if you're trying to build a new `linera_base::crypto::KeyPair`, consider using `linera_base::crypto::KeyPair::generate_from` which returns `linera_base::crypto::KeyPair`
[INFO] [stdout]    --> /opt/rustwide/cargo-home/registry/src/index.crates.io-6f17d22bba15001f/linera-base-0.12.1/src/crypto.rs:110:5
[INFO] [stdout]     |
[INFO] [stdout] 110 |     pub fn generate_from<R: CryptoRng>(rng: &mut R) -> Self {
[INFO] [stdout]     |     ^^^^^^^^^^^^^^^^^^^^^^^^^^^^^^^^^^^^^^^^^^^^^^^^^^^^^^^
[INFO] [stdout] help: there is an associated function `generate_from` with a similar name
[INFO] [stdout]    --> /opt/rustwide/cargo-home/registry/src/index.crates.io-6f17d22bba15001f/linera-base-0.12.1/src/crypto.rs:110:5
[INFO] [stdout]     |
[INFO] [stdout] 110 |     pub fn generate_from<R: CryptoRng>(rng: &mut R) -> Self {
[INFO] [stdout]     |     ^^^^^^^^^^^^^^^^^^^^^^^^^^^^^^^^^^^^^^^^^^^^^^^^^^^^^^^
[INFO] [stdout] 
[INFO] [stdout] 
[INFO] [stdout] error[E0599]: no function or associated item named `generate` found for struct `linera_base::crypto::KeyPair` in the current scope
[INFO] [stdout]    --> src/unit_tests/data_types_tests.rs:38:25
[INFO] [stdout]     |
[INFO] [stdout] 38  |     let key2 = KeyPair::generate();
[INFO] [stdout]     |                         ^^^^^^^^ function or associated item not found in `KeyPair`
[INFO] [stdout]     |
[INFO] [stdout] note: if you're trying to build a new `linera_base::crypto::KeyPair`, consider using `linera_base::crypto::KeyPair::generate_from` which returns `linera_base::crypto::KeyPair`
[INFO] [stdout]    --> /opt/rustwide/cargo-home/registry/src/index.crates.io-6f17d22bba15001f/linera-base-0.12.1/src/crypto.rs:110:5
[INFO] [stdout]     |
[INFO] [stdout] 110 |     pub fn generate_from<R: CryptoRng>(rng: &mut R) -> Self {
[INFO] [stdout]     |     ^^^^^^^^^^^^^^^^^^^^^^^^^^^^^^^^^^^^^^^^^^^^^^^^^^^^^^^
[INFO] [stdout] help: there is an associated function `generate_from` with a similar name
[INFO] [stdout]    --> /opt/rustwide/cargo-home/registry/src/index.crates.io-6f17d22bba15001f/linera-base-0.12.1/src/crypto.rs:110:5
[INFO] [stdout]     |
[INFO] [stdout] 110 |     pub fn generate_from<R: CryptoRng>(rng: &mut R) -> Self {
[INFO] [stdout]     |     ^^^^^^^^^^^^^^^^^^^^^^^^^^^^^^^^^^^^^^^^^^^^^^^^^^^^^^^
[INFO] [stdout] 
[INFO] [stdout] 
[INFO] [stdout] error[E0599]: no function or associated item named `generate` found for struct `linera_base::crypto::KeyPair` in the current scope
[INFO] [stdout]    --> src/unit_tests/data_types_tests.rs:39:25
[INFO] [stdout]     |
[INFO] [stdout] 39  |     let key3 = KeyPair::generate();
[INFO] [stdout]     |                         ^^^^^^^^ function or associated item not found in `KeyPair`
[INFO] [stdout]     |
[INFO] [stdout] note: if you're trying to build a new `linera_base::crypto::KeyPair`, consider using `linera_base::crypto::KeyPair::generate_from` which returns `linera_base::crypto::KeyPair`
[INFO] [stdout]    --> /opt/rustwide/cargo-home/registry/src/index.crates.io-6f17d22bba15001f/linera-base-0.12.1/src/crypto.rs:110:5
[INFO] [stdout]     |
[INFO] [stdout] 110 |     pub fn generate_from<R: CryptoRng>(rng: &mut R) -> Self {
[INFO] [stdout]     |     ^^^^^^^^^^^^^^^^^^^^^^^^^^^^^^^^^^^^^^^^^^^^^^^^^^^^^^^
[INFO] [stdout] help: there is an associated function `generate_from` with a similar name
[INFO] [stdout]    --> /opt/rustwide/cargo-home/registry/src/index.crates.io-6f17d22bba15001f/linera-base-0.12.1/src/crypto.rs:110:5
[INFO] [stdout]     |
[INFO] [stdout] 110 |     pub fn generate_from<R: CryptoRng>(rng: &mut R) -> Self {
[INFO] [stdout]     |     ^^^^^^^^^^^^^^^^^^^^^^^^^^^^^^^^^^^^^^^^^^^^^^^^^^^^^^^
[INFO] [stdout] 
[INFO] [stdout] 
[INFO] [stdout] error[E0599]: no function or associated item named `make_simple` found for struct `linera_execution::committee::Committee` in the current scope
[INFO] [stdout]    --> src/unit_tests/data_types_tests.rs:43:32
[INFO] [stdout]     |
[INFO] [stdout] 43  |     let committee = Committee::make_simple(vec![name1, name2]);
[INFO] [stdout]     |                                ^^^^^^^^^^^ function or associated item not found in `Committee`
[INFO] [stdout]     |
[INFO] [stdout] note: if you're trying to build a new `linera_execution::committee::Committee`, consider using `linera_execution::committee::Committee::new` which returns `linera_execution::committee::Committee`
[INFO] [stdout]    --> /opt/rustwide/cargo-home/registry/src/index.crates.io-6f17d22bba15001f/linera-execution-0.12.1/src/committee.rs:292:5
[INFO] [stdout]     |
[INFO] [stdout] 292 | /     pub fn new(
[INFO] [stdout] 293 | |         validators: BTreeMap<ValidatorName, ValidatorState>,
[INFO] [stdout] 294 | |         policy: ResourceControlPolicy,
[INFO] [stdout] 295 | |     ) -> Self {
[INFO] [stdout]     | |_____________^
[INFO] [stdout] 
[INFO] [stdout] 
[INFO] [stdout] error[E0599]: no function or associated item named `test_hash` found for struct `linera_base::crypto::CryptoHash` in the current scope
[INFO] [stdout]    --> src/unit_tests/data_types_tests.rs:49:33
[INFO] [stdout]     |
[INFO] [stdout] 49  |         state_hash: CryptoHash::test_hash("state"),
[INFO] [stdout]     |                                 ^^^^^^^^^ function or associated item not found in `CryptoHash`
[INFO] [stdout]     |
[INFO] [stdout] note: if you're trying to build a new `linera_base::crypto::CryptoHash`, consider using `linera_base::crypto::CryptoHash::new` which returns `linera_base::crypto::CryptoHash`
[INFO] [stdout]    --> /opt/rustwide/cargo-home/registry/src/index.crates.io-6f17d22bba15001f/linera-base-0.12.1/src/crypto.rs:419:5
[INFO] [stdout]     |
[INFO] [stdout] 419 |     pub fn new<T: BcsHashable>(value: &T) -> Self {
[INFO] [stdout]     |     ^^^^^^^^^^^^^^^^^^^^^^^^^^^^^^^^^^^^^^^^^^^^^
[INFO] [stdout] 
[INFO] [stdout] 
[INFO] [stdout] error[E0599]: no function or associated item named `default` found for struct `ApplicationId` in the current scope
[INFO] [stdout]   --> src/unit_tests/inbox_tests.rs:19:44
[INFO] [stdout]    |
[INFO] [stdout] 19 |         application_id: UserApplicationId::default(),
[INFO] [stdout]    |                                            ^^^^^^^ function or associated item not found in `ApplicationId<_>`
[INFO] [stdout] 
[INFO] [stdout] 
[INFO] [stdout] error[E0599]: no method named `to_posted` found for enum `Message` in the current scope
[INFO] [stdout]   --> src/unit_tests/inbox_tests.rs:27:32
[INFO] [stdout]    |
[INFO] [stdout] 27 |         messages: vec![message.to_posted(index, MessageKind::Simple)],
[INFO] [stdout]    |                                ^^^^^^^^^
[INFO] [stdout]    |
[INFO] [stdout] help: there is a method `to_owned` with a similar name, but with different arguments
[INFO] [stdout]   --> /rustc/df4ca44d3fbc9301ee17f30f4d474e6ae4b05252/library/alloc/src/borrow.rs:58:5
[INFO] [stdout] 
[INFO] [stdout] 
[INFO] [stdout] Some errors have detailed explanations: E0061, E0277, E0432, E0433, E0599.
[INFO] [stdout] 
[INFO] [stdout] For more information about an error, try `rustc --explain E0061`.
[INFO] [stdout] 
[INFO] [stderr] error: could not compile `linera-chain` (lib test) due to 51 previous errors
[INFO] running `Command { std: "docker" "inspect" "ec49619f5df1a26063d2f25cab5d5d5810d6bc7807becac910ccfbbf1ad69695", kill_on_drop: false }`
[INFO] running `Command { std: "docker" "rm" "-f" "ec49619f5df1a26063d2f25cab5d5d5810d6bc7807becac910ccfbbf1ad69695", kill_on_drop: false }`
[INFO] [stdout] ec49619f5df1a26063d2f25cab5d5d5810d6bc7807becac910ccfbbf1ad69695
