[INFO] fetching crate linera-alloy-sol-types 0.7.4...
[INFO] testing linera-alloy-sol-types-0.7.4 against nightly-2024-10-28+rustflags=-Zrandomize-layout for randomize-layout
[INFO] extracting crate linera-alloy-sol-types 0.7.4 into /workspace/builds/worker-2-tc2/source
[INFO] validating manifest of crates.io crate linera-alloy-sol-types 0.7.4 on toolchain nightly-2024-10-28
[INFO] running `Command { std: CARGO_HOME="/workspace/cargo-home" RUSTUP_HOME="/workspace/rustup-home" "/workspace/cargo-home/bin/cargo" "+nightly-2024-10-28" "metadata" "--manifest-path" "Cargo.toml" "--no-deps", kill_on_drop: false }`
[INFO] started tweaking crates.io crate linera-alloy-sol-types 0.7.4
[INFO] finished tweaking crates.io crate linera-alloy-sol-types 0.7.4
[INFO] tweaked toml for crates.io crate linera-alloy-sol-types 0.7.4 written to /workspace/builds/worker-2-tc2/source/Cargo.toml
[INFO] running `Command { std: CARGO_HOME="/workspace/cargo-home" RUSTUP_HOME="/workspace/rustup-home" "/workspace/cargo-home/bin/cargo" "+nightly-2024-10-28" "generate-lockfile" "--manifest-path" "Cargo.toml", kill_on_drop: false }`
[INFO] [stderr]     Updating crates.io index
[INFO] [stderr]      Locking 181 packages to latest compatible versions
[INFO] [stderr]       Adding derive_more v0.99.18 (available: v1.0.0)
[INFO] running `Command { std: CARGO_HOME="/workspace/cargo-home" RUSTUP_HOME="/workspace/rustup-home" "/workspace/cargo-home/bin/cargo" "+nightly-2024-10-28" "fetch" "--manifest-path" "Cargo.toml", kill_on_drop: false }`
[INFO] running `Command { std: "docker" "create" "-v" "/var/lib/crater-agent-workspace/builds/worker-2-tc2/target:/opt/rustwide/target:rw,Z" "-v" "/var/lib/crater-agent-workspace/builds/worker-2-tc2/source:/opt/rustwide/workdir:ro,Z" "-v" "/var/lib/crater-agent-workspace/cargo-home:/opt/rustwide/cargo-home:ro,Z" "-v" "/var/lib/crater-agent-workspace/rustup-home:/opt/rustwide/rustup-home:ro,Z" "-e" "SOURCE_DIR=/opt/rustwide/workdir" "-e" "CARGO_TARGET_DIR=/opt/rustwide/target" "-e" "CARGO_HOME=/opt/rustwide/cargo-home" "-e" "RUSTUP_HOME=/opt/rustwide/rustup-home" "-w" "/opt/rustwide/workdir" "-m" "1610612736" "--user" "0:0" "--network" "none" "ghcr.io/rust-lang/crates-build-env/linux@sha256:4a844ea9eb2546a2d2c7022eacef16ef2e8229c7fbb2c7d4d55a9ceca922f72d" "/opt/rustwide/cargo-home/bin/cargo" "+nightly-2024-10-28" "metadata" "--no-deps" "--format-version=1", kill_on_drop: false }`
[INFO] [stdout] 6a21e537e9a29ff7b1577a97f236569d47b7849e7893a27c0079d67dc8107039
[INFO] running `Command { std: "docker" "start" "-a" "6a21e537e9a29ff7b1577a97f236569d47b7849e7893a27c0079d67dc8107039", kill_on_drop: false }`
[INFO] running `Command { std: "docker" "inspect" "6a21e537e9a29ff7b1577a97f236569d47b7849e7893a27c0079d67dc8107039", kill_on_drop: false }`
[INFO] running `Command { std: "docker" "rm" "-f" "6a21e537e9a29ff7b1577a97f236569d47b7849e7893a27c0079d67dc8107039", kill_on_drop: false }`
[INFO] [stdout] 6a21e537e9a29ff7b1577a97f236569d47b7849e7893a27c0079d67dc8107039
[INFO] running `Command { std: "docker" "create" "-v" "/var/lib/crater-agent-workspace/builds/worker-2-tc2/target:/opt/rustwide/target:rw,Z" "-v" "/var/lib/crater-agent-workspace/builds/worker-2-tc2/source:/opt/rustwide/workdir:ro,Z" "-v" "/var/lib/crater-agent-workspace/cargo-home:/opt/rustwide/cargo-home:ro,Z" "-v" "/var/lib/crater-agent-workspace/rustup-home:/opt/rustwide/rustup-home:ro,Z" "-e" "SOURCE_DIR=/opt/rustwide/workdir" "-e" "CARGO_TARGET_DIR=/opt/rustwide/target" "-e" "CARGO_INCREMENTAL=0" "-e" "RUST_BACKTRACE=full" "-e" "RUSTFLAGS=--cap-lints=forbid -Zrandomize-layout" "-e" "RUSTDOCFLAGS=--cap-lints=forbid" "-e" "CARGO_HOME=/opt/rustwide/cargo-home" "-e" "RUSTUP_HOME=/opt/rustwide/rustup-home" "-w" "/opt/rustwide/workdir" "-m" "1610612736" "--user" "0:0" "--network" "none" "ghcr.io/rust-lang/crates-build-env/linux@sha256:4a844ea9eb2546a2d2c7022eacef16ef2e8229c7fbb2c7d4d55a9ceca922f72d" "/opt/rustwide/cargo-home/bin/cargo" "+nightly-2024-10-28" "build" "--frozen" "--message-format=json", kill_on_drop: false }`
[INFO] [stdout] 8998f173329e356e019136d541eaddfde574093dad8daae2d382bc9760f39e5a
[INFO] running `Command { std: "docker" "start" "-a" "8998f173329e356e019136d541eaddfde574093dad8daae2d382bc9760f39e5a", kill_on_drop: false }`
[INFO] [stderr]    Compiling version_check v0.9.5
[INFO] [stderr]    Compiling crunchy v0.2.2
[INFO] [stderr]    Compiling paste v1.0.15
[INFO] [stderr]    Compiling cpufeatures v0.2.14
[INFO] [stderr]    Compiling tiny-keccak v2.0.2
[INFO] [stderr]    Compiling syn v1.0.109
[INFO] [stderr]    Compiling equivalent v1.0.1
[INFO] [stderr]    Compiling hashbrown v0.15.0
[INFO] [stderr]    Compiling dunce v1.0.5
[INFO] [stderr]    Compiling heck v0.5.0
[INFO] [stderr]    Compiling heck v0.4.1
[INFO] [stderr]    Compiling convert_case v0.4.0
[INFO] [stderr]    Compiling ruint-macro v1.2.1
[INFO] [stderr]    Compiling itoa v1.0.11
[INFO] [stderr]    Compiling bytes v1.8.0
[INFO] [stderr]    Compiling syn v2.0.86
[INFO] [stderr]    Compiling const-hex v1.13.1
[INFO] [stderr]    Compiling hex-literal v0.4.1
[INFO] [stderr]    Compiling proc-macro-error-attr v1.0.4
[INFO] [stderr]    Compiling proc-macro-error v1.0.4
[INFO] [stderr]    Compiling ruint v1.12.3
[INFO] [stderr]    Compiling indexmap v2.6.0
[INFO] [stderr]    Compiling linera-alloy-syn-solidity v0.7.4
[INFO] [stderr]    Compiling derive_more v0.99.18
[INFO] [stderr]    Compiling linera-alloy-primitives v0.7.4
[INFO] [stderr]    Compiling linera-alloy-sol-macro-input v0.7.4
[INFO] [stderr]    Compiling linera-alloy-sol-macro-expander v0.7.4
[INFO] [stderr]    Compiling linera-alloy-sol-macro v0.7.4
[INFO] [stderr]    Compiling linera-alloy-sol-types v0.7.4 (/opt/rustwide/workdir)
[INFO] [stderr]     Finished `dev` profile [unoptimized + debuginfo] target(s) in 8.96s
[INFO] running `Command { std: "docker" "inspect" "8998f173329e356e019136d541eaddfde574093dad8daae2d382bc9760f39e5a", kill_on_drop: false }`
[INFO] running `Command { std: "docker" "rm" "-f" "8998f173329e356e019136d541eaddfde574093dad8daae2d382bc9760f39e5a", kill_on_drop: false }`
[INFO] [stdout] 8998f173329e356e019136d541eaddfde574093dad8daae2d382bc9760f39e5a
[INFO] running `Command { std: "docker" "create" "-v" "/var/lib/crater-agent-workspace/builds/worker-2-tc2/target:/opt/rustwide/target:rw,Z" "-v" "/var/lib/crater-agent-workspace/builds/worker-2-tc2/source:/opt/rustwide/workdir:ro,Z" "-v" "/var/lib/crater-agent-workspace/cargo-home:/opt/rustwide/cargo-home:ro,Z" "-v" "/var/lib/crater-agent-workspace/rustup-home:/opt/rustwide/rustup-home:ro,Z" "-e" "SOURCE_DIR=/opt/rustwide/workdir" "-e" "CARGO_TARGET_DIR=/opt/rustwide/target" "-e" "CARGO_INCREMENTAL=0" "-e" "RUST_BACKTRACE=full" "-e" "RUSTFLAGS=--cap-lints=forbid -Zrandomize-layout" "-e" "RUSTDOCFLAGS=--cap-lints=forbid" "-e" "CARGO_HOME=/opt/rustwide/cargo-home" "-e" "RUSTUP_HOME=/opt/rustwide/rustup-home" "-w" "/opt/rustwide/workdir" "-m" "1610612736" "--user" "0:0" "--network" "none" "ghcr.io/rust-lang/crates-build-env/linux@sha256:4a844ea9eb2546a2d2c7022eacef16ef2e8229c7fbb2c7d4d55a9ceca922f72d" "/opt/rustwide/cargo-home/bin/cargo" "+nightly-2024-10-28" "test" "--frozen" "--no-run" "--message-format=json", kill_on_drop: false }`
[INFO] [stdout] 25eb948b7aaa6814bfd7df44b700fde989a0d0995d959a62b49b7ac739479665
[INFO] running `Command { std: "docker" "start" "-a" "25eb948b7aaa6814bfd7df44b700fde989a0d0995d959a62b49b7ac739479665", kill_on_drop: false }`
[INFO] [stderr]    Compiling serde v1.0.214
[INFO] [stderr]    Compiling libc v0.2.161
[INFO] [stderr]    Compiling syn v1.0.109
[INFO] [stderr]    Compiling byteorder v1.5.0
[INFO] [stderr]    Compiling rustix v0.38.38
[INFO] [stderr]    Compiling bitflags v2.6.0
[INFO] [stderr]    Compiling linux-raw-sys v0.4.14
[INFO] [stderr]    Compiling equivalent v1.0.1
[INFO] [stderr]    Compiling libm v0.2.11
[INFO] [stderr]    Compiling hashbrown v0.15.0
[INFO] [stderr]    Compiling num-traits v0.2.19
[INFO] [stderr]    Compiling once_cell v1.20.2
[INFO] [stderr]    Compiling fastrand v2.1.1
[INFO] [stderr]    Compiling serde_derive v1.0.214
[INFO] [stderr]    Compiling zerocopy-derive v0.7.35
[INFO] [stderr]    Compiling bit-vec v0.6.3
[INFO] [stderr]    Compiling quick-error v1.2.3
[INFO] [stderr]    Compiling fnv v1.0.7
[INFO] [stderr]    Compiling lazy_static v1.5.0
[INFO] [stderr]    Compiling unarray v0.1.4
[INFO] [stderr]    Compiling bit-set v0.5.3
[INFO] [stderr]    Compiling regex-syntax v0.8.5
[INFO] [stderr]    Compiling arbitrary v1.3.2
[INFO] [stderr]    Compiling winnow v0.6.20
[INFO] [stderr]    Compiling serde_json v1.0.132
[INFO] [stderr]    Compiling target-triple v0.1.3
[INFO] [stderr]    Compiling derive_arbitrary v1.3.2
[INFO] [stderr]    Compiling rustversion v1.0.18
[INFO] [stderr]    Compiling ryu v1.0.18
[INFO] [stderr]    Compiling memchr v2.7.4
[INFO] [stderr]    Compiling yansi v1.0.1
[INFO] [stderr]    Compiling termcolor v1.4.1
[INFO] [stderr]    Compiling diff v0.1.13
[INFO] [stderr]    Compiling glob v0.3.1
[INFO] [stderr]    Compiling indexmap v2.6.0
[INFO] [stderr]    Compiling zerocopy v0.7.35
[INFO] [stderr]    Compiling pretty_assertions v1.4.1
[INFO] [stderr]    Compiling getrandom v0.2.15
[INFO] [stderr]    Compiling wait-timeout v0.2.0
[INFO] [stderr]    Compiling rand_core v0.6.4
[INFO] [stderr]    Compiling rand_xorshift v0.3.0
[INFO] [stderr]    Compiling ppv-lite86 v0.2.20
[INFO] [stderr]    Compiling rand_chacha v0.3.1
[INFO] [stderr]    Compiling rand v0.8.5
[INFO] [stderr]    Compiling tempfile v3.13.0
[INFO] [stderr]    Compiling rusty-fork v0.3.0
[INFO] [stderr]    Compiling proptest v1.5.0
[INFO] [stderr]    Compiling proc-macro-error v1.0.4
[INFO] [stderr]    Compiling linera-alloy-sol-macro-expander v0.7.4
[INFO] [stderr]    Compiling proptest-derive v0.4.0
[INFO] [stderr]    Compiling bytes v1.8.0
[INFO] [stderr]    Compiling toml_datetime v0.6.8
[INFO] [stderr]    Compiling serde_spanned v0.6.8
[INFO] [stderr]    Compiling const-hex v1.13.1
[INFO] [stderr]    Compiling toml_edit v0.22.22
[INFO] [stderr]    Compiling linera-alloy-sol-macro v0.7.4
[INFO] [stderr]    Compiling alloy-rlp v0.3.9
[INFO] [stderr]    Compiling ruint v1.12.3
[INFO] [stderr]    Compiling linera-alloy-primitives v0.7.4
[INFO] [stderr]    Compiling toml v0.8.19
[INFO] [stderr]    Compiling linera-alloy-sol-types v0.7.4 (/opt/rustwide/workdir)
[INFO] [stderr]    Compiling trybuild v1.0.101
[INFO] [stdout] error[E0432]: unresolved import `linera_alloy`
[INFO] [stdout]    --> src/abi/decoder.rs:723:9
[INFO] [stdout]     |
[INFO] [stdout] 723 | /         sol! {
[INFO] [stdout] 724 | |             #[derive(Debug, PartialEq, Eq)]
[INFO] [stdout] 725 | |             struct Ty {
[INFO] [stdout] 726 | |                 bytes32[3] arr;
[INFO] [stdout] 727 | |                 bytes dyn;
[INFO] [stdout] 728 | |             }
[INFO] [stdout] 729 | |         }
[INFO] [stdout]     | |_________^ could not find `linera_alloy` in the list of imported crates
[INFO] [stdout]     |
[INFO] [stdout]     = note: this error originates in the macro `sol` (in Nightly builds, run with -Z macro-backtrace for more info)
[INFO] [stdout] 
[INFO] [stdout] 
[INFO] [stdout] error[E0432]: unresolved import `linera_alloy`
[INFO] [stdout]    --> src/abi/decoder.rs:752:9
[INFO] [stdout]     |
[INFO] [stdout] 752 | /         sol! {
[INFO] [stdout] 753 | |             #[derive(Debug, PartialEq, Eq)]
[INFO] [stdout] 754 | |             struct Ty {
[INFO] [stdout] 755 | |                 bytes[3] arr;
[INFO] [stdout] 756 | |                 bytes dyn;
[INFO] [stdout] 757 | |             }
[INFO] [stdout] 758 | |         }
[INFO] [stdout]     | |_________^ could not find `linera_alloy` in the list of imported crates
[INFO] [stdout]     |
[INFO] [stdout]     = note: this error originates in the macro `sol` (in Nightly builds, run with -Z macro-backtrace for more info)
[INFO] [stdout] 
[INFO] [stdout] 
[INFO] [stdout] error[E0432]: unresolved import `linera_alloy`
[INFO] [stdout]     --> src/types/data_type.rs:1227:17
[INFO] [stdout]      |
[INFO] [stdout] 1227 |                 sol!(type Udvt is $($t)*;);
[INFO] [stdout]      |                 ^^^^^^^^^^^^^^^^^^^^^^^^^^ could not find `linera_alloy` in the list of imported crates
[INFO] [stdout] ...
[INFO] [stdout] 1232 |         udvt_and_assert!([bool], Some(32));
[INFO] [stdout]      |         ---------------------------------- in this macro invocation
[INFO] [stdout]      |
[INFO] [stdout]      = note: this error originates in the macro `sol` which comes from the expansion of the macro `udvt_and_assert` (in Nightly builds, run with -Z macro-backtrace for more info)
[INFO] [stdout] 
[INFO] [stdout] 
[INFO] [stdout] error[E0432]: unresolved import `linera_alloy`
[INFO] [stdout]     --> src/types/data_type.rs:1227:17
[INFO] [stdout]      |
[INFO] [stdout] 1227 |                 sol!(type Udvt is $($t)*;);
[INFO] [stdout]      |                 ^^^^^^^^^^^^^^^^^^^^^^^^^^ could not find `linera_alloy` in the list of imported crates
[INFO] [stdout] ...
[INFO] [stdout] 1234 |         udvt_and_assert!([uint8], Some(32));
[INFO] [stdout]      |         ----------------------------------- in this macro invocation
[INFO] [stdout]      |
[INFO] [stdout]      = note: this error originates in the macro `sol` which comes from the expansion of the macro `udvt_and_assert` (in Nightly builds, run with -Z macro-backtrace for more info)
[INFO] [stdout] 
[INFO] [stdout] 
[INFO] [stdout] error[E0432]: unresolved import `linera_alloy`
[INFO] [stdout]     --> src/types/data_type.rs:1227:17
[INFO] [stdout]      |
[INFO] [stdout] 1227 |                 sol!(type Udvt is $($t)*;);
[INFO] [stdout]      |                 ^^^^^^^^^^^^^^^^^^^^^^^^^^ could not find `linera_alloy` in the list of imported crates
[INFO] [stdout] ...
[INFO] [stdout] 1235 |         udvt_and_assert!([int8], Some(32));
[INFO] [stdout]      |         ---------------------------------- in this macro invocation
[INFO] [stdout]      |
[INFO] [stdout]      = note: this error originates in the macro `sol` which comes from the expansion of the macro `udvt_and_assert` (in Nightly builds, run with -Z macro-backtrace for more info)
[INFO] [stdout] 
[INFO] [stdout] 
[INFO] [stdout] error[E0432]: unresolved import `linera_alloy`
[INFO] [stdout]     --> src/types/data_type.rs:1227:17
[INFO] [stdout]      |
[INFO] [stdout] 1227 |                 sol!(type Udvt is $($t)*;);
[INFO] [stdout]      |                 ^^^^^^^^^^^^^^^^^^^^^^^^^^ could not find `linera_alloy` in the list of imported crates
[INFO] [stdout] ...
[INFO] [stdout] 1236 |         udvt_and_assert!([uint16], Some(32));
[INFO] [stdout]      |         ------------------------------------ in this macro invocation
[INFO] [stdout]      |
[INFO] [stdout]      = note: this error originates in the macro `sol` which comes from the expansion of the macro `udvt_and_assert` (in Nightly builds, run with -Z macro-backtrace for more info)
[INFO] [stdout] 
[INFO] [stdout] 
[INFO] [stdout] error[E0432]: unresolved import `linera_alloy`
[INFO] [stdout]     --> src/types/data_type.rs:1227:17
[INFO] [stdout]      |
[INFO] [stdout] 1227 |                 sol!(type Udvt is $($t)*;);
[INFO] [stdout]      |                 ^^^^^^^^^^^^^^^^^^^^^^^^^^ could not find `linera_alloy` in the list of imported crates
[INFO] [stdout] ...
[INFO] [stdout] 1237 |         udvt_and_assert!([int16], Some(32));
[INFO] [stdout]      |         ----------------------------------- in this macro invocation
[INFO] [stdout]      |
[INFO] [stdout]      = note: this error originates in the macro `sol` which comes from the expansion of the macro `udvt_and_assert` (in Nightly builds, run with -Z macro-backtrace for more info)
[INFO] [stdout] 
[INFO] [stdout] 
[INFO] [stdout] error[E0432]: unresolved import `linera_alloy`
[INFO] [stdout]     --> src/types/data_type.rs:1227:17
[INFO] [stdout]      |
[INFO] [stdout] 1227 |                 sol!(type Udvt is $($t)*;);
[INFO] [stdout]      |                 ^^^^^^^^^^^^^^^^^^^^^^^^^^ could not find `linera_alloy` in the list of imported crates
[INFO] [stdout] ...
[INFO] [stdout] 1238 |         udvt_and_assert!([uint32], Some(32));
[INFO] [stdout]      |         ------------------------------------ in this macro invocation
[INFO] [stdout]      |
[INFO] [stdout]      = note: this error originates in the macro `sol` which comes from the expansion of the macro `udvt_and_assert` (in Nightly builds, run with -Z macro-backtrace for more info)
[INFO] [stdout] 
[INFO] [stdout] 
[INFO] [stdout] error[E0432]: unresolved import `linera_alloy`
[INFO] [stdout]     --> src/types/data_type.rs:1227:17
[INFO] [stdout]      |
[INFO] [stdout] 1227 |                 sol!(type Udvt is $($t)*;);
[INFO] [stdout]      |                 ^^^^^^^^^^^^^^^^^^^^^^^^^^ could not find `linera_alloy` in the list of imported crates
[INFO] [stdout] ...
[INFO] [stdout] 1239 |         udvt_and_assert!([int32], Some(32));
[INFO] [stdout]      |         ----------------------------------- in this macro invocation
[INFO] [stdout]      |
[INFO] [stdout]      = note: this error originates in the macro `sol` which comes from the expansion of the macro `udvt_and_assert` (in Nightly builds, run with -Z macro-backtrace for more info)
[INFO] [stdout] 
[INFO] [stdout] 
[INFO] [stdout] error[E0432]: unresolved import `linera_alloy`
[INFO] [stdout]     --> src/types/data_type.rs:1227:17
[INFO] [stdout]      |
[INFO] [stdout] 1227 |                 sol!(type Udvt is $($t)*;);
[INFO] [stdout]      |                 ^^^^^^^^^^^^^^^^^^^^^^^^^^ could not find `linera_alloy` in the list of imported crates
[INFO] [stdout] ...
[INFO] [stdout] 1240 |         udvt_and_assert!([uint64], Some(32));
[INFO] [stdout]      |         ------------------------------------ in this macro invocation
[INFO] [stdout]      |
[INFO] [stdout]      = note: this error originates in the macro `sol` which comes from the expansion of the macro `udvt_and_assert` (in Nightly builds, run with -Z macro-backtrace for more info)
[INFO] [stdout] 
[INFO] [stdout] 
[INFO] [stdout] error[E0432]: unresolved import `linera_alloy`
[INFO] [stdout]     --> src/types/data_type.rs:1227:17
[INFO] [stdout]      |
[INFO] [stdout] 1227 |                 sol!(type Udvt is $($t)*;);
[INFO] [stdout]      |                 ^^^^^^^^^^^^^^^^^^^^^^^^^^ could not find `linera_alloy` in the list of imported crates
[INFO] [stdout] ...
[INFO] [stdout] 1241 |         udvt_and_assert!([int64], Some(32));
[INFO] [stdout]      |         ----------------------------------- in this macro invocation
[INFO] [stdout]      |
[INFO] [stdout]      = note: this error originates in the macro `sol` which comes from the expansion of the macro `udvt_and_assert` (in Nightly builds, run with -Z macro-backtrace for more info)
[INFO] [stdout] 
[INFO] [stdout] 
[INFO] [stdout] error[E0432]: unresolved import `linera_alloy`
[INFO] [stdout]     --> src/types/data_type.rs:1227:17
[INFO] [stdout]      |
[INFO] [stdout] 1227 |                 sol!(type Udvt is $($t)*;);
[INFO] [stdout]      |                 ^^^^^^^^^^^^^^^^^^^^^^^^^^ could not find `linera_alloy` in the list of imported crates
[INFO] [stdout] ...
[INFO] [stdout] 1242 |         udvt_and_assert!([uint128], Some(32));
[INFO] [stdout]      |         ------------------------------------- in this macro invocation
[INFO] [stdout]      |
[INFO] [stdout]      = note: this error originates in the macro `sol` which comes from the expansion of the macro `udvt_and_assert` (in Nightly builds, run with -Z macro-backtrace for more info)
[INFO] [stdout] 
[INFO] [stdout] 
[INFO] [stdout] error[E0432]: unresolved import `linera_alloy`
[INFO] [stdout]     --> src/types/data_type.rs:1227:17
[INFO] [stdout]      |
[INFO] [stdout] 1227 |                 sol!(type Udvt is $($t)*;);
[INFO] [stdout]      |                 ^^^^^^^^^^^^^^^^^^^^^^^^^^ could not find `linera_alloy` in the list of imported crates
[INFO] [stdout] ...
[INFO] [stdout] 1243 |         udvt_and_assert!([int128], Some(32));
[INFO] [stdout]      |         ------------------------------------ in this macro invocation
[INFO] [stdout]      |
[INFO] [stdout]      = note: this error originates in the macro `sol` which comes from the expansion of the macro `udvt_and_assert` (in Nightly builds, run with -Z macro-backtrace for more info)
[INFO] [stdout] 
[INFO] [stdout] 
[INFO] [stdout] error[E0432]: unresolved import `linera_alloy`
[INFO] [stdout]     --> src/types/data_type.rs:1227:17
[INFO] [stdout]      |
[INFO] [stdout] 1227 |                 sol!(type Udvt is $($t)*;);
[INFO] [stdout]      |                 ^^^^^^^^^^^^^^^^^^^^^^^^^^ could not find `linera_alloy` in the list of imported crates
[INFO] [stdout] ...
[INFO] [stdout] 1244 |         udvt_and_assert!([uint256], Some(32));
[INFO] [stdout]      |         ------------------------------------- in this macro invocation
[INFO] [stdout]      |
[INFO] [stdout]      = note: this error originates in the macro `sol` which comes from the expansion of the macro `udvt_and_assert` (in Nightly builds, run with -Z macro-backtrace for more info)
[INFO] [stdout] 
[INFO] [stdout] 
[INFO] [stdout] error[E0432]: unresolved import `linera_alloy`
[INFO] [stdout]     --> src/types/data_type.rs:1227:17
[INFO] [stdout]      |
[INFO] [stdout] 1227 |                 sol!(type Udvt is $($t)*;);
[INFO] [stdout]      |                 ^^^^^^^^^^^^^^^^^^^^^^^^^^ could not find `linera_alloy` in the list of imported crates
[INFO] [stdout] ...
[INFO] [stdout] 1245 |         udvt_and_assert!([int256], Some(32));
[INFO] [stdout]      |         ------------------------------------ in this macro invocation
[INFO] [stdout]      |
[INFO] [stdout]      = note: this error originates in the macro `sol` which comes from the expansion of the macro `udvt_and_assert` (in Nightly builds, run with -Z macro-backtrace for more info)
[INFO] [stdout] 
[INFO] [stdout] 
[INFO] [stdout] error[E0432]: unresolved import `linera_alloy`
[INFO] [stdout]     --> src/types/data_type.rs:1227:17
[INFO] [stdout]      |
[INFO] [stdout] 1227 |                 sol!(type Udvt is $($t)*;);
[INFO] [stdout]      |                 ^^^^^^^^^^^^^^^^^^^^^^^^^^ could not find `linera_alloy` in the list of imported crates
[INFO] [stdout] ...
[INFO] [stdout] 1247 |         udvt_and_assert!([address], Some(32));
[INFO] [stdout]      |         ------------------------------------- in this macro invocation
[INFO] [stdout]      |
[INFO] [stdout]      = note: this error originates in the macro `sol` which comes from the expansion of the macro `udvt_and_assert` (in Nightly builds, run with -Z macro-backtrace for more info)
[INFO] [stdout] 
[INFO] [stdout] 
[INFO] [stdout] error[E0432]: unresolved import `linera_alloy`
[INFO] [stdout]     --> src/types/data_type.rs:1227:17
[INFO] [stdout]      |
[INFO] [stdout] 1227 |                 sol!(type Udvt is $($t)*;);
[INFO] [stdout]      |                 ^^^^^^^^^^^^^^^^^^^^^^^^^^ could not find `linera_alloy` in the list of imported crates
[INFO] [stdout] ...
[INFO] [stdout] 1248 |         udvt_and_assert!([function()], Some(32));
[INFO] [stdout]      |         ---------------------------------------- in this macro invocation
[INFO] [stdout]      |
[INFO] [stdout]      = note: this error originates in the macro `sol` which comes from the expansion of the macro `udvt_and_assert` (in Nightly builds, run with -Z macro-backtrace for more info)
[INFO] [stdout] 
[INFO] [stdout] 
[INFO] [stdout] error[E0432]: unresolved import `linera_alloy`
[INFO] [stdout]     --> src/types/data_type.rs:1227:17
[INFO] [stdout]      |
[INFO] [stdout] 1227 |                 sol!(type Udvt is $($t)*;);
[INFO] [stdout]      |                 ^^^^^^^^^^^^^^^^^^^^^^^^^^ could not find `linera_alloy` in the list of imported crates
[INFO] [stdout] ...
[INFO] [stdout] 1249 |         udvt_and_assert!([bytes1], Some(32));
[INFO] [stdout]      |         ------------------------------------ in this macro invocation
[INFO] [stdout]      |
[INFO] [stdout]      = note: this error originates in the macro `sol` which comes from the expansion of the macro `udvt_and_assert` (in Nightly builds, run with -Z macro-backtrace for more info)
[INFO] [stdout] 
[INFO] [stdout] 
[INFO] [stdout] error[E0432]: unresolved import `linera_alloy`
[INFO] [stdout]     --> src/types/data_type.rs:1227:17
[INFO] [stdout]      |
[INFO] [stdout] 1227 |                 sol!(type Udvt is $($t)*;);
[INFO] [stdout]      |                 ^^^^^^^^^^^^^^^^^^^^^^^^^^ could not find `linera_alloy` in the list of imported crates
[INFO] [stdout] ...
[INFO] [stdout] 1250 |         udvt_and_assert!([bytes16], Some(32));
[INFO] [stdout]      |         ------------------------------------- in this macro invocation
[INFO] [stdout]      |
[INFO] [stdout]      = note: this error originates in the macro `sol` which comes from the expansion of the macro `udvt_and_assert` (in Nightly builds, run with -Z macro-backtrace for more info)
[INFO] [stdout] 
[INFO] [stdout] 
[INFO] [stdout] error[E0432]: unresolved import `linera_alloy`
[INFO] [stdout]     --> src/types/data_type.rs:1227:17
[INFO] [stdout]      |
[INFO] [stdout] 1227 |                 sol!(type Udvt is $($t)*;);
[INFO] [stdout]      |                 ^^^^^^^^^^^^^^^^^^^^^^^^^^ could not find `linera_alloy` in the list of imported crates
[INFO] [stdout] ...
[INFO] [stdout] 1251 |         udvt_and_assert!([bytes32], Some(32));
[INFO] [stdout]      |         ------------------------------------- in this macro invocation
[INFO] [stdout]      |
[INFO] [stdout]      = note: this error originates in the macro `sol` which comes from the expansion of the macro `udvt_and_assert` (in Nightly builds, run with -Z macro-backtrace for more info)
[INFO] [stdout] 
[INFO] [stdout] 
[INFO] [stdout] error[E0432]: unresolved import `linera_alloy`
[INFO] [stdout]     --> src/types/data_type.rs:1258:17
[INFO] [stdout]      |
[INFO] [stdout] 1258 | /                 sol! {
[INFO] [stdout] 1259 | |                     struct Struct $block
[INFO] [stdout] 1260 | |                 }
[INFO] [stdout]      | |_________________^ could not find `linera_alloy` in the list of imported crates
[INFO] [stdout] ...
[INFO] [stdout] 1264 |           custom_and_assert!({ bool a; }, Some(32));
[INFO] [stdout]      |           ----------------------------------------- in this macro invocation
[INFO] [stdout]      |
[INFO] [stdout]      = note: this error originates in the macro `sol` which comes from the expansion of the macro `custom_and_assert` (in Nightly builds, run with -Z macro-backtrace for more info)
[INFO] [stdout] 
[INFO] [stdout] 
[INFO] [stdout] error[E0432]: unresolved import `linera_alloy`
[INFO] [stdout]     --> src/types/data_type.rs:1258:17
[INFO] [stdout]      |
[INFO] [stdout] 1258 | /                 sol! {
[INFO] [stdout] 1259 | |                     struct Struct $block
[INFO] [stdout] 1260 | |                 }
[INFO] [stdout]      | |_________________^ could not find `linera_alloy` in the list of imported crates
[INFO] [stdout] ...
[INFO] [stdout] 1265 |           custom_and_assert!({ bool a; address b; }, Some(64));
[INFO] [stdout]      |           ---------------------------------------------------- in this macro invocation
[INFO] [stdout]      |
[INFO] [stdout]      = note: this error originates in the macro `sol` which comes from the expansion of the macro `custom_and_assert` (in Nightly builds, run with -Z macro-backtrace for more info)
[INFO] [stdout] 
[INFO] [stdout] 
[INFO] [stdout] error[E0432]: unresolved import `linera_alloy`
[INFO] [stdout]     --> src/types/data_type.rs:1258:17
[INFO] [stdout]      |
[INFO] [stdout] 1258 | /                 sol! {
[INFO] [stdout] 1259 | |                     struct Struct $block
[INFO] [stdout] 1260 | |                 }
[INFO] [stdout]      | |_________________^ could not find `linera_alloy` in the list of imported crates
[INFO] [stdout] ...
[INFO] [stdout] 1266 |           custom_and_assert!({ bool a; bytes1[69] b; uint8 c; }, Some(71 * 32));
[INFO] [stdout]      |           --------------------------------------------------------------------- in this macro invocation
[INFO] [stdout]      |
[INFO] [stdout]      = note: this error originates in the macro `sol` which comes from the expansion of the macro `custom_and_assert` (in Nightly builds, run with -Z macro-backtrace for more info)
[INFO] [stdout] 
[INFO] [stdout] 
[INFO] [stdout] error[E0432]: unresolved import `linera_alloy`
[INFO] [stdout]     --> src/types/data_type.rs:1258:17
[INFO] [stdout]      |
[INFO] [stdout] 1258 | /                 sol! {
[INFO] [stdout] 1259 | |                     struct Struct $block
[INFO] [stdout] 1260 | |                 }
[INFO] [stdout]      | |_________________^ could not find `linera_alloy` in the list of imported crates
[INFO] [stdout] ...
[INFO] [stdout] 1267 |           custom_and_assert!({ bytes a; }, None);
[INFO] [stdout]      |           -------------------------------------- in this macro invocation
[INFO] [stdout]      |
[INFO] [stdout]      = note: this error originates in the macro `sol` which comes from the expansion of the macro `custom_and_assert` (in Nightly builds, run with -Z macro-backtrace for more info)
[INFO] [stdout] 
[INFO] [stdout] 
[INFO] [stdout] error[E0432]: unresolved import `linera_alloy`
[INFO] [stdout]     --> src/types/data_type.rs:1258:17
[INFO] [stdout]      |
[INFO] [stdout] 1258 | /                 sol! {
[INFO] [stdout] 1259 | |                     struct Struct $block
[INFO] [stdout] 1260 | |                 }
[INFO] [stdout]      | |_________________^ could not find `linera_alloy` in the list of imported crates
[INFO] [stdout] ...
[INFO] [stdout] 1268 |           custom_and_assert!({ bytes a; bytes24 b; }, None);
[INFO] [stdout]      |           ------------------------------------------------- in this macro invocation
[INFO] [stdout]      |
[INFO] [stdout]      = note: this error originates in the macro `sol` which comes from the expansion of the macro `custom_and_assert` (in Nightly builds, run with -Z macro-backtrace for more info)
[INFO] [stdout] 
[INFO] [stdout] 
[INFO] [stdout] error[E0432]: unresolved import `linera_alloy`
[INFO] [stdout]     --> src/types/data_type.rs:1258:17
[INFO] [stdout]      |
[INFO] [stdout] 1258 | /                 sol! {
[INFO] [stdout] 1259 | |                     struct Struct $block
[INFO] [stdout] 1260 | |                 }
[INFO] [stdout]      | |_________________^ could not find `linera_alloy` in the list of imported crates
[INFO] [stdout] ...
[INFO] [stdout] 1269 |           custom_and_assert!({ bool a; bytes2[42] b; uint8 c; bytes d; }, None);
[INFO] [stdout]      |           --------------------------------------------------------------------- in this macro invocation
[INFO] [stdout]      |
[INFO] [stdout]      = note: this error originates in the macro `sol` which comes from the expansion of the macro `custom_and_assert` (in Nightly builds, run with -Z macro-backtrace for more info)
[INFO] [stdout] 
[INFO] [stdout] 
[INFO] [stdout] error[E0432]: unresolved import `linera_alloy`
[INFO] [stdout]    --> src/types/error.rs:503:9
[INFO] [stdout]     |
[INFO] [stdout] 503 | /         sol! {
[INFO] [stdout] 504 | |             interface C {
[INFO] [stdout] 505 | |                 #[derive(Debug, PartialEq)]
[INFO] [stdout] 506 | |                 error SenderAddressError(address);
[INFO] [stdout] 507 | |             }
[INFO] [stdout] 508 | |         }
[INFO] [stdout]     | |_________^ could not find `linera_alloy` in the list of imported crates
[INFO] [stdout]     |
[INFO] [stdout]     = note: this error originates in the macro `sol` (in Nightly builds, run with -Z macro-backtrace for more info)
[INFO] [stdout] 
[INFO] [stdout] 
[INFO] [stdout] error[E0432]: unresolved import `linera_alloy`
[INFO] [stdout]    --> src/types/interface/mod.rs:541:9
[INFO] [stdout]     |
[INFO] [stdout] 541 | /         crate::sol! {
[INFO] [stdout] 542 | |             contract C {
[INFO] [stdout] 543 | |                 error Err1();
[INFO] [stdout] 544 | |             }
[INFO] [stdout] 545 | |         }
[INFO] [stdout]     | |_________^ could not find `linera_alloy` in the list of imported crates
[INFO] [stdout]     |
[INFO] [stdout]     = note: this error originates in the macro `crate::sol` (in Nightly builds, run with -Z macro-backtrace for more info)
[INFO] [stdout] 
[INFO] [stdout] 
[INFO] [stdout] error[E0432]: unresolved import `linera_alloy`
[INFO] [stdout]    --> src/types/interface/mod.rs:569:9
[INFO] [stdout]     |
[INFO] [stdout] 569 | /         crate::sol! {
[INFO] [stdout] 570 | |             #[derive(Debug, PartialEq, Eq)]
[INFO] [stdout] 571 | |             contract C {
[INFO] [stdout] 572 | |                 error Err1();
[INFO] [stdout] ...   |
[INFO] [stdout] 575 | |             }
[INFO] [stdout] 576 | |         }
[INFO] [stdout]     | |_________^ could not find `linera_alloy` in the list of imported crates
[INFO] [stdout]     |
[INFO] [stdout]     = note: this error originates in the macro `crate::sol` (in Nightly builds, run with -Z macro-backtrace for more info)
[INFO] [stdout] 
[INFO] [stdout] 
[INFO] [stdout] error[E0433]: failed to resolve: could not find `linera_alloy` in the list of imported crates
[INFO] [stdout]     --> src/abi/encoder.rs:1115:21
[INFO] [stdout]      |
[INFO] [stdout] 1115 |         type MyTy = sol! { (bytes, address, bytes[]) };
[INFO] [stdout]      |                     ^^^^^^^^^^^^^^^^^^^^^^^^^^^^^^^^^^ could not find `linera_alloy` in the list of imported crates
[INFO] [stdout]      |
[INFO] [stdout]      = note: this error originates in the macro `sol` (in Nightly builds, run with -Z macro-backtrace for more info)
[INFO] [stdout] help: consider importing this module through its public re-export
[INFO] [stdout]      |
[INFO] [stdout] 221  +     use crate::sol_data;
[INFO] [stdout]      |
[INFO] [stdout] 
[INFO] [stdout] 
[INFO] [stdout] error[E0433]: failed to resolve: could not find `linera_alloy` in the list of imported crates
[INFO] [stdout]    --> src/abi/decoder.rs:723:9
[INFO] [stdout]     |
[INFO] [stdout] 723 | /         sol! {
[INFO] [stdout] 724 | |             #[derive(Debug, PartialEq, Eq)]
[INFO] [stdout] 725 | |             struct Ty {
[INFO] [stdout] 726 | |                 bytes32[3] arr;
[INFO] [stdout] 727 | |                 bytes dyn;
[INFO] [stdout] 728 | |             }
[INFO] [stdout] 729 | |         }
[INFO] [stdout]     | |_________^ could not find `linera_alloy` in the list of imported crates
[INFO] [stdout]     |
[INFO] [stdout]     = note: this error originates in the macro `sol` (in Nightly builds, run with -Z macro-backtrace for more info)
[INFO] [stdout] help: consider importing this module
[INFO] [stdout]     |
[INFO] [stdout] 330 +     use crate::private;
[INFO] [stdout]     |
[INFO] [stdout] 
[INFO] [stdout] 
[INFO] [stdout] error[E0433]: failed to resolve: could not find `linera_alloy` in the list of imported crates
[INFO] [stdout]    --> src/abi/decoder.rs:723:9
[INFO] [stdout]     |
[INFO] [stdout] 723 | /         sol! {
[INFO] [stdout] 724 | |             #[derive(Debug, PartialEq, Eq)]
[INFO] [stdout] 725 | |             struct Ty {
[INFO] [stdout] 726 | |                 bytes32[3] arr;
[INFO] [stdout] 727 | |                 bytes dyn;
[INFO] [stdout] 728 | |             }
[INFO] [stdout] 729 | |         }
[INFO] [stdout]     | |_________^ could not find `linera_alloy` in the list of imported crates
[INFO] [stdout]     |
[INFO] [stdout]     = note: this error originates in the macro `sol` (in Nightly builds, run with -Z macro-backtrace for more info)
[INFO] [stdout] help: consider importing this module through its public re-export
[INFO] [stdout]     |
[INFO] [stdout] 330 +     use crate::sol_data;
[INFO] [stdout]     |
[INFO] [stdout] 
[INFO] [stdout] 
[INFO] [stdout] error[E0433]: failed to resolve: could not find `linera_alloy` in the list of imported crates
[INFO] [stdout]    --> src/abi/decoder.rs:752:9
[INFO] [stdout]     |
[INFO] [stdout] 752 | /         sol! {
[INFO] [stdout] 753 | |             #[derive(Debug, PartialEq, Eq)]
[INFO] [stdout] 754 | |             struct Ty {
[INFO] [stdout] 755 | |                 bytes[3] arr;
[INFO] [stdout] 756 | |                 bytes dyn;
[INFO] [stdout] 757 | |             }
[INFO] [stdout] 758 | |         }
[INFO] [stdout]     | |_________^ could not find `linera_alloy` in the list of imported crates
[INFO] [stdout]     |
[INFO] [stdout]     = note: this error originates in the macro `sol` (in Nightly builds, run with -Z macro-backtrace for more info)
[INFO] [stdout] help: consider importing this module
[INFO] [stdout]     |
[INFO] [stdout] 330 +     use crate::private;
[INFO] [stdout]     |
[INFO] [stdout] 
[INFO] [stdout] 
[INFO] [stdout] error[E0433]: failed to resolve: could not find `linera_alloy` in the list of imported crates
[INFO] [stdout]    --> src/abi/decoder.rs:752:9
[INFO] [stdout]     |
[INFO] [stdout] 752 | /         sol! {
[INFO] [stdout] 753 | |             #[derive(Debug, PartialEq, Eq)]
[INFO] [stdout] 754 | |             struct Ty {
[INFO] [stdout] 755 | |                 bytes[3] arr;
[INFO] [stdout] 756 | |                 bytes dyn;
[INFO] [stdout] 757 | |             }
[INFO] [stdout] 758 | |         }
[INFO] [stdout]     | |_________^ could not find `linera_alloy` in the list of imported crates
[INFO] [stdout]     |
[INFO] [stdout]     = note: this error originates in the macro `sol` (in Nightly builds, run with -Z macro-backtrace for more info)
[INFO] [stdout] help: consider importing this module through its public re-export
[INFO] [stdout]     |
[INFO] [stdout] 330 +     use crate::sol_data;
[INFO] [stdout]     |
[INFO] [stdout] 
[INFO] [stdout] 
[INFO] [stdout] error[E0433]: failed to resolve: could not find `linera_alloy` in the list of imported crates
[INFO] [stdout]     --> src/types/data_type.rs:1226:30
[INFO] [stdout]      |
[INFO] [stdout] 1226 |                 type Alias = sol!($($t)*);
[INFO] [stdout]      |                              ^^^^^^^^^^^^ could not find `linera_alloy` in the list of imported crates
[INFO] [stdout] ...
[INFO] [stdout] 1232 |         udvt_and_assert!([bool], Some(32));
[INFO] [stdout]      |         ---------------------------------- in this macro invocation
[INFO] [stdout]      |
[INFO] [stdout]      = note: this error originates in the macro `sol` which comes from the expansion of the macro `udvt_and_assert` (in Nightly builds, run with -Z macro-backtrace for more info)
[INFO] [stdout] help: consider importing this module through its public re-export
[INFO] [stdout]      |
[INFO] [stdout] 1126 +     use crate::sol_data;
[INFO] [stdout]      |
[INFO] [stdout] 
[INFO] [stdout] 
[INFO] [stdout] error[E0433]: failed to resolve: could not find `linera_alloy` in the list of imported crates
[INFO] [stdout]     --> src/types/data_type.rs:1227:17
[INFO] [stdout]      |
[INFO] [stdout] 1227 |                 sol!(type Udvt is $($t)*;);
[INFO] [stdout]      |                 ^^^^^^^^^^^^^^^^^^^^^^^^^^ could not find `linera_alloy` in the list of imported crates
[INFO] [stdout] ...
[INFO] [stdout] 1232 |         udvt_and_assert!([bool], Some(32));
[INFO] [stdout]      |         ---------------------------------- in this macro invocation
[INFO] [stdout]      |
[INFO] [stdout]      = note: this error originates in the macro `sol` which comes from the expansion of the macro `udvt_and_assert` (in Nightly builds, run with -Z macro-backtrace for more info)
[INFO] [stdout] help: consider importing this module through its public re-export
[INFO] [stdout]      |
[INFO] [stdout] 1126 +     use crate::sol_data;
[INFO] [stdout]      |
[INFO] [stdout] 
[INFO] [stdout] 
[INFO] [stdout] error[E0433]: failed to resolve: could not find `linera_alloy` in the list of imported crates
[INFO] [stdout]     --> src/types/data_type.rs:1226:30
[INFO] [stdout]      |
[INFO] [stdout] 1226 |                 type Alias = sol!($($t)*);
[INFO] [stdout]      |                              ^^^^^^^^^^^^ could not find `linera_alloy` in the list of imported crates
[INFO] [stdout] ...
[INFO] [stdout] 1234 |         udvt_and_assert!([uint8], Some(32));
[INFO] [stdout]      |         ----------------------------------- in this macro invocation
[INFO] [stdout]      |
[INFO] [stdout]      = note: this error originates in the macro `sol` which comes from the expansion of the macro `udvt_and_assert` (in Nightly builds, run with -Z macro-backtrace for more info)
[INFO] [stdout] help: consider importing this module through its public re-export
[INFO] [stdout]      |
[INFO] [stdout] 1126 +     use crate::sol_data;
[INFO] [stdout]      |
[INFO] [stdout] 
[INFO] [stdout] 
[INFO] [stdout] error[E0433]: failed to resolve: could not find `linera_alloy` in the list of imported crates
[INFO] [stdout]     --> src/types/data_type.rs:1227:17
[INFO] [stdout]      |
[INFO] [stdout] 1227 |                 sol!(type Udvt is $($t)*;);
[INFO] [stdout]      |                 ^^^^^^^^^^^^^^^^^^^^^^^^^^ could not find `linera_alloy` in the list of imported crates
[INFO] [stdout] ...
[INFO] [stdout] 1234 |         udvt_and_assert!([uint8], Some(32));
[INFO] [stdout]      |         ----------------------------------- in this macro invocation
[INFO] [stdout]      |
[INFO] [stdout]      = note: this error originates in the macro `sol` which comes from the expansion of the macro `udvt_and_assert` (in Nightly builds, run with -Z macro-backtrace for more info)
[INFO] [stdout] help: consider importing this module through its public re-export
[INFO] [stdout]      |
[INFO] [stdout] 1126 +     use crate::sol_data;
[INFO] [stdout]      |
[INFO] [stdout] 
[INFO] [stdout] 
[INFO] [stdout] error[E0433]: failed to resolve: could not find `linera_alloy` in the list of imported crates
[INFO] [stdout]     --> src/types/data_type.rs:1226:30
[INFO] [stdout]      |
[INFO] [stdout] 1226 |                 type Alias = sol!($($t)*);
[INFO] [stdout]      |                              ^^^^^^^^^^^^ could not find `linera_alloy` in the list of imported crates
[INFO] [stdout] ...
[INFO] [stdout] 1235 |         udvt_and_assert!([int8], Some(32));
[INFO] [stdout]      |         ---------------------------------- in this macro invocation
[INFO] [stdout]      |
[INFO] [stdout]      = note: this error originates in the macro `sol` which comes from the expansion of the macro `udvt_and_assert` (in Nightly builds, run with -Z macro-backtrace for more info)
[INFO] [stdout] help: consider importing this module through its public re-export
[INFO] [stdout]      |
[INFO] [stdout] 1126 +     use crate::sol_data;
[INFO] [stdout]      |
[INFO] [stdout] 
[INFO] [stdout] 
[INFO] [stdout] error[E0433]: failed to resolve: could not find `linera_alloy` in the list of imported crates
[INFO] [stdout]     --> src/types/data_type.rs:1227:17
[INFO] [stdout]      |
[INFO] [stdout] 1227 |                 sol!(type Udvt is $($t)*;);
[INFO] [stdout]      |                 ^^^^^^^^^^^^^^^^^^^^^^^^^^ could not find `linera_alloy` in the list of imported crates
[INFO] [stdout] ...
[INFO] [stdout] 1235 |         udvt_and_assert!([int8], Some(32));
[INFO] [stdout]      |         ---------------------------------- in this macro invocation
[INFO] [stdout]      |
[INFO] [stdout]      = note: this error originates in the macro `sol` which comes from the expansion of the macro `udvt_and_assert` (in Nightly builds, run with -Z macro-backtrace for more info)
[INFO] [stdout] help: consider importing this module through its public re-export
[INFO] [stdout]      |
[INFO] [stdout] 1126 +     use crate::sol_data;
[INFO] [stdout]      |
[INFO] [stdout] 
[INFO] [stdout] 
[INFO] [stdout] error[E0433]: failed to resolve: could not find `linera_alloy` in the list of imported crates
[INFO] [stdout]     --> src/types/data_type.rs:1226:30
[INFO] [stdout]      |
[INFO] [stdout] 1226 |                 type Alias = sol!($($t)*);
[INFO] [stdout]      |                              ^^^^^^^^^^^^ could not find `linera_alloy` in the list of imported crates
[INFO] [stdout] ...
[INFO] [stdout] 1236 |         udvt_and_assert!([uint16], Some(32));
[INFO] [stdout]      |         ------------------------------------ in this macro invocation
[INFO] [stdout]      |
[INFO] [stdout]      = note: this error originates in the macro `sol` which comes from the expansion of the macro `udvt_and_assert` (in Nightly builds, run with -Z macro-backtrace for more info)
[INFO] [stdout] help: consider importing this module through its public re-export
[INFO] [stdout]      |
[INFO] [stdout] 1126 +     use crate::sol_data;
[INFO] [stdout]      |
[INFO] [stdout] 
[INFO] [stdout] 
[INFO] [stdout] error[E0433]: failed to resolve: could not find `linera_alloy` in the list of imported crates
[INFO] [stdout]     --> src/types/data_type.rs:1227:17
[INFO] [stdout]      |
[INFO] [stdout] 1227 |                 sol!(type Udvt is $($t)*;);
[INFO] [stdout]      |                 ^^^^^^^^^^^^^^^^^^^^^^^^^^ could not find `linera_alloy` in the list of imported crates
[INFO] [stdout] ...
[INFO] [stdout] 1236 |         udvt_and_assert!([uint16], Some(32));
[INFO] [stdout]      |         ------------------------------------ in this macro invocation
[INFO] [stdout]      |
[INFO] [stdout]      = note: this error originates in the macro `sol` which comes from the expansion of the macro `udvt_and_assert` (in Nightly builds, run with -Z macro-backtrace for more info)
[INFO] [stdout] help: consider importing this module through its public re-export
[INFO] [stdout]      |
[INFO] [stdout] 1126 +     use crate::sol_data;
[INFO] [stdout]      |
[INFO] [stdout] 
[INFO] [stdout] 
[INFO] [stdout] error[E0433]: failed to resolve: could not find `linera_alloy` in the list of imported crates
[INFO] [stdout]     --> src/types/data_type.rs:1226:30
[INFO] [stdout]      |
[INFO] [stdout] 1226 |                 type Alias = sol!($($t)*);
[INFO] [stdout]      |                              ^^^^^^^^^^^^ could not find `linera_alloy` in the list of imported crates
[INFO] [stdout] ...
[INFO] [stdout] 1237 |         udvt_and_assert!([int16], Some(32));
[INFO] [stdout]      |         ----------------------------------- in this macro invocation
[INFO] [stdout]      |
[INFO] [stdout]      = note: this error originates in the macro `sol` which comes from the expansion of the macro `udvt_and_assert` (in Nightly builds, run with -Z macro-backtrace for more info)
[INFO] [stdout] help: consider importing this module through its public re-export
[INFO] [stdout]      |
[INFO] [stdout] 1126 +     use crate::sol_data;
[INFO] [stdout]      |
[INFO] [stdout] 
[INFO] [stdout] 
[INFO] [stdout] error[E0433]: failed to resolve: could not find `linera_alloy` in the list of imported crates
[INFO] [stdout]     --> src/types/data_type.rs:1227:17
[INFO] [stdout]      |
[INFO] [stdout] 1227 |                 sol!(type Udvt is $($t)*;);
[INFO] [stdout]      |                 ^^^^^^^^^^^^^^^^^^^^^^^^^^ could not find `linera_alloy` in the list of imported crates
[INFO] [stdout] ...
[INFO] [stdout] 1237 |         udvt_and_assert!([int16], Some(32));
[INFO] [stdout]      |         ----------------------------------- in this macro invocation
[INFO] [stdout]      |
[INFO] [stdout]      = note: this error originates in the macro `sol` which comes from the expansion of the macro `udvt_and_assert` (in Nightly builds, run with -Z macro-backtrace for more info)
[INFO] [stdout] help: consider importing this module through its public re-export
[INFO] [stdout]      |
[INFO] [stdout] 1126 +     use crate::sol_data;
[INFO] [stdout]      |
[INFO] [stdout] 
[INFO] [stdout] 
[INFO] [stdout] error[E0433]: failed to resolve: could not find `linera_alloy` in the list of imported crates
[INFO] [stdout]     --> src/types/data_type.rs:1226:30
[INFO] [stdout]      |
[INFO] [stdout] 1226 |                 type Alias = sol!($($t)*);
[INFO] [stdout]      |                              ^^^^^^^^^^^^ could not find `linera_alloy` in the list of imported crates
[INFO] [stdout] ...
[INFO] [stdout] 1238 |         udvt_and_assert!([uint32], Some(32));
[INFO] [stdout]      |         ------------------------------------ in this macro invocation
[INFO] [stdout]      |
[INFO] [stdout]      = note: this error originates in the macro `sol` which comes from the expansion of the macro `udvt_and_assert` (in Nightly builds, run with -Z macro-backtrace for more info)
[INFO] [stdout] help: consider importing this module through its public re-export
[INFO] [stdout]      |
[INFO] [stdout] 1126 +     use crate::sol_data;
[INFO] [stdout]      |
[INFO] [stdout] 
[INFO] [stdout] 
[INFO] [stdout] error[E0433]: failed to resolve: could not find `linera_alloy` in the list of imported crates
[INFO] [stdout]     --> src/types/data_type.rs:1227:17
[INFO] [stdout]      |
[INFO] [stdout] 1227 |                 sol!(type Udvt is $($t)*;);
[INFO] [stdout]      |                 ^^^^^^^^^^^^^^^^^^^^^^^^^^ could not find `linera_alloy` in the list of imported crates
[INFO] [stdout] ...
[INFO] [stdout] 1238 |         udvt_and_assert!([uint32], Some(32));
[INFO] [stdout]      |         ------------------------------------ in this macro invocation
[INFO] [stdout]      |
[INFO] [stdout]      = note: this error originates in the macro `sol` which comes from the expansion of the macro `udvt_and_assert` (in Nightly builds, run with -Z macro-backtrace for more info)
[INFO] [stdout] help: consider importing this module through its public re-export
[INFO] [stdout]      |
[INFO] [stdout] 1126 +     use crate::sol_data;
[INFO] [stdout]      |
[INFO] [stdout] 
[INFO] [stdout] 
[INFO] [stdout] error[E0433]: failed to resolve: could not find `linera_alloy` in the list of imported crates
[INFO] [stdout]     --> src/types/data_type.rs:1226:30
[INFO] [stdout]      |
[INFO] [stdout] 1226 |                 type Alias = sol!($($t)*);
[INFO] [stdout]      |                              ^^^^^^^^^^^^ could not find `linera_alloy` in the list of imported crates
[INFO] [stdout] ...
[INFO] [stdout] 1239 |         udvt_and_assert!([int32], Some(32));
[INFO] [stdout]      |         ----------------------------------- in this macro invocation
[INFO] [stdout]      |
[INFO] [stdout]      = note: this error originates in the macro `sol` which comes from the expansion of the macro `udvt_and_assert` (in Nightly builds, run with -Z macro-backtrace for more info)
[INFO] [stdout] help: consider importing this module through its public re-export
[INFO] [stdout]      |
[INFO] [stdout] 1126 +     use crate::sol_data;
[INFO] [stdout]      |
[INFO] [stdout] 
[INFO] [stdout] 
[INFO] [stdout] error[E0433]: failed to resolve: could not find `linera_alloy` in the list of imported crates
[INFO] [stdout]     --> src/types/data_type.rs:1227:17
[INFO] [stdout]      |
[INFO] [stdout] 1227 |                 sol!(type Udvt is $($t)*;);
[INFO] [stdout]      |                 ^^^^^^^^^^^^^^^^^^^^^^^^^^ could not find `linera_alloy` in the list of imported crates
[INFO] [stdout] ...
[INFO] [stdout] 1239 |         udvt_and_assert!([int32], Some(32));
[INFO] [stdout]      |         ----------------------------------- in this macro invocation
[INFO] [stdout]      |
[INFO] [stdout]      = note: this error originates in the macro `sol` which comes from the expansion of the macro `udvt_and_assert` (in Nightly builds, run with -Z macro-backtrace for more info)
[INFO] [stdout] help: consider importing this module through its public re-export
[INFO] [stdout]      |
[INFO] [stdout] 1126 +     use crate::sol_data;
[INFO] [stdout]      |
[INFO] [stdout] 
[INFO] [stdout] 
[INFO] [stdout] error[E0433]: failed to resolve: could not find `linera_alloy` in the list of imported crates
[INFO] [stdout]     --> src/types/data_type.rs:1226:30
[INFO] [stdout]      |
[INFO] [stdout] 1226 |                 type Alias = sol!($($t)*);
[INFO] [stdout]      |                              ^^^^^^^^^^^^ could not find `linera_alloy` in the list of imported crates
[INFO] [stdout] ...
[INFO] [stdout] 1240 |         udvt_and_assert!([uint64], Some(32));
[INFO] [stdout]      |         ------------------------------------ in this macro invocation
[INFO] [stdout]      |
[INFO] [stdout]      = note: this error originates in the macro `sol` which comes from the expansion of the macro `udvt_and_assert` (in Nightly builds, run with -Z macro-backtrace for more info)
[INFO] [stdout] help: consider importing this module through its public re-export
[INFO] [stdout]      |
[INFO] [stdout] 1126 +     use crate::sol_data;
[INFO] [stdout]      |
[INFO] [stdout] 
[INFO] [stdout] 
[INFO] [stdout] error[E0433]: failed to resolve: could not find `linera_alloy` in the list of imported crates
[INFO] [stdout]     --> src/types/data_type.rs:1227:17
[INFO] [stdout]      |
[INFO] [stdout] 1227 |                 sol!(type Udvt is $($t)*;);
[INFO] [stdout]      |                 ^^^^^^^^^^^^^^^^^^^^^^^^^^ could not find `linera_alloy` in the list of imported crates
[INFO] [stdout] ...
[INFO] [stdout] 1240 |         udvt_and_assert!([uint64], Some(32));
[INFO] [stdout]      |         ------------------------------------ in this macro invocation
[INFO] [stdout]      |
[INFO] [stdout]      = note: this error originates in the macro `sol` which comes from the expansion of the macro `udvt_and_assert` (in Nightly builds, run with -Z macro-backtrace for more info)
[INFO] [stdout] help: consider importing this module through its public re-export
[INFO] [stdout]      |
[INFO] [stdout] 1126 +     use crate::sol_data;
[INFO] [stdout]      |
[INFO] [stdout] 
[INFO] [stdout] 
[INFO] [stdout] error[E0433]: failed to resolve: could not find `linera_alloy` in the list of imported crates
[INFO] [stdout]     --> src/types/data_type.rs:1226:30
[INFO] [stdout]      |
[INFO] [stdout] 1226 |                 type Alias = sol!($($t)*);
[INFO] [stdout]      |                              ^^^^^^^^^^^^ could not find `linera_alloy` in the list of imported crates
[INFO] [stdout] ...
[INFO] [stdout] 1241 |         udvt_and_assert!([int64], Some(32));
[INFO] [stdout]      |         ----------------------------------- in this macro invocation
[INFO] [stdout]      |
[INFO] [stdout]      = note: this error originates in the macro `sol` which comes from the expansion of the macro `udvt_and_assert` (in Nightly builds, run with -Z macro-backtrace for more info)
[INFO] [stdout] help: consider importing this module through its public re-export
[INFO] [stdout]      |
[INFO] [stdout] 1126 +     use crate::sol_data;
[INFO] [stdout]      |
[INFO] [stdout] 
[INFO] [stdout] 
[INFO] [stdout] error[E0433]: failed to resolve: could not find `linera_alloy` in the list of imported crates
[INFO] [stdout]     --> src/types/data_type.rs:1227:17
[INFO] [stdout]      |
[INFO] [stdout] 1227 |                 sol!(type Udvt is $($t)*;);
[INFO] [stdout]      |                 ^^^^^^^^^^^^^^^^^^^^^^^^^^ could not find `linera_alloy` in the list of imported crates
[INFO] [stdout] ...
[INFO] [stdout] 1241 |         udvt_and_assert!([int64], Some(32));
[INFO] [stdout]      |         ----------------------------------- in this macro invocation
[INFO] [stdout]      |
[INFO] [stdout]      = note: this error originates in the macro `sol` which comes from the expansion of the macro `udvt_and_assert` (in Nightly builds, run with -Z macro-backtrace for more info)
[INFO] [stdout] help: consider importing this module through its public re-export
[INFO] [stdout]      |
[INFO] [stdout] 1126 +     use crate::sol_data;
[INFO] [stdout]      |
[INFO] [stdout] 
[INFO] [stdout] 
[INFO] [stdout] error[E0433]: failed to resolve: could not find `linera_alloy` in the list of imported crates
[INFO] [stdout]     --> src/types/data_type.rs:1226:30
[INFO] [stdout]      |
[INFO] [stdout] 1226 |                 type Alias = sol!($($t)*);
[INFO] [stdout]      |                              ^^^^^^^^^^^^ could not find `linera_alloy` in the list of imported crates
[INFO] [stdout] ...
[INFO] [stdout] 1242 |         udvt_and_assert!([uint128], Some(32));
[INFO] [stdout]      |         ------------------------------------- in this macro invocation
[INFO] [stdout]      |
[INFO] [stdout]      = note: this error originates in the macro `sol` which comes from the expansion of the macro `udvt_and_assert` (in Nightly builds, run with -Z macro-backtrace for more info)
[INFO] [stdout] help: consider importing this module through its public re-export
[INFO] [stdout]      |
[INFO] [stdout] 1126 +     use crate::sol_data;
[INFO] [stdout]      |
[INFO] [stdout] 
[INFO] [stdout] 
[INFO] [stdout] error[E0433]: failed to resolve: could not find `linera_alloy` in the list of imported crates
[INFO] [stdout]     --> src/types/data_type.rs:1227:17
[INFO] [stdout]      |
[INFO] [stdout] 1227 |                 sol!(type Udvt is $($t)*;);
[INFO] [stdout]      |                 ^^^^^^^^^^^^^^^^^^^^^^^^^^ could not find `linera_alloy` in the list of imported crates
[INFO] [stdout] ...
[INFO] [stdout] 1242 |         udvt_and_assert!([uint128], Some(32));
[INFO] [stdout]      |         ------------------------------------- in this macro invocation
[INFO] [stdout]      |
[INFO] [stdout]      = note: this error originates in the macro `sol` which comes from the expansion of the macro `udvt_and_assert` (in Nightly builds, run with -Z macro-backtrace for more info)
[INFO] [stdout] help: consider importing this module through its public re-export
[INFO] [stdout]      |
[INFO] [stdout] 1126 +     use crate::sol_data;
[INFO] [stdout]      |
[INFO] [stdout] 
[INFO] [stdout] 
[INFO] [stdout] error[E0433]: failed to resolve: could not find `linera_alloy` in the list of imported crates
[INFO] [stdout]     --> src/types/data_type.rs:1226:30
[INFO] [stdout]      |
[INFO] [stdout] 1226 |                 type Alias = sol!($($t)*);
[INFO] [stdout]      |                              ^^^^^^^^^^^^ could not find `linera_alloy` in the list of imported crates
[INFO] [stdout] ...
[INFO] [stdout] 1243 |         udvt_and_assert!([int128], Some(32));
[INFO] [stdout]      |         ------------------------------------ in this macro invocation
[INFO] [stdout]      |
[INFO] [stdout]      = note: this error originates in the macro `sol` which comes from the expansion of the macro `udvt_and_assert` (in Nightly builds, run with -Z macro-backtrace for more info)
[INFO] [stdout] help: consider importing this module through its public re-export
[INFO] [stdout]      |
[INFO] [stdout] 1126 +     use crate::sol_data;
[INFO] [stdout]      |
[INFO] [stdout] 
[INFO] [stdout] 
[INFO] [stdout] error[E0433]: failed to resolve: could not find `linera_alloy` in the list of imported crates
[INFO] [stdout]     --> src/types/data_type.rs:1227:17
[INFO] [stdout]      |
[INFO] [stdout] 1227 |                 sol!(type Udvt is $($t)*;);
[INFO] [stdout]      |                 ^^^^^^^^^^^^^^^^^^^^^^^^^^ could not find `linera_alloy` in the list of imported crates
[INFO] [stdout] ...
[INFO] [stdout] 1243 |         udvt_and_assert!([int128], Some(32));
[INFO] [stdout]      |         ------------------------------------ in this macro invocation
[INFO] [stdout]      |
[INFO] [stdout]      = note: this error originates in the macro `sol` which comes from the expansion of the macro `udvt_and_assert` (in Nightly builds, run with -Z macro-backtrace for more info)
[INFO] [stdout] help: consider importing this module through its public re-export
[INFO] [stdout]      |
[INFO] [stdout] 1126 +     use crate::sol_data;
[INFO] [stdout]      |
[INFO] [stdout] 
[INFO] [stdout] 
[INFO] [stdout] error[E0433]: failed to resolve: could not find `linera_alloy` in the list of imported crates
[INFO] [stdout]     --> src/types/data_type.rs:1226:30
[INFO] [stdout]      |
[INFO] [stdout] 1226 |                 type Alias = sol!($($t)*);
[INFO] [stdout]      |                              ^^^^^^^^^^^^ could not find `linera_alloy` in the list of imported crates
[INFO] [stdout] ...
[INFO] [stdout] 1244 |         udvt_and_assert!([uint256], Some(32));
[INFO] [stdout]      |         ------------------------------------- in this macro invocation
[INFO] [stdout]      |
[INFO] [stdout]      = note: this error originates in the macro `sol` which comes from the expansion of the macro `udvt_and_assert` (in Nightly builds, run with -Z macro-backtrace for more info)
[INFO] [stdout] help: consider importing this module through its public re-export
[INFO] [stdout]      |
[INFO] [stdout] 1126 +     use crate::sol_data;
[INFO] [stdout]      |
[INFO] [stdout] 
[INFO] [stdout] 
[INFO] [stdout] error[E0433]: failed to resolve: could not find `linera_alloy` in the list of imported crates
[INFO] [stdout]     --> src/types/data_type.rs:1227:17
[INFO] [stdout]      |
[INFO] [stdout] 1227 |                 sol!(type Udvt is $($t)*;);
[INFO] [stdout]      |                 ^^^^^^^^^^^^^^^^^^^^^^^^^^ could not find `linera_alloy` in the list of imported crates
[INFO] [stdout] ...
[INFO] [stdout] 1244 |         udvt_and_assert!([uint256], Some(32));
[INFO] [stdout]      |         ------------------------------------- in this macro invocation
[INFO] [stdout]      |
[INFO] [stdout]      = note: this error originates in the macro `sol` which comes from the expansion of the macro `udvt_and_assert` (in Nightly builds, run with -Z macro-backtrace for more info)
[INFO] [stdout] help: consider importing this module
[INFO] [stdout]      |
[INFO] [stdout] 1126 +     use crate::private;
[INFO] [stdout]      |
[INFO] [stdout] 
[INFO] [stdout] 
[INFO] [stdout] error[E0433]: failed to resolve: could not find `linera_alloy` in the list of imported crates
[INFO] [stdout]     --> src/types/data_type.rs:1227:17
[INFO] [stdout]      |
[INFO] [stdout] 1227 |                 sol!(type Udvt is $($t)*;);
[INFO] [stdout]      |                 ^^^^^^^^^^^^^^^^^^^^^^^^^^ could not find `linera_alloy` in the list of imported crates
[INFO] [stdout] ...
[INFO] [stdout] 1244 |         udvt_and_assert!([uint256], Some(32));
[INFO] [stdout]      |         ------------------------------------- in this macro invocation
[INFO] [stdout]      |
[INFO] [stdout]      = note: this error originates in the macro `sol` which comes from the expansion of the macro `udvt_and_assert` (in Nightly builds, run with -Z macro-backtrace for more info)
[INFO] [stdout] help: consider importing this module through its public re-export
[INFO] [stdout]      |
[INFO] [stdout] 1126 +     use crate::sol_data;
[INFO] [stdout]      |
[INFO] [stdout] 
[INFO] [stdout] 
[INFO] [stdout] error[E0433]: failed to resolve: could not find `linera_alloy` in the list of imported crates
[INFO] [stdout]     --> src/types/data_type.rs:1226:30
[INFO] [stdout]      |
[INFO] [stdout] 1226 |                 type Alias = sol!($($t)*);
[INFO] [stdout]      |                              ^^^^^^^^^^^^ could not find `linera_alloy` in the list of imported crates
[INFO] [stdout] ...
[INFO] [stdout] 1245 |         udvt_and_assert!([int256], Some(32));
[INFO] [stdout]      |         ------------------------------------ in this macro invocation
[INFO] [stdout]      |
[INFO] [stdout]      = note: this error originates in the macro `sol` which comes from the expansion of the macro `udvt_and_assert` (in Nightly builds, run with -Z macro-backtrace for more info)
[INFO] [stdout] help: consider importing this module through its public re-export
[INFO] [stdout]      |
[INFO] [stdout] 1126 +     use crate::sol_data;
[INFO] [stdout]      |
[INFO] [stdout] 
[INFO] [stdout] 
[INFO] [stdout] error[E0433]: failed to resolve: could not find `linera_alloy` in the list of imported crates
[INFO] [stdout]     --> src/types/data_type.rs:1227:17
[INFO] [stdout]      |
[INFO] [stdout] 1227 |                 sol!(type Udvt is $($t)*;);
[INFO] [stdout]      |                 ^^^^^^^^^^^^^^^^^^^^^^^^^^ could not find `linera_alloy` in the list of imported crates
[INFO] [stdout] ...
[INFO] [stdout] 1245 |         udvt_and_assert!([int256], Some(32));
[INFO] [stdout]      |         ------------------------------------ in this macro invocation
[INFO] [stdout]      |
[INFO] [stdout]      = note: this error originates in the macro `sol` which comes from the expansion of the macro `udvt_and_assert` (in Nightly builds, run with -Z macro-backtrace for more info)
[INFO] [stdout] help: consider importing this module
[INFO] [stdout]      |
[INFO] [stdout] 1126 +     use crate::private;
[INFO] [stdout]      |
[INFO] [stdout] 
[INFO] [stdout] 
[INFO] [stdout] error[E0433]: failed to resolve: could not find `linera_alloy` in the list of imported crates
[INFO] [stdout]     --> src/types/data_type.rs:1227:17
[INFO] [stdout]      |
[INFO] [stdout] 1227 |                 sol!(type Udvt is $($t)*;);
[INFO] [stdout]      |                 ^^^^^^^^^^^^^^^^^^^^^^^^^^ could not find `linera_alloy` in the list of imported crates
[INFO] [stdout] ...
[INFO] [stdout] 1245 |         udvt_and_assert!([int256], Some(32));
[INFO] [stdout]      |         ------------------------------------ in this macro invocation
[INFO] [stdout]      |
[INFO] [stdout]      = note: this error originates in the macro `sol` which comes from the expansion of the macro `udvt_and_assert` (in Nightly builds, run with -Z macro-backtrace for more info)
[INFO] [stdout] help: consider importing this module through its public re-export
[INFO] [stdout]      |
[INFO] [stdout] 1126 +     use crate::sol_data;
[INFO] [stdout]      |
[INFO] [stdout] 
[INFO] [stdout] 
[INFO] [stdout] error[E0433]: failed to resolve: could not find `linera_alloy` in the list of imported crates
[INFO] [stdout]     --> src/types/data_type.rs:1226:30
[INFO] [stdout]      |
[INFO] [stdout] 1226 |                 type Alias = sol!($($t)*);
[INFO] [stdout]      |                              ^^^^^^^^^^^^ could not find `linera_alloy` in the list of imported crates
[INFO] [stdout] ...
[INFO] [stdout] 1247 |         udvt_and_assert!([address], Some(32));
[INFO] [stdout]      |         ------------------------------------- in this macro invocation
[INFO] [stdout]      |
[INFO] [stdout]      = note: this error originates in the macro `sol` which comes from the expansion of the macro `udvt_and_assert` (in Nightly builds, run with -Z macro-backtrace for more info)
[INFO] [stdout] help: consider importing this module through its public re-export
[INFO] [stdout]      |
[INFO] [stdout] 1126 +     use crate::sol_data;
[INFO] [stdout]      |
[INFO] [stdout] 
[INFO] [stdout] 
[INFO] [stdout] error[E0433]: failed to resolve: could not find `linera_alloy` in the list of imported crates
[INFO] [stdout]     --> src/types/data_type.rs:1227:17
[INFO] [stdout]      |
[INFO] [stdout] 1227 |                 sol!(type Udvt is $($t)*;);
[INFO] [stdout]      |                 ^^^^^^^^^^^^^^^^^^^^^^^^^^ could not find `linera_alloy` in the list of imported crates
[INFO] [stdout] ...
[INFO] [stdout] 1247 |         udvt_and_assert!([address], Some(32));
[INFO] [stdout]      |         ------------------------------------- in this macro invocation
[INFO] [stdout]      |
[INFO] [stdout]      = note: this error originates in the macro `sol` which comes from the expansion of the macro `udvt_and_assert` (in Nightly builds, run with -Z macro-backtrace for more info)
[INFO] [stdout] help: consider importing this module
[INFO] [stdout]      |
[INFO] [stdout] 1126 +     use crate::private;
[INFO] [stdout]      |
[INFO] [stdout] 
[INFO] [stdout] 
[INFO] [stdout] error[E0433]: failed to resolve: could not find `linera_alloy` in the list of imported crates
[INFO] [stdout]     --> src/types/data_type.rs:1227:17
[INFO] [stdout]      |
[INFO] [stdout] 1227 |                 sol!(type Udvt is $($t)*;);
[INFO] [stdout]      |                 ^^^^^^^^^^^^^^^^^^^^^^^^^^ could not find `linera_alloy` in the list of imported crates
[INFO] [stdout] ...
[INFO] [stdout] 1247 |         udvt_and_assert!([address], Some(32));
[INFO] [stdout]      |         ------------------------------------- in this macro invocation
[INFO] [stdout]      |
[INFO] [stdout]      = note: this error originates in the macro `sol` which comes from the expansion of the macro `udvt_and_assert` (in Nightly builds, run with -Z macro-backtrace for more info)
[INFO] [stdout] help: consider importing this module through its public re-export
[INFO] [stdout]      |
[INFO] [stdout] 1126 +     use crate::sol_data;
[INFO] [stdout]      |
[INFO] [stdout] 
[INFO] [stdout] 
[INFO] [stdout] error[E0433]: failed to resolve: could not find `linera_alloy` in the list of imported crates
[INFO] [stdout]     --> src/types/data_type.rs:1226:30
[INFO] [stdout]      |
[INFO] [stdout] 1226 |                 type Alias = sol!($($t)*);
[INFO] [stdout]      |                              ^^^^^^^^^^^^ could not find `linera_alloy` in the list of imported crates
[INFO] [stdout] ...
[INFO] [stdout] 1248 |         udvt_and_assert!([function()], Some(32));
[INFO] [stdout]      |         ---------------------------------------- in this macro invocation
[INFO] [stdout]      |
[INFO] [stdout]      = note: this error originates in the macro `sol` which comes from the expansion of the macro `udvt_and_assert` (in Nightly builds, run with -Z macro-backtrace for more info)
[INFO] [stdout] help: consider importing this module through its public re-export
[INFO] [stdout]      |
[INFO] [stdout] 1126 +     use crate::sol_data;
[INFO] [stdout]      |
[INFO] [stdout] 
[INFO] [stdout] 
[INFO] [stdout] error[E0433]: failed to resolve: could not find `linera_alloy` in the list of imported crates
[INFO] [stdout]     --> src/types/data_type.rs:1227:17
[INFO] [stdout]      |
[INFO] [stdout] 1227 |                 sol!(type Udvt is $($t)*;);
[INFO] [stdout]      |                 ^^^^^^^^^^^^^^^^^^^^^^^^^^ could not find `linera_alloy` in the list of imported crates
[INFO] [stdout] ...
[INFO] [stdout] 1248 |         udvt_and_assert!([function()], Some(32));
[INFO] [stdout]      |         ---------------------------------------- in this macro invocation
[INFO] [stdout]      |
[INFO] [stdout]      = note: this error originates in the macro `sol` which comes from the expansion of the macro `udvt_and_assert` (in Nightly builds, run with -Z macro-backtrace for more info)
[INFO] [stdout] help: consider importing this module
[INFO] [stdout]      |
[INFO] [stdout] 1126 +     use crate::private;
[INFO] [stdout]      |
[INFO] [stdout] 
[INFO] [stdout] 
[INFO] [stdout] error[E0433]: failed to resolve: could not find `linera_alloy` in the list of imported crates
[INFO] [stdout]     --> src/types/data_type.rs:1227:17
[INFO] [stdout]      |
[INFO] [stdout] 1227 |                 sol!(type Udvt is $($t)*;);
[INFO] [stdout]      |                 ^^^^^^^^^^^^^^^^^^^^^^^^^^ could not find `linera_alloy` in the list of imported crates
[INFO] [stdout] ...
[INFO] [stdout] 1248 |         udvt_and_assert!([function()], Some(32));
[INFO] [stdout]      |         ---------------------------------------- in this macro invocation
[INFO] [stdout]      |
[INFO] [stdout]      = note: this error originates in the macro `sol` which comes from the expansion of the macro `udvt_and_assert` (in Nightly builds, run with -Z macro-backtrace for more info)
[INFO] [stdout] help: consider importing this module through its public re-export
[INFO] [stdout]      |
[INFO] [stdout] 1126 +     use crate::sol_data;
[INFO] [stdout]      |
[INFO] [stdout] 
[INFO] [stdout] 
[INFO] [stdout] error[E0433]: failed to resolve: could not find `linera_alloy` in the list of imported crates
[INFO] [stdout]     --> src/types/data_type.rs:1226:30
[INFO] [stdout]      |
[INFO] [stdout] 1226 |                 type Alias = sol!($($t)*);
[INFO] [stdout]      |                              ^^^^^^^^^^^^ could not find `linera_alloy` in the list of imported crates
[INFO] [stdout] ...
[INFO] [stdout] 1249 |         udvt_and_assert!([bytes1], Some(32));
[INFO] [stdout]      |         ------------------------------------ in this macro invocation
[INFO] [stdout]      |
[INFO] [stdout]      = note: this error originates in the macro `sol` which comes from the expansion of the macro `udvt_and_assert` (in Nightly builds, run with -Z macro-backtrace for more info)
[INFO] [stdout] help: consider importing this module through its public re-export
[INFO] [stdout]      |
[INFO] [stdout] 1126 +     use crate::sol_data;
[INFO] [stdout]      |
[INFO] [stdout] 
[INFO] [stdout] 
[INFO] [stdout] error[E0433]: failed to resolve: could not find `linera_alloy` in the list of imported crates
[INFO] [stdout]     --> src/types/data_type.rs:1227:17
[INFO] [stdout]      |
[INFO] [stdout] 1227 |                 sol!(type Udvt is $($t)*;);
[INFO] [stdout]      |                 ^^^^^^^^^^^^^^^^^^^^^^^^^^ could not find `linera_alloy` in the list of imported crates
[INFO] [stdout] ...
[INFO] [stdout] 1249 |         udvt_and_assert!([bytes1], Some(32));
[INFO] [stdout]      |         ------------------------------------ in this macro invocation
[INFO] [stdout]      |
[INFO] [stdout]      = note: this error originates in the macro `sol` which comes from the expansion of the macro `udvt_and_assert` (in Nightly builds, run with -Z macro-backtrace for more info)
[INFO] [stdout] help: consider importing this module
[INFO] [stdout]      |
[INFO] [stdout] 1126 +     use crate::private;
[INFO] [stdout]      |
[INFO] [stdout] 
[INFO] [stdout] 
[INFO] [stdout] error[E0433]: failed to resolve: could not find `linera_alloy` in the list of imported crates
[INFO] [stdout]     --> src/types/data_type.rs:1227:17
[INFO] [stdout]      |
[INFO] [stdout] 1227 |                 sol!(type Udvt is $($t)*;);
[INFO] [stdout]      |                 ^^^^^^^^^^^^^^^^^^^^^^^^^^ could not find `linera_alloy` in the list of imported crates
[INFO] [stdout] ...
[INFO] [stdout] 1249 |         udvt_and_assert!([bytes1], Some(32));
[INFO] [stdout]      |         ------------------------------------ in this macro invocation
[INFO] [stdout]      |
[INFO] [stdout]      = note: this error originates in the macro `sol` which comes from the expansion of the macro `udvt_and_assert` (in Nightly builds, run with -Z macro-backtrace for more info)
[INFO] [stdout] help: consider importing this module through its public re-export
[INFO] [stdout]      |
[INFO] [stdout] 1126 +     use crate::sol_data;
[INFO] [stdout]      |
[INFO] [stdout] 
[INFO] [stdout] 
[INFO] [stdout] error[E0433]: failed to resolve: could not find `linera_alloy` in the list of imported crates
[INFO] [stdout]     --> src/types/data_type.rs:1226:30
[INFO] [stdout]      |
[INFO] [stdout] 1226 |                 type Alias = sol!($($t)*);
[INFO] [stdout]      |                              ^^^^^^^^^^^^ could not find `linera_alloy` in the list of imported crates
[INFO] [stdout] ...
[INFO] [stdout] 1250 |         udvt_and_assert!([bytes16], Some(32));
[INFO] [stdout]      |         ------------------------------------- in this macro invocation
[INFO] [stdout]      |
[INFO] [stdout]      = note: this error originates in the macro `sol` which comes from the expansion of the macro `udvt_and_assert` (in Nightly builds, run with -Z macro-backtrace for more info)
[INFO] [stdout] help: consider importing this module through its public re-export
[INFO] [stdout]      |
[INFO] [stdout] 1126 +     use crate::sol_data;
[INFO] [stdout]      |
[INFO] [stdout] 
[INFO] [stdout] 
[INFO] [stdout] error[E0433]: failed to resolve: could not find `linera_alloy` in the list of imported crates
[INFO] [stdout]     --> src/types/data_type.rs:1227:17
[INFO] [stdout]      |
[INFO] [stdout] 1227 |                 sol!(type Udvt is $($t)*;);
[INFO] [stdout]      |                 ^^^^^^^^^^^^^^^^^^^^^^^^^^ could not find `linera_alloy` in the list of imported crates
[INFO] [stdout] ...
[INFO] [stdout] 1250 |         udvt_and_assert!([bytes16], Some(32));
[INFO] [stdout]      |         ------------------------------------- in this macro invocation
[INFO] [stdout]      |
[INFO] [stdout]      = note: this error originates in the macro `sol` which comes from the expansion of the macro `udvt_and_assert` (in Nightly builds, run with -Z macro-backtrace for more info)
[INFO] [stdout] help: consider importing this module
[INFO] [stdout]      |
[INFO] [stdout] 1126 +     use crate::private;
[INFO] [stdout]      |
[INFO] [stdout] 
[INFO] [stdout] 
[INFO] [stdout] error[E0433]: failed to resolve: could not find `linera_alloy` in the list of imported crates
[INFO] [stdout]     --> src/types/data_type.rs:1227:17
[INFO] [stdout]      |
[INFO] [stdout] 1227 |                 sol!(type Udvt is $($t)*;);
[INFO] [stdout]      |                 ^^^^^^^^^^^^^^^^^^^^^^^^^^ could not find `linera_alloy` in the list of imported crates
[INFO] [stdout] ...
[INFO] [stdout] 1250 |         udvt_and_assert!([bytes16], Some(32));
[INFO] [stdout]      |         ------------------------------------- in this macro invocation
[INFO] [stdout]      |
[INFO] [stdout]      = note: this error originates in the macro `sol` which comes from the expansion of the macro `udvt_and_assert` (in Nightly builds, run with -Z macro-backtrace for more info)
[INFO] [stdout] help: consider importing this module through its public re-export
[INFO] [stdout]      |
[INFO] [stdout] 1126 +     use crate::sol_data;
[INFO] [stdout]      |
[INFO] [stdout] 
[INFO] [stdout] 
[INFO] [stdout] error[E0433]: failed to resolve: could not find `linera_alloy` in the list of imported crates
[INFO] [stdout]     --> src/types/data_type.rs:1226:30
[INFO] [stdout]      |
[INFO] [stdout] 1226 |                 type Alias = sol!($($t)*);
[INFO] [stdout]      |                              ^^^^^^^^^^^^ could not find `linera_alloy` in the list of imported crates
[INFO] [stdout] ...
[INFO] [stdout] 1251 |         udvt_and_assert!([bytes32], Some(32));
[INFO] [stdout]      |         ------------------------------------- in this macro invocation
[INFO] [stdout]      |
[INFO] [stdout]      = note: this error originates in the macro `sol` which comes from the expansion of the macro `udvt_and_assert` (in Nightly builds, run with -Z macro-backtrace for more info)
[INFO] [stdout] help: consider importing this module through its public re-export
[INFO] [stdout]      |
[INFO] [stdout] 1126 +     use crate::sol_data;
[INFO] [stdout]      |
[INFO] [stdout] 
[INFO] [stdout] 
[INFO] [stdout] error[E0433]: failed to resolve: could not find `linera_alloy` in the list of imported crates
[INFO] [stdout]     --> src/types/data_type.rs:1227:17
[INFO] [stdout]      |
[INFO] [stdout] 1227 |                 sol!(type Udvt is $($t)*;);
[INFO] [stdout]      |                 ^^^^^^^^^^^^^^^^^^^^^^^^^^ could not find `linera_alloy` in the list of imported crates
[INFO] [stdout] ...
[INFO] [stdout] 1251 |         udvt_and_assert!([bytes32], Some(32));
[INFO] [stdout]      |         ------------------------------------- in this macro invocation
[INFO] [stdout]      |
[INFO] [stdout]      = note: this error originates in the macro `sol` which comes from the expansion of the macro `udvt_and_assert` (in Nightly builds, run with -Z macro-backtrace for more info)
[INFO] [stdout] help: consider importing this module
[INFO] [stdout]      |
[INFO] [stdout] 1126 +     use crate::private;
[INFO] [stdout]      |
[INFO] [stdout] 
[INFO] [stdout] 
[INFO] [stdout] error[E0433]: failed to resolve: could not find `linera_alloy` in the list of imported crates
[INFO] [stdout]     --> src/types/data_type.rs:1227:17
[INFO] [stdout]      |
[INFO] [stdout] 1227 |                 sol!(type Udvt is $($t)*;);
[INFO] [stdout]      |                 ^^^^^^^^^^^^^^^^^^^^^^^^^^ could not find `linera_alloy` in the list of imported crates
[INFO] [stdout] ...
[INFO] [stdout] 1251 |         udvt_and_assert!([bytes32], Some(32));
[INFO] [stdout]      |         ------------------------------------- in this macro invocation
[INFO] [stdout]      |
[INFO] [stdout]      = note: this error originates in the macro `sol` which comes from the expansion of the macro `udvt_and_assert` (in Nightly builds, run with -Z macro-backtrace for more info)
[INFO] [stdout] help: consider importing this module through its public re-export
[INFO] [stdout]      |
[INFO] [stdout] 1126 +     use crate::sol_data;
[INFO] [stdout]      |
[INFO] [stdout] 
[INFO] [stdout] 
[INFO] [stdout] error[E0433]: failed to resolve: could not find `linera_alloy` in the list of imported crates
[INFO] [stdout]     --> src/types/data_type.rs:1258:17
[INFO] [stdout]      |
[INFO] [stdout] 1258 | /                 sol! {
[INFO] [stdout] 1259 | |                     struct Struct $block
[INFO] [stdout] 1260 | |                 }
[INFO] [stdout]      | |_________________^ could not find `linera_alloy` in the list of imported crates
[INFO] [stdout] ...
[INFO] [stdout] 1264 |           custom_and_assert!({ bool a; }, Some(32));
[INFO] [stdout]      |           ----------------------------------------- in this macro invocation
[INFO] [stdout]      |
[INFO] [stdout]      = note: this error originates in the macro `sol` which comes from the expansion of the macro `custom_and_assert` (in Nightly builds, run with -Z macro-backtrace for more info)
[INFO] [stdout] help: consider importing this module through its public re-export
[INFO] [stdout]      |
[INFO] [stdout] 1126 +     use crate::sol_data;
[INFO] [stdout]      |
[INFO] [stdout] 
[INFO] [stdout] 
[INFO] [stdout] error[E0433]: failed to resolve: could not find `linera_alloy` in the list of imported crates
[INFO] [stdout]     --> src/types/data_type.rs:1258:17
[INFO] [stdout]      |
[INFO] [stdout] 1258 | /                 sol! {
[INFO] [stdout] 1259 | |                     struct Struct $block
[INFO] [stdout] 1260 | |                 }
[INFO] [stdout]      | |_________________^ could not find `linera_alloy` in the list of imported crates
[INFO] [stdout] ...
[INFO] [stdout] 1265 |           custom_and_assert!({ bool a; address b; }, Some(64));
[INFO] [stdout]      |           ---------------------------------------------------- in this macro invocation
[INFO] [stdout]      |
[INFO] [stdout]      = note: this error originates in the macro `sol` which comes from the expansion of the macro `custom_and_assert` (in Nightly builds, run with -Z macro-backtrace for more info)
[INFO] [stdout] help: consider importing this module
[INFO] [stdout]      |
[INFO] [stdout] 1126 +     use crate::private;
[INFO] [stdout]      |
[INFO] [stdout] 
[INFO] [stdout] 
[INFO] [stdout] error[E0433]: failed to resolve: could not find `linera_alloy` in the list of imported crates
[INFO] [stdout]     --> src/types/data_type.rs:1258:17
[INFO] [stdout]      |
[INFO] [stdout] 1258 | /                 sol! {
[INFO] [stdout] 1259 | |                     struct Struct $block
[INFO] [stdout] 1260 | |                 }
[INFO] [stdout]      | |_________________^ could not find `linera_alloy` in the list of imported crates
[INFO] [stdout] ...
[INFO] [stdout] 1265 |           custom_and_assert!({ bool a; address b; }, Some(64));
[INFO] [stdout]      |           ---------------------------------------------------- in this macro invocation
[INFO] [stdout]      |
[INFO] [stdout]      = note: this error originates in the macro `sol` which comes from the expansion of the macro `custom_and_assert` (in Nightly builds, run with -Z macro-backtrace for more info)
[INFO] [stdout] help: consider importing this module through its public re-export
[INFO] [stdout]      |
[INFO] [stdout] 1126 +     use crate::sol_data;
[INFO] [stdout]      |
[INFO] [stdout] 
[INFO] [stdout] 
[INFO] [stdout] error[E0433]: failed to resolve: could not find `linera_alloy` in the list of imported crates
[INFO] [stdout]     --> src/types/data_type.rs:1258:17
[INFO] [stdout]      |
[INFO] [stdout] 1258 | /                 sol! {
[INFO] [stdout] 1259 | |                     struct Struct $block
[INFO] [stdout] 1260 | |                 }
[INFO] [stdout]      | |_________________^ could not find `linera_alloy` in the list of imported crates
[INFO] [stdout] ...
[INFO] [stdout] 1266 |           custom_and_assert!({ bool a; bytes1[69] b; uint8 c; }, Some(71 * 32));
[INFO] [stdout]      |           --------------------------------------------------------------------- in this macro invocation
[INFO] [stdout]      |
[INFO] [stdout]      = note: this error originates in the macro `sol` which comes from the expansion of the macro `custom_and_assert` (in Nightly builds, run with -Z macro-backtrace for more info)
[INFO] [stdout] help: consider importing this module
[INFO] [stdout]      |
[INFO] [stdout] 1126 +     use crate::private;
[INFO] [stdout]      |
[INFO] [stdout] 
[INFO] [stdout] 
[INFO] [stdout] error[E0433]: failed to resolve: could not find `linera_alloy` in the list of imported crates
[INFO] [stdout]     --> src/types/data_type.rs:1258:17
[INFO] [stdout]      |
[INFO] [stdout] 1258 | /                 sol! {
[INFO] [stdout] 1259 | |                     struct Struct $block
[INFO] [stdout] 1260 | |                 }
[INFO] [stdout]      | |_________________^ could not find `linera_alloy` in the list of imported crates
[INFO] [stdout] ...
[INFO] [stdout] 1266 |           custom_and_assert!({ bool a; bytes1[69] b; uint8 c; }, Some(71 * 32));
[INFO] [stdout]      |           --------------------------------------------------------------------- in this macro invocation
[INFO] [stdout]      |
[INFO] [stdout]      = note: this error originates in the macro `sol` which comes from the expansion of the macro `custom_and_assert` (in Nightly builds, run with -Z macro-backtrace for more info)
[INFO] [stdout] help: consider importing this module through its public re-export
[INFO] [stdout]      |
[INFO] [stdout] 1126 +     use crate::sol_data;
[INFO] [stdout]      |
[INFO] [stdout] 
[INFO] [stdout] 
[INFO] [stdout] error[E0433]: failed to resolve: could not find `linera_alloy` in the list of imported crates
[INFO] [stdout]     --> src/types/data_type.rs:1258:17
[INFO] [stdout]      |
[INFO] [stdout] 1258 | /                 sol! {
[INFO] [stdout] 1259 | |                     struct Struct $block
[INFO] [stdout] 1260 | |                 }
[INFO] [stdout]      | |_________________^ could not find `linera_alloy` in the list of imported crates
[INFO] [stdout] ...
[INFO] [stdout] 1267 |           custom_and_assert!({ bytes a; }, None);
[INFO] [stdout]      |           -------------------------------------- in this macro invocation
[INFO] [stdout]      |
[INFO] [stdout]      = note: this error originates in the macro `sol` which comes from the expansion of the macro `custom_and_assert` (in Nightly builds, run with -Z macro-backtrace for more info)
[INFO] [stdout] help: consider importing this module
[INFO] [stdout]      |
[INFO] [stdout] 1126 +     use crate::private;
[INFO] [stdout]      |
[INFO] [stdout] 
[INFO] [stdout] 
[INFO] [stdout] error[E0433]: failed to resolve: could not find `linera_alloy` in the list of imported crates
[INFO] [stdout]     --> src/types/data_type.rs:1258:17
[INFO] [stdout]      |
[INFO] [stdout] 1258 | /                 sol! {
[INFO] [stdout] 1259 | |                     struct Struct $block
[INFO] [stdout] 1260 | |                 }
[INFO] [stdout]      | |_________________^ could not find `linera_alloy` in the list of imported crates
[INFO] [stdout] ...
[INFO] [stdout] 1267 |           custom_and_assert!({ bytes a; }, None);
[INFO] [stdout]      |           -------------------------------------- in this macro invocation
[INFO] [stdout]      |
[INFO] [stdout]      = note: this error originates in the macro `sol` which comes from the expansion of the macro `custom_and_assert` (in Nightly builds, run with -Z macro-backtrace for more info)
[INFO] [stdout] help: consider importing this module through its public re-export
[INFO] [stdout]      |
[INFO] [stdout] 1126 +     use crate::sol_data;
[INFO] [stdout]      |
[INFO] [stdout] 
[INFO] [stdout] 
[INFO] [stdout] error[E0433]: failed to resolve: could not find `linera_alloy` in the list of imported crates
[INFO] [stdout]     --> src/types/data_type.rs:1258:17
[INFO] [stdout]      |
[INFO] [stdout] 1258 | /                 sol! {
[INFO] [stdout] 1259 | |                     struct Struct $block
[INFO] [stdout] 1260 | |                 }
[INFO] [stdout]      | |_________________^ could not find `linera_alloy` in the list of imported crates
[INFO] [stdout] ...
[INFO] [stdout] 1268 |           custom_and_assert!({ bytes a; bytes24 b; }, None);
[INFO] [stdout]      |           ------------------------------------------------- in this macro invocation
[INFO] [stdout]      |
[INFO] [stdout]      = note: this error originates in the macro `sol` which comes from the expansion of the macro `custom_and_assert` (in Nightly builds, run with -Z macro-backtrace for more info)
[INFO] [stdout] help: consider importing this module
[INFO] [stdout]      |
[INFO] [stdout] 1126 +     use crate::private;
[INFO] [stdout]      |
[INFO] [stdout] 
[INFO] [stdout] 
[INFO] [stdout] error[E0433]: failed to resolve: could not find `linera_alloy` in the list of imported crates
[INFO] [stdout]     --> src/types/data_type.rs:1258:17
[INFO] [stdout]      |
[INFO] [stdout] 1258 | /                 sol! {
[INFO] [stdout] 1259 | |                     struct Struct $block
[INFO] [stdout] 1260 | |                 }
[INFO] [stdout]      | |_________________^ could not find `linera_alloy` in the list of imported crates
[INFO] [stdout] ...
[INFO] [stdout] 1268 |           custom_and_assert!({ bytes a; bytes24 b; }, None);
[INFO] [stdout]      |           ------------------------------------------------- in this macro invocation
[INFO] [stdout]      |
[INFO] [stdout]      = note: this error originates in the macro `sol` which comes from the expansion of the macro `custom_and_assert` (in Nightly builds, run with -Z macro-backtrace for more info)
[INFO] [stdout] help: consider importing this module through its public re-export
[INFO] [stdout]      |
[INFO] [stdout] 1126 +     use crate::sol_data;
[INFO] [stdout]      |
[INFO] [stdout] 
[INFO] [stdout] 
[INFO] [stdout] error[E0433]: failed to resolve: could not find `linera_alloy` in the list of imported crates
[INFO] [stdout]     --> src/types/data_type.rs:1258:17
[INFO] [stdout]      |
[INFO] [stdout] 1258 | /                 sol! {
[INFO] [stdout] 1259 | |                     struct Struct $block
[INFO] [stdout] 1260 | |                 }
[INFO] [stdout]      | |_________________^ could not find `linera_alloy` in the list of imported crates
[INFO] [stdout] ...
[INFO] [stdout] 1269 |           custom_and_assert!({ bool a; bytes2[42] b; uint8 c; bytes d; }, None);
[INFO] [stdout]      |           --------------------------------------------------------------------- in this macro invocation
[INFO] [stdout]      |
[INFO] [stdout]      = note: this error originates in the macro `sol` which comes from the expansion of the macro `custom_and_assert` (in Nightly builds, run with -Z macro-backtrace for more info)
[INFO] [stdout] help: consider importing this module
[INFO] [stdout]      |
[INFO] [stdout] 1126 +     use crate::private;
[INFO] [stdout]      |
[INFO] [stdout] 
[INFO] [stdout] 
[INFO] [stdout] error[E0433]: failed to resolve: could not find `linera_alloy` in the list of imported crates
[INFO] [stdout]     --> src/types/data_type.rs:1258:17
[INFO] [stdout]      |
[INFO] [stdout] 1258 | /                 sol! {
[INFO] [stdout] 1259 | |                     struct Struct $block
[INFO] [stdout] 1260 | |                 }
[INFO] [stdout]      | |_________________^ could not find `linera_alloy` in the list of imported crates
[INFO] [stdout] ...
[INFO] [stdout] 1269 |           custom_and_assert!({ bool a; bytes2[42] b; uint8 c; bytes d; }, None);
[INFO] [stdout]      |           --------------------------------------------------------------------- in this macro invocation
[INFO] [stdout]      |
[INFO] [stdout]      = note: this error originates in the macro `sol` which comes from the expansion of the macro `custom_and_assert` (in Nightly builds, run with -Z macro-backtrace for more info)
[INFO] [stdout] help: consider importing this module through its public re-export
[INFO] [stdout]      |
[INFO] [stdout] 1126 +     use crate::sol_data;
[INFO] [stdout]      |
[INFO] [stdout] 
[INFO] [stdout] 
[INFO] [stdout] error[E0433]: failed to resolve: could not find `linera_alloy` in the list of imported crates
[INFO] [stdout]     --> src/types/data_type.rs:1506:14
[INFO] [stdout]      |
[INFO] [stdout] 1506 |             <sol! { (address, uint160, uint24, int24, uint32, int32) }>::abi_encode_packed(&value);
[INFO] [stdout]      |              ^^^^^^^^^^^^^^^^^^^^^^^^^^^^^^^^^^^^^^^^^^^^^^^^^^^^^^^^^ could not find `linera_alloy` in the list of imported crates
[INFO] [stdout]      |
[INFO] [stdout]      = note: this error originates in the macro `sol` (in Nightly builds, run with -Z macro-backtrace for more info)
[INFO] [stdout] help: consider importing this module through its public re-export
[INFO] [stdout]      |
[INFO] [stdout] 1126 +     use crate::sol_data;
[INFO] [stdout]      |
[INFO] [stdout] 
[INFO] [stdout] 
[INFO] [stdout] error[E0433]: failed to resolve: could not find `linera_alloy` in the list of imported crates
[INFO] [stdout]    --> src/types/error.rs:503:9
[INFO] [stdout]     |
[INFO] [stdout] 503 | /         sol! {
[INFO] [stdout] 504 | |             interface C {
[INFO] [stdout] 505 | |                 #[derive(Debug, PartialEq)]
[INFO] [stdout] 506 | |                 error SenderAddressError(address);
[INFO] [stdout] 507 | |             }
[INFO] [stdout] 508 | |         }
[INFO] [stdout]     | |_________^ could not find `linera_alloy` in the list of imported crates
[INFO] [stdout]     |
[INFO] [stdout]     = help: consider importing this module:
[INFO] [stdout]             crate::private
[INFO] [stdout]     = note: this error originates in the macro `sol` (in Nightly builds, run with -Z macro-backtrace for more info)
[INFO] [stdout] 
[INFO] [stdout] 
[INFO] [stdout] error[E0433]: failed to resolve: could not find `linera_alloy` in the list of imported crates
[INFO] [stdout]    --> src/types/error.rs:503:9
[INFO] [stdout]     |
[INFO] [stdout] 503 | /         sol! {
[INFO] [stdout] 504 | |             interface C {
[INFO] [stdout] 505 | |                 #[derive(Debug, PartialEq)]
[INFO] [stdout] 506 | |                 error SenderAddressError(address);
[INFO] [stdout] 507 | |             }
[INFO] [stdout] 508 | |         }
[INFO] [stdout]     | |_________^ could not find `linera_alloy` in the list of imported crates
[INFO] [stdout]     |
[INFO] [stdout]     = help: consider importing this module through its public re-export:
[INFO] [stdout]             crate::sol_data
[INFO] [stdout]     = note: this error originates in the macro `sol` (in Nightly builds, run with -Z macro-backtrace for more info)
[INFO] [stdout] 
[INFO] [stdout] 
[INFO] [stdout] error[E0433]: failed to resolve: could not find `linera_alloy` in the list of imported crates
[INFO] [stdout]    --> src/types/interface/mod.rs:569:9
[INFO] [stdout]     |
[INFO] [stdout] 569 | /         crate::sol! {
[INFO] [stdout] 570 | |             #[derive(Debug, PartialEq, Eq)]
[INFO] [stdout] 571 | |             contract C {
[INFO] [stdout] 572 | |                 error Err1();
[INFO] [stdout] ...   |
[INFO] [stdout] 575 | |             }
[INFO] [stdout] 576 | |         }
[INFO] [stdout]     | |_________^ could not find `linera_alloy` in the list of imported crates
[INFO] [stdout]     |
[INFO] [stdout]     = help: consider importing this module:
[INFO] [stdout]             crate::private
[INFO] [stdout]     = note: this error originates in the macro `crate::sol` (in Nightly builds, run with -Z macro-backtrace for more info)
[INFO] [stdout] 
[INFO] [stdout] 
[INFO] [stdout] error[E0433]: failed to resolve: could not find `linera_alloy` in the list of imported crates
[INFO] [stdout]    --> src/types/interface/mod.rs:569:9
[INFO] [stdout]     |
[INFO] [stdout] 569 | /         crate::sol! {
[INFO] [stdout] 570 | |             #[derive(Debug, PartialEq, Eq)]
[INFO] [stdout] 571 | |             contract C {
[INFO] [stdout] 572 | |                 error Err1();
[INFO] [stdout] ...   |
[INFO] [stdout] 575 | |             }
[INFO] [stdout] 576 | |         }
[INFO] [stdout]     | |_________^ could not find `linera_alloy` in the list of imported crates
[INFO] [stdout]     |
[INFO] [stdout]     = help: consider importing this module through its public re-export:
[INFO] [stdout]             crate::sol_data
[INFO] [stdout]     = note: this error originates in the macro `crate::sol` (in Nightly builds, run with -Z macro-backtrace for more info)
[INFO] [stdout] 
[INFO] [stdout] 
[INFO] [stdout] Some errors have detailed explanations: E0432, E0433.
[INFO] [stdout] 
[INFO] [stdout] For more information about an error, try `rustc --explain E0432`.
[INFO] [stdout] 
[INFO] [stderr] error: could not compile `linera-alloy-sol-types` (lib test) due to 93 previous errors
[INFO] running `Command { std: "docker" "inspect" "25eb948b7aaa6814bfd7df44b700fde989a0d0995d959a62b49b7ac739479665", kill_on_drop: false }`
[INFO] running `Command { std: "docker" "rm" "-f" "25eb948b7aaa6814bfd7df44b700fde989a0d0995d959a62b49b7ac739479665", kill_on_drop: false }`
[INFO] [stdout] 25eb948b7aaa6814bfd7df44b700fde989a0d0995d959a62b49b7ac739479665
