[INFO] fetching crate linera-alloy-eips 0.1.0...
[INFO] testing linera-alloy-eips-0.1.0 against nightly-2024-10-28+rustflags=-Zrandomize-layout for randomize-layout
[INFO] extracting crate linera-alloy-eips 0.1.0 into /workspace/builds/worker-6-tc2/source
[INFO] validating manifest of crates.io crate linera-alloy-eips 0.1.0 on toolchain nightly-2024-10-28
[INFO] running `Command { std: CARGO_HOME="/workspace/cargo-home" RUSTUP_HOME="/workspace/rustup-home" "/workspace/cargo-home/bin/cargo" "+nightly-2024-10-28" "metadata" "--manifest-path" "Cargo.toml" "--no-deps", kill_on_drop: false }`
[INFO] started tweaking crates.io crate linera-alloy-eips 0.1.0
[INFO] finished tweaking crates.io crate linera-alloy-eips 0.1.0
[INFO] tweaked toml for crates.io crate linera-alloy-eips 0.1.0 written to /workspace/builds/worker-6-tc2/source/Cargo.toml
[INFO] running `Command { std: CARGO_HOME="/workspace/cargo-home" RUSTUP_HOME="/workspace/rustup-home" "/workspace/cargo-home/bin/cargo" "+nightly-2024-10-28" "generate-lockfile" "--manifest-path" "Cargo.toml", kill_on_drop: false }`
[INFO] [stderr]     Updating crates.io index
[INFO] [stderr]      Locking 173 packages to latest compatible versions
[INFO] [stderr]       Adding c-kzg v1.0.3 (available: v2.0.0)
[INFO] [stderr]       Adding derive_more v0.99.18 (available: v1.0.0)
[INFO] [stderr]       Adding ethereum_ssz v0.5.4 (available: v0.8.0)
[INFO] [stderr]       Adding ethereum_ssz_derive v0.5.4 (available: v0.8.0)
[INFO] [stderr]       Adding proptest-derive v0.4.0 (available: v0.5.0)
[INFO] running `Command { std: CARGO_HOME="/workspace/cargo-home" RUSTUP_HOME="/workspace/rustup-home" "/workspace/cargo-home/bin/cargo" "+nightly-2024-10-28" "fetch" "--manifest-path" "Cargo.toml", kill_on_drop: false }`
[INFO] running `Command { std: "docker" "create" "-v" "/var/lib/crater-agent-workspace/builds/worker-6-tc2/target:/opt/rustwide/target:rw,Z" "-v" "/var/lib/crater-agent-workspace/builds/worker-6-tc2/source:/opt/rustwide/workdir:ro,Z" "-v" "/var/lib/crater-agent-workspace/cargo-home:/opt/rustwide/cargo-home:ro,Z" "-v" "/var/lib/crater-agent-workspace/rustup-home:/opt/rustwide/rustup-home:ro,Z" "-e" "SOURCE_DIR=/opt/rustwide/workdir" "-e" "CARGO_TARGET_DIR=/opt/rustwide/target" "-e" "CARGO_HOME=/opt/rustwide/cargo-home" "-e" "RUSTUP_HOME=/opt/rustwide/rustup-home" "-w" "/opt/rustwide/workdir" "-m" "1610612736" "--user" "0:0" "--network" "none" "ghcr.io/rust-lang/crates-build-env/linux@sha256:4a844ea9eb2546a2d2c7022eacef16ef2e8229c7fbb2c7d4d55a9ceca922f72d" "/opt/rustwide/cargo-home/bin/cargo" "+nightly-2024-10-28" "metadata" "--no-deps" "--format-version=1", kill_on_drop: false }`
[INFO] [stdout] 4e599d0e035f095c3d58cec93207133f3f0837fe00d3128dc8c340f45b8f02c4
[INFO] running `Command { std: "docker" "start" "-a" "4e599d0e035f095c3d58cec93207133f3f0837fe00d3128dc8c340f45b8f02c4", kill_on_drop: false }`
[INFO] running `Command { std: "docker" "inspect" "4e599d0e035f095c3d58cec93207133f3f0837fe00d3128dc8c340f45b8f02c4", kill_on_drop: false }`
[INFO] running `Command { std: "docker" "rm" "-f" "4e599d0e035f095c3d58cec93207133f3f0837fe00d3128dc8c340f45b8f02c4", kill_on_drop: false }`
[INFO] [stdout] 4e599d0e035f095c3d58cec93207133f3f0837fe00d3128dc8c340f45b8f02c4
[INFO] running `Command { std: "docker" "create" "-v" "/var/lib/crater-agent-workspace/builds/worker-6-tc2/target:/opt/rustwide/target:rw,Z" "-v" "/var/lib/crater-agent-workspace/builds/worker-6-tc2/source:/opt/rustwide/workdir:ro,Z" "-v" "/var/lib/crater-agent-workspace/cargo-home:/opt/rustwide/cargo-home:ro,Z" "-v" "/var/lib/crater-agent-workspace/rustup-home:/opt/rustwide/rustup-home:ro,Z" "-e" "SOURCE_DIR=/opt/rustwide/workdir" "-e" "CARGO_TARGET_DIR=/opt/rustwide/target" "-e" "CARGO_INCREMENTAL=0" "-e" "RUST_BACKTRACE=full" "-e" "RUSTFLAGS=--cap-lints=forbid -Zrandomize-layout" "-e" "RUSTDOCFLAGS=--cap-lints=forbid" "-e" "CARGO_HOME=/opt/rustwide/cargo-home" "-e" "RUSTUP_HOME=/opt/rustwide/rustup-home" "-w" "/opt/rustwide/workdir" "-m" "1610612736" "--user" "0:0" "--network" "none" "ghcr.io/rust-lang/crates-build-env/linux@sha256:4a844ea9eb2546a2d2c7022eacef16ef2e8229c7fbb2c7d4d55a9ceca922f72d" "/opt/rustwide/cargo-home/bin/cargo" "+nightly-2024-10-28" "build" "--frozen" "--message-format=json", kill_on_drop: false }`
[INFO] [stdout] e0494d115f84438fb08ff6d676227b0f5cd4f9ed0ef5da149c7722c48a61781e
[INFO] running `Command { std: "docker" "start" "-a" "e0494d115f84438fb08ff6d676227b0f5cd4f9ed0ef5da149c7722c48a61781e", kill_on_drop: false }`
[INFO] [stderr]    Compiling serde v1.0.214
[INFO] [stderr]    Compiling tiny-keccak v2.0.2
[INFO] [stderr]    Compiling generic-array v0.14.7
[INFO] [stderr]    Compiling ruint-macro v1.2.1
[INFO] [stderr]    Compiling convert_case v0.4.0
[INFO] [stderr]    Compiling serde_json v1.0.132
[INFO] [stderr]    Compiling memchr v2.7.4
[INFO] [stderr]    Compiling hex-literal v0.4.1
[INFO] [stderr]    Compiling syn v2.0.86
[INFO] [stderr]    Compiling crypto-common v0.1.6
[INFO] [stderr]    Compiling block-buffer v0.10.4
[INFO] [stderr]    Compiling digest v0.10.7
[INFO] [stderr]    Compiling sha2 v0.10.8
[INFO] [stderr]    Compiling serde_derive v1.0.214
[INFO] [stderr]    Compiling alloy-rlp-derive v0.3.9
[INFO] [stderr]    Compiling derive_more v0.99.18
[INFO] [stderr]    Compiling bytes v1.8.0
[INFO] [stderr]    Compiling const-hex v1.13.1
[INFO] [stderr]    Compiling alloy-rlp v0.3.9
[INFO] [stderr]    Compiling ruint v1.12.3
[INFO] [stderr]    Compiling linera-alloy-primitives v0.7.4
[INFO] [stderr]    Compiling linera-alloy-serde v0.1.0
[INFO] [stderr]    Compiling linera-alloy-eips v0.1.0 (/opt/rustwide/workdir)
[INFO] [stderr]     Finished `dev` profile [unoptimized + debuginfo] target(s) in 7.47s
[INFO] running `Command { std: "docker" "inspect" "e0494d115f84438fb08ff6d676227b0f5cd4f9ed0ef5da149c7722c48a61781e", kill_on_drop: false }`
[INFO] running `Command { std: "docker" "rm" "-f" "e0494d115f84438fb08ff6d676227b0f5cd4f9ed0ef5da149c7722c48a61781e", kill_on_drop: false }`
[INFO] [stdout] e0494d115f84438fb08ff6d676227b0f5cd4f9ed0ef5da149c7722c48a61781e
[INFO] running `Command { std: "docker" "create" "-v" "/var/lib/crater-agent-workspace/builds/worker-6-tc2/target:/opt/rustwide/target:rw,Z" "-v" "/var/lib/crater-agent-workspace/builds/worker-6-tc2/source:/opt/rustwide/workdir:ro,Z" "-v" "/var/lib/crater-agent-workspace/cargo-home:/opt/rustwide/cargo-home:ro,Z" "-v" "/var/lib/crater-agent-workspace/rustup-home:/opt/rustwide/rustup-home:ro,Z" "-e" "SOURCE_DIR=/opt/rustwide/workdir" "-e" "CARGO_TARGET_DIR=/opt/rustwide/target" "-e" "CARGO_INCREMENTAL=0" "-e" "RUST_BACKTRACE=full" "-e" "RUSTFLAGS=--cap-lints=forbid -Zrandomize-layout" "-e" "RUSTDOCFLAGS=--cap-lints=forbid" "-e" "CARGO_HOME=/opt/rustwide/cargo-home" "-e" "RUSTUP_HOME=/opt/rustwide/rustup-home" "-w" "/opt/rustwide/workdir" "-m" "1610612736" "--user" "0:0" "--network" "none" "ghcr.io/rust-lang/crates-build-env/linux@sha256:4a844ea9eb2546a2d2c7022eacef16ef2e8229c7fbb2c7d4d55a9ceca922f72d" "/opt/rustwide/cargo-home/bin/cargo" "+nightly-2024-10-28" "test" "--frozen" "--no-run" "--message-format=json", kill_on_drop: false }`
[INFO] [stdout] d753ba9e8f7262f8068046de1d2c9723ccf0f822c3c32da473ab0f4373f0d295
[INFO] running `Command { std: "docker" "start" "-a" "d753ba9e8f7262f8068046de1d2c9723ccf0f822c3c32da473ab0f4373f0d295", kill_on_drop: false }`
[INFO] [stderr]    Compiling libm v0.2.11
[INFO] [stderr]    Compiling bit-vec v0.6.3
[INFO] [stderr]    Compiling syn v1.0.109
[INFO] [stderr]    Compiling quick-error v1.2.3
[INFO] [stderr]    Compiling num-traits v0.2.19
[INFO] [stderr]    Compiling unarray v0.1.4
[INFO] [stderr]    Compiling zerocopy-derive v0.7.35
[INFO] [stderr]    Compiling derive_arbitrary v1.3.2
[INFO] [stderr]    Compiling rand_xorshift v0.3.0
[INFO] [stderr]    Compiling rusty-fork v0.3.0
[INFO] [stderr]    Compiling bit-set v0.5.3
[INFO] [stderr]    Compiling zerocopy v0.7.35
[INFO] [stderr]    Compiling arbitrary v1.3.2
[INFO] [stderr]    Compiling ppv-lite86 v0.2.20
[INFO] [stderr]    Compiling rand_chacha v0.3.1
[INFO] [stderr]    Compiling rand v0.8.5
[INFO] [stderr]    Compiling proptest v1.5.0
[INFO] [stderr]    Compiling proptest-derive v0.4.0
[INFO] [stderr]    Compiling ruint v1.12.3
[INFO] [stderr]    Compiling linera-alloy-primitives v0.7.4
[INFO] [stderr]    Compiling linera-alloy-serde v0.1.0
[INFO] [stderr]    Compiling linera-alloy-eips v0.1.0 (/opt/rustwide/workdir)
[INFO] [stdout] error[E0425]: cannot find value `MAX_BLOBS_PER_BLOCK` in this scope
[INFO] [stdout]   --> src/eip4844/sidecar.rs:38:44
[INFO] [stdout]    |
[INFO] [stdout] 38 |         let num_blobs = u.int_in_range(1..=MAX_BLOBS_PER_BLOCK)?;
[INFO] [stdout]    |                                            ^^^^^^^^^^^^^^^^^^^ not found in this scope
[INFO] [stdout]    |
[INFO] [stdout] help: consider importing this constant
[INFO] [stdout]    |
[INFO] [stdout] 3  + use crate::eip4844::MAX_BLOBS_PER_BLOCK;
[INFO] [stdout]    |
[INFO] [stdout] 
[INFO] [stdout] 
[INFO] [stdout] error[E0277]: the trait bound `eip1898::BlockNumberOrTag: Serialize` is not satisfied
[INFO] [stdout]     --> src/eip1898.rs:746:48
[INFO] [stdout]      |
[INFO] [stdout] 746  |         let serialized = serde_json::to_string(&num).unwrap();
[INFO] [stdout]      |                          --------------------- ^^^^ the trait `Serialize` is not implemented for `eip1898::BlockNumberOrTag`
[INFO] [stdout]      |                          |
[INFO] [stdout]      |                          required by a bound introduced by this call
[INFO] [stdout]      |
[INFO] [stdout]      = note: for local types consider adding `#[derive(serde::Serialize)]` to your `eip1898::BlockNumberOrTag` type
[INFO] [stdout]      = note: for types from other crates check whether the crate offers a `serde` feature flag
[INFO] [stdout]      = help: the following other types implement trait `Serialize`:
[INFO] [stdout]                &'a T
[INFO] [stdout]                &'a mut T
[INFO] [stdout]                ()
[INFO] [stdout]                (T,)
[INFO] [stdout]                (T0, T1)
[INFO] [stdout]                (T0, T1, T2)
[INFO] [stdout]                (T0, T1, T2, T3)
[INFO] [stdout]                (T0, T1, T2, T3, T4)
[INFO] [stdout]              and 146 others
[INFO] [stdout] note: required by a bound in `serde_json::to_string`
[INFO] [stdout]     --> /opt/rustwide/cargo-home/registry/src/index.crates.io-6f17d22bba15001f/serde_json-1.0.132/src/ser.rs:2211:17
[INFO] [stdout]      |
[INFO] [stdout] 2209 | pub fn to_string<T>(value: &T) -> Result<String>
[INFO] [stdout]      |        --------- required by a bound in this function
[INFO] [stdout] 2210 | where
[INFO] [stdout] 2211 |     T: ?Sized + Serialize,
[INFO] [stdout]      |                 ^^^^^^^^^ required by this bound in `to_string`
[INFO] [stdout] 
[INFO] [stdout] 
[INFO] [stdout] error[E0277]: the trait bound `eip1898::BlockId: DeserializeOwned` is not satisfied
[INFO] [stdout]     --> src/eip1898.rs:755:43
[INFO] [stdout]      |
[INFO] [stdout] 755  |         let id = serde_json::from_value::<BlockId>(num).unwrap();
[INFO] [stdout]      |                                           ^^^^^^^ the trait `for<'de> Deserialize<'de>` is not implemented for `eip1898::BlockId`, which is required by `eip1898::BlockId: DeserializeOwned`
[INFO] [stdout]      |
[INFO] [stdout]      = help: the following other types implement trait `Deserialize<'de>`:
[INFO] [stdout]                &'a Path
[INFO] [stdout]                &'a [u8]
[INFO] [stdout]                &'a str
[INFO] [stdout]                ()
[INFO] [stdout]                (T,)
[INFO] [stdout]                (T0, T1)
[INFO] [stdout]                (T0, T1, T2)
[INFO] [stdout]                (T0, T1, T2, T3)
[INFO] [stdout]              and 157 others
[INFO] [stdout]      = note: required for `eip1898::BlockId` to implement `DeserializeOwned`
[INFO] [stdout] note: required by a bound in `from_value`
[INFO] [stdout]     --> /opt/rustwide/cargo-home/registry/src/index.crates.io-6f17d22bba15001f/serde_json-1.0.132/src/value/mod.rs:1032:8
[INFO] [stdout]      |
[INFO] [stdout] 1030 | pub fn from_value<T>(value: Value) -> Result<T, Error>
[INFO] [stdout]      |        ---------- required by a bound in this function
[INFO] [stdout] 1031 | where
[INFO] [stdout] 1032 |     T: DeserializeOwned,
[INFO] [stdout]      |        ^^^^^^^^^^^^^^^^ required by this bound in `from_value`
[INFO] [stdout] 
[INFO] [stdout] 
[INFO] [stdout] error[E0277]: the trait bound `eip1898::BlockId: DeserializeOwned` is not satisfied
[INFO] [stdout]     --> src/eip1898.rs:761:43
[INFO] [stdout]      |
[INFO] [stdout] 761  |         let id = serde_json::from_value::<BlockId>(num).unwrap();
[INFO] [stdout]      |                                           ^^^^^^^ the trait `for<'de> Deserialize<'de>` is not implemented for `eip1898::BlockId`, which is required by `eip1898::BlockId: DeserializeOwned`
[INFO] [stdout]      |
[INFO] [stdout]      = help: the following other types implement trait `Deserialize<'de>`:
[INFO] [stdout]                &'a Path
[INFO] [stdout]                &'a [u8]
[INFO] [stdout]                &'a str
[INFO] [stdout]                ()
[INFO] [stdout]                (T,)
[INFO] [stdout]                (T0, T1)
[INFO] [stdout]                (T0, T1, T2)
[INFO] [stdout]                (T0, T1, T2, T3)
[INFO] [stdout]              and 157 others
[INFO] [stdout]      = note: required for `eip1898::BlockId` to implement `DeserializeOwned`
[INFO] [stdout] note: required by a bound in `from_value`
[INFO] [stdout]     --> /opt/rustwide/cargo-home/registry/src/index.crates.io-6f17d22bba15001f/serde_json-1.0.132/src/value/mod.rs:1032:8
[INFO] [stdout]      |
[INFO] [stdout] 1030 | pub fn from_value<T>(value: Value) -> Result<T, Error>
[INFO] [stdout]      |        ---------- required by a bound in this function
[INFO] [stdout] 1031 | where
[INFO] [stdout] 1032 |     T: DeserializeOwned,
[INFO] [stdout]      |        ^^^^^^^^^^^^^^^^ required by this bound in `from_value`
[INFO] [stdout] 
[INFO] [stdout] 
[INFO] [stdout] error[E0277]: the trait bound `eip1898::BlockId: DeserializeOwned` is not satisfied
[INFO] [stdout]     --> src/eip1898.rs:767:43
[INFO] [stdout]      |
[INFO] [stdout] 767  |         let id = serde_json::from_value::<BlockId>(num).unwrap();
[INFO] [stdout]      |                                           ^^^^^^^ the trait `for<'de> Deserialize<'de>` is not implemented for `eip1898::BlockId`, which is required by `eip1898::BlockId: DeserializeOwned`
[INFO] [stdout]      |
[INFO] [stdout]      = help: the following other types implement trait `Deserialize<'de>`:
[INFO] [stdout]                &'a Path
[INFO] [stdout]                &'a [u8]
[INFO] [stdout]                &'a str
[INFO] [stdout]                ()
[INFO] [stdout]                (T,)
[INFO] [stdout]                (T0, T1)
[INFO] [stdout]                (T0, T1, T2)
[INFO] [stdout]                (T0, T1, T2, T3)
[INFO] [stdout]              and 157 others
[INFO] [stdout]      = note: required for `eip1898::BlockId` to implement `DeserializeOwned`
[INFO] [stdout] note: required by a bound in `from_value`
[INFO] [stdout]     --> /opt/rustwide/cargo-home/registry/src/index.crates.io-6f17d22bba15001f/serde_json-1.0.132/src/value/mod.rs:1032:8
[INFO] [stdout]      |
[INFO] [stdout] 1030 | pub fn from_value<T>(value: Value) -> Result<T, Error>
[INFO] [stdout]      |        ---------- required by a bound in this function
[INFO] [stdout] 1031 | where
[INFO] [stdout] 1032 |     T: DeserializeOwned,
[INFO] [stdout]      |        ^^^^^^^^^^^^^^^^ required by this bound in `from_value`
[INFO] [stdout] 
[INFO] [stdout] 
[INFO] [stdout] error[E0277]: the trait bound `eip1898::BlockId: DeserializeOwned` is not satisfied
[INFO] [stdout]     --> src/eip1898.rs:773:43
[INFO] [stdout]      |
[INFO] [stdout] 773  |         let id = serde_json::from_value::<BlockId>(num).unwrap();
[INFO] [stdout]      |                                           ^^^^^^^ the trait `for<'de> Deserialize<'de>` is not implemented for `eip1898::BlockId`, which is required by `eip1898::BlockId: DeserializeOwned`
[INFO] [stdout]      |
[INFO] [stdout]      = help: the following other types implement trait `Deserialize<'de>`:
[INFO] [stdout]                &'a Path
[INFO] [stdout]                &'a [u8]
[INFO] [stdout]                &'a str
[INFO] [stdout]                ()
[INFO] [stdout]                (T,)
[INFO] [stdout]                (T0, T1)
[INFO] [stdout]                (T0, T1, T2)
[INFO] [stdout]                (T0, T1, T2, T3)
[INFO] [stdout]              and 157 others
[INFO] [stdout]      = note: required for `eip1898::BlockId` to implement `DeserializeOwned`
[INFO] [stdout] note: required by a bound in `from_value`
[INFO] [stdout]     --> /opt/rustwide/cargo-home/registry/src/index.crates.io-6f17d22bba15001f/serde_json-1.0.132/src/value/mod.rs:1032:8
[INFO] [stdout]      |
[INFO] [stdout] 1030 | pub fn from_value<T>(value: Value) -> Result<T, Error>
[INFO] [stdout]      |        ---------- required by a bound in this function
[INFO] [stdout] 1031 | where
[INFO] [stdout] 1032 |     T: DeserializeOwned,
[INFO] [stdout]      |        ^^^^^^^^^^^^^^^^ required by this bound in `from_value`
[INFO] [stdout] 
[INFO] [stdout] 
[INFO] [stdout] error[E0277]: the trait bound `eip1898::BlockId: DeserializeOwned` is not satisfied
[INFO] [stdout]     --> src/eip1898.rs:779:43
[INFO] [stdout]      |
[INFO] [stdout] 779  |         let id = serde_json::from_value::<BlockId>(num).unwrap();
[INFO] [stdout]      |                                           ^^^^^^^ the trait `for<'de> Deserialize<'de>` is not implemented for `eip1898::BlockId`, which is required by `eip1898::BlockId: DeserializeOwned`
[INFO] [stdout]      |
[INFO] [stdout]      = help: the following other types implement trait `Deserialize<'de>`:
[INFO] [stdout]                &'a Path
[INFO] [stdout]                &'a [u8]
[INFO] [stdout]                &'a str
[INFO] [stdout]                ()
[INFO] [stdout]                (T,)
[INFO] [stdout]                (T0, T1)
[INFO] [stdout]                (T0, T1, T2)
[INFO] [stdout]                (T0, T1, T2, T3)
[INFO] [stdout]              and 157 others
[INFO] [stdout]      = note: required for `eip1898::BlockId` to implement `DeserializeOwned`
[INFO] [stdout] note: required by a bound in `from_value`
[INFO] [stdout]     --> /opt/rustwide/cargo-home/registry/src/index.crates.io-6f17d22bba15001f/serde_json-1.0.132/src/value/mod.rs:1032:8
[INFO] [stdout]      |
[INFO] [stdout] 1030 | pub fn from_value<T>(value: Value) -> Result<T, Error>
[INFO] [stdout]      |        ---------- required by a bound in this function
[INFO] [stdout] 1031 | where
[INFO] [stdout] 1032 |     T: DeserializeOwned,
[INFO] [stdout]      |        ^^^^^^^^^^^^^^^^ required by this bound in `from_value`
[INFO] [stdout] 
[INFO] [stdout] 
[INFO] [stdout] error[E0277]: the trait bound `eip1898::BlockId: DeserializeOwned` is not satisfied
[INFO] [stdout]     --> src/eip1898.rs:785:43
[INFO] [stdout]      |
[INFO] [stdout] 785  |         let id = serde_json::from_value::<BlockId>(num).unwrap();
[INFO] [stdout]      |                                           ^^^^^^^ the trait `for<'de> Deserialize<'de>` is not implemented for `eip1898::BlockId`, which is required by `eip1898::BlockId: DeserializeOwned`
[INFO] [stdout]      |
[INFO] [stdout]      = help: the following other types implement trait `Deserialize<'de>`:
[INFO] [stdout]                &'a Path
[INFO] [stdout]                &'a [u8]
[INFO] [stdout]                &'a str
[INFO] [stdout]                ()
[INFO] [stdout]                (T,)
[INFO] [stdout]                (T0, T1)
[INFO] [stdout]                (T0, T1, T2)
[INFO] [stdout]                (T0, T1, T2, T3)
[INFO] [stdout]              and 157 others
[INFO] [stdout]      = note: required for `eip1898::BlockId` to implement `DeserializeOwned`
[INFO] [stdout] note: required by a bound in `from_value`
[INFO] [stdout]     --> /opt/rustwide/cargo-home/registry/src/index.crates.io-6f17d22bba15001f/serde_json-1.0.132/src/value/mod.rs:1032:8
[INFO] [stdout]      |
[INFO] [stdout] 1030 | pub fn from_value<T>(value: Value) -> Result<T, Error>
[INFO] [stdout]      |        ---------- required by a bound in this function
[INFO] [stdout] 1031 | where
[INFO] [stdout] 1032 |     T: DeserializeOwned,
[INFO] [stdout]      |        ^^^^^^^^^^^^^^^^ required by this bound in `from_value`
[INFO] [stdout] 
[INFO] [stdout] 
[INFO] [stdout] error[E0277]: the trait bound `eip1898::BlockId: DeserializeOwned` is not satisfied
[INFO] [stdout]     --> src/eip1898.rs:789:43
[INFO] [stdout]      |
[INFO] [stdout] 789  |         let id = serde_json::from_value::<BlockId>(num).unwrap();
[INFO] [stdout]      |                                           ^^^^^^^ the trait `for<'de> Deserialize<'de>` is not implemented for `eip1898::BlockId`, which is required by `eip1898::BlockId: DeserializeOwned`
[INFO] [stdout]      |
[INFO] [stdout]      = help: the following other types implement trait `Deserialize<'de>`:
[INFO] [stdout]                &'a Path
[INFO] [stdout]                &'a [u8]
[INFO] [stdout]                &'a str
[INFO] [stdout]                ()
[INFO] [stdout]                (T,)
[INFO] [stdout]                (T0, T1)
[INFO] [stdout]                (T0, T1, T2)
[INFO] [stdout]                (T0, T1, T2, T3)
[INFO] [stdout]              and 157 others
[INFO] [stdout]      = note: required for `eip1898::BlockId` to implement `DeserializeOwned`
[INFO] [stdout] note: required by a bound in `from_value`
[INFO] [stdout]     --> /opt/rustwide/cargo-home/registry/src/index.crates.io-6f17d22bba15001f/serde_json-1.0.132/src/value/mod.rs:1032:8
[INFO] [stdout]      |
[INFO] [stdout] 1030 | pub fn from_value<T>(value: Value) -> Result<T, Error>
[INFO] [stdout]      |        ---------- required by a bound in this function
[INFO] [stdout] 1031 | where
[INFO] [stdout] 1032 |     T: DeserializeOwned,
[INFO] [stdout]      |        ^^^^^^^^^^^^^^^^ required by this bound in `from_value`
[INFO] [stdout] 
[INFO] [stdout] 
[INFO] [stdout] error[E0277]: the trait bound `eip1898::BlockId: DeserializeOwned` is not satisfied
[INFO] [stdout]     --> src/eip1898.rs:793:43
[INFO] [stdout]      |
[INFO] [stdout] 793  |         let id = serde_json::from_value::<BlockId>(num).unwrap();
[INFO] [stdout]      |                                           ^^^^^^^ the trait `for<'de> Deserialize<'de>` is not implemented for `eip1898::BlockId`, which is required by `eip1898::BlockId: DeserializeOwned`
[INFO] [stdout]      |
[INFO] [stdout]      = help: the following other types implement trait `Deserialize<'de>`:
[INFO] [stdout]                &'a Path
[INFO] [stdout]                &'a [u8]
[INFO] [stdout]                &'a str
[INFO] [stdout]                ()
[INFO] [stdout]                (T,)
[INFO] [stdout]                (T0, T1)
[INFO] [stdout]                (T0, T1, T2)
[INFO] [stdout]                (T0, T1, T2, T3)
[INFO] [stdout]              and 157 others
[INFO] [stdout]      = note: required for `eip1898::BlockId` to implement `DeserializeOwned`
[INFO] [stdout] note: required by a bound in `from_value`
[INFO] [stdout]     --> /opt/rustwide/cargo-home/registry/src/index.crates.io-6f17d22bba15001f/serde_json-1.0.132/src/value/mod.rs:1032:8
[INFO] [stdout]      |
[INFO] [stdout] 1030 | pub fn from_value<T>(value: Value) -> Result<T, Error>
[INFO] [stdout]      |        ---------- required by a bound in this function
[INFO] [stdout] 1031 | where
[INFO] [stdout] 1032 |     T: DeserializeOwned,
[INFO] [stdout]      |        ^^^^^^^^^^^^^^^^ required by this bound in `from_value`
[INFO] [stdout] 
[INFO] [stdout] 
[INFO] [stdout] error[E0277]: the trait bound `eip1898::BlockId: DeserializeOwned` is not satisfied
[INFO] [stdout]     --> src/eip1898.rs:797:43
[INFO] [stdout]      |
[INFO] [stdout] 797  |         let id = serde_json::from_value::<BlockId>(num).unwrap();
[INFO] [stdout]      |                                           ^^^^^^^ the trait `for<'de> Deserialize<'de>` is not implemented for `eip1898::BlockId`, which is required by `eip1898::BlockId: DeserializeOwned`
[INFO] [stdout]      |
[INFO] [stdout]      = help: the following other types implement trait `Deserialize<'de>`:
[INFO] [stdout]                &'a Path
[INFO] [stdout]                &'a [u8]
[INFO] [stdout]                &'a str
[INFO] [stdout]                ()
[INFO] [stdout]                (T,)
[INFO] [stdout]                (T0, T1)
[INFO] [stdout]                (T0, T1, T2)
[INFO] [stdout]                (T0, T1, T2, T3)
[INFO] [stdout]              and 157 others
[INFO] [stdout]      = note: required for `eip1898::BlockId` to implement `DeserializeOwned`
[INFO] [stdout] note: required by a bound in `from_value`
[INFO] [stdout]     --> /opt/rustwide/cargo-home/registry/src/index.crates.io-6f17d22bba15001f/serde_json-1.0.132/src/value/mod.rs:1032:8
[INFO] [stdout]      |
[INFO] [stdout] 1030 | pub fn from_value<T>(value: Value) -> Result<T, Error>
[INFO] [stdout]      |        ---------- required by a bound in this function
[INFO] [stdout] 1031 | where
[INFO] [stdout] 1032 |     T: DeserializeOwned,
[INFO] [stdout]      |        ^^^^^^^^^^^^^^^^ required by this bound in `from_value`
[INFO] [stdout] 
[INFO] [stdout] 
[INFO] [stdout] error[E0277]: the trait bound `eip1898::BlockId: DeserializeOwned` is not satisfied
[INFO] [stdout]     --> src/eip1898.rs:801:43
[INFO] [stdout]      |
[INFO] [stdout] 801  |         let id = serde_json::from_value::<BlockId>(num).unwrap();
[INFO] [stdout]      |                                           ^^^^^^^ the trait `for<'de> Deserialize<'de>` is not implemented for `eip1898::BlockId`, which is required by `eip1898::BlockId: DeserializeOwned`
[INFO] [stdout]      |
[INFO] [stdout]      = help: the following other types implement trait `Deserialize<'de>`:
[INFO] [stdout]                &'a Path
[INFO] [stdout]                &'a [u8]
[INFO] [stdout]                &'a str
[INFO] [stdout]                ()
[INFO] [stdout]                (T,)
[INFO] [stdout]                (T0, T1)
[INFO] [stdout]                (T0, T1, T2)
[INFO] [stdout]                (T0, T1, T2, T3)
[INFO] [stdout]              and 157 others
[INFO] [stdout]      = note: required for `eip1898::BlockId` to implement `DeserializeOwned`
[INFO] [stdout] note: required by a bound in `from_value`
[INFO] [stdout]     --> /opt/rustwide/cargo-home/registry/src/index.crates.io-6f17d22bba15001f/serde_json-1.0.132/src/value/mod.rs:1032:8
[INFO] [stdout]      |
[INFO] [stdout] 1030 | pub fn from_value<T>(value: Value) -> Result<T, Error>
[INFO] [stdout]      |        ---------- required by a bound in this function
[INFO] [stdout] 1031 | where
[INFO] [stdout] 1032 |     T: DeserializeOwned,
[INFO] [stdout]      |        ^^^^^^^^^^^^^^^^ required by this bound in `from_value`
[INFO] [stdout] 
[INFO] [stdout] 
[INFO] [stdout] error[E0277]: the trait bound `eip1898::BlockId: DeserializeOwned` is not satisfied
[INFO] [stdout]     --> src/eip1898.rs:805:43
[INFO] [stdout]      |
[INFO] [stdout] 805  |         let id = serde_json::from_value::<BlockId>(num).unwrap();
[INFO] [stdout]      |                                           ^^^^^^^ the trait `for<'de> Deserialize<'de>` is not implemented for `eip1898::BlockId`, which is required by `eip1898::BlockId: DeserializeOwned`
[INFO] [stdout]      |
[INFO] [stdout]      = help: the following other types implement trait `Deserialize<'de>`:
[INFO] [stdout]                &'a Path
[INFO] [stdout]                &'a [u8]
[INFO] [stdout]                &'a str
[INFO] [stdout]                ()
[INFO] [stdout]                (T,)
[INFO] [stdout]                (T0, T1)
[INFO] [stdout]                (T0, T1, T2)
[INFO] [stdout]                (T0, T1, T2, T3)
[INFO] [stdout]              and 157 others
[INFO] [stdout]      = note: required for `eip1898::BlockId` to implement `DeserializeOwned`
[INFO] [stdout] note: required by a bound in `from_value`
[INFO] [stdout]     --> /opt/rustwide/cargo-home/registry/src/index.crates.io-6f17d22bba15001f/serde_json-1.0.132/src/value/mod.rs:1032:8
[INFO] [stdout]      |
[INFO] [stdout] 1030 | pub fn from_value<T>(value: Value) -> Result<T, Error>
[INFO] [stdout]      |        ---------- required by a bound in this function
[INFO] [stdout] 1031 | where
[INFO] [stdout] 1032 |     T: DeserializeOwned,
[INFO] [stdout]      |        ^^^^^^^^^^^^^^^^ required by this bound in `from_value`
[INFO] [stdout] 
[INFO] [stdout] 
[INFO] [stdout] error[E0277]: the trait bound `eip1898::BlockId: DeserializeOwned` is not satisfied
[INFO] [stdout]     --> src/eip1898.rs:809:43
[INFO] [stdout]      |
[INFO] [stdout] 809  |         let id = serde_json::from_value::<BlockId>(num).unwrap();
[INFO] [stdout]      |                                           ^^^^^^^ the trait `for<'de> Deserialize<'de>` is not implemented for `eip1898::BlockId`, which is required by `eip1898::BlockId: DeserializeOwned`
[INFO] [stdout]      |
[INFO] [stdout]      = help: the following other types implement trait `Deserialize<'de>`:
[INFO] [stdout]                &'a Path
[INFO] [stdout]                &'a [u8]
[INFO] [stdout]                &'a str
[INFO] [stdout]                ()
[INFO] [stdout]                (T,)
[INFO] [stdout]                (T0, T1)
[INFO] [stdout]                (T0, T1, T2)
[INFO] [stdout]                (T0, T1, T2, T3)
[INFO] [stdout]              and 157 others
[INFO] [stdout]      = note: required for `eip1898::BlockId` to implement `DeserializeOwned`
[INFO] [stdout] note: required by a bound in `from_value`
[INFO] [stdout]     --> /opt/rustwide/cargo-home/registry/src/index.crates.io-6f17d22bba15001f/serde_json-1.0.132/src/value/mod.rs:1032:8
[INFO] [stdout]      |
[INFO] [stdout] 1030 | pub fn from_value<T>(value: Value) -> Result<T, Error>
[INFO] [stdout]      |        ---------- required by a bound in this function
[INFO] [stdout] 1031 | where
[INFO] [stdout] 1032 |     T: DeserializeOwned,
[INFO] [stdout]      |        ^^^^^^^^^^^^^^^^ required by this bound in `from_value`
[INFO] [stdout] 
[INFO] [stdout] 
[INFO] [stdout] error[E0277]: the trait bound `eip1898::BlockId: DeserializeOwned` is not satisfied
[INFO] [stdout]     --> src/eip1898.rs:815:43
[INFO] [stdout]      |
[INFO] [stdout] 815  |         let id = serde_json::from_value::<BlockId>(num).unwrap();
[INFO] [stdout]      |                                           ^^^^^^^ the trait `for<'de> Deserialize<'de>` is not implemented for `eip1898::BlockId`, which is required by `eip1898::BlockId: DeserializeOwned`
[INFO] [stdout]      |
[INFO] [stdout]      = help: the following other types implement trait `Deserialize<'de>`:
[INFO] [stdout]                &'a Path
[INFO] [stdout]                &'a [u8]
[INFO] [stdout]                &'a str
[INFO] [stdout]                ()
[INFO] [stdout]                (T,)
[INFO] [stdout]                (T0, T1)
[INFO] [stdout]                (T0, T1, T2)
[INFO] [stdout]                (T0, T1, T2, T3)
[INFO] [stdout]              and 157 others
[INFO] [stdout]      = note: required for `eip1898::BlockId` to implement `DeserializeOwned`
[INFO] [stdout] note: required by a bound in `from_value`
[INFO] [stdout]     --> /opt/rustwide/cargo-home/registry/src/index.crates.io-6f17d22bba15001f/serde_json-1.0.132/src/value/mod.rs:1032:8
[INFO] [stdout]      |
[INFO] [stdout] 1030 | pub fn from_value<T>(value: Value) -> Result<T, Error>
[INFO] [stdout]      |        ---------- required by a bound in this function
[INFO] [stdout] 1031 | where
[INFO] [stdout] 1032 |     T: DeserializeOwned,
[INFO] [stdout]      |        ^^^^^^^^^^^^^^^^ required by this bound in `from_value`
[INFO] [stdout] 
[INFO] [stdout] 
[INFO] [stdout] error[E0277]: the trait bound `eip2930::AccessList: Serialize` is not satisfied
[INFO] [stdout]     --> src/eip2930.rs:175:42
[INFO] [stdout]      |
[INFO] [stdout] 175  |         let json = serde_json::to_string(&list).unwrap();
[INFO] [stdout]      |                    --------------------- ^^^^^ the trait `Serialize` is not implemented for `eip2930::AccessList`
[INFO] [stdout]      |                    |
[INFO] [stdout]      |                    required by a bound introduced by this call
[INFO] [stdout]      |
[INFO] [stdout]      = note: for local types consider adding `#[derive(serde::Serialize)]` to your `eip2930::AccessList` type
[INFO] [stdout]      = note: for types from other crates check whether the crate offers a `serde` feature flag
[INFO] [stdout]      = help: the following other types implement trait `Serialize`:
[INFO] [stdout]                &'a T
[INFO] [stdout]                &'a mut T
[INFO] [stdout]                ()
[INFO] [stdout]                (T,)
[INFO] [stdout]                (T0, T1)
[INFO] [stdout]                (T0, T1, T2)
[INFO] [stdout]                (T0, T1, T2, T3)
[INFO] [stdout]                (T0, T1, T2, T3, T4)
[INFO] [stdout]              and 146 others
[INFO] [stdout] note: required by a bound in `serde_json::to_string`
[INFO] [stdout]     --> /opt/rustwide/cargo-home/registry/src/index.crates.io-6f17d22bba15001f/serde_json-1.0.132/src/ser.rs:2211:17
[INFO] [stdout]      |
[INFO] [stdout] 2209 | pub fn to_string<T>(value: &T) -> Result<String>
[INFO] [stdout]      |        --------- required by a bound in this function
[INFO] [stdout] 2210 | where
[INFO] [stdout] 2211 |     T: ?Sized + Serialize,
[INFO] [stdout]      |                 ^^^^^^^^^ required by this bound in `to_string`
[INFO] [stdout] 
[INFO] [stdout] 
[INFO] [stdout] error[E0277]: the trait bound `eip2930::AccessList: Deserialize<'_>` is not satisfied
[INFO] [stdout]     --> src/eip2930.rs:176:21
[INFO] [stdout]      |
[INFO] [stdout] 176  |         let list2 = serde_json::from_str::<AccessList>(&json).unwrap();
[INFO] [stdout]      |                     ^^^^^^^^^^^^^^^^^^^^^^^^^^^^^^^^^^^^^^^^^ the trait `Deserialize<'_>` is not implemented for `eip2930::AccessList`
[INFO] [stdout]      |
[INFO] [stdout]      = note: for local types consider adding `#[derive(serde::Deserialize)]` to your `eip2930::AccessList` type
[INFO] [stdout]      = note: for types from other crates check whether the crate offers a `serde` feature flag
[INFO] [stdout]      = help: the following other types implement trait `Deserialize<'de>`:
[INFO] [stdout]                &'a Path
[INFO] [stdout]                &'a [u8]
[INFO] [stdout]                &'a str
[INFO] [stdout]                ()
[INFO] [stdout]                (T,)
[INFO] [stdout]                (T0, T1)
[INFO] [stdout]                (T0, T1, T2)
[INFO] [stdout]                (T0, T1, T2, T3)
[INFO] [stdout]              and 157 others
[INFO] [stdout] note: required by a bound in `serde_json::from_str`
[INFO] [stdout]     --> /opt/rustwide/cargo-home/registry/src/index.crates.io-6f17d22bba15001f/serde_json-1.0.132/src/de.rs:2694:8
[INFO] [stdout]      |
[INFO] [stdout] 2692 | pub fn from_str<'a, T>(s: &'a str) -> Result<T>
[INFO] [stdout]      |        -------- required by a bound in this function
[INFO] [stdout] 2693 | where
[INFO] [stdout] 2694 |     T: de::Deserialize<'a>,
[INFO] [stdout]      |        ^^^^^^^^^^^^^^^^^^^ required by this bound in `from_str`
[INFO] [stdout] 
[INFO] [stdout] 
[INFO] [stdout] error[E0277]: the trait bound `eip2930::AccessListWithGasUsed: Serialize` is not satisfied
[INFO] [stdout]     --> src/eip2930.rs:189:42
[INFO] [stdout]      |
[INFO] [stdout] 189  |         let json = serde_json::to_string(&list).unwrap();
[INFO] [stdout]      |                    --------------------- ^^^^^ the trait `Serialize` is not implemented for `eip2930::AccessListWithGasUsed`
[INFO] [stdout]      |                    |
[INFO] [stdout]      |                    required by a bound introduced by this call
[INFO] [stdout]      |
[INFO] [stdout]      = note: for local types consider adding `#[derive(serde::Serialize)]` to your `eip2930::AccessListWithGasUsed` type
[INFO] [stdout]      = note: for types from other crates check whether the crate offers a `serde` feature flag
[INFO] [stdout]      = help: the following other types implement trait `Serialize`:
[INFO] [stdout]                &'a T
[INFO] [stdout]                &'a mut T
[INFO] [stdout]                ()
[INFO] [stdout]                (T,)
[INFO] [stdout]                (T0, T1)
[INFO] [stdout]                (T0, T1, T2)
[INFO] [stdout]                (T0, T1, T2, T3)
[INFO] [stdout]                (T0, T1, T2, T3, T4)
[INFO] [stdout]              and 146 others
[INFO] [stdout] note: required by a bound in `serde_json::to_string`
[INFO] [stdout]     --> /opt/rustwide/cargo-home/registry/src/index.crates.io-6f17d22bba15001f/serde_json-1.0.132/src/ser.rs:2211:17
[INFO] [stdout]      |
[INFO] [stdout] 2209 | pub fn to_string<T>(value: &T) -> Result<String>
[INFO] [stdout]      |        --------- required by a bound in this function
[INFO] [stdout] 2210 | where
[INFO] [stdout] 2211 |     T: ?Sized + Serialize,
[INFO] [stdout]      |                 ^^^^^^^^^ required by this bound in `to_string`
[INFO] [stdout] 
[INFO] [stdout] 
[INFO] [stdout] error[E0277]: the trait bound `eip2930::AccessListWithGasUsed: Deserialize<'_>` is not satisfied
[INFO] [stdout]     --> src/eip2930.rs:190:21
[INFO] [stdout]      |
[INFO] [stdout] 190  |         let list2 = serde_json::from_str::<AccessListWithGasUsed>(&json).unwrap();
[INFO] [stdout]      |                     ^^^^^^^^^^^^^^^^^^^^^^^^^^^^^^^^^^^^^^^^^^^^^^^^^^^^ the trait `Deserialize<'_>` is not implemented for `eip2930::AccessListWithGasUsed`
[INFO] [stdout]      |
[INFO] [stdout]      = note: for local types consider adding `#[derive(serde::Deserialize)]` to your `eip2930::AccessListWithGasUsed` type
[INFO] [stdout]      = note: for types from other crates check whether the crate offers a `serde` feature flag
[INFO] [stdout]      = help: the following other types implement trait `Deserialize<'de>`:
[INFO] [stdout]                &'a Path
[INFO] [stdout]                &'a [u8]
[INFO] [stdout]                &'a str
[INFO] [stdout]                ()
[INFO] [stdout]                (T,)
[INFO] [stdout]                (T0, T1)
[INFO] [stdout]                (T0, T1, T2)
[INFO] [stdout]                (T0, T1, T2, T3)
[INFO] [stdout]              and 157 others
[INFO] [stdout] note: required by a bound in `serde_json::from_str`
[INFO] [stdout]     --> /opt/rustwide/cargo-home/registry/src/index.crates.io-6f17d22bba15001f/serde_json-1.0.132/src/de.rs:2694:8
[INFO] [stdout]      |
[INFO] [stdout] 2692 | pub fn from_str<'a, T>(s: &'a str) -> Result<T>
[INFO] [stdout]      |        -------- required by a bound in this function
[INFO] [stdout] 2693 | where
[INFO] [stdout] 2694 |     T: de::Deserialize<'a>,
[INFO] [stdout]      |        ^^^^^^^^^^^^^^^^^^^ required by this bound in `from_str`
[INFO] [stdout] 
[INFO] [stdout] 
[INFO] [stdout] error[E0277]: the trait bound `eip4895::Withdrawal: Deserialize<'_>` is not satisfied
[INFO] [stdout]     --> src/eip4895.rs:52:44
[INFO] [stdout]      |
[INFO] [stdout] 52   |         let withdrawals: Vec<Withdrawal> = serde_json::from_str(input).unwrap();
[INFO] [stdout]      |                                            ^^^^^^^^^^^^^^^^^^^^^^^^^^^ the trait `Deserialize<'_>` is not implemented for `eip4895::Withdrawal`, which is required by `Vec<eip4895::Withdrawal>: Deserialize<'_>`
[INFO] [stdout]      |
[INFO] [stdout]      = note: for local types consider adding `#[derive(serde::Deserialize)]` to your `eip4895::Withdrawal` type
[INFO] [stdout]      = note: for types from other crates check whether the crate offers a `serde` feature flag
[INFO] [stdout]      = help: the following other types implement trait `Deserialize<'de>`:
[INFO] [stdout]                &'a Path
[INFO] [stdout]                &'a [u8]
[INFO] [stdout]                &'a str
[INFO] [stdout]                ()
[INFO] [stdout]                (T,)
[INFO] [stdout]                (T0, T1)
[INFO] [stdout]                (T0, T1, T2)
[INFO] [stdout]                (T0, T1, T2, T3)
[INFO] [stdout]              and 157 others
[INFO] [stdout]      = note: required for `Vec<eip4895::Withdrawal>` to implement `Deserialize<'_>`
[INFO] [stdout] note: required by a bound in `serde_json::from_str`
[INFO] [stdout]     --> /opt/rustwide/cargo-home/registry/src/index.crates.io-6f17d22bba15001f/serde_json-1.0.132/src/de.rs:2694:8
[INFO] [stdout]      |
[INFO] [stdout] 2692 | pub fn from_str<'a, T>(s: &'a str) -> Result<T>
[INFO] [stdout]      |        -------- required by a bound in this function
[INFO] [stdout] 2693 | where
[INFO] [stdout] 2694 |     T: de::Deserialize<'a>,
[INFO] [stdout]      |        ^^^^^^^^^^^^^^^^^^^ required by this bound in `from_str`
[INFO] [stdout] 
[INFO] [stdout] 
[INFO] [stdout] error[E0277]: the trait bound `eip4895::Withdrawal: Serialize` is not satisfied
[INFO] [stdout]     --> src/eip4895.rs:53:39
[INFO] [stdout]      |
[INFO] [stdout] 53   |         let s = serde_json::to_string(&withdrawals).unwrap();
[INFO] [stdout]      |                 --------------------- ^^^^^^^^^^^^ the trait `Serialize` is not implemented for `eip4895::Withdrawal`, which is required by `Vec<eip4895::Withdrawal>: Serialize`
[INFO] [stdout]      |                 |
[INFO] [stdout]      |                 required by a bound introduced by this call
[INFO] [stdout]      |
[INFO] [stdout]      = note: for local types consider adding `#[derive(serde::Serialize)]` to your `eip4895::Withdrawal` type
[INFO] [stdout]      = note: for types from other crates check whether the crate offers a `serde` feature flag
[INFO] [stdout]      = help: the following other types implement trait `Serialize`:
[INFO] [stdout]                &'a T
[INFO] [stdout]                &'a mut T
[INFO] [stdout]                ()
[INFO] [stdout]                (T,)
[INFO] [stdout]                (T0, T1)
[INFO] [stdout]                (T0, T1, T2)
[INFO] [stdout]                (T0, T1, T2, T3)
[INFO] [stdout]                (T0, T1, T2, T3, T4)
[INFO] [stdout]              and 146 others
[INFO] [stdout]      = note: required for `Vec<eip4895::Withdrawal>` to implement `Serialize`
[INFO] [stdout] note: required by a bound in `serde_json::to_string`
[INFO] [stdout]     --> /opt/rustwide/cargo-home/registry/src/index.crates.io-6f17d22bba15001f/serde_json-1.0.132/src/ser.rs:2211:17
[INFO] [stdout]      |
[INFO] [stdout] 2209 | pub fn to_string<T>(value: &T) -> Result<String>
[INFO] [stdout]      |        --------- required by a bound in this function
[INFO] [stdout] 2210 | where
[INFO] [stdout] 2211 |     T: ?Sized + Serialize,
[INFO] [stdout]      |                 ^^^^^^^^^ required by this bound in `to_string`
[INFO] [stdout] 
[INFO] [stdout] 
[INFO] [stdout] Some errors have detailed explanations: E0277, E0425.
[INFO] [stdout] 
[INFO] [stdout] For more information about an error, try `rustc --explain E0277`.
[INFO] [stdout] 
[INFO] [stderr] error: could not compile `linera-alloy-eips` (lib test) due to 21 previous errors
[INFO] running `Command { std: "docker" "inspect" "d753ba9e8f7262f8068046de1d2c9723ccf0f822c3c32da473ab0f4373f0d295", kill_on_drop: false }`
[INFO] running `Command { std: "docker" "rm" "-f" "d753ba9e8f7262f8068046de1d2c9723ccf0f822c3c32da473ab0f4373f0d295", kill_on_drop: false }`
[INFO] [stdout] d753ba9e8f7262f8068046de1d2c9723ccf0f822c3c32da473ab0f4373f0d295
