[INFO] fetching crate linera-alloy-consensus 0.1.0...
[INFO] testing linera-alloy-consensus-0.1.0 against nightly-2024-10-28 for randomize-layout
[INFO] extracting crate linera-alloy-consensus 0.1.0 into /workspace/builds/worker-5-tc1/source
[INFO] validating manifest of crates.io crate linera-alloy-consensus 0.1.0 on toolchain nightly-2024-10-28
[INFO] running `Command { std: CARGO_HOME="/workspace/cargo-home" RUSTUP_HOME="/workspace/rustup-home" "/workspace/cargo-home/bin/cargo" "+nightly-2024-10-28" "metadata" "--manifest-path" "Cargo.toml" "--no-deps", kill_on_drop: false }`
[INFO] started tweaking crates.io crate linera-alloy-consensus 0.1.0
[INFO] finished tweaking crates.io crate linera-alloy-consensus 0.1.0
[INFO] tweaked toml for crates.io crate linera-alloy-consensus 0.1.0 written to /workspace/builds/worker-5-tc1/source/Cargo.toml
[INFO] running `Command { std: CARGO_HOME="/workspace/cargo-home" RUSTUP_HOME="/workspace/rustup-home" "/workspace/cargo-home/bin/cargo" "+nightly-2024-10-28" "generate-lockfile" "--manifest-path" "Cargo.toml", kill_on_drop: false }`
[INFO] [stderr]     Updating crates.io index
[INFO] [stderr]      Locking 180 packages to latest compatible versions
[INFO] [stderr]       Adding c-kzg v1.0.3 (available: v2.0.0)
[INFO] [stderr]       Adding proptest-derive v0.4.0 (available: v0.5.0)
[INFO] running `Command { std: CARGO_HOME="/workspace/cargo-home" RUSTUP_HOME="/workspace/rustup-home" "/workspace/cargo-home/bin/cargo" "+nightly-2024-10-28" "fetch" "--manifest-path" "Cargo.toml", kill_on_drop: false }`
[INFO] [stderr]  Downloading crates ...
[INFO] [stderr]   Downloaded linera-alloy-serde v0.1.0
[INFO] [stderr]   Downloaded ethereum_ssz v0.5.4
[INFO] [stderr]   Downloaded linera-alloy-signer v0.1.0
[INFO] [stderr]   Downloaded linera-alloy-primitives v0.7.4
[INFO] [stderr]   Downloaded linera-alloy-eips v0.1.0
[INFO] running `Command { std: "docker" "create" "-v" "/var/lib/crater-agent-workspace/builds/worker-5-tc1/target:/opt/rustwide/target:rw,Z" "-v" "/var/lib/crater-agent-workspace/builds/worker-5-tc1/source:/opt/rustwide/workdir:ro,Z" "-v" "/var/lib/crater-agent-workspace/cargo-home:/opt/rustwide/cargo-home:ro,Z" "-v" "/var/lib/crater-agent-workspace/rustup-home:/opt/rustwide/rustup-home:ro,Z" "-e" "SOURCE_DIR=/opt/rustwide/workdir" "-e" "CARGO_TARGET_DIR=/opt/rustwide/target" "-e" "CARGO_HOME=/opt/rustwide/cargo-home" "-e" "RUSTUP_HOME=/opt/rustwide/rustup-home" "-w" "/opt/rustwide/workdir" "-m" "1610612736" "--user" "0:0" "--network" "none" "ghcr.io/rust-lang/crates-build-env/linux@sha256:4a844ea9eb2546a2d2c7022eacef16ef2e8229c7fbb2c7d4d55a9ceca922f72d" "/opt/rustwide/cargo-home/bin/cargo" "+nightly-2024-10-28" "metadata" "--no-deps" "--format-version=1", kill_on_drop: false }`
[INFO] [stdout] 7e533fa63a5bcbf1527ae26b08a82ef2777b0cbe6ce52137e78d1d9d170fab6d
[INFO] running `Command { std: "docker" "start" "-a" "7e533fa63a5bcbf1527ae26b08a82ef2777b0cbe6ce52137e78d1d9d170fab6d", kill_on_drop: false }`
[INFO] running `Command { std: "docker" "inspect" "7e533fa63a5bcbf1527ae26b08a82ef2777b0cbe6ce52137e78d1d9d170fab6d", kill_on_drop: false }`
[INFO] running `Command { std: "docker" "rm" "-f" "7e533fa63a5bcbf1527ae26b08a82ef2777b0cbe6ce52137e78d1d9d170fab6d", kill_on_drop: false }`
[INFO] [stdout] 7e533fa63a5bcbf1527ae26b08a82ef2777b0cbe6ce52137e78d1d9d170fab6d
[INFO] running `Command { std: "docker" "create" "-v" "/var/lib/crater-agent-workspace/builds/worker-5-tc1/target:/opt/rustwide/target:rw,Z" "-v" "/var/lib/crater-agent-workspace/builds/worker-5-tc1/source:/opt/rustwide/workdir:ro,Z" "-v" "/var/lib/crater-agent-workspace/cargo-home:/opt/rustwide/cargo-home:ro,Z" "-v" "/var/lib/crater-agent-workspace/rustup-home:/opt/rustwide/rustup-home:ro,Z" "-e" "SOURCE_DIR=/opt/rustwide/workdir" "-e" "CARGO_TARGET_DIR=/opt/rustwide/target" "-e" "CARGO_INCREMENTAL=0" "-e" "RUST_BACKTRACE=full" "-e" "RUSTFLAGS=--cap-lints=forbid" "-e" "RUSTDOCFLAGS=--cap-lints=forbid" "-e" "CARGO_HOME=/opt/rustwide/cargo-home" "-e" "RUSTUP_HOME=/opt/rustwide/rustup-home" "-w" "/opt/rustwide/workdir" "-m" "1610612736" "--user" "0:0" "--network" "none" "ghcr.io/rust-lang/crates-build-env/linux@sha256:4a844ea9eb2546a2d2c7022eacef16ef2e8229c7fbb2c7d4d55a9ceca922f72d" "/opt/rustwide/cargo-home/bin/cargo" "+nightly-2024-10-28" "build" "--frozen" "--message-format=json", kill_on_drop: false }`
[INFO] [stdout] 51c0ce242b256d17f9b74bcd3eca6fb382e87eb0a265ad31d91dd1fa3878aa68
[INFO] running `Command { std: "docker" "start" "-a" "51c0ce242b256d17f9b74bcd3eca6fb382e87eb0a265ad31d91dd1fa3878aa68", kill_on_drop: false }`
[INFO] [stderr]    Compiling serde v1.0.214
[INFO] [stderr]    Compiling crunchy v0.2.2
[INFO] [stderr]    Compiling tiny-keccak v2.0.2
[INFO] [stderr]    Compiling serde_json v1.0.132
[INFO] [stderr]    Compiling ruint-macro v1.2.1
[INFO] [stderr]    Compiling convert_case v0.4.0
[INFO] [stderr]    Compiling memchr v2.7.4
[INFO] [stderr]    Compiling hex-literal v0.4.1
[INFO] [stderr]    Compiling syn v2.0.86
[INFO] [stderr]    Compiling sha2 v0.10.8
[INFO] [stderr]    Compiling serde_derive v1.0.214
[INFO] [stderr]    Compiling alloy-rlp-derive v0.3.9
[INFO] [stderr]    Compiling derive_more v0.99.18
[INFO] [stderr]    Compiling bytes v1.8.0
[INFO] [stderr]    Compiling const-hex v1.13.1
[INFO] [stderr]    Compiling alloy-rlp v0.3.9
[INFO] [stderr]    Compiling ruint v1.12.3
[INFO] [stderr]    Compiling linera-alloy-primitives v0.7.4
[INFO] [stderr]    Compiling linera-alloy-serde v0.1.0
[INFO] [stderr]    Compiling linera-alloy-eips v0.1.0
[INFO] [stderr]    Compiling linera-alloy-consensus v0.1.0 (/opt/rustwide/workdir)
[INFO] [stderr]     Finished `dev` profile [unoptimized + debuginfo] target(s) in 7.30s
[INFO] running `Command { std: "docker" "inspect" "51c0ce242b256d17f9b74bcd3eca6fb382e87eb0a265ad31d91dd1fa3878aa68", kill_on_drop: false }`
[INFO] running `Command { std: "docker" "rm" "-f" "51c0ce242b256d17f9b74bcd3eca6fb382e87eb0a265ad31d91dd1fa3878aa68", kill_on_drop: false }`
[INFO] [stdout] 51c0ce242b256d17f9b74bcd3eca6fb382e87eb0a265ad31d91dd1fa3878aa68
[INFO] running `Command { std: "docker" "create" "-v" "/var/lib/crater-agent-workspace/builds/worker-5-tc1/target:/opt/rustwide/target:rw,Z" "-v" "/var/lib/crater-agent-workspace/builds/worker-5-tc1/source:/opt/rustwide/workdir:ro,Z" "-v" "/var/lib/crater-agent-workspace/cargo-home:/opt/rustwide/cargo-home:ro,Z" "-v" "/var/lib/crater-agent-workspace/rustup-home:/opt/rustwide/rustup-home:ro,Z" "-e" "SOURCE_DIR=/opt/rustwide/workdir" "-e" "CARGO_TARGET_DIR=/opt/rustwide/target" "-e" "CARGO_INCREMENTAL=0" "-e" "RUST_BACKTRACE=full" "-e" "RUSTFLAGS=--cap-lints=forbid" "-e" "RUSTDOCFLAGS=--cap-lints=forbid" "-e" "CARGO_HOME=/opt/rustwide/cargo-home" "-e" "RUSTUP_HOME=/opt/rustwide/rustup-home" "-w" "/opt/rustwide/workdir" "-m" "1610612736" "--user" "0:0" "--network" "none" "ghcr.io/rust-lang/crates-build-env/linux@sha256:4a844ea9eb2546a2d2c7022eacef16ef2e8229c7fbb2c7d4d55a9ceca922f72d" "/opt/rustwide/cargo-home/bin/cargo" "+nightly-2024-10-28" "test" "--frozen" "--no-run" "--message-format=json", kill_on_drop: false }`
[INFO] [stdout] de1e5f01bf5f5e315ae385afeed282ce9b1f3620dc6b6f2fe11647462cc9c671
[INFO] running `Command { std: "docker" "start" "-a" "de1e5f01bf5f5e315ae385afeed282ce9b1f3620dc6b6f2fe11647462cc9c671", kill_on_drop: false }`
[INFO] [stderr]    Compiling zeroize v1.8.1
[INFO] [stderr]    Compiling subtle v2.6.1
[INFO] [stderr]    Compiling const-oid v0.9.6
[INFO] [stderr]    Compiling generic-array v0.14.7
[INFO] [stderr]    Compiling num-traits v0.2.19
[INFO] [stderr]    Compiling once_cell v1.20.2
[INFO] [stderr]    Compiling base16ct v0.2.0
[INFO] [stderr]    Compiling bit-vec v0.6.3
[INFO] [stderr]    Compiling syn v2.0.86
[INFO] [stderr]    Compiling wait-timeout v0.2.0
[INFO] [stderr]    Compiling unarray v0.1.4
[INFO] [stderr]    Compiling syn v1.0.109
[INFO] [stderr]    Compiling rand_xorshift v0.3.0
[INFO] [stderr]    Compiling der v0.7.9
[INFO] [stderr]    Compiling ff v0.13.0
[INFO] [stderr]    Compiling tempfile v3.13.0
[INFO] [stderr]    Compiling bit-set v0.5.3
[INFO] [stderr]    Compiling group v0.13.0
[INFO] [stderr]    Compiling rusty-fork v0.3.0
[INFO] [stderr]    Compiling block-buffer v0.10.4
[INFO] [stderr]    Compiling crypto-common v0.1.6
[INFO] [stderr]    Compiling crypto-bigint v0.5.5
[INFO] [stderr]    Compiling digest v0.10.7
[INFO] [stderr]    Compiling hmac v0.12.1
[INFO] [stderr]    Compiling signature v2.2.0
[INFO] [stderr]    Compiling sha2 v0.10.8
[INFO] [stderr]    Compiling rfc6979 v0.4.0
[INFO] [stderr]    Compiling sec1 v0.7.3
[INFO] [stderr]    Compiling spki v0.7.3
[INFO] [stderr]    Compiling elliptic-curve v0.13.8
[INFO] [stderr]    Compiling ecdsa v0.16.9
[INFO] [stderr]    Compiling k256 v0.13.4
[INFO] [stderr]    Compiling proptest-derive v0.4.0
[INFO] [stderr]    Compiling serde_derive v1.0.214
[INFO] [stderr]    Compiling zerocopy-derive v0.7.35
[INFO] [stderr]    Compiling derive_arbitrary v1.3.2
[INFO] [stderr]    Compiling alloy-rlp-derive v0.3.9
[INFO] [stderr]    Compiling derive_more v0.99.18
[INFO] [stderr]    Compiling thiserror-impl v1.0.66
[INFO] [stderr]    Compiling async-trait v0.1.83
[INFO] [stderr]    Compiling tokio-macros v2.4.0
[INFO] [stderr]    Compiling auto_impl v1.2.0
[INFO] [stderr]    Compiling tokio v1.41.0
[INFO] [stderr]    Compiling arbitrary v1.3.2
[INFO] [stderr]    Compiling zerocopy v0.7.35
[INFO] [stderr]    Compiling thiserror v1.0.66
[INFO] [stderr]    Compiling ppv-lite86 v0.2.20
[INFO] [stderr]    Compiling rand_chacha v0.3.1
[INFO] [stderr]    Compiling rand v0.8.5
[INFO] [stderr]    Compiling serde v1.0.214
[INFO] [stderr]    Compiling proptest v1.5.0
[INFO] [stderr]    Compiling bytes v1.8.0
[INFO] [stderr]    Compiling const-hex v1.13.1
[INFO] [stderr]    Compiling serde_json v1.0.132
[INFO] [stderr]    Compiling alloy-rlp v0.3.9
[INFO] [stderr]    Compiling ruint v1.12.3
[INFO] [stderr]    Compiling linera-alloy-primitives v0.7.4
[INFO] [stderr]    Compiling linera-alloy-serde v0.1.0
[INFO] [stderr]    Compiling linera-alloy-signer v0.1.0
[INFO] [stderr]    Compiling linera-alloy-eips v0.1.0
[INFO] [stderr]    Compiling linera-alloy-consensus v0.1.0 (/opt/rustwide/workdir)
[INFO] [stdout] warning: unused imports: `Bytes` and `TxKind`
[INFO] [stdout]    --> src/transaction/envelope.rs:304:49
[INFO] [stdout]     |
[INFO] [stdout] 304 |     use linera_alloy_primitives::{hex, Address, Bytes, Signature, TxKind, U256};
[INFO] [stdout]     |                                                 ^^^^^             ^^^^^^
[INFO] [stdout]     |
[INFO] [stdout]     = note: `#[warn(unused_imports)]` on by default
[INFO] [stdout] 
[INFO] [stdout] 
[INFO] [stdout] error[E0277]: the trait bound `DepositRequest: _proptest::arbitrary::Arbitrary` is not satisfied
[INFO] [stdout]   --> src/request.rs:15:12
[INFO] [stdout]    |
[INFO] [stdout] 15 |     derive(proptest_derive::Arbitrary, arbitrary::Arbitrary)
[INFO] [stdout]    |            ^^^^^^^^^^^^^^^^^^^^^^^^^^ the trait `_proptest::arbitrary::Arbitrary` is not implemented for `DepositRequest`
[INFO] [stdout]    |
[INFO] [stdout]    = help: the following other types implement trait `_proptest::arbitrary::Arbitrary`:
[INFO] [stdout]              ()
[INFO] [stdout]              (SyncSender<A>, std::sync::mpsc::IntoIter<A>)
[INFO] [stdout]              (SyncSender<A>, std::sync::mpsc::Receiver<A>)
[INFO] [stdout]              (T0, T1)
[INFO] [stdout]              (T0, T1, T2)
[INFO] [stdout]              (T0, T1, T2, T3)
[INFO] [stdout]              (T0, T1, T2, T3, T4)
[INFO] [stdout]              (T0, T1, T2, T3, T4, T5)
[INFO] [stdout]            and 199 others
[INFO] [stdout]    = note: this error originates in the derive macro `proptest_derive::Arbitrary` (in Nightly builds, run with -Z macro-backtrace for more info)
[INFO] [stdout] 
[INFO] [stdout] 
[INFO] [stdout] error[E0277]: the trait bound `WithdrawalRequest: _proptest::arbitrary::Arbitrary` is not satisfied
[INFO] [stdout]   --> src/request.rs:15:12
[INFO] [stdout]    |
[INFO] [stdout] 15 |     derive(proptest_derive::Arbitrary, arbitrary::Arbitrary)
[INFO] [stdout]    |            ^^^^^^^^^^^^^^^^^^^^^^^^^^ the trait `_proptest::arbitrary::Arbitrary` is not implemented for `WithdrawalRequest`
[INFO] [stdout]    |
[INFO] [stdout]    = help: the following other types implement trait `_proptest::arbitrary::Arbitrary`:
[INFO] [stdout]              ()
[INFO] [stdout]              (SyncSender<A>, std::sync::mpsc::IntoIter<A>)
[INFO] [stdout]              (SyncSender<A>, std::sync::mpsc::Receiver<A>)
[INFO] [stdout]              (T0, T1)
[INFO] [stdout]              (T0, T1, T2)
[INFO] [stdout]              (T0, T1, T2, T3)
[INFO] [stdout]              (T0, T1, T2, T3, T4)
[INFO] [stdout]              (T0, T1, T2, T3, T4, T5)
[INFO] [stdout]            and 199 others
[INFO] [stdout]    = note: this error originates in the derive macro `proptest_derive::Arbitrary` (in Nightly builds, run with -Z macro-backtrace for more info)
[INFO] [stdout] 
[INFO] [stdout] 
[INFO] [stdout] error[E0277]: the trait bound `DepositRequest: _proptest::arbitrary::Arbitrary` is not satisfied
[INFO] [stdout]   --> src/request.rs:23:20
[INFO] [stdout]    |
[INFO] [stdout] 23 |     DepositRequest(DepositRequest),
[INFO] [stdout]    |                    ^^^^^^^^^^^^^^ the trait `_proptest::arbitrary::Arbitrary` is not implemented for `DepositRequest`
[INFO] [stdout]    |
[INFO] [stdout]    = help: the following other types implement trait `_proptest::arbitrary::Arbitrary`:
[INFO] [stdout]              ()
[INFO] [stdout]              (SyncSender<A>, std::sync::mpsc::IntoIter<A>)
[INFO] [stdout]              (SyncSender<A>, std::sync::mpsc::Receiver<A>)
[INFO] [stdout]              (T0, T1)
[INFO] [stdout]              (T0, T1, T2)
[INFO] [stdout]              (T0, T1, T2, T3)
[INFO] [stdout]              (T0, T1, T2, T3, T4)
[INFO] [stdout]              (T0, T1, T2, T3, T4, T5)
[INFO] [stdout]            and 199 others
[INFO] [stdout] 
[INFO] [stdout] 
[INFO] [stdout] error[E0277]: the trait bound `WithdrawalRequest: _proptest::arbitrary::Arbitrary` is not satisfied
[INFO] [stdout]   --> src/request.rs:27:23
[INFO] [stdout]    |
[INFO] [stdout] 27 |     WithdrawalRequest(WithdrawalRequest),
[INFO] [stdout]    |                       ^^^^^^^^^^^^^^^^^ the trait `_proptest::arbitrary::Arbitrary` is not implemented for `WithdrawalRequest`
[INFO] [stdout]    |
[INFO] [stdout]    = help: the following other types implement trait `_proptest::arbitrary::Arbitrary`:
[INFO] [stdout]              ()
[INFO] [stdout]              (SyncSender<A>, std::sync::mpsc::IntoIter<A>)
[INFO] [stdout]              (SyncSender<A>, std::sync::mpsc::Receiver<A>)
[INFO] [stdout]              (T0, T1)
[INFO] [stdout]              (T0, T1, T2)
[INFO] [stdout]              (T0, T1, T2, T3)
[INFO] [stdout]              (T0, T1, T2, T3, T4)
[INFO] [stdout]              (T0, T1, T2, T3, T4, T5)
[INFO] [stdout]            and 199 others
[INFO] [stdout] 
[INFO] [stdout] 
[INFO] [stdout] error[E0277]: the trait bound `DepositRequest: _proptest::arbitrary::Arbitrary` is not satisfied
[INFO] [stdout]    --> src/request.rs:23:20
[INFO] [stdout]     |
[INFO] [stdout] 23  |     DepositRequest(DepositRequest),
[INFO] [stdout]     |                    ^^^^^^^^^^^^^^ the trait `_proptest::arbitrary::Arbitrary` is not implemented for `DepositRequest`
[INFO] [stdout]     |
[INFO] [stdout]     = help: the following other types implement trait `_proptest::arbitrary::Arbitrary`:
[INFO] [stdout]               ()
[INFO] [stdout]               (SyncSender<A>, std::sync::mpsc::IntoIter<A>)
[INFO] [stdout]               (SyncSender<A>, std::sync::mpsc::Receiver<A>)
[INFO] [stdout]               (T0, T1)
[INFO] [stdout]               (T0, T1, T2)
[INFO] [stdout]               (T0, T1, T2, T3)
[INFO] [stdout]               (T0, T1, T2, T3, T4)
[INFO] [stdout]               (T0, T1, T2, T3, T4, T5)
[INFO] [stdout]             and 199 others
[INFO] [stdout] note: required by a bound in `any_with`
[INFO] [stdout]    --> /opt/rustwide/cargo-home/registry/src/index.crates.io-6f17d22bba15001f/proptest-1.5.0/src/arbitrary/traits.rs:208:20
[INFO] [stdout]     |
[INFO] [stdout] 208 | pub fn any_with<A: Arbitrary>(args: ParamsFor<A>) -> StrategyFor<A> {
[INFO] [stdout]     |                    ^^^^^^^^^ required by this bound in `any_with`
[INFO] [stdout] 
[INFO] [stdout] 
[INFO] [stdout] error[E0277]: the trait bound `WithdrawalRequest: _proptest::arbitrary::Arbitrary` is not satisfied
[INFO] [stdout]    --> src/request.rs:27:23
[INFO] [stdout]     |
[INFO] [stdout] 27  |     WithdrawalRequest(WithdrawalRequest),
[INFO] [stdout]     |                       ^^^^^^^^^^^^^^^^^ the trait `_proptest::arbitrary::Arbitrary` is not implemented for `WithdrawalRequest`
[INFO] [stdout]     |
[INFO] [stdout]     = help: the following other types implement trait `_proptest::arbitrary::Arbitrary`:
[INFO] [stdout]               ()
[INFO] [stdout]               (SyncSender<A>, std::sync::mpsc::IntoIter<A>)
[INFO] [stdout]               (SyncSender<A>, std::sync::mpsc::Receiver<A>)
[INFO] [stdout]               (T0, T1)
[INFO] [stdout]               (T0, T1, T2)
[INFO] [stdout]               (T0, T1, T2, T3)
[INFO] [stdout]               (T0, T1, T2, T3, T4)
[INFO] [stdout]               (T0, T1, T2, T3, T4, T5)
[INFO] [stdout]             and 199 others
[INFO] [stdout] note: required by a bound in `any_with`
[INFO] [stdout]    --> /opt/rustwide/cargo-home/registry/src/index.crates.io-6f17d22bba15001f/proptest-1.5.0/src/arbitrary/traits.rs:208:20
[INFO] [stdout]     |
[INFO] [stdout] 208 | pub fn any_with<A: Arbitrary>(args: ParamsFor<A>) -> StrategyFor<A> {
[INFO] [stdout]     |                    ^^^^^^^^^ required by this bound in `any_with`
[INFO] [stdout] 
[INFO] [stdout] 
[INFO] [stdout] error[E0277]: the trait bound `DepositRequest: arbitrary::Arbitrary<'_>` is not satisfied
[INFO] [stdout]   --> src/request.rs:15:40
[INFO] [stdout]    |
[INFO] [stdout] 15 |     derive(proptest_derive::Arbitrary, arbitrary::Arbitrary)
[INFO] [stdout]    |                                        ^^^^^^^^^^^^^^^^^^^^ the trait `arbitrary::Arbitrary<'_>` is not implemented for `DepositRequest`
[INFO] [stdout]    |
[INFO] [stdout]    = help: the following other types implement trait `arbitrary::Arbitrary<'a>`:
[INFO] [stdout]              `&'a [u8]` implements `arbitrary::Arbitrary<'a>`
[INFO] [stdout]              `&'a str` implements `arbitrary::Arbitrary<'a>`
[INFO] [stdout]              `()` implements `arbitrary::Arbitrary<'a>`
[INFO] [stdout]              `(B, C, D, E, F, G, H, I, J, K, L, M, N, O, P, Q, R, S, T, U, V, W, X, Y, Z, A)` implements `arbitrary::Arbitrary<'a>`
[INFO] [stdout]              `(C, D, E, F, G, H, I, J, K, L, M, N, O, P, Q, R, S, T, U, V, W, X, Y, Z, B)` implements `arbitrary::Arbitrary<'a>`
[INFO] [stdout]              `(D, E, F, G, H, I, J, K, L, M, N, O, P, Q, R, S, T, U, V, W, X, Y, Z, C)` implements `arbitrary::Arbitrary<'a>`
[INFO] [stdout]              `(E, F, G, H, I, J, K, L, M, N, O, P, Q, R, S, T, U, V, W, X, Y, Z, D)` implements `arbitrary::Arbitrary<'a>`
[INFO] [stdout]              `(F, G, H, I, J, K, L, M, N, O, P, Q, R, S, T, U, V, W, X, Y, Z, E)` implements `arbitrary::Arbitrary<'a>`
[INFO] [stdout]            and 110 others
[INFO] [stdout]    = note: this error originates in the derive macro `arbitrary::Arbitrary` (in Nightly builds, run with -Z macro-backtrace for more info)
[INFO] [stdout] 
[INFO] [stdout] 
[INFO] [stdout] error[E0277]: the trait bound `WithdrawalRequest: arbitrary::Arbitrary<'_>` is not satisfied
[INFO] [stdout]   --> src/request.rs:15:40
[INFO] [stdout]    |
[INFO] [stdout] 15 |     derive(proptest_derive::Arbitrary, arbitrary::Arbitrary)
[INFO] [stdout]    |                                        ^^^^^^^^^^^^^^^^^^^^ the trait `arbitrary::Arbitrary<'_>` is not implemented for `WithdrawalRequest`
[INFO] [stdout]    |
[INFO] [stdout]    = help: the following other types implement trait `arbitrary::Arbitrary<'a>`:
[INFO] [stdout]              `&'a [u8]` implements `arbitrary::Arbitrary<'a>`
[INFO] [stdout]              `&'a str` implements `arbitrary::Arbitrary<'a>`
[INFO] [stdout]              `()` implements `arbitrary::Arbitrary<'a>`
[INFO] [stdout]              `(B, C, D, E, F, G, H, I, J, K, L, M, N, O, P, Q, R, S, T, U, V, W, X, Y, Z, A)` implements `arbitrary::Arbitrary<'a>`
[INFO] [stdout]              `(C, D, E, F, G, H, I, J, K, L, M, N, O, P, Q, R, S, T, U, V, W, X, Y, Z, B)` implements `arbitrary::Arbitrary<'a>`
[INFO] [stdout]              `(D, E, F, G, H, I, J, K, L, M, N, O, P, Q, R, S, T, U, V, W, X, Y, Z, C)` implements `arbitrary::Arbitrary<'a>`
[INFO] [stdout]              `(E, F, G, H, I, J, K, L, M, N, O, P, Q, R, S, T, U, V, W, X, Y, Z, D)` implements `arbitrary::Arbitrary<'a>`
[INFO] [stdout]              `(F, G, H, I, J, K, L, M, N, O, P, Q, R, S, T, U, V, W, X, Y, Z, E)` implements `arbitrary::Arbitrary<'a>`
[INFO] [stdout]            and 110 others
[INFO] [stdout]    = note: this error originates in the derive macro `arbitrary::Arbitrary` (in Nightly builds, run with -Z macro-backtrace for more info)
[INFO] [stdout] 
[INFO] [stdout] 
[INFO] [stdout] error[E0277]: the trait bound `DepositRequest: arbitrary::Arbitrary<'_>` is not satisfied
[INFO] [stdout]   --> src/request.rs:23:20
[INFO] [stdout]    |
[INFO] [stdout] 23 |     DepositRequest(DepositRequest),
[INFO] [stdout]    |                    ^^^^^^^^^^^^^^ the trait `arbitrary::Arbitrary<'_>` is not implemented for `DepositRequest`
[INFO] [stdout]    |
[INFO] [stdout]    = help: the following other types implement trait `arbitrary::Arbitrary<'a>`:
[INFO] [stdout]              `&'a [u8]` implements `arbitrary::Arbitrary<'a>`
[INFO] [stdout]              `&'a str` implements `arbitrary::Arbitrary<'a>`
[INFO] [stdout]              `()` implements `arbitrary::Arbitrary<'a>`
[INFO] [stdout]              `(B, C, D, E, F, G, H, I, J, K, L, M, N, O, P, Q, R, S, T, U, V, W, X, Y, Z, A)` implements `arbitrary::Arbitrary<'a>`
[INFO] [stdout]              `(C, D, E, F, G, H, I, J, K, L, M, N, O, P, Q, R, S, T, U, V, W, X, Y, Z, B)` implements `arbitrary::Arbitrary<'a>`
[INFO] [stdout]              `(D, E, F, G, H, I, J, K, L, M, N, O, P, Q, R, S, T, U, V, W, X, Y, Z, C)` implements `arbitrary::Arbitrary<'a>`
[INFO] [stdout]              `(E, F, G, H, I, J, K, L, M, N, O, P, Q, R, S, T, U, V, W, X, Y, Z, D)` implements `arbitrary::Arbitrary<'a>`
[INFO] [stdout]              `(F, G, H, I, J, K, L, M, N, O, P, Q, R, S, T, U, V, W, X, Y, Z, E)` implements `arbitrary::Arbitrary<'a>`
[INFO] [stdout]            and 110 others
[INFO] [stdout] 
[INFO] [stdout] 
[INFO] [stdout] error[E0277]: the trait bound `WithdrawalRequest: arbitrary::Arbitrary<'_>` is not satisfied
[INFO] [stdout]   --> src/request.rs:27:23
[INFO] [stdout]    |
[INFO] [stdout] 27 |     WithdrawalRequest(WithdrawalRequest),
[INFO] [stdout]    |                       ^^^^^^^^^^^^^^^^^ the trait `arbitrary::Arbitrary<'_>` is not implemented for `WithdrawalRequest`
[INFO] [stdout]    |
[INFO] [stdout]    = help: the following other types implement trait `arbitrary::Arbitrary<'a>`:
[INFO] [stdout]              `&'a [u8]` implements `arbitrary::Arbitrary<'a>`
[INFO] [stdout]              `&'a str` implements `arbitrary::Arbitrary<'a>`
[INFO] [stdout]              `()` implements `arbitrary::Arbitrary<'a>`
[INFO] [stdout]              `(B, C, D, E, F, G, H, I, J, K, L, M, N, O, P, Q, R, S, T, U, V, W, X, Y, Z, A)` implements `arbitrary::Arbitrary<'a>`
[INFO] [stdout]              `(C, D, E, F, G, H, I, J, K, L, M, N, O, P, Q, R, S, T, U, V, W, X, Y, Z, B)` implements `arbitrary::Arbitrary<'a>`
[INFO] [stdout]              `(D, E, F, G, H, I, J, K, L, M, N, O, P, Q, R, S, T, U, V, W, X, Y, Z, C)` implements `arbitrary::Arbitrary<'a>`
[INFO] [stdout]              `(E, F, G, H, I, J, K, L, M, N, O, P, Q, R, S, T, U, V, W, X, Y, Z, D)` implements `arbitrary::Arbitrary<'a>`
[INFO] [stdout]              `(F, G, H, I, J, K, L, M, N, O, P, Q, R, S, T, U, V, W, X, Y, Z, E)` implements `arbitrary::Arbitrary<'a>`
[INFO] [stdout]            and 110 others
[INFO] [stdout] 
[INFO] [stdout] 
[INFO] [stdout] For more information about this error, try `rustc --explain E0277`.
[INFO] [stdout] 
[INFO] [stderr] error: could not compile `linera-alloy-consensus` (lib test) due to 10 previous errors; 1 warning emitted
[INFO] running `Command { std: "docker" "inspect" "de1e5f01bf5f5e315ae385afeed282ce9b1f3620dc6b6f2fe11647462cc9c671", kill_on_drop: false }`
[INFO] running `Command { std: "docker" "rm" "-f" "de1e5f01bf5f5e315ae385afeed282ce9b1f3620dc6b6f2fe11647462cc9c671", kill_on_drop: false }`
[INFO] [stdout] de1e5f01bf5f5e315ae385afeed282ce9b1f3620dc6b6f2fe11647462cc9c671
