[INFO] fetching crate linefeed2 0.0.1...
[INFO] testing linefeed2-0.0.1 against nightly-2024-10-28 for randomize-layout
[INFO] extracting crate linefeed2 0.0.1 into /workspace/builds/worker-1-tc1/source
[INFO] validating manifest of crates.io crate linefeed2 0.0.1 on toolchain nightly-2024-10-28
[INFO] running `Command { std: CARGO_HOME="/workspace/cargo-home" RUSTUP_HOME="/workspace/rustup-home" "/workspace/cargo-home/bin/cargo" "+nightly-2024-10-28" "metadata" "--manifest-path" "Cargo.toml" "--no-deps", kill_on_drop: false }`
[INFO] started tweaking crates.io crate linefeed2 0.0.1
[INFO] removed 0 missing examples
[INFO] removed 0 missing tests
[INFO] finished tweaking crates.io crate linefeed2 0.0.1
[INFO] tweaked toml for crates.io crate linefeed2 0.0.1 written to /workspace/builds/worker-1-tc1/source/Cargo.toml
[INFO] crate crates.io crate linefeed2 0.0.1 already has a lockfile, it will not be regenerated
[INFO] running `Command { std: CARGO_HOME="/workspace/cargo-home" RUSTUP_HOME="/workspace/rustup-home" "/workspace/cargo-home/bin/cargo" "+nightly-2024-10-28" "fetch" "--manifest-path" "Cargo.toml", kill_on_drop: false }`
[INFO] [stderr]  Downloading crates ...
[INFO] [stderr]   Downloaded mortal v0.2.4
[INFO] running `Command { std: "docker" "create" "-v" "/var/lib/crater-agent-workspace/builds/worker-1-tc1/target:/opt/rustwide/target:rw,Z" "-v" "/var/lib/crater-agent-workspace/builds/worker-1-tc1/source:/opt/rustwide/workdir:ro,Z" "-v" "/var/lib/crater-agent-workspace/cargo-home:/opt/rustwide/cargo-home:ro,Z" "-v" "/var/lib/crater-agent-workspace/rustup-home:/opt/rustwide/rustup-home:ro,Z" "-e" "SOURCE_DIR=/opt/rustwide/workdir" "-e" "CARGO_TARGET_DIR=/opt/rustwide/target" "-e" "CARGO_HOME=/opt/rustwide/cargo-home" "-e" "RUSTUP_HOME=/opt/rustwide/rustup-home" "-w" "/opt/rustwide/workdir" "-m" "1610612736" "--user" "0:0" "--network" "none" "ghcr.io/rust-lang/crates-build-env/linux@sha256:4a844ea9eb2546a2d2c7022eacef16ef2e8229c7fbb2c7d4d55a9ceca922f72d" "/opt/rustwide/cargo-home/bin/cargo" "+nightly-2024-10-28" "metadata" "--no-deps" "--format-version=1", kill_on_drop: false }`
[INFO] [stdout] e1f49ca23d6db27f663de8238eb3527d56fac2eace76da67d3d423d7851ae605
[INFO] running `Command { std: "docker" "start" "-a" "e1f49ca23d6db27f663de8238eb3527d56fac2eace76da67d3d423d7851ae605", kill_on_drop: false }`
[INFO] running `Command { std: "docker" "inspect" "e1f49ca23d6db27f663de8238eb3527d56fac2eace76da67d3d423d7851ae605", kill_on_drop: false }`
[INFO] running `Command { std: "docker" "rm" "-f" "e1f49ca23d6db27f663de8238eb3527d56fac2eace76da67d3d423d7851ae605", kill_on_drop: false }`
[INFO] [stdout] e1f49ca23d6db27f663de8238eb3527d56fac2eace76da67d3d423d7851ae605
[INFO] running `Command { std: "docker" "create" "-v" "/var/lib/crater-agent-workspace/builds/worker-1-tc1/target:/opt/rustwide/target:rw,Z" "-v" "/var/lib/crater-agent-workspace/builds/worker-1-tc1/source:/opt/rustwide/workdir:ro,Z" "-v" "/var/lib/crater-agent-workspace/cargo-home:/opt/rustwide/cargo-home:ro,Z" "-v" "/var/lib/crater-agent-workspace/rustup-home:/opt/rustwide/rustup-home:ro,Z" "-e" "SOURCE_DIR=/opt/rustwide/workdir" "-e" "CARGO_TARGET_DIR=/opt/rustwide/target" "-e" "CARGO_INCREMENTAL=0" "-e" "RUST_BACKTRACE=full" "-e" "RUSTFLAGS=--cap-lints=forbid" "-e" "RUSTDOCFLAGS=--cap-lints=forbid" "-e" "CARGO_HOME=/opt/rustwide/cargo-home" "-e" "RUSTUP_HOME=/opt/rustwide/rustup-home" "-w" "/opt/rustwide/workdir" "-m" "1610612736" "--user" "0:0" "--network" "none" "ghcr.io/rust-lang/crates-build-env/linux@sha256:4a844ea9eb2546a2d2c7022eacef16ef2e8229c7fbb2c7d4d55a9ceca922f72d" "/opt/rustwide/cargo-home/bin/cargo" "+nightly-2024-10-28" "build" "--frozen" "--message-format=json", kill_on_drop: false }`
[INFO] [stdout] 433d73b9bc2bc9cb63ac2bca04db92730d09dd256ab7bd96b55c19507f85d4f9
[INFO] running `Command { std: "docker" "start" "-a" "433d73b9bc2bc9cb63ac2bca04db92730d09dd256ab7bd96b55c19507f85d4f9", kill_on_drop: false }`
[INFO] [stderr]    Compiling libc v0.2.159
[INFO] [stderr]    Compiling siphasher v0.3.11
[INFO] [stderr]    Compiling rand_core v0.6.4
[INFO] [stderr]    Compiling minimal-lexical v0.2.1
[INFO] [stderr]    Compiling tinyvec_macros v0.1.1
[INFO] [stderr]    Compiling memchr v2.7.4
[INFO] [stderr]    Compiling smallvec v1.13.2
[INFO] [stderr]    Compiling cfg-if v1.0.0
[INFO] [stderr]    Compiling tinyvec v1.8.0
[INFO] [stderr]    Compiling fnv v1.0.7
[INFO] [stderr]    Compiling bitflags v1.3.2
[INFO] [stderr]    Compiling rand v0.8.5
[INFO] [stderr]    Compiling bitflags v2.6.0
[INFO] [stderr]    Compiling phf_shared v0.11.2
[INFO] [stderr]    Compiling smallstr v0.2.0
[INFO] [stderr]    Compiling unicode-width v0.1.14
[INFO] [stderr]    Compiling phf v0.11.2
[INFO] [stderr]    Compiling nom v7.1.3
[INFO] [stderr]    Compiling phf_generator v0.11.2
[INFO] [stderr]    Compiling phf_codegen v0.11.2
[INFO] [stderr]    Compiling terminfo v0.8.0
[INFO] [stderr]    Compiling unicode-normalization v0.1.24
[INFO] [stderr]    Compiling dirs-sys v0.3.7
[INFO] [stderr]    Compiling nix v0.26.4
[INFO] [stderr]    Compiling dirs v1.0.5
[INFO] [stderr]    Compiling dirs v4.0.0
[INFO] [stderr]    Compiling mortal v0.2.4
[INFO] [stderr]    Compiling linefeed2 v0.0.1 (/opt/rustwide/workdir)
[INFO] [stderr]     Finished `dev` profile [unoptimized + debuginfo] target(s) in 4.30s
[INFO] running `Command { std: "docker" "inspect" "433d73b9bc2bc9cb63ac2bca04db92730d09dd256ab7bd96b55c19507f85d4f9", kill_on_drop: false }`
[INFO] running `Command { std: "docker" "rm" "-f" "433d73b9bc2bc9cb63ac2bca04db92730d09dd256ab7bd96b55c19507f85d4f9", kill_on_drop: false }`
[INFO] [stdout] 433d73b9bc2bc9cb63ac2bca04db92730d09dd256ab7bd96b55c19507f85d4f9
[INFO] running `Command { std: "docker" "create" "-v" "/var/lib/crater-agent-workspace/builds/worker-1-tc1/target:/opt/rustwide/target:rw,Z" "-v" "/var/lib/crater-agent-workspace/builds/worker-1-tc1/source:/opt/rustwide/workdir:ro,Z" "-v" "/var/lib/crater-agent-workspace/cargo-home:/opt/rustwide/cargo-home:ro,Z" "-v" "/var/lib/crater-agent-workspace/rustup-home:/opt/rustwide/rustup-home:ro,Z" "-e" "SOURCE_DIR=/opt/rustwide/workdir" "-e" "CARGO_TARGET_DIR=/opt/rustwide/target" "-e" "CARGO_INCREMENTAL=0" "-e" "RUST_BACKTRACE=full" "-e" "RUSTFLAGS=--cap-lints=forbid" "-e" "RUSTDOCFLAGS=--cap-lints=forbid" "-e" "CARGO_HOME=/opt/rustwide/cargo-home" "-e" "RUSTUP_HOME=/opt/rustwide/rustup-home" "-w" "/opt/rustwide/workdir" "-m" "1610612736" "--user" "0:0" "--network" "none" "ghcr.io/rust-lang/crates-build-env/linux@sha256:4a844ea9eb2546a2d2c7022eacef16ef2e8229c7fbb2c7d4d55a9ceca922f72d" "/opt/rustwide/cargo-home/bin/cargo" "+nightly-2024-10-28" "test" "--frozen" "--no-run" "--message-format=json", kill_on_drop: false }`
[INFO] [stdout] 553df907a1c4a984f36fcc1f10e4499b5998a3de356a4565af4478caee8b8d62
[INFO] running `Command { std: "docker" "start" "-a" "553df907a1c4a984f36fcc1f10e4499b5998a3de356a4565af4478caee8b8d62", kill_on_drop: false }`
[INFO] [stderr]    Compiling rand_core v0.4.2
[INFO] [stderr]    Compiling ansi_term v0.11.0
[INFO] [stderr]    Compiling assert_matches v1.5.0
[INFO] [stderr]    Compiling rand_core v0.3.1
[INFO] [stderr]    Compiling rand v0.5.6
[INFO] [stderr]    Compiling linefeed2 v0.0.1 (/opt/rustwide/workdir)
[INFO] [stdout] error[E0463]: can't find crate for `linefeed`
[INFO] [stdout]  --> examples/demo.rs:1:1
[INFO] [stdout]   |
[INFO] [stdout] 1 | extern crate linefeed;
[INFO] [stdout]   | ^^^^^^^^^^^^^^^^^^^^^^ can't find crate
[INFO] [stdout] 
[INFO] [stdout] 
[INFO] [stdout] error[E0463]: can't find crate for `linefeed`
[INFO] [stdout]  --> examples/enter_function.rs:1:1
[INFO] [stdout]   |
[INFO] [stdout] 1 | extern crate linefeed;
[INFO] [stdout]   | ^^^^^^^^^^^^^^^^^^^^^^ can't find crate
[INFO] [stdout] 
[INFO] [stdout] 
[INFO] [stdout] error[E0463]: can't find crate for `linefeed`
[INFO] [stdout]  --> examples/path_completion.rs:1:1
[INFO] [stdout]   |
[INFO] [stdout] 1 | extern crate linefeed;
[INFO] [stdout]   | ^^^^^^^^^^^^^^^^^^^^^^ can't find crate
[INFO] [stdout] 
[INFO] [stdout] 
[INFO] [stdout] error[E0463]: can't find crate for `linefeed`
[INFO] [stdout]  --> examples/function.rs:1:1
[INFO] [stdout]   |
[INFO] [stdout] 1 | extern crate linefeed;
[INFO] [stdout]   | ^^^^^^^^^^^^^^^^^^^^^^ can't find crate
[INFO] [stdout] 
[INFO] [stdout] 
[INFO] [stdout] error[E0463]: can't find crate for `linefeed`
[INFO] [stdout]  --> tests/linefeed.rs:1:1
[INFO] [stdout]   |
[INFO] [stdout] 1 | extern crate linefeed;
[INFO] [stdout]   | ^^^^^^^^^^^^^^^^^^^^^^ can't find crate
[INFO] [stdout] 
[INFO] [stdout] 
[INFO] [stdout] error[E0463]: can't find crate for `linefeed`
[INFO] [stdout]  --> examples/signals.rs:1:1
[INFO] [stdout]   |
[INFO] [stdout] 1 | extern crate linefeed;
[INFO] [stdout]   | ^^^^^^^^^^^^^^^^^^^^^^ can't find crate
[INFO] [stdout] 
[INFO] [stdout] 
[INFO] [stdout] For more information about this error, try `rustc --explain E0463`.
[INFO] [stdout] 
[INFO] [stdout] error[E0463]: can't find crate for `linefeed`
[INFO] [stdout]  --> examples/async.rs:1:1
[INFO] [stdout]   |
[INFO] [stdout] 1 | extern crate linefeed;
[INFO] [stdout]   | ^^^^^^^^^^^^^^^^^^^^^^ can't find crate
[INFO] [stdout] 
[INFO] [stdout] 
[INFO] [stdout] For more information about this error, try `rustc --explain E0463`.
[INFO] [stdout] 
[INFO] [stdout] For more information about this error, try `rustc --explain E0463`.
[INFO] [stdout] 
[INFO] [stdout] For more information about this error, try `rustc --explain E0463`.
[INFO] [stdout] 
[INFO] [stderr] error: could not compile `linefeed2` (example "function") due to 1 previous error
[INFO] [stderr] warning: build failed, waiting for other jobs to finish...
[INFO] [stderr] error: could not compile `linefeed2` (example "enter_function") due to 1 previous error
[INFO] [stderr] error: could not compile `linefeed2` (example "demo") due to 1 previous error
[INFO] [stdout] For more information about this error, try `rustc --explain E0463`.
[INFO] [stdout] 
[INFO] [stderr] error: could not compile `linefeed2` (example "path_completion") due to 1 previous error
[INFO] [stdout] For more information about this error, try `rustc --explain E0463`.
[INFO] [stdout] 
[INFO] [stdout] For more information about this error, try `rustc --explain E0463`.
[INFO] [stdout] 
[INFO] [stderr] error: could not compile `linefeed2` (example "async") due to 1 previous error
[INFO] [stderr] error: could not compile `linefeed2` (test "linefeed") due to 1 previous error
[INFO] [stderr] error: could not compile `linefeed2` (example "signals") due to 1 previous error
[INFO] running `Command { std: "docker" "inspect" "553df907a1c4a984f36fcc1f10e4499b5998a3de356a4565af4478caee8b8d62", kill_on_drop: false }`
[INFO] running `Command { std: "docker" "rm" "-f" "553df907a1c4a984f36fcc1f10e4499b5998a3de356a4565af4478caee8b8d62", kill_on_drop: false }`
[INFO] [stdout] 553df907a1c4a984f36fcc1f10e4499b5998a3de356a4565af4478caee8b8d62
