[INFO] fetching crate lilygo-epd47 0.3.0...
[INFO] testing lilygo-epd47-0.3.0 against nightly-2024-10-28+rustflags=-Zrandomize-layout for randomize-layout
[INFO] extracting crate lilygo-epd47 0.3.0 into /workspace/builds/worker-4-tc2/source
[INFO] validating manifest of crates.io crate lilygo-epd47 0.3.0 on toolchain nightly-2024-10-28
[INFO] running `Command { std: CARGO_HOME="/workspace/cargo-home" RUSTUP_HOME="/workspace/rustup-home" "/workspace/cargo-home/bin/cargo" "+nightly-2024-10-28" "metadata" "--manifest-path" "Cargo.toml" "--no-deps", kill_on_drop: false }`
[INFO] removed /workspace/builds/worker-4-tc2/source/.cargo/config.toml
[INFO] removed /workspace/builds/worker-4-tc2/source/rust-toolchain.toml
[INFO] started tweaking crates.io crate lilygo-epd47 0.3.0
[INFO] removed 0 missing examples
[INFO] finished tweaking crates.io crate lilygo-epd47 0.3.0
[INFO] tweaked toml for crates.io crate lilygo-epd47 0.3.0 written to /workspace/builds/worker-4-tc2/source/Cargo.toml
[INFO] crate crates.io crate lilygo-epd47 0.3.0 already has a lockfile, it will not be regenerated
[INFO] running `Command { std: CARGO_HOME="/workspace/cargo-home" RUSTUP_HOME="/workspace/rustup-home" "/workspace/cargo-home/bin/cargo" "+nightly-2024-10-28" "fetch" "--manifest-path" "Cargo.toml", kill_on_drop: false }`
[INFO] running `Command { std: "docker" "create" "-v" "/var/lib/crater-agent-workspace/builds/worker-4-tc2/target:/opt/rustwide/target:rw,Z" "-v" "/var/lib/crater-agent-workspace/builds/worker-4-tc2/source:/opt/rustwide/workdir:ro,Z" "-v" "/var/lib/crater-agent-workspace/cargo-home:/opt/rustwide/cargo-home:ro,Z" "-v" "/var/lib/crater-agent-workspace/rustup-home:/opt/rustwide/rustup-home:ro,Z" "-e" "SOURCE_DIR=/opt/rustwide/workdir" "-e" "CARGO_TARGET_DIR=/opt/rustwide/target" "-e" "CARGO_HOME=/opt/rustwide/cargo-home" "-e" "RUSTUP_HOME=/opt/rustwide/rustup-home" "-w" "/opt/rustwide/workdir" "-m" "1610612736" "--user" "0:0" "--network" "none" "ghcr.io/rust-lang/crates-build-env/linux@sha256:4a844ea9eb2546a2d2c7022eacef16ef2e8229c7fbb2c7d4d55a9ceca922f72d" "/opt/rustwide/cargo-home/bin/cargo" "+nightly-2024-10-28" "metadata" "--no-deps" "--format-version=1", kill_on_drop: false }`
[INFO] [stdout] 6d5d3b20db03bd8ff08ee41fbd09bc9eb1cbb9f55c4f2c9fc0da04a979ae006c
[INFO] running `Command { std: "docker" "start" "-a" "6d5d3b20db03bd8ff08ee41fbd09bc9eb1cbb9f55c4f2c9fc0da04a979ae006c", kill_on_drop: false }`
[INFO] running `Command { std: "docker" "inspect" "6d5d3b20db03bd8ff08ee41fbd09bc9eb1cbb9f55c4f2c9fc0da04a979ae006c", kill_on_drop: false }`
[INFO] running `Command { std: "docker" "rm" "-f" "6d5d3b20db03bd8ff08ee41fbd09bc9eb1cbb9f55c4f2c9fc0da04a979ae006c", kill_on_drop: false }`
[INFO] [stdout] 6d5d3b20db03bd8ff08ee41fbd09bc9eb1cbb9f55c4f2c9fc0da04a979ae006c
[INFO] running `Command { std: "docker" "create" "-v" "/var/lib/crater-agent-workspace/builds/worker-4-tc2/target:/opt/rustwide/target:rw,Z" "-v" "/var/lib/crater-agent-workspace/builds/worker-4-tc2/source:/opt/rustwide/workdir:ro,Z" "-v" "/var/lib/crater-agent-workspace/cargo-home:/opt/rustwide/cargo-home:ro,Z" "-v" "/var/lib/crater-agent-workspace/rustup-home:/opt/rustwide/rustup-home:ro,Z" "-e" "SOURCE_DIR=/opt/rustwide/workdir" "-e" "CARGO_TARGET_DIR=/opt/rustwide/target" "-e" "CARGO_INCREMENTAL=0" "-e" "RUST_BACKTRACE=full" "-e" "RUSTFLAGS=--cap-lints=forbid -Zrandomize-layout" "-e" "RUSTDOCFLAGS=--cap-lints=forbid" "-e" "CARGO_HOME=/opt/rustwide/cargo-home" "-e" "RUSTUP_HOME=/opt/rustwide/rustup-home" "-w" "/opt/rustwide/workdir" "-m" "1610612736" "--user" "0:0" "--network" "none" "ghcr.io/rust-lang/crates-build-env/linux@sha256:4a844ea9eb2546a2d2c7022eacef16ef2e8229c7fbb2c7d4d55a9ceca922f72d" "/opt/rustwide/cargo-home/bin/cargo" "+nightly-2024-10-28" "build" "--frozen" "--message-format=json", kill_on_drop: false }`
[INFO] [stdout] 1564e6e3c42d6a74e29490bd19633ffa06887223600fbac5a733028caee90fe8
[INFO] running `Command { std: "docker" "start" "-a" "1564e6e3c42d6a74e29490bd19633ffa06887223600fbac5a733028caee90fe8", kill_on_drop: false }`
[INFO] [stderr]    Compiling unicode-ident v1.0.12
[INFO] [stderr]    Compiling strsim v0.11.1
[INFO] [stderr]    Compiling rustversion v1.0.17
[INFO] [stderr]    Compiling utf8parse v0.2.2
[INFO] [stderr]    Compiling colorchoice v1.0.2
[INFO] [stderr]    Compiling anstyle v1.0.8
[INFO] [stderr]    Compiling serde v1.0.210
[INFO] [stderr]    Compiling version_check v0.9.4
[INFO] [stderr]    Compiling is_terminal_polyfill v1.70.1
[INFO] [stderr]    Compiling anstyle-query v1.1.1
[INFO] [stderr]    Compiling ident_case v1.0.1
[INFO] [stderr]    Compiling anyhow v1.0.86
[INFO] [stderr]    Compiling autocfg v1.3.0
[INFO] [stderr]    Compiling clap_lex v0.7.2
[INFO] [stderr]    Compiling fnv v1.0.7
[INFO] [stderr]    Compiling xtensa-lx v0.9.0
[INFO] [stderr]    Compiling anstyle-parse v0.2.5
[INFO] [stderr]    Compiling nb v1.1.0
[INFO] [stderr]    Compiling proc-macro2 v1.0.86
[INFO] [stderr]    Compiling byteorder v1.5.0
[INFO] [stderr]    Compiling syn v1.0.109
[INFO] [stderr]    Compiling hashbrown v0.14.5
[INFO] [stderr]    Compiling static_assertions v1.1.0
[INFO] [stderr]    Compiling adler v1.0.2
[INFO] [stderr]    Compiling portable-atomic v1.7.0
[INFO] [stderr]    Compiling scopeguard v1.2.0
[INFO] [stderr]    Compiling anstream v0.6.15
[INFO] [stderr]    Compiling equivalent v1.0.1
[INFO] [stderr]    Compiling heapless v0.8.0
[INFO] [stderr]    Compiling miniz_oxide v0.7.4
[INFO] [stderr]    Compiling twox-hash v1.6.3
[INFO] [stderr]    Compiling crc32fast v1.4.2
[INFO] [stderr]    Compiling hash32 v0.3.1
[INFO] [stderr]    Compiling stable_deref_trait v1.2.0
[INFO] [stderr]    Compiling toml_datetime v0.6.8
[INFO] [stderr]    Compiling proc-macro-error-attr v1.0.4
[INFO] [stderr]    Compiling proc-macro-error v1.0.4
[INFO] [stderr]    Compiling winnow v0.6.18
[INFO] [stderr]    Compiling lock_api v0.4.12
[INFO] [stderr]    Compiling critical-section v1.1.3
[INFO] [stderr]    Compiling nb v0.1.3
[INFO] [stderr]    Compiling clap_builder v4.5.17
[INFO] [stderr]    Compiling mutex-trait v0.2.0
[INFO] [stderr]    Compiling az v1.2.1
[INFO] [stderr]    Compiling ruzstd v0.7.2
[INFO] [stderr]    Compiling quote v1.0.37
[INFO] [stderr]    Compiling litrs v0.4.1
[INFO] [stderr]    Compiling flate2 v1.0.30
[INFO] [stderr]    Compiling syn v2.0.77
[INFO] [stderr]    Compiling paste v1.0.15
[INFO] [stderr]    Compiling indexmap v2.5.0
[INFO] [stderr]    Compiling spin v0.9.8
[INFO] [stderr]    Compiling esp32s3 v0.28.0
[INFO] [stderr]    Compiling bare-metal v1.0.0
[INFO] [stderr]    Compiling esp-synopsys-usb-otg v0.4.2
[INFO] [stderr]    Compiling vcell v0.1.3
[INFO] [stderr]    Compiling void v1.0.2
[INFO] [stderr]    Compiling usb-device v0.3.2
[INFO] [stderr]    Compiling ral-registers v0.1.3
[INFO] [stderr]    Compiling embedded-hal v0.2.7
[INFO] [stderr]    Compiling object v0.36.4
[INFO] [stderr]    Compiling embedded-hal v1.0.0
[INFO] [stderr]    Compiling gcd v2.3.0
[INFO] [stderr]    Compiling fugit v0.3.7
[INFO] [stderr]    Compiling embedded-can v0.4.1
[INFO] [stderr]    Compiling document-features v0.2.10
[INFO] [stderr]    Compiling embedded-hal-nb v1.0.0
[INFO] [stderr]    Compiling bitflags v2.6.0
[INFO] [stderr]    Compiling rand_core v0.6.4
[INFO] [stderr]    Compiling bytemuck v1.18.0
[INFO] [stderr]    Compiling bitfield v0.16.1
[INFO] [stderr]    Compiling linked_list_allocator v0.10.5
[INFO] [stderr]    Compiling cfg-if v1.0.0
[INFO] [stderr]    Compiling lilygo-epd47 v0.3.0 (/opt/rustwide/workdir)
[INFO] [stderr]    Compiling esp-alloc v0.4.0
[INFO] [stderr]    Compiling embedded-graphics-core v0.4.0
[INFO] [stderr]    Compiling toml_edit v0.22.21
[INFO] [stderr]    Compiling proc-macro-crate v3.2.0
[INFO] [stderr]    Compiling darling_core v0.20.10
[INFO] [stderr]    Compiling strum_macros v0.26.4
[INFO] [stderr]    Compiling serde_derive v1.0.210
[INFO] [stderr]    Compiling clap_derive v4.5.13
[INFO] [stderr]    Compiling esp-build v0.1.0
[INFO] [stderr]    Compiling delegate v0.12.0
[INFO] [stderr]    Compiling darling_macro v0.20.10
[INFO] [stderr]    Compiling darling v0.20.10
[INFO] [stderr]    Compiling strum v0.26.3
[INFO] [stderr]    Compiling enumset_derive v0.10.0
[INFO] [stderr]    Compiling esp-hal-procmacros v0.13.0
[INFO] [stderr]    Compiling clap v4.5.17
[INFO] [stderr]    Compiling enumset v1.1.5
[INFO] [stderr]    Compiling basic-toml v0.1.9
[INFO] [stderr]    Compiling esp-metadata v0.3.0
[INFO] [stderr]    Compiling esp-hal v0.20.1
[INFO] [stderr] 
[INFO] [stderr] 
[INFO] [stderr] WARNING: use --release
[INFO] [stderr]   We *strongly* recommend using release profile when building esp-hal.
[INFO] [stderr]   The dev profile can potentially be one or more orders of magnitude
[INFO] [stderr]   slower than release, and may cause issues with timing-senstive
[INFO] [stderr]   peripherals and/or devices.
[INFO] [stderr] 
[INFO] [stdout] error[E0433]: failed to resolve: use of undeclared crate or module `xtensa_lx_rt`
[INFO] [stdout]  --> /opt/rustwide/cargo-home/registry/src/index.crates.io-6f17d22bba15001f/esp-hal-0.20.1/src/interrupt/xtensa.rs:4:5
[INFO] [stdout]   |
[INFO] [stdout] 4 | use xtensa_lx_rt::exception::Context;
[INFO] [stdout]   |     ^^^^^^^^^^^^ use of undeclared crate or module `xtensa_lx_rt`
[INFO] [stdout]   |
[INFO] [stdout] help: there is a crate or module with a similar name
[INFO] [stdout]   |
[INFO] [stdout] 4 | use xtensa_lx::exception::Context;
[INFO] [stdout]   |     ~~~~~~~~~
[INFO] [stdout] 
[INFO] [stdout] 
[INFO] [stdout] error[E0432]: unresolved import `xtensa_lx_rt`
[INFO] [stdout]    --> /opt/rustwide/cargo-home/registry/src/index.crates.io-6f17d22bba15001f/esp-hal-0.20.1/src/lib.rs:157:24
[INFO] [stdout]     |
[INFO] [stdout] 157 | pub use xtensa_lx_rt::{self, entry};
[INFO] [stdout]     |                        ^^^^ no external crate `xtensa_lx_rt`
[INFO] [stdout] 
[INFO] [stdout] 
[INFO] [stdout] error[E0433]: failed to resolve: use of undeclared crate or module `xtensa_lx_rt`
[INFO] [stdout]    --> /opt/rustwide/cargo-home/registry/src/index.crates.io-6f17d22bba15001f/esp-hal-0.20.1/src/lib.rs:251:13
[INFO] [stdout]     |
[INFO] [stdout] 251 |     pub use xtensa_lx_rt::exception::Context as TrapFrame;
[INFO] [stdout]     |             ^^^^^^^^^^^^ use of undeclared crate or module `xtensa_lx_rt`
[INFO] [stdout]     |
[INFO] [stdout] help: there is a crate or module with a similar name
[INFO] [stdout]     |
[INFO] [stdout] 251 |     pub use xtensa_lx::exception::Context as TrapFrame;
[INFO] [stdout]     |             ~~~~~~~~~
[INFO] [stdout] 
[INFO] [stdout] 
[INFO] [stdout] error[E0432]: unresolved import `xtensa_lx_rt`
[INFO] [stdout]    --> /opt/rustwide/cargo-home/registry/src/index.crates.io-6f17d22bba15001f/esp-hal-0.20.1/src/interrupt/xtensa.rs:467:13
[INFO] [stdout]     |
[INFO] [stdout] 467 |         use xtensa_lx_rt::*;
[INFO] [stdout]     |             ^^^^^^^^^^^^ use of undeclared crate or module `xtensa_lx_rt`
[INFO] [stdout]     |
[INFO] [stdout] help: there is a crate or module with a similar name
[INFO] [stdout]     |
[INFO] [stdout] 467 |         use xtensa_lx::*;
[INFO] [stdout]     |             ~~~~~~~~~
[INFO] [stdout] 
[INFO] [stdout] 
[INFO] [stdout] error[E0308]: mismatched types
[INFO] [stdout]    --> /opt/rustwide/cargo-home/registry/src/index.crates.io-6f17d22bba15001f/esp-hal-0.20.1/src/soc/esp32s3/mod.rs:102:42
[INFO] [stdout]     |
[INFO] [stdout] 102 | pub unsafe extern "C" fn ESP32Reset() -> ! {
[INFO] [stdout]     |                          ----------      ^ expected `!`, found `()`
[INFO] [stdout]     |                          |
[INFO] [stdout]     |                          implicitly returns `()` as its body has no tail or `return` expression
[INFO] [stdout]     |
[INFO] [stdout]     = note:   expected type `!`
[INFO] [stdout]             found unit type `()`
[INFO] [stdout] 
[INFO] [stdout] 
[INFO] [stdout] Some errors have detailed explanations: E0308, E0432, E0433.
[INFO] [stdout] 
[INFO] [stdout] For more information about an error, try `rustc --explain E0308`.
[INFO] [stdout] 
[INFO] [stderr] error: could not compile `esp-hal` (lib) due to 5 previous errors
[INFO] running `Command { std: "docker" "inspect" "1564e6e3c42d6a74e29490bd19633ffa06887223600fbac5a733028caee90fe8", kill_on_drop: false }`
[INFO] running `Command { std: "docker" "rm" "-f" "1564e6e3c42d6a74e29490bd19633ffa06887223600fbac5a733028caee90fe8", kill_on_drop: false }`
[INFO] [stdout] 1564e6e3c42d6a74e29490bd19633ffa06887223600fbac5a733028caee90fe8
