[INFO] fetching crate light-merkle-tree-program 0.3.1...
[INFO] testing light-merkle-tree-program-0.3.1 against nightly-2024-10-28+rustflags=-Zrandomize-layout for randomize-layout
[INFO] extracting crate light-merkle-tree-program 0.3.1 into /workspace/builds/worker-6-tc2/source
[INFO] validating manifest of crates.io crate light-merkle-tree-program 0.3.1 on toolchain nightly-2024-10-28
[INFO] running `Command { std: CARGO_HOME="/workspace/cargo-home" RUSTUP_HOME="/workspace/rustup-home" "/workspace/cargo-home/bin/cargo" "+nightly-2024-10-28" "metadata" "--manifest-path" "Cargo.toml" "--no-deps", kill_on_drop: false }`
[INFO] started tweaking crates.io crate light-merkle-tree-program 0.3.1
[INFO] finished tweaking crates.io crate light-merkle-tree-program 0.3.1
[INFO] tweaked toml for crates.io crate light-merkle-tree-program 0.3.1 written to /workspace/builds/worker-6-tc2/source/Cargo.toml
[INFO] running `Command { std: CARGO_HOME="/workspace/cargo-home" RUSTUP_HOME="/workspace/rustup-home" "/workspace/cargo-home/bin/cargo" "+nightly-2024-10-28" "generate-lockfile" "--manifest-path" "Cargo.toml", kill_on_drop: false }`
[INFO] [stderr]     Updating crates.io index
[INFO] [stderr]     Blocking waiting for file lock on package cache
[INFO] [stderr]      Locking 582 packages to latest compatible versions
[INFO] [stderr]       Adding aligned-sized v0.1.4 (available: v1.1.0)
[INFO] [stderr]       Adding anchor-lang v0.28.0 (available: v0.30.1)
[INFO] [stderr]       Adding anchor-spl v0.28.0 (available: v0.30.1)
[INFO] [stderr]       Adding ark-bn254 v0.3.0 (available: v0.5.0)
[INFO] [stderr]       Adding ark-crypto-primitives v0.3.0 (available: v0.5.0)
[INFO] [stderr]       Adding ark-ec v0.3.0 (available: v0.5.0)
[INFO] [stderr]       Adding ark-ed-on-bn254 v0.3.0 (available: v0.5.0)
[INFO] [stderr]       Adding ark-ff v0.3.0 (available: v0.5.0)
[INFO] [stderr]       Adding ark-groth16 v0.3.0 (available: v0.5.0)
[INFO] [stderr]       Adding ark-relations v0.3.0 (available: v0.5.1)
[INFO] [stderr]       Adding ark-serialize v0.3.0 (available: v0.5.0)
[INFO] [stderr]       Adding ark-std v0.3.0 (available: v0.5.0)
[INFO] [stderr]       Adding arkworks-gadgets v0.3.14 (available: v0.4.20)
[INFO] [stderr]       Adding array-bytes v1.4.1 (available: v1.6.0)
[INFO] [stderr]       Adding blake3 v1.5.1 (available: v1.5.4)
[INFO] [stderr]       Adding borsh v0.9.3 (available: v1.5.1)
[INFO] [stderr]       Adding light-macros v0.3.5 (available: v1.1.0)
[INFO] [stderr]       Adding solana-account-decoder v1.16.25 (available: v1.18.26)
[INFO] [stderr]       Adding solana-address-lookup-table-program v1.16.25 (available: v1.18.26)
[INFO] [stderr]       Adding solana-banks-client v1.16.25 (available: v1.18.26)
[INFO] [stderr]       Adding solana-banks-interface v1.16.25 (available: v1.18.26)
[INFO] [stderr]       Adding solana-banks-server v1.16.25 (available: v1.18.26)
[INFO] [stderr]       Adding solana-bpf-loader-program v1.16.25 (available: v1.18.26)
[INFO] [stderr]       Adding solana-bucket-map v1.16.25 (available: v1.18.26)
[INFO] [stderr]       Adding solana-clap-utils v1.16.25 (available: v1.18.26)
[INFO] [stderr]       Adding solana-client v1.16.25 (available: v1.18.26)
[INFO] [stderr]       Adding solana-compute-budget-program v1.16.25 (available: v1.18.26)
[INFO] [stderr]       Adding solana-config-program v1.16.25 (available: v1.18.26)
[INFO] [stderr]       Adding solana-connection-cache v1.16.25 (available: v1.18.26)
[INFO] [stderr]       Adding solana-frozen-abi v1.16.25 (available: v1.18.26)
[INFO] [stderr]       Adding solana-frozen-abi-macro v1.16.25 (available: v1.18.26)
[INFO] [stderr]       Adding solana-loader-v4-program v1.16.25 (available: v1.18.26)
[INFO] [stderr]       Adding solana-logger v1.16.25 (available: v1.18.26)
[INFO] [stderr]       Adding solana-measure v1.16.25 (available: v1.18.26)
[INFO] [stderr]       Adding solana-metrics v1.16.25 (available: v1.18.26)
[INFO] [stderr]       Adding solana-net-utils v1.16.25 (available: v1.18.26)
[INFO] [stderr]       Adding solana-perf v1.16.25 (available: v1.18.26)
[INFO] [stderr]       Adding solana-program v1.16.25 (available: v1.18.26)
[INFO] [stderr]       Adding solana-program-runtime v1.16.25 (available: v1.18.26)
[INFO] [stderr]       Adding solana-program-test v1.16.25 (available: v1.18.26)
[INFO] [stderr]       Adding solana-pubsub-client v1.16.25 (available: v1.18.26)
[INFO] [stderr]       Adding solana-quic-client v1.16.25 (available: v1.18.26)
[INFO] [stderr]       Adding solana-rayon-threadlimit v1.16.25 (available: v1.18.26)
[INFO] [stderr]       Adding solana-remote-wallet v1.16.25 (available: v1.18.26)
[INFO] [stderr]       Adding solana-rpc-client v1.16.25 (available: v1.18.26)
[INFO] [stderr]       Adding solana-rpc-client-api v1.16.25 (available: v1.18.26)
[INFO] [stderr]       Adding solana-rpc-client-nonce-utils v1.16.25 (available: v1.18.26)
[INFO] [stderr]       Adding solana-runtime v1.16.25 (available: v1.18.26)
[INFO] [stderr]       Adding solana-sdk v1.16.25 (available: v1.18.26)
[INFO] [stderr]       Adding solana-sdk-macro v1.16.25 (available: v1.18.26)
[INFO] [stderr]       Adding solana-send-transaction-service v1.16.25 (available: v1.18.26)
[INFO] [stderr]       Adding solana-stake-program v1.16.25 (available: v1.18.26)
[INFO] [stderr]       Adding solana-streamer v1.16.25 (available: v1.18.26)
[INFO] [stderr]       Adding solana-system-program v1.16.25 (available: v1.18.26)
[INFO] [stderr]       Adding solana-thin-client v1.16.25 (available: v1.18.26)
[INFO] [stderr]       Adding solana-tpu-client v1.16.25 (available: v1.18.26)
[INFO] [stderr]       Adding solana-transaction-status v1.16.25 (available: v1.18.26)
[INFO] [stderr]       Adding solana-udp-client v1.16.25 (available: v1.18.26)
[INFO] [stderr]       Adding solana-version v1.16.25 (available: v1.18.26)
[INFO] [stderr]       Adding solana-vote-program v1.16.25 (available: v1.18.26)
[INFO] [stderr]       Adding solana-zk-token-proof-program v1.16.25 (available: v1.18.26)
[INFO] [stderr]       Adding solana-zk-token-sdk v1.16.25 (available: v1.18.26)
[INFO] [stderr]       Adding spl-associated-token-account v2.2.0 (available: v2.3.0)
[INFO] [stderr]       Adding spl-memo v4.0.0 (available: v4.0.4)
[INFO] [stderr]       Adding spl-token v3.5.0 (available: v6.0.0)
[INFO] [stderr]       Adding spl-token v4.0.0 (available: v4.0.3)
[INFO] [stderr]       Adding subtle v2.4.1 (available: v2.6.1)
[INFO] [stderr]       Adding zeroize v1.3.0 (available: v1.8.1)
[INFO] running `Command { std: CARGO_HOME="/workspace/cargo-home" RUSTUP_HOME="/workspace/rustup-home" "/workspace/cargo-home/bin/cargo" "+nightly-2024-10-28" "fetch" "--manifest-path" "Cargo.toml", kill_on_drop: false }`
[INFO] [stderr]     Blocking waiting for file lock on package cache
[INFO] [stderr]     Blocking waiting for file lock on package cache
[INFO] running `Command { std: "docker" "create" "-v" "/var/lib/crater-agent-workspace/builds/worker-6-tc2/target:/opt/rustwide/target:rw,Z" "-v" "/var/lib/crater-agent-workspace/builds/worker-6-tc2/source:/opt/rustwide/workdir:ro,Z" "-v" "/var/lib/crater-agent-workspace/cargo-home:/opt/rustwide/cargo-home:ro,Z" "-v" "/var/lib/crater-agent-workspace/rustup-home:/opt/rustwide/rustup-home:ro,Z" "-e" "SOURCE_DIR=/opt/rustwide/workdir" "-e" "CARGO_TARGET_DIR=/opt/rustwide/target" "-e" "CARGO_HOME=/opt/rustwide/cargo-home" "-e" "RUSTUP_HOME=/opt/rustwide/rustup-home" "-w" "/opt/rustwide/workdir" "-m" "1610612736" "--user" "0:0" "--network" "none" "ghcr.io/rust-lang/crates-build-env/linux@sha256:4a844ea9eb2546a2d2c7022eacef16ef2e8229c7fbb2c7d4d55a9ceca922f72d" "/opt/rustwide/cargo-home/bin/cargo" "+nightly-2024-10-28" "metadata" "--no-deps" "--format-version=1", kill_on_drop: false }`
[INFO] [stdout] 302be83bac2b1d5fd4134d9720b790b62cf5f52a0cb34b8072648398111217be
[INFO] running `Command { std: "docker" "start" "-a" "302be83bac2b1d5fd4134d9720b790b62cf5f52a0cb34b8072648398111217be", kill_on_drop: false }`
[INFO] running `Command { std: "docker" "inspect" "302be83bac2b1d5fd4134d9720b790b62cf5f52a0cb34b8072648398111217be", kill_on_drop: false }`
[INFO] running `Command { std: "docker" "rm" "-f" "302be83bac2b1d5fd4134d9720b790b62cf5f52a0cb34b8072648398111217be", kill_on_drop: false }`
[INFO] [stdout] 302be83bac2b1d5fd4134d9720b790b62cf5f52a0cb34b8072648398111217be
[INFO] running `Command { std: "docker" "create" "-v" "/var/lib/crater-agent-workspace/builds/worker-6-tc2/target:/opt/rustwide/target:rw,Z" "-v" "/var/lib/crater-agent-workspace/builds/worker-6-tc2/source:/opt/rustwide/workdir:ro,Z" "-v" "/var/lib/crater-agent-workspace/cargo-home:/opt/rustwide/cargo-home:ro,Z" "-v" "/var/lib/crater-agent-workspace/rustup-home:/opt/rustwide/rustup-home:ro,Z" "-e" "SOURCE_DIR=/opt/rustwide/workdir" "-e" "CARGO_TARGET_DIR=/opt/rustwide/target" "-e" "CARGO_INCREMENTAL=0" "-e" "RUST_BACKTRACE=full" "-e" "RUSTFLAGS=--cap-lints=forbid -Zrandomize-layout" "-e" "RUSTDOCFLAGS=--cap-lints=forbid" "-e" "CARGO_HOME=/opt/rustwide/cargo-home" "-e" "RUSTUP_HOME=/opt/rustwide/rustup-home" "-w" "/opt/rustwide/workdir" "-m" "1610612736" "--user" "0:0" "--network" "none" "ghcr.io/rust-lang/crates-build-env/linux@sha256:4a844ea9eb2546a2d2c7022eacef16ef2e8229c7fbb2c7d4d55a9ceca922f72d" "/opt/rustwide/cargo-home/bin/cargo" "+nightly-2024-10-28" "build" "--frozen" "--message-format=json", kill_on_drop: false }`
[INFO] [stdout] df79fa77e745ea0bdf02e367fdc5cf84bf0aebc61292e5a31999376ad10dcfff
[INFO] running `Command { std: "docker" "start" "-a" "df79fa77e745ea0bdf02e367fdc5cf84bf0aebc61292e5a31999376ad10dcfff", kill_on_drop: false }`
[INFO] [stderr]    Compiling memchr v2.7.4
[INFO] [stderr]    Compiling syn v2.0.86
[INFO] [stderr]    Compiling getrandom v0.2.15
[INFO] [stderr]    Compiling ucd-trie v0.1.7
[INFO] [stderr]    Compiling getrandom v0.1.16
[INFO] [stderr]    Compiling ark-serialize-derive v0.3.0
[INFO] [stderr]    Compiling ark-ff-macros v0.3.0
[INFO] [stderr]    Compiling ark-ff-asm v0.3.0
[INFO] [stderr]    Compiling ark-ff-macros v0.4.2
[INFO] [stderr]    Compiling rand_core v0.6.4
[INFO] [stderr]    Compiling ahash v0.7.8
[INFO] [stderr]    Compiling rand_core v0.5.1
[INFO] [stderr]    Compiling blake3 v1.5.1
[INFO] [stderr]    Compiling solana-frozen-abi-macro v1.16.25
[INFO] [stderr]    Compiling hashbrown v0.11.2
[INFO] [stderr]    Compiling tracing-core v0.1.32
[INFO] [stderr]    Compiling aho-corasick v1.1.3
[INFO] [stderr]    Compiling rand_xoshiro v0.6.0
[INFO] [stderr]    Compiling solana-frozen-abi v1.16.25
[INFO] [stderr]    Compiling solana-program v1.16.25
[INFO] [stderr]    Compiling bs58 v0.5.1
[INFO] [stderr]    Compiling solana-sdk v1.16.25
[INFO] [stderr]    Compiling tracing-subscriber v0.2.25
[INFO] [stderr]    Compiling iana-time-zone v0.1.61
[INFO] [stderr]    Compiling num_enum_derive v0.5.11
[INFO] [stderr]    Compiling anchor-derive-space v0.28.0
[INFO] [stderr]    Compiling light-macros v0.3.5
[INFO] [stderr]    Compiling solana-security-txt v1.1.1
[INFO] [stderr]    Compiling regex-automata v0.4.8
[INFO] [stderr]    Compiling num_enum v0.5.11
[INFO] [stderr]    Compiling wasm-bindgen-backend v0.2.95
[INFO] [stderr]    Compiling darling_core v0.20.10
[INFO] [stderr]    Compiling serde_derive v1.0.214
[INFO] [stderr]    Compiling zerocopy-derive v0.7.35
[INFO] [stderr]    Compiling thiserror-impl v1.0.66
[INFO] [stderr]    Compiling zeroize_derive v1.4.2
[INFO] [stderr]    Compiling tracing-attributes v0.1.27
[INFO] [stderr]    Compiling zeroize v1.3.0
[INFO] [stderr]    Compiling wasm-bindgen-macro-support v0.2.95
[INFO] [stderr]    Compiling zerocopy v0.7.35
[INFO] [stderr]    Compiling thiserror v1.0.66
[INFO] [stderr]    Compiling pest v2.7.14
[INFO] [stderr]    Compiling ppv-lite86 v0.2.20
[INFO] [stderr]    Compiling ahash v0.8.11
[INFO] [stderr]    Compiling tracing v0.1.40
[INFO] [stderr]    Compiling bytemuck_derive v1.8.0
[INFO] [stderr]    Compiling hashbrown v0.13.2
[INFO] [stderr]    Compiling rand_chacha v0.3.1
[INFO] [stderr]    Compiling rand_chacha v0.2.2
[INFO] [stderr]    Compiling wasm-bindgen-macro v0.2.95
[INFO] [stderr]    Compiling rand v0.8.5
[INFO] [stderr]    Compiling semver-parser v0.10.2
[INFO] [stderr]    Compiling rand v0.7.3
[INFO] [stderr]    Compiling wasm-bindgen v0.2.95
[INFO] [stderr]    Compiling regex v1.11.1
[INFO] [stderr]    Compiling semver v0.11.0
[INFO] [stderr]    Compiling rustc_version v0.3.3
[INFO] [stderr]    Compiling bytemuck v1.19.0
[INFO] [stderr]    Compiling ark-std v0.3.0
[INFO] [stderr]    Compiling ark-std v0.4.0
[INFO] [stderr]    Compiling solana-sdk-macro v1.16.25
[INFO] [stderr]    Compiling darling_macro v0.20.10
[INFO] [stderr]    Compiling env_logger v0.9.3
[INFO] [stderr]    Compiling ark-ff v0.3.0
[INFO] [stderr]    Compiling num_enum_derive v0.6.1
[INFO] [stderr]    Compiling merlin v3.0.0
[INFO] [stderr]    Compiling darling v0.20.10
[INFO] [stderr]    Compiling serde v1.0.214
[INFO] [stderr]    Compiling serde_with_macros v2.3.3
[INFO] [stderr]    Compiling aligned-sized v0.1.4
[INFO] [stderr]    Compiling solana-logger v1.16.25
[INFO] [stderr]    Compiling num_enum v0.6.1
[INFO] [stderr]    Compiling generic-array v0.14.7
[INFO] [stderr]    Compiling serde_json v1.0.132
[INFO] [stderr]    Compiling toml v0.5.11
[INFO] [stderr]    Compiling serde_bytes v0.11.15
[INFO] [stderr]    Compiling bv v0.11.1
[INFO] [stderr]    Compiling im v15.1.0
[INFO] [stderr]    Compiling bincode v1.3.3
[INFO] [stderr]    Compiling chrono v0.4.38
[INFO] [stderr]    Compiling serde_with v2.3.3
[INFO] [stderr]    Compiling digest v0.9.0
[INFO] [stderr]    Compiling crypto-common v0.1.6
[INFO] [stderr]    Compiling block-buffer v0.10.4
[INFO] [stderr]    Compiling crypto-mac v0.8.0
[INFO] [stderr]    Compiling ark-serialize v0.3.0
[INFO] [stderr]    Compiling digest v0.10.7
[INFO] [stderr]    Compiling block-buffer v0.9.0
[INFO] [stderr]    Compiling libsecp256k1-core v0.2.2
[INFO] [stderr]    Compiling sha2 v0.10.8
[INFO] [stderr]    Compiling ark-serialize v0.4.2
[INFO] [stderr]    Compiling sha2 v0.9.9
[INFO] [stderr]    Compiling proc-macro-crate v0.1.5
[INFO] [stderr]    Compiling ark-ff v0.4.2
[INFO] [stderr]    Compiling hmac v0.8.1
[INFO] [stderr]    Compiling curve25519-dalek v3.2.1
[INFO] [stderr]    Compiling borsh-derive v0.10.4
[INFO] [stderr]    Compiling libsecp256k1-gen-ecmult v0.2.1
[INFO] [stderr]    Compiling libsecp256k1-gen-genmult v0.2.1
[INFO] [stderr]    Compiling borsh-derive v0.9.3
[INFO] [stderr]    Compiling hmac-drbg v0.3.0
[INFO] [stderr]    Compiling pbkdf2 v0.4.0
[INFO] [stderr]    Compiling tiny-bip39 v0.8.2
[INFO] [stderr]    Compiling borsh v0.9.3
[INFO] [stderr]    Compiling libsecp256k1 v0.6.0
[INFO] [stderr]    Compiling borsh v0.10.4
[INFO] [stderr]    Compiling anchor-syn v0.28.0
[INFO] [stderr]    Compiling sha3 v0.10.8
[INFO] [stderr]    Compiling cipher v0.3.0
[INFO] [stderr]    Compiling ed25519-dalek v1.0.1
[INFO] [stderr]    Compiling hmac v0.12.1
[INFO] [stderr]    Compiling universal-hash v0.4.1
[INFO] [stderr]    Compiling ed25519-dalek-bip32 v0.2.0
[INFO] [stderr]    Compiling aes v0.7.5
[INFO] [stderr]    Compiling polyval v0.5.3
[INFO] [stderr]    Compiling ctr v0.8.0
[INFO] [stderr]    Compiling pbkdf2 v0.11.0
[INFO] [stderr]    Compiling aead v0.4.3
[INFO] [stderr]    Compiling sha3 v0.9.1
[INFO] [stderr]    Compiling blake2 v0.9.2
[INFO] [stderr]    Compiling aes-gcm-siv v0.10.3
[INFO] [stderr]    Compiling anchor-attribute-access-control v0.28.0
[INFO] [stderr]    Compiling anchor-attribute-constant v0.28.0
[INFO] [stderr]    Compiling anchor-derive-accounts v0.28.0
[INFO] [stderr]    Compiling anchor-attribute-program v0.28.0
[INFO] [stderr]    Compiling anchor-attribute-error v0.28.0
[INFO] [stderr]    Compiling anchor-attribute-account v0.28.0
[INFO] [stderr]    Compiling anchor-attribute-event v0.28.0
[INFO] [stderr]    Compiling ark-ec v0.3.0
[INFO] [stderr]    Compiling ark-relations v0.3.0
[INFO] [stderr]    Compiling ark-poly v0.3.0
[INFO] [stderr]    Compiling ark-snark v0.3.0
[INFO] [stderr]    Compiling ark-r1cs-std v0.3.1
[INFO] [stderr]    Compiling ark-bls12-381 v0.3.0
[INFO] [stderr]    Compiling ark-poly-commit v0.3.0
[INFO] [stderr]    Compiling ark-bn254 v0.3.0
[INFO] [stderr]    Compiling ark-poly v0.4.2
[INFO] [stderr]    Compiling ark-ec v0.4.2
[INFO] [stderr]    Compiling ark-marlin v0.3.0
[INFO] [stderr]    Compiling ark-bn254 v0.4.0
[INFO] [stderr]    Compiling ark-nonnative-field v0.3.0
[INFO] [stderr]    Compiling ark-ed-on-bn254 v0.3.0
[INFO] [stderr]    Compiling ark-ed-on-bls12-381 v0.3.0
[INFO] [stderr]    Compiling ark-crypto-primitives v0.3.0
[INFO] [stderr]    Compiling spl-memo v3.0.1
[INFO] [stderr]    Compiling spl-token v3.5.0
[INFO] [stderr]    Compiling anchor-lang v0.28.0
[INFO] [stderr]    Compiling light-merkle-tree v0.1.1
[INFO] [stderr]    Compiling ark-groth16 v0.3.0
[INFO] [stderr]    Compiling arkworks-gadgets v0.3.14
[INFO] [stderr]    Compiling solana-zk-token-sdk v1.16.25
[INFO] [stderr]    Compiling spl-token-2022 v0.6.1
[INFO] [stderr]    Compiling spl-associated-token-account v1.1.3
[INFO] [stderr]    Compiling anchor-spl v0.28.0
[INFO] [stderr]    Compiling light-merkle-tree-program v0.3.1 (/opt/rustwide/workdir)
[INFO] [stdout] warning: unused import: `errors::*`
[INFO] [stdout]   --> src/lib.rs:24:9
[INFO] [stdout]    |
[INFO] [stdout] 24 | pub use errors::*;
[INFO] [stdout]    |         ^^^^^^^^^
[INFO] [stdout]    |
[INFO] [stdout]    = note: `#[warn(unused_imports)]` on by default
[INFO] [stdout] 
[INFO] [stdout] 
[INFO] [stderr]     Finished `dev` profile [unoptimized + debuginfo] target(s) in 1m 06s
[INFO] running `Command { std: "docker" "inspect" "df79fa77e745ea0bdf02e367fdc5cf84bf0aebc61292e5a31999376ad10dcfff", kill_on_drop: false }`
[INFO] running `Command { std: "docker" "rm" "-f" "df79fa77e745ea0bdf02e367fdc5cf84bf0aebc61292e5a31999376ad10dcfff", kill_on_drop: false }`
[INFO] [stdout] df79fa77e745ea0bdf02e367fdc5cf84bf0aebc61292e5a31999376ad10dcfff
[INFO] running `Command { std: "docker" "create" "-v" "/var/lib/crater-agent-workspace/builds/worker-6-tc2/target:/opt/rustwide/target:rw,Z" "-v" "/var/lib/crater-agent-workspace/builds/worker-6-tc2/source:/opt/rustwide/workdir:ro,Z" "-v" "/var/lib/crater-agent-workspace/cargo-home:/opt/rustwide/cargo-home:ro,Z" "-v" "/var/lib/crater-agent-workspace/rustup-home:/opt/rustwide/rustup-home:ro,Z" "-e" "SOURCE_DIR=/opt/rustwide/workdir" "-e" "CARGO_TARGET_DIR=/opt/rustwide/target" "-e" "CARGO_INCREMENTAL=0" "-e" "RUST_BACKTRACE=full" "-e" "RUSTFLAGS=--cap-lints=forbid -Zrandomize-layout" "-e" "RUSTDOCFLAGS=--cap-lints=forbid" "-e" "CARGO_HOME=/opt/rustwide/cargo-home" "-e" "RUSTUP_HOME=/opt/rustwide/rustup-home" "-w" "/opt/rustwide/workdir" "-m" "1610612736" "--user" "0:0" "--network" "none" "ghcr.io/rust-lang/crates-build-env/linux@sha256:4a844ea9eb2546a2d2c7022eacef16ef2e8229c7fbb2c7d4d55a9ceca922f72d" "/opt/rustwide/cargo-home/bin/cargo" "+nightly-2024-10-28" "test" "--frozen" "--no-run" "--message-format=json", kill_on_drop: false }`
[INFO] [stdout] 19ed864aedf7f788207a3a06893ec3cb4d3e3537a0e6e15ac02c195b3ae86f2b
[INFO] running `Command { std: "docker" "start" "-a" "19ed864aedf7f788207a3a06893ec3cb4d3e3537a0e6e15ac02c195b3ae86f2b", kill_on_drop: false }`
[INFO] [stderr]    Compiling semver v1.0.23
[INFO] [stderr]    Compiling equivalent v1.0.1
[INFO] [stderr]    Compiling hashbrown v0.15.0
[INFO] [stderr]    Compiling bytes v1.8.0
[INFO] [stderr]    Compiling lock_api v0.4.12
[INFO] [stderr]    Compiling futures-core v0.3.31
[INFO] [stderr]    Compiling parking_lot_core v0.9.10
[INFO] [stderr]    Compiling smallvec v1.13.2
[INFO] [stderr]    Compiling scopeguard v1.2.0
[INFO] [stderr]    Compiling ring v0.17.8
[INFO] [stderr]    Compiling futures-sink v0.3.31
[INFO] [stderr]    Compiling rustc_version v0.4.1
[INFO] [stderr]    Compiling mio v1.0.2
[INFO] [stderr]    Compiling socket2 v0.5.7
[INFO] [stderr]    Compiling solana-frozen-abi-macro v1.16.25
[INFO] [stderr]    Compiling indexmap v2.6.0
[INFO] [stderr]    Compiling solana-frozen-abi v1.16.25
[INFO] [stderr]    Compiling solana-program v1.16.25
[INFO] [stderr]    Compiling solana-sdk v1.16.25
[INFO] [stderr]    Compiling parking_lot v0.12.3
[INFO] [stderr]    Compiling signal-hook-registry v1.4.2
[INFO] [stderr]    Compiling tokio-macros v2.4.0
[INFO] [stderr]    Compiling spin v0.9.8
[INFO] [stderr]    Compiling untrusted v0.9.0
[INFO] [stderr]    Compiling futures-channel v0.3.31
[INFO] [stderr]    Compiling futures-macro v0.3.31
[INFO] [stderr]    Compiling futures-task v0.3.31
[INFO] [stderr]    Compiling toml_edit v0.19.15
[INFO] [stderr]    Compiling futures-io v0.3.31
[INFO] [stderr]    Compiling http v0.2.12
[INFO] [stderr]    Compiling httparse v1.9.5
[INFO] [stderr]    Compiling tokio v1.41.0
[INFO] [stderr]    Compiling form_urlencoded v1.2.1
[INFO] [stderr]    Compiling crossbeam-channel v0.5.13
[INFO] [stderr]    Compiling unicode-bidi v0.3.17
[INFO] [stderr]    Compiling futures-util v0.3.31
[INFO] [stderr]    Compiling idna v0.5.0
[INFO] [stderr]    Compiling rustls-pemfile v1.0.4
[INFO] [stderr]    Compiling rustls v0.21.12
[INFO] [stderr]    Compiling alloc-no-stdlib v2.0.4
[INFO] [stderr]    Compiling url v2.5.2
[INFO] [stderr]    Compiling alloc-stdlib v0.2.2
[INFO] [stderr]    Compiling try-lock v0.2.5
[INFO] [stderr]    Compiling proc-macro-crate v1.3.1
[INFO] [stderr]    Compiling adler2 v2.0.0
[INFO] [stderr]    Compiling miniz_oxide v0.8.0
[INFO] [stderr]    Compiling brotli-decompressor v4.0.1
[INFO] [stderr]    Compiling want v0.3.1
[INFO] [stderr]    Compiling http-body v0.4.6
[INFO] [stderr]    Compiling num-bigint v0.2.6
[INFO] [stderr]    Compiling crc32fast v1.4.2
[INFO] [stderr]    Compiling tower-service v0.3.3
[INFO] [stderr]    Compiling httpdate v1.0.3
[INFO] [stderr]    Compiling flate2 v1.0.34
[INFO] [stderr]    Compiling brotli v7.0.0
[INFO] [stderr]    Compiling num_enum_derive v0.6.1
[INFO] [stderr]    Compiling num-complex v0.2.4
[INFO] [stderr]    Compiling num-rational v0.2.4
[INFO] [stderr]    Compiling serde_urlencoded v0.7.1
[INFO] [stderr]    Compiling encoding_rs v0.8.35
[INFO] [stderr]    Compiling scroll_derive v0.11.1
[INFO] [stderr]    Compiling num_enum v0.6.1
[INFO] [stderr]    Compiling sct v0.7.1
[INFO] [stderr]    Compiling tokio-util v0.7.12
[INFO] [stderr]    Compiling rustls-webpki v0.101.7
[INFO] [stderr]    Compiling ipnet v2.10.1
[INFO] [stderr]    Compiling h2 v0.3.26
[INFO] [stderr]    Compiling winapi v0.3.9
[INFO] [stderr]    Compiling void v1.0.2
[INFO] [stderr]    Compiling sync_wrapper v0.1.2
[INFO] [stderr]    Compiling mime v0.3.17
[INFO] [stderr]    Compiling webpki-roots v0.25.4
[INFO] [stderr]    Compiling unreachable v1.0.0
[INFO] [stderr]    Compiling scroll v0.11.0
[INFO] [stderr]    Compiling num-iter v0.1.45
[INFO] [stderr]    Compiling gethostname v0.2.3
[INFO] [stderr]    Compiling async-compression v0.4.17
[INFO] [stderr]    Compiling plain v0.2.3
[INFO] [stderr]    Compiling ascii v0.9.3
[INFO] [stderr]    Compiling goblin v0.5.4
[INFO] [stderr]    Compiling num v0.2.1
[INFO] [stderr]    Compiling combine v3.8.1
[INFO] [stderr]    Compiling solana-program-runtime v1.16.25
[INFO] [stderr]    Compiling hash32 v0.2.1
[INFO] [stderr]    Compiling enum-iterator-derive v1.4.0
[INFO] [stderr]    Compiling rustc-demangle v0.1.24
[INFO] [stderr]    Compiling tokio-rustls v0.24.1
[INFO] [stderr]    Compiling percentage v0.1.0
[INFO] [stderr]    Compiling eager v0.1.0
[INFO] [stderr]    Compiling enum-iterator v1.5.0
[INFO] [stderr]    Compiling pkg-config v0.3.31
[INFO] [stderr]    Compiling ring v0.16.20
[INFO] [stderr]    Compiling spl-program-error-derive v0.3.2
[INFO] [stderr]    Compiling hyper v0.14.31
[INFO] [stderr]    Compiling spl-discriminator-syn v0.1.2
[INFO] [stderr]    Compiling solana_rbpf v0.6.1
[INFO] [stderr]    Compiling num-derive v0.4.2
[INFO] [stderr]    Compiling spl-discriminator-derive v0.1.2
[INFO] [stderr]    Compiling spl-program-error v0.3.0
[INFO] [stderr]    Compiling spin v0.5.2
[INFO] [stderr]    Compiling untrusted v0.7.1
[INFO] [stderr]    Compiling spl-discriminator v0.1.0
[INFO] [stderr]    Compiling zstd-sys v2.0.13+zstd.1.5.6
[INFO] [stderr]    Compiling toml_edit v0.22.22
[INFO] [stderr]    Compiling futures-executor v0.3.31
[INFO] [stderr]    Compiling num-conv v0.1.0
[INFO] [stderr]    Compiling time-core v0.1.2
[INFO] [stderr]    Compiling powerfmt v0.2.0
[INFO] [stderr]    Compiling time-macros v0.2.18
[INFO] [stderr]    Compiling hyper-rustls v0.24.2
[INFO] [stderr]    Compiling reqwest v0.11.27
[INFO] [stderr]    Compiling proc-macro-crate v3.2.0
[INFO] [stderr]    Compiling deranged v0.3.11
[INFO] [stderr]    Compiling solana-measure v1.16.25
[INFO] [stderr]    Compiling solana-metrics v1.16.25
[INFO] [stderr]    Compiling solana-zk-token-sdk v1.16.25
[INFO] [stderr]    Compiling webpki v0.22.4
[INFO] [stderr]    Compiling solana-vote-program v1.16.25
[INFO] [stderr]    Compiling proc-macro2 v0.4.30
[INFO] [stderr]    Compiling zstd-safe v5.0.2+zstd.1.5.2
[INFO] [stderr]    Compiling rustls v0.20.9
[INFO] [stderr]    Compiling time v0.3.36
[INFO] [stderr]    Compiling num_enum_derive v0.7.3
[INFO] [stderr]    Compiling solana-version v1.16.25
[INFO] [stderr]    Compiling solana-address-lookup-table-program v1.16.25
[INFO] [stderr]    Compiling Inflector v0.11.4
[INFO] [stderr]    Compiling async-trait v0.1.83
[INFO] [stderr]    Compiling unicode-xid v0.1.0
[INFO] [stderr]    Compiling num_enum v0.7.3
[INFO] [stderr]    Compiling solana-config-program v1.16.25
[INFO] [stderr]    Compiling futures v0.3.31
[INFO] [stderr]    Compiling spl-token v4.0.0
[INFO] [stderr]    Compiling spl-memo v4.0.0
[INFO] [stderr]    Compiling hashbrown v0.12.3
[INFO] [stderr]    Compiling memoffset v0.7.1
[INFO] [stderr]    Compiling syn v0.15.44
[INFO] [stderr]    Compiling rustix v0.38.38
[INFO] [stderr]    Compiling quote v0.6.13
[INFO] [stderr]    Compiling indexmap v1.9.3
[INFO] [stderr]    Compiling linux-raw-sys v0.4.14
[INFO] [stderr]    Compiling num_cpus v1.16.0
[INFO] [stderr]    Compiling unicode-xid v0.2.6
[INFO] [stderr]    Compiling minimal-lexical v0.2.1
[INFO] [stderr]    Compiling synstructure v0.12.6
[INFO] [stderr]    Compiling spl-pod v0.1.0
[INFO] [stderr]    Compiling nom v7.1.3
[INFO] [stderr]    Compiling nix v0.26.4
[INFO] [stderr]    Compiling spl-type-length-value v0.3.0
[INFO] [stderr]    Compiling spl-tlv-account-resolution v0.4.0
[INFO] [stderr]    Compiling spl-token-metadata-interface v0.2.0
[INFO] [stderr]    Compiling dlopen_derive v0.1.4
[INFO] [stderr]    Compiling spl-transfer-hook-interface v0.3.0
[INFO] [stderr]    Compiling console v0.15.8
[INFO] [stderr]    Compiling solana-perf v1.16.25
[INFO] [stderr]    Compiling dlopen v0.1.8
[INFO] [stderr]    Compiling rusticata-macros v4.1.0
[INFO] [stderr]    Compiling asn1-rs-derive v0.4.0
[INFO] [stderr]    Compiling solana-rayon-threadlimit v1.16.25
[INFO] [stderr]    Compiling spl-token-2022 v0.9.0
[INFO] [stderr]    Compiling jsonrpc-core v18.0.0
[INFO] [stderr]    Compiling yasna v0.5.2
[INFO] [stderr]    Compiling pem v1.1.1
[INFO] [stderr]    Compiling caps v0.5.5
[INFO] [stderr]    Compiling asn1-rs-impl v0.1.0
[INFO] [stderr]    Compiling displaydoc v0.2.5
[INFO] [stderr]    Compiling portable-atomic v1.9.0
[INFO] [stderr]    Compiling openssl-probe v0.1.5
[INFO] [stderr]    Compiling tempfile v3.13.0
[INFO] [stderr]    Compiling rustls-native-certs v0.6.3
[INFO] [stderr]    Compiling rcgen v0.10.0
[INFO] [stderr]    Compiling socket2 v0.4.10
[INFO] [stderr]    Compiling asn1-rs v0.5.2
[INFO] [stderr]    Compiling oid-registry v0.6.1
[INFO] [stderr]    Compiling const-oid v0.7.1
[INFO] [stderr]    Compiling der v0.5.1
[INFO] [stderr]    Compiling quinn-proto v0.9.6
[INFO] [stderr]    Compiling pin-project-internal v1.1.7
[INFO] [stderr]    Compiling base64ct v1.6.0
[INFO] [stderr]    Compiling static_assertions v1.1.0
[INFO] [stderr]    Compiling number_prefix v0.4.0
[INFO] [stderr]    Compiling os_str_bytes v6.6.1
[INFO] [stderr]    Compiling indicatif v0.17.8
[INFO] [stderr]    Compiling spki v0.5.4
[INFO] [stderr]    Compiling clap_lex v0.2.4
[INFO] [stderr]    Compiling pin-project v1.1.7
[INFO] [stderr]    Compiling der-parser v8.2.0
[INFO] [stderr]    Compiling solana-connection-cache v1.16.25
[INFO] [stderr]    Compiling webpki-roots v0.22.6
[INFO] [stderr]    Compiling spl-associated-token-account v2.2.0
[INFO] [stderr]    Compiling sha-1 v0.10.1
[INFO] [stderr]    Compiling proc-macro-error v1.0.4
[INFO] [stderr]    Compiling strsim v0.10.0
[INFO] [stderr]    Compiling data-encoding v2.6.0
[INFO] [stderr]    Compiling utf-8 v0.7.6
[INFO] [stderr]    Compiling textwrap v0.16.1
[INFO] [stderr]    Compiling shell-words v1.1.0
[INFO] [stderr]    Compiling tungstenite v0.17.3
[INFO] [stderr]    Compiling x509-parser v0.14.0
[INFO] [stderr]    Compiling dialoguer v0.10.4
[INFO] [stderr]    Compiling clap v3.2.25
[INFO] [stderr]    Compiling async-channel v1.9.0
[INFO] [stderr]    Compiling quinn-udp v0.3.2
[INFO] [stderr]    Compiling pkcs8 v0.8.0
[INFO] [stderr]    Compiling quinn v0.9.4
[INFO] [stderr]    Compiling tokio-rustls v0.23.4
[INFO] [stderr]    Compiling bzip2-sys v0.1.11+1.0.8
[INFO] [stderr]    Compiling enum-ordinalize v3.1.15
[INFO] [stderr]    Compiling sharded-slab v0.1.7
[INFO] [stderr]    Compiling lz4-sys v1.11.1+lz4-1.10.0
[INFO] [stderr]    Compiling zstd v0.11.2+zstd.1.5.2
[INFO] [stderr]    Compiling thread_local v1.1.8
[INFO] [stderr]    Compiling solana-account-decoder v1.16.25
[INFO] [stderr]    Compiling rtoolbox v0.0.2
[INFO] [stderr]    Compiling vec_map v0.8.2
[INFO] [stderr]    Compiling ansi_term v0.12.1
[INFO] [stderr]    Compiling strsim v0.8.0
[INFO] [stderr]    Compiling histogram v0.6.9
[INFO] [stderr]    Compiling clap v2.34.0
[INFO] [stderr]    Compiling solana-streamer v1.16.25
[INFO] [stderr]    Compiling tracing-subscriber v0.3.18
[INFO] [stderr]    Compiling solana-net-utils v1.16.25
[INFO] [stderr]    Compiling rpassword v7.3.1
[INFO] [stderr]    Compiling educe v0.4.23
[INFO] [stderr]    Compiling solana-transaction-status v1.16.25
[INFO] [stderr]    Compiling tokio-tungstenite v0.17.2
[INFO] [stderr]    Compiling solana-remote-wallet v1.16.25
[INFO] [stderr]    Compiling opentelemetry v0.17.0
[INFO] [stderr]    Compiling tokio-stream v0.1.16
[INFO] [stderr]    Compiling num_enum_derive v0.5.11
[INFO] [stderr]    Compiling solana-stake-program v1.16.25
[INFO] [stderr]    Compiling modular-bitfield-impl v0.11.2
[INFO] [stderr]    Compiling heck v0.4.1
[INFO] [stderr]    Compiling strum_macros v0.24.3
[INFO] [stderr]    Compiling tracing-opentelemetry v0.17.4
[INFO] [stderr]    Compiling solana-rpc-client-api v1.16.25
[INFO] [stderr]    Compiling num_enum v0.5.11
[INFO] [stderr]    Compiling ouroboros_macro v0.15.6
[INFO] [stderr]    Compiling solana-clap-utils v1.16.25
[INFO] [stderr]    Compiling modular-bitfield v0.11.2
[INFO] [stderr]    Compiling tokio-serde v0.8.0
[INFO] [stderr]    Compiling async-mutex v1.4.0
[INFO] [stderr]    Compiling xattr v1.3.1
[INFO] [stderr]    Compiling tokio-util v0.6.10
[INFO] [stderr]    Compiling solana-runtime v1.16.25
[INFO] [stderr]    Compiling tarpc-plugins v0.12.0
[INFO] [stderr]    Compiling filetime v0.2.25
[INFO] [stderr]    Compiling aliasable v0.1.3
[INFO] [stderr]    Compiling tar v0.4.42
[INFO] [stderr]    Compiling strum v0.24.1
[INFO] [stderr]    Compiling solana-bucket-map v1.16.25
[INFO] [stderr]    Compiling bzip2 v0.4.4
[INFO] [stderr]    Compiling spl-token v3.5.0
[INFO] [stderr]    Compiling ouroboros v0.15.6
[INFO] [stderr]    Compiling dir-diff v0.3.3
[INFO] [stderr]    Compiling solana-udp-client v1.16.25
[INFO] [stderr]    Compiling tarpc v0.29.0
[INFO] [stderr]    Compiling solana-zk-token-proof-program v1.16.25
[INFO] [stderr]    Compiling solana-rpc-client v1.16.25
[INFO] [stderr]    Compiling solana-pubsub-client v1.16.25
[INFO] [stderr]    Compiling solana-quic-client v1.16.25
[INFO] [stderr]    Compiling solana-bpf-loader-program v1.16.25
[INFO] [stderr]    Compiling dashmap v4.0.2
[INFO] [stderr]    Compiling lru v0.7.8
[INFO] [stderr]    Compiling solana-loader-v4-program v1.16.25
[INFO] [stderr]    Compiling solana-compute-budget-program v1.16.25
[INFO] [stderr]    Compiling solana-system-program v1.16.25
[INFO] [stderr]    Compiling spl-memo v3.0.1
[INFO] [stderr]    Compiling symlink v0.1.0
[INFO] [stderr]    Compiling index_list v0.2.13
[INFO] [stderr]    Compiling spl-token-2022 v0.6.1
[INFO] [stderr]    Compiling anchor-lang v0.28.0
[INFO] [stderr]    Compiling solana-banks-interface v1.16.25
[INFO] [stderr]    Compiling solana-banks-client v1.16.25
[INFO] [stderr]    Compiling light-merkle-tree v0.1.1
[INFO] [stderr]    Compiling chrono-humanize v0.2.3
[INFO] [stderr]    Compiling spl-associated-token-account v1.1.3
[INFO] [stderr]    Compiling solana-thin-client v1.16.25
[INFO] [stderr]    Compiling solana-rpc-client-nonce-utils v1.16.25
[INFO] [stderr]    Compiling solana-tpu-client v1.16.25
[INFO] [stderr]    Compiling anchor-spl v0.28.0
[INFO] [stderr]    Compiling solana-client v1.16.25
[INFO] [stderr]    Compiling light-merkle-tree-program v0.3.1 (/opt/rustwide/workdir)
[INFO] [stdout] warning: unused import: `errors::*`
[INFO] [stdout]   --> src/lib.rs:24:9
[INFO] [stdout]    |
[INFO] [stdout] 24 | pub use errors::*;
[INFO] [stdout]    |         ^^^^^^^^^
[INFO] [stdout]    |
[INFO] [stdout]    = note: `#[warn(unused_imports)]` on by default
[INFO] [stdout] 
[INFO] [stdout] 
[INFO] [stderr]    Compiling lz4 v1.28.0
[INFO] [stderr]    Compiling solana-send-transaction-service v1.16.25
[INFO] [stderr]    Compiling solana-banks-server v1.16.25
[INFO] [stderr]    Compiling solana-program-test v1.16.25
[INFO] [stdout] error[E0433]: failed to resolve: use of undeclared crate or module `merkle_tree_program`
[INFO] [stdout]   --> tests/merkle_tree.rs:12:9
[INFO] [stdout]    |
[INFO] [stdout] 12 |     use merkle_tree_program::poseidon_merkle_tree::instructions_poseidon::PoseidonCircomRounds3;
[INFO] [stdout]    |         ^^^^^^^^^^^^^^^^^^^ use of undeclared crate or module `merkle_tree_program`
[INFO] [stdout]    |
[INFO] [stdout] help: there is a crate or module with a similar name
[INFO] [stdout]    |
[INFO] [stdout] 12 |     use light_merkle_tree_program::poseidon_merkle_tree::instructions_poseidon::PoseidonCircomRounds3;
[INFO] [stdout]    |         ~~~~~~~~~~~~~~~~~~~~~~~~~
[INFO] [stdout] 
[INFO] [stdout] 
[INFO] [stdout] error[E0433]: failed to resolve: use of undeclared crate or module `merkle_tree_program`
[INFO] [stdout]   --> tests/merkle_tree.rs:12:9
[INFO] [stdout]    |
[INFO] [stdout] 12 |     use merkle_tree_program::poseidon_merkle_tree::instructions_poseidon::PoseidonCircomRounds3;
[INFO] [stdout]    |         ^^^^^^^^^^^^^^^^^^^ use of undeclared crate or module `merkle_tree_program`
[INFO] [stdout]    |
[INFO] [stdout] help: there is a crate or module with a similar name
[INFO] [stdout]    |
[INFO] [stdout] 12 |     use light_merkle_tree_program::poseidon_merkle_tree::instructions_poseidon::PoseidonCircomRounds3;
[INFO] [stdout]    |         ~~~~~~~~~~~~~~~~~~~~~~~~~
[INFO] [stdout] 
[INFO] [stdout] 
[INFO] [stdout] For more information about this error, try `rustc --explain E0433`.
[INFO] [stdout] 
[INFO] [stderr] error: could not compile `light-merkle-tree-program` (test "merkle_tree") due to 1 previous error
[INFO] [stderr] warning: build failed, waiting for other jobs to finish...
[INFO] [stdout] warning: unused import: `errors::*`
[INFO] [stdout]   --> src/lib.rs:24:9
[INFO] [stdout]    |
[INFO] [stdout] 24 | pub use errors::*;
[INFO] [stdout]    |         ^^^^^^^^^
[INFO] [stdout]    |
[INFO] [stdout]    = note: `#[warn(unused_imports)]` on by default
[INFO] [stdout] 
[INFO] [stdout] 
[INFO] [stdout] error[E0599]: no variant or associated item named `PubkeyTryFromFailed` found for enum `anchor_lang::error::ErrorCode` in the current scope
[INFO] [stdout]   --> src/transaction_merkle_tree/initialize_new_merkle_tree_18.rs:56:41
[INFO] [stdout]    |
[INFO] [stdout] 56 |                 .map_err(|_| ErrorCode::PubkeyTryFromFailed)?,
[INFO] [stdout]    |                                         ^^^^^^^^^^^^^^^^^^^ variant or associated item not found in `ErrorCode`
[INFO] [stdout] 
[INFO] [stdout] 
[INFO] [stdout] error: cannot construct `transaction_merkle_tree::state::TransactionMerkleTree` with struct literal syntax due to private fields
[INFO] [stdout]   --> src/transaction_merkle_tree/initialize_new_merkle_tree_18.rs:50:18
[INFO] [stdout]    |
[INFO] [stdout] 50 |         let mt = TransactionMerkleTree {
[INFO] [stdout]    |                  ^^^^^^^^^^^^^^^^^^^^^
[INFO] [stdout]    |
[INFO] [stdout]    = note: ...and other private field `_padding` that was not provided
[INFO] [stdout] 
[INFO] [stdout] 
[INFO] [stdout] error[E0308]: arguments to this function are incorrect
[INFO] [stdout]   --> src/transaction_merkle_tree/initialize_new_merkle_tree_18.rs:67:9
[INFO] [stdout]    |
[INFO] [stdout] 67 |         process_initialize_new_merkle_tree_18(
[INFO] [stdout]    |         ^^^^^^^^^^^^^^^^^^^^^^^^^^^^^^^^^^^^^
[INFO] [stdout] 68 |             &mut ref_mt,
[INFO] [stdout] 69 |             height,
[INFO] [stdout]    |             ------ argument #2 of type `&mut anchor_lang::prelude::Account<'_, merkle_tree_authority::MerkleTreeAuthority>` is missing
[INFO] [stdout] 70 |             ZERO_BYTES_MERKLE_TREE_18.to_vec(),
[INFO] [stdout] 71 |             mt_index,
[INFO] [stdout]    |             -------- unexpected argument #4 of type `{integer}`
[INFO] [stdout]    |
[INFO] [stdout] note: function defined here
[INFO] [stdout]   --> src/transaction_merkle_tree/initialize_new_merkle_tree_18.rs:20:8
[INFO] [stdout]    |
[INFO] [stdout] 20 | pub fn process_initialize_new_merkle_tree_18(
[INFO] [stdout]    |        ^^^^^^^^^^^^^^^^^^^^^^^^^^^^^^^^^^^^^
[INFO] [stdout] 21 |     merkle_tree: &mut RefMut<'_, TransactionMerkleTree>,
[INFO] [stdout]    |     ---------------------------------------------------
[INFO] [stdout] 22 |     merkle_tree_authority: &mut Account<'_, MerkleTreeAuthority>,
[INFO] [stdout]    |     ------------------------------------------------------------
[INFO] [stdout] 23 |     height: usize,
[INFO] [stdout]    |     -------------
[INFO] [stdout] 24 |     zero_bytes: Vec<[u8; 32]>,
[INFO] [stdout]    |     -------------------------
[INFO] [stdout] help: did you mean
[INFO] [stdout]    |
[INFO] [stdout] 67 |         process_initialize_new_merkle_tree_18(&mut ref_mt, /* &mut anchor_lang::prelude::Account<'_, merkle_tree_authority::MerkleTreeAuthority> */, height, ZERO_BYTES_MERKLE_TREE_18.to_vec());
[INFO] [stdout]    |                                              ~~~~~~~~~~~~~~~~~~~~~~~~~~~~~~~~~~~~~~~~~~~~~~~~~~~~~~~~~~~~~~~~~~~~~~~~~~~~~~~~~~~~~~~~~~~~~~~~~~~~~~~~~~~~~~~~~~~~~~~~~~~~~~~~~~~~~~~~~~~~~~~~~~~
[INFO] [stdout] 
[INFO] [stdout] 
[INFO] [stdout] error[E0593]: closure is expected to take 1 argument, but it takes 0 arguments
[INFO] [stdout]   --> src/transaction_merkle_tree/initialize_new_merkle_tree_18.rs:78:41
[INFO] [stdout]    |
[INFO] [stdout] 78 |             Pubkey::try_from([0u8; 32]).map_err(|| ErrorCode::PubkeyTryFromFailed),
[INFO] [stdout]    |                                         ^^^^^^^ -- takes 0 arguments
[INFO] [stdout]    |                                         |
[INFO] [stdout]    |                                         expected closure that takes 1 argument
[INFO] [stdout]    |
[INFO] [stdout] help: consider changing the closure to take and ignore the expected argument
[INFO] [stdout]    |
[INFO] [stdout] 78 |             Pubkey::try_from([0u8; 32]).map_err(|_| ErrorCode::PubkeyTryFromFailed),
[INFO] [stdout]    |                                                 ~~~
[INFO] [stdout] 
[INFO] [stdout] 
[INFO] [stdout] error[E0599]: no variant or associated item named `PubkeyTryFromFailed` found for enum `anchor_lang::error::ErrorCode` in the current scope
[INFO] [stdout]   --> src/transaction_merkle_tree/initialize_new_merkle_tree_18.rs:78:63
[INFO] [stdout]    |
[INFO] [stdout] 78 |             Pubkey::try_from([0u8; 32]).map_err(|| ErrorCode::PubkeyTryFromFailed),
[INFO] [stdout]    |                                                               ^^^^^^^^^^^^^^^^^^^ variant or associated item not found in `ErrorCode`
[INFO] [stdout] 
[INFO] [stdout] 
[INFO] [stdout] error[E0432]: unresolved import `merkle_tree_program`
[INFO] [stdout]   --> tests/offchain_merkle_tree.rs:25:5
[INFO] [stdout]    |
[INFO] [stdout] 25 |     self,
[INFO] [stdout]    |     ^^^^ no external crate `merkle_tree_program`
[INFO] [stdout] 
[INFO] [stdout] 
[INFO] [stdout] error[E0433]: failed to resolve: use of undeclared type `ErrorCode`
[INFO] [stdout]    --> tests/offchain_merkle_tree.rs:143:64
[INFO] [stdout]     |
[INFO] [stdout] 143 |         pubkey_locked: Pubkey::try_from([0u8; 32]).map_err(|_| ErrorCode::PubkeyTryFromFailed)?,
[INFO] [stdout]     |                                                                ^^^^^^^^^ use of undeclared type `ErrorCode`
[INFO] [stdout]     |
[INFO] [stdout] help: consider importing one of these enums
[INFO] [stdout]     |
[INFO] [stdout] 5   + use anchor_lang::prelude::ErrorCode;
[INFO] [stdout]     |
[INFO] [stdout] 5   + use light_merkle_tree_program::errors::ErrorCode;
[INFO] [stdout]     |
[INFO] [stdout] 
[INFO] [stdout] 
[INFO] [stdout] error[E0433]: failed to resolve: use of undeclared type `ErrorCode`
[INFO] [stdout]    --> tests/offchain_merkle_tree.rs:210:64
[INFO] [stdout]     |
[INFO] [stdout] 210 |         pubkey_locked: Pubkey::try_from([0u8; 32]).map_err(|_| ErrorCode::PubkeyTryFromFailed)?,
[INFO] [stdout]     |                                                                ^^^^^^^^^ use of undeclared type `ErrorCode`
[INFO] [stdout]     |
[INFO] [stdout] help: consider importing one of these enums
[INFO] [stdout]     |
[INFO] [stdout] 5   + use anchor_lang::prelude::ErrorCode;
[INFO] [stdout]     |
[INFO] [stdout] 5   + use light_merkle_tree_program::errors::ErrorCode;
[INFO] [stdout]     |
[INFO] [stdout] 
[INFO] [stdout] 
[INFO] [stdout] error[E0433]: failed to resolve: use of undeclared type `ErrorCode`
[INFO] [stdout]    --> tests/offchain_merkle_tree.rs:299:30
[INFO] [stdout]     |
[INFO] [stdout] 299 |                 .map_err(|_| ErrorCode::PubkeyTryFromFailed)?,
[INFO] [stdout]     |                              ^^^^^^^^^ use of undeclared type `ErrorCode`
[INFO] [stdout]     |
[INFO] [stdout] help: consider importing one of these enums
[INFO] [stdout]     |
[INFO] [stdout] 5   + use anchor_lang::prelude::ErrorCode;
[INFO] [stdout]     |
[INFO] [stdout] 5   + use light_merkle_tree_program::errors::ErrorCode;
[INFO] [stdout]     |
[INFO] [stdout] 
[INFO] [stdout] 
[INFO] [stdout] error[E0433]: failed to resolve: use of undeclared type `ErrorCode`
[INFO] [stdout]    --> tests/offchain_merkle_tree.rs:301:62
[INFO] [stdout]     |
[INFO] [stdout] 301 |             relayer: Pubkey::try_from([0u8; 32]).map_err(|_| ErrorCode::PubkeyTryFromFailed)?,
[INFO] [stdout]     |                                                              ^^^^^^^^^ use of undeclared type `ErrorCode`
[INFO] [stdout]     |
[INFO] [stdout] help: consider importing one of these enums
[INFO] [stdout]     |
[INFO] [stdout] 5   + use anchor_lang::prelude::ErrorCode;
[INFO] [stdout]     |
[INFO] [stdout] 5   + use light_merkle_tree_program::errors::ErrorCode;
[INFO] [stdout]     |
[INFO] [stdout] 
[INFO] [stdout] 
[INFO] [stdout] Some errors have detailed explanations: E0308, E0593, E0599.
[INFO] [stdout] 
[INFO] [stdout] For more information about an error, try `rustc --explain E0308`.
[INFO] [stdout] 
[INFO] [stderr] error: could not compile `light-merkle-tree-program` (lib test) due to 5 previous errors; 1 warning emitted
[INFO] [stdout] Some errors have detailed explanations: E0432, E0433.
[INFO] [stdout] 
[INFO] [stdout] For more information about an error, try `rustc --explain E0432`.
[INFO] [stdout] 
[INFO] [stderr] error: could not compile `light-merkle-tree-program` (test "offchain_merkle_tree") due to 6 previous errors
[INFO] running `Command { std: "docker" "inspect" "19ed864aedf7f788207a3a06893ec3cb4d3e3537a0e6e15ac02c195b3ae86f2b", kill_on_drop: false }`
[INFO] running `Command { std: "docker" "rm" "-f" "19ed864aedf7f788207a3a06893ec3cb4d3e3537a0e6e15ac02c195b3ae86f2b", kill_on_drop: false }`
[INFO] [stdout] 19ed864aedf7f788207a3a06893ec3cb4d3e3537a0e6e15ac02c195b3ae86f2b
