[INFO] fetching crate libzfs 0.6.16...
[INFO] testing libzfs-0.6.16 against nightly-2024-10-28 for randomize-layout
[INFO] extracting crate libzfs 0.6.16 into /workspace/builds/worker-5-tc1/source
[INFO] validating manifest of crates.io crate libzfs 0.6.16 on toolchain nightly-2024-10-28
[INFO] running `Command { std: CARGO_HOME="/workspace/cargo-home" RUSTUP_HOME="/workspace/rustup-home" "/workspace/cargo-home/bin/cargo" "+nightly-2024-10-28" "metadata" "--manifest-path" "Cargo.toml" "--no-deps", kill_on_drop: false }`
[INFO] started tweaking crates.io crate libzfs 0.6.16
[INFO] finished tweaking crates.io crate libzfs 0.6.16
[INFO] tweaked toml for crates.io crate libzfs 0.6.16 written to /workspace/builds/worker-5-tc1/source/Cargo.toml
[INFO] running `Command { std: CARGO_HOME="/workspace/cargo-home" RUSTUP_HOME="/workspace/rustup-home" "/workspace/cargo-home/bin/cargo" "+nightly-2024-10-28" "generate-lockfile" "--manifest-path" "Cargo.toml", kill_on_drop: false }`
[INFO] [stderr]     Updating crates.io index
[INFO] [stderr]      Locking 63 packages to latest compatible versions
[INFO] [stderr]       Adding foreign-types v0.3.2 (available: v0.5.0)
[INFO] [stderr]       Adding nvpair-sys v0.1.0 (available: v0.4.0)
[INFO] running `Command { std: CARGO_HOME="/workspace/cargo-home" RUSTUP_HOME="/workspace/rustup-home" "/workspace/cargo-home/bin/cargo" "+nightly-2024-10-28" "fetch" "--manifest-path" "Cargo.toml", kill_on_drop: false }`
[INFO] [stderr] warning: no edition set: defaulting to the 2015 edition while the latest is 2021
[INFO] [stderr]  Downloading crates ...
[INFO] [stderr]   Downloaded libzfs-types v0.1.2
[INFO] [stderr]   Downloaded cstr-argument v0.1.2
[INFO] [stderr]   Downloaded libzfs-sys v0.5.11
[INFO] [stderr]   Downloaded bindgen v0.51.1
[INFO] [stderr]   Downloaded nvpair-sys v0.1.0
[INFO] running `Command { std: "docker" "create" "-v" "/var/lib/crater-agent-workspace/builds/worker-5-tc1/target:/opt/rustwide/target:rw,Z" "-v" "/var/lib/crater-agent-workspace/builds/worker-5-tc1/source:/opt/rustwide/workdir:ro,Z" "-v" "/var/lib/crater-agent-workspace/cargo-home:/opt/rustwide/cargo-home:ro,Z" "-v" "/var/lib/crater-agent-workspace/rustup-home:/opt/rustwide/rustup-home:ro,Z" "-e" "SOURCE_DIR=/opt/rustwide/workdir" "-e" "CARGO_TARGET_DIR=/opt/rustwide/target" "-e" "CARGO_HOME=/opt/rustwide/cargo-home" "-e" "RUSTUP_HOME=/opt/rustwide/rustup-home" "-w" "/opt/rustwide/workdir" "-m" "1610612736" "--user" "0:0" "--network" "none" "ghcr.io/rust-lang/crates-build-env/linux@sha256:4a844ea9eb2546a2d2c7022eacef16ef2e8229c7fbb2c7d4d55a9ceca922f72d" "/opt/rustwide/cargo-home/bin/cargo" "+nightly-2024-10-28" "metadata" "--no-deps" "--format-version=1", kill_on_drop: false }`
[INFO] [stdout] 0cf02a6edc9f2aa00f9b85b1986374309a2a475ff1b95ea4c765454cae082229
[INFO] running `Command { std: "docker" "start" "-a" "0cf02a6edc9f2aa00f9b85b1986374309a2a475ff1b95ea4c765454cae082229", kill_on_drop: false }`
[INFO] running `Command { std: "docker" "inspect" "0cf02a6edc9f2aa00f9b85b1986374309a2a475ff1b95ea4c765454cae082229", kill_on_drop: false }`
[INFO] running `Command { std: "docker" "rm" "-f" "0cf02a6edc9f2aa00f9b85b1986374309a2a475ff1b95ea4c765454cae082229", kill_on_drop: false }`
[INFO] [stdout] 0cf02a6edc9f2aa00f9b85b1986374309a2a475ff1b95ea4c765454cae082229
[INFO] running `Command { std: "docker" "create" "-v" "/var/lib/crater-agent-workspace/builds/worker-5-tc1/target:/opt/rustwide/target:rw,Z" "-v" "/var/lib/crater-agent-workspace/builds/worker-5-tc1/source:/opt/rustwide/workdir:ro,Z" "-v" "/var/lib/crater-agent-workspace/cargo-home:/opt/rustwide/cargo-home:ro,Z" "-v" "/var/lib/crater-agent-workspace/rustup-home:/opt/rustwide/rustup-home:ro,Z" "-e" "SOURCE_DIR=/opt/rustwide/workdir" "-e" "CARGO_TARGET_DIR=/opt/rustwide/target" "-e" "CARGO_INCREMENTAL=0" "-e" "RUST_BACKTRACE=full" "-e" "RUSTFLAGS=--cap-lints=forbid" "-e" "RUSTDOCFLAGS=--cap-lints=forbid" "-e" "CARGO_HOME=/opt/rustwide/cargo-home" "-e" "RUSTUP_HOME=/opt/rustwide/rustup-home" "-w" "/opt/rustwide/workdir" "-m" "1610612736" "--user" "0:0" "--network" "none" "ghcr.io/rust-lang/crates-build-env/linux@sha256:4a844ea9eb2546a2d2c7022eacef16ef2e8229c7fbb2c7d4d55a9ceca922f72d" "/opt/rustwide/cargo-home/bin/cargo" "+nightly-2024-10-28" "build" "--frozen" "--message-format=json", kill_on_drop: false }`
[INFO] [stdout] 311f2e15b25f5c9753eafe2b3312640ccb74a8a4d6199636f7595b172b20423a
[INFO] running `Command { std: "docker" "start" "-a" "311f2e15b25f5c9753eafe2b3312640ccb74a8a4d6199636f7595b172b20423a", kill_on_drop: false }`
[INFO] [stderr] warning: no edition set: defaulting to the 2015 edition while the latest is 2021
[INFO] [stderr]    Compiling memchr v2.7.4
[INFO] [stderr]    Compiling libc v0.2.161
[INFO] [stderr]    Compiling proc-macro2 v1.0.89
[INFO] [stderr]    Compiling glob v0.3.1
[INFO] [stderr]    Compiling version_check v0.1.5
[INFO] [stderr]    Compiling quick-error v1.2.3
[INFO] [stderr]    Compiling termcolor v1.4.1
[INFO] [stderr]    Compiling bindgen v0.51.1
[INFO] [stderr]    Compiling rustc-hash v1.1.0
[INFO] [stderr]    Compiling libloading v0.5.2
[INFO] [stderr]    Compiling shlex v0.1.1
[INFO] [stderr]    Compiling nvpair-sys v0.1.0
[INFO] [stderr]    Compiling foreign-types-shared v0.1.1
[INFO] [stderr]    Compiling foreign-types v0.3.2
[INFO] [stderr]    Compiling humantime v1.3.0
[INFO] [stderr]    Compiling nom v4.2.3
[INFO] [stderr]    Compiling clang-sys v0.28.1
[INFO] [stderr]    Compiling aho-corasick v1.1.3
[INFO] [stderr]    Compiling cstr-argument v0.1.2
[INFO] [stderr]    Compiling atty v0.2.14
[INFO] [stderr]    Compiling which v3.1.1
[INFO] [stderr]    Compiling clap v2.34.0
[INFO] [stderr]    Compiling quote v1.0.37
[INFO] [stderr]    Compiling syn v2.0.86
[INFO] [stderr]    Compiling cexpr v0.3.6
[INFO] [stderr]    Compiling regex-automata v0.4.8
[INFO] [stderr]    Compiling serde_derive v1.0.214
[INFO] [stderr]    Compiling regex v1.11.1
[INFO] [stderr]    Compiling env_logger v0.6.2
[INFO] [stderr]    Compiling libzfs-types v0.1.2
[INFO] [stderr]    Compiling libzfs-sys v0.5.11
[INFO] [stderr]    Compiling libzfs v0.6.16 (/opt/rustwide/workdir)
[INFO] [stdout] warning: anonymous parameters are deprecated and will be removed in the next edition
[INFO] [stdout]   --> src/nvpair.rs:13:39
[INFO] [stdout]    |
[INFO] [stdout] 13 |     fn insert<S: CStrArgument>(&self, S, &mut NvListRef) -> io::Result<()>;
[INFO] [stdout]    |                                       ^ help: try naming the parameter or explicitly ignoring it: `_: S`
[INFO] [stdout]    |
[INFO] [stdout]    = warning: this is accepted in the current edition (Rust 2015) but is a hard error in Rust 2018!
[INFO] [stdout]    = note: for more information, see issue #41686 <https://github.com/rust-lang/rust/issues/41686>
[INFO] [stdout]    = note: `#[warn(anonymous_parameters)]` on by default
[INFO] [stdout] 
[INFO] [stdout] 
[INFO] [stdout] warning: anonymous parameters are deprecated and will be removed in the next edition
[INFO] [stdout]   --> src/nvpair.rs:13:42
[INFO] [stdout]    |
[INFO] [stdout] 13 |     fn insert<S: CStrArgument>(&self, S, &mut NvListRef) -> io::Result<()>;
[INFO] [stdout]    |                                          ^^^^^^^^^^^^^^ help: try naming the parameter or explicitly ignoring it: `_: &mut NvListRef`
[INFO] [stdout]    |
[INFO] [stdout]    = warning: this is accepted in the current edition (Rust 2015) but is a hard error in Rust 2018!
[INFO] [stdout]    = note: for more information, see issue #41686 <https://github.com/rust-lang/rust/issues/41686>
[INFO] [stdout] 
[INFO] [stdout] 
[INFO] [stdout] warning: unnecessary parentheses around type
[INFO] [stdout]   --> src/zfs.rs:60:35
[INFO] [stdout]    |
[INFO] [stdout] 60 |     pub fn props(&self) -> Result<(Vec<ZProp>)> {
[INFO] [stdout]    |                                   ^          ^
[INFO] [stdout]    |
[INFO] [stdout]    = note: `#[warn(unused_parens)]` on by default
[INFO] [stdout] help: remove these parentheses
[INFO] [stdout]    |
[INFO] [stdout] 60 -     pub fn props(&self) -> Result<(Vec<ZProp>)> {
[INFO] [stdout] 60 +     pub fn props(&self) -> Result<Vec<ZProp>> {
[INFO] [stdout]    |
[INFO] [stdout] 
[INFO] [stdout] 
[INFO] [stdout] warning: use of deprecated function `std::mem::uninitialized`: use `mem::MaybeUninit` instead
[INFO] [stdout]    --> src/nvpair.rs:265:22
[INFO] [stdout]     |
[INFO] [stdout] 265 |             n = mem::uninitialized();
[INFO] [stdout]     |                      ^^^^^^^^^^^^^
[INFO] [stdout]     |
[INFO] [stdout]     = note: `#[warn(deprecated)]` on by default
[INFO] [stdout] 
[INFO] [stdout] 
[INFO] [stdout] warning: use of deprecated function `std::mem::uninitialized`: use `mem::MaybeUninit` instead
[INFO] [stdout]    --> src/nvpair.rs:283:22
[INFO] [stdout]     |
[INFO] [stdout] 283 |             n = mem::uninitialized();
[INFO] [stdout]     |                      ^^^^^^^^^^^^^
[INFO] [stdout] 
[INFO] [stdout] 
[INFO] [stdout] warning: use of deprecated function `std::mem::uninitialized`: use `mem::MaybeUninit` instead
[INFO] [stdout]    --> src/nvpair.rs:302:24
[INFO] [stdout]     |
[INFO] [stdout] 302 |             len = mem::uninitialized();
[INFO] [stdout]     |                        ^^^^^^^^^^^^^
[INFO] [stdout] 
[INFO] [stdout] 
[INFO] [stdout] warning: use of deprecated function `std::mem::uninitialized`: use `mem::MaybeUninit` instead
[INFO] [stdout]    --> src/nvpair.rs:332:24
[INFO] [stdout]     |
[INFO] [stdout] 332 |             len = mem::uninitialized();
[INFO] [stdout]     |                        ^^^^^^^^^^^^^
[INFO] [stdout] 
[INFO] [stdout] 
[INFO] [stdout] warning: method `insert` is never used
[INFO] [stdout]   --> src/nvpair.rs:13:8
[INFO] [stdout]    |
[INFO] [stdout] 12 | pub trait NvEncode {
[INFO] [stdout]    |           -------- method in this trait
[INFO] [stdout] 13 |     fn insert<S: CStrArgument>(&self, S, &mut NvListRef) -> io::Result<()>;
[INFO] [stdout]    |        ^^^^^^
[INFO] [stdout]    |
[INFO] [stdout]    = note: `#[warn(dead_code)]` on by default
[INFO] [stdout] 
[INFO] [stdout] 
[INFO] [stdout] warning: the type `*mut i8` does not permit being left uninitialized
[INFO] [stdout]    --> src/nvpair.rs:265:17
[INFO] [stdout]     |
[INFO] [stdout] 265 |             n = mem::uninitialized();
[INFO] [stdout]     |                 ^^^^^^^^^^^^^^^^^^^^
[INFO] [stdout]     |                 |
[INFO] [stdout]     |                 this code causes undefined behavior when executed
[INFO] [stdout]     |                 help: use `MaybeUninit<T>` instead, and only call `assume_init` after initialization is done
[INFO] [stdout]     |
[INFO] [stdout]     = note: raw pointers must be initialized
[INFO] [stdout]     = note: `#[warn(invalid_value)]` on by default
[INFO] [stdout] 
[INFO] [stdout] 
[INFO] [stdout] warning: the type `u64` does not permit being left uninitialized
[INFO] [stdout]    --> src/nvpair.rs:283:17
[INFO] [stdout]     |
[INFO] [stdout] 283 |             n = mem::uninitialized();
[INFO] [stdout]     |                 ^^^^^^^^^^^^^^^^^^^^
[INFO] [stdout]     |                 |
[INFO] [stdout]     |                 this code causes undefined behavior when executed
[INFO] [stdout]     |                 help: use `MaybeUninit<T>` instead, and only call `assume_init` after initialization is done
[INFO] [stdout]     |
[INFO] [stdout]     = note: integers must be initialized
[INFO] [stdout] 
[INFO] [stdout] 
[INFO] [stdout] warning: the type `u32` does not permit being left uninitialized
[INFO] [stdout]    --> src/nvpair.rs:302:19
[INFO] [stdout]     |
[INFO] [stdout] 302 |             len = mem::uninitialized();
[INFO] [stdout]     |                   ^^^^^^^^^^^^^^^^^^^^
[INFO] [stdout]     |                   |
[INFO] [stdout]     |                   this code causes undefined behavior when executed
[INFO] [stdout]     |                   help: use `MaybeUninit<T>` instead, and only call `assume_init` after initialization is done
[INFO] [stdout]     |
[INFO] [stdout]     = note: integers must be initialized
[INFO] [stdout] 
[INFO] [stdout] 
[INFO] [stdout] warning: the type `u32` does not permit being left uninitialized
[INFO] [stdout]    --> src/nvpair.rs:332:19
[INFO] [stdout]     |
[INFO] [stdout] 332 |             len = mem::uninitialized();
[INFO] [stdout]     |                   ^^^^^^^^^^^^^^^^^^^^
[INFO] [stdout]     |                   |
[INFO] [stdout]     |                   this code causes undefined behavior when executed
[INFO] [stdout]     |                   help: use `MaybeUninit<T>` instead, and only call `assume_init` after initialization is done
[INFO] [stdout]     |
[INFO] [stdout]     = note: integers must be initialized
[INFO] [stdout] 
[INFO] [stdout] 
[INFO] [stderr]     Finished `dev` profile [unoptimized + debuginfo] target(s) in 6.09s
[INFO] [stderr] warning: the following packages contain code that will be rejected by a future version of Rust: cexpr v0.3.6, nom v4.2.3
[INFO] [stderr] note: to see what the problems were, use the option `--future-incompat-report`, or run `cargo report future-incompatibilities --id 2`
[INFO] running `Command { std: "docker" "inspect" "311f2e15b25f5c9753eafe2b3312640ccb74a8a4d6199636f7595b172b20423a", kill_on_drop: false }`
[INFO] running `Command { std: "docker" "rm" "-f" "311f2e15b25f5c9753eafe2b3312640ccb74a8a4d6199636f7595b172b20423a", kill_on_drop: false }`
[INFO] [stdout] 311f2e15b25f5c9753eafe2b3312640ccb74a8a4d6199636f7595b172b20423a
[INFO] running `Command { std: "docker" "create" "-v" "/var/lib/crater-agent-workspace/builds/worker-5-tc1/target:/opt/rustwide/target:rw,Z" "-v" "/var/lib/crater-agent-workspace/builds/worker-5-tc1/source:/opt/rustwide/workdir:ro,Z" "-v" "/var/lib/crater-agent-workspace/cargo-home:/opt/rustwide/cargo-home:ro,Z" "-v" "/var/lib/crater-agent-workspace/rustup-home:/opt/rustwide/rustup-home:ro,Z" "-e" "SOURCE_DIR=/opt/rustwide/workdir" "-e" "CARGO_TARGET_DIR=/opt/rustwide/target" "-e" "CARGO_INCREMENTAL=0" "-e" "RUST_BACKTRACE=full" "-e" "RUSTFLAGS=--cap-lints=forbid" "-e" "RUSTDOCFLAGS=--cap-lints=forbid" "-e" "CARGO_HOME=/opt/rustwide/cargo-home" "-e" "RUSTUP_HOME=/opt/rustwide/rustup-home" "-w" "/opt/rustwide/workdir" "-m" "1610612736" "--user" "0:0" "--network" "none" "ghcr.io/rust-lang/crates-build-env/linux@sha256:4a844ea9eb2546a2d2c7022eacef16ef2e8229c7fbb2c7d4d55a9ceca922f72d" "/opt/rustwide/cargo-home/bin/cargo" "+nightly-2024-10-28" "test" "--frozen" "--no-run" "--message-format=json", kill_on_drop: false }`
[INFO] [stdout] 5a7dacfbf8a0e05ad0f3050f8b3f3a89366e7d44c1568a91f1dab546d544145d
[INFO] running `Command { std: "docker" "start" "-a" "5a7dacfbf8a0e05ad0f3050f8b3f3a89366e7d44c1568a91f1dab546d544145d", kill_on_drop: false }`
[INFO] [stderr] warning: no edition set: defaulting to the 2015 edition while the latest is 2021
[INFO] [stdout] warning: anonymous parameters are deprecated and will be removed in the next edition
[INFO] [stdout]   --> src/nvpair.rs:13:39
[INFO] [stdout]    |
[INFO] [stdout] 13 |     fn insert<S: CStrArgument>(&self, S, &mut NvListRef) -> io::Result<()>;
[INFO] [stdout]    |                                       ^ help: try naming the parameter or explicitly ignoring it: `_: S`
[INFO] [stdout]    |
[INFO] [stdout]    = warning: this is accepted in the current edition (Rust 2015) but is a hard error in Rust 2018!
[INFO] [stdout]    = note: for more information, see issue #41686 <https://github.com/rust-lang/rust/issues/41686>
[INFO] [stdout]    = note: `#[warn(anonymous_parameters)]` on by default
[INFO] [stdout] 
[INFO] [stdout] 
[INFO] [stdout] warning: anonymous parameters are deprecated and will be removed in the next edition
[INFO] [stdout]   --> src/nvpair.rs:13:42
[INFO] [stdout]    |
[INFO] [stdout] 13 |     fn insert<S: CStrArgument>(&self, S, &mut NvListRef) -> io::Result<()>;
[INFO] [stdout]    |                                          ^^^^^^^^^^^^^^ help: try naming the parameter or explicitly ignoring it: `_: &mut NvListRef`
[INFO] [stdout]    |
[INFO] [stdout]    = warning: this is accepted in the current edition (Rust 2015) but is a hard error in Rust 2018!
[INFO] [stdout]    = note: for more information, see issue #41686 <https://github.com/rust-lang/rust/issues/41686>
[INFO] [stdout] 
[INFO] [stdout] 
[INFO] [stdout] warning: unnecessary parentheses around type
[INFO] [stdout]   --> src/zfs.rs:60:35
[INFO] [stdout]    |
[INFO] [stdout] 60 |     pub fn props(&self) -> Result<(Vec<ZProp>)> {
[INFO] [stdout]    |                                   ^          ^
[INFO] [stdout]    |
[INFO] [stdout]    = note: `#[warn(unused_parens)]` on by default
[INFO] [stdout] help: remove these parentheses
[INFO] [stdout]    |
[INFO] [stdout] 60 -     pub fn props(&self) -> Result<(Vec<ZProp>)> {
[INFO] [stdout] 60 +     pub fn props(&self) -> Result<Vec<ZProp>> {
[INFO] [stdout]    |
[INFO] [stdout] 
[INFO] [stdout] 
[INFO] [stdout] warning: use of deprecated function `std::mem::uninitialized`: use `mem::MaybeUninit` instead
[INFO] [stdout]    --> src/nvpair.rs:265:22
[INFO] [stdout]     |
[INFO] [stdout] 265 |             n = mem::uninitialized();
[INFO] [stdout]     |                      ^^^^^^^^^^^^^
[INFO] [stdout]     |
[INFO] [stdout]     = note: `#[warn(deprecated)]` on by default
[INFO] [stdout] 
[INFO] [stdout] 
[INFO] [stdout] warning: use of deprecated function `std::mem::uninitialized`: use `mem::MaybeUninit` instead
[INFO] [stdout]    --> src/nvpair.rs:283:22
[INFO] [stdout]     |
[INFO] [stdout] 283 |             n = mem::uninitialized();
[INFO] [stdout]     |                      ^^^^^^^^^^^^^
[INFO] [stdout] 
[INFO] [stdout] 
[INFO] [stdout] warning: use of deprecated function `std::mem::uninitialized`: use `mem::MaybeUninit` instead
[INFO] [stdout]    --> src/nvpair.rs:302:24
[INFO] [stdout]     |
[INFO] [stdout] 302 |             len = mem::uninitialized();
[INFO] [stdout]     |                        ^^^^^^^^^^^^^
[INFO] [stdout] 
[INFO] [stdout] 
[INFO] [stdout] warning: use of deprecated function `std::mem::uninitialized`: use `mem::MaybeUninit` instead
[INFO] [stdout]    --> src/nvpair.rs:332:24
[INFO] [stdout]     |
[INFO] [stdout] 332 |             len = mem::uninitialized();
[INFO] [stdout]     |                        ^^^^^^^^^^^^^
[INFO] [stdout] 
[INFO] [stdout] 
[INFO] [stdout] warning: method `insert` is never used
[INFO] [stdout]   --> src/nvpair.rs:13:8
[INFO] [stdout]    |
[INFO] [stdout] 12 | pub trait NvEncode {
[INFO] [stdout]    |           -------- method in this trait
[INFO] [stdout] 13 |     fn insert<S: CStrArgument>(&self, S, &mut NvListRef) -> io::Result<()>;
[INFO] [stdout]    |        ^^^^^^
[INFO] [stdout]    |
[INFO] [stdout]    = note: `#[warn(dead_code)]` on by default
[INFO] [stdout] 
[INFO] [stdout] 
[INFO] [stdout] warning: the type `*mut i8` does not permit being left uninitialized
[INFO] [stdout]    --> src/nvpair.rs:265:17
[INFO] [stdout]     |
[INFO] [stdout] 265 |             n = mem::uninitialized();
[INFO] [stdout]     |                 ^^^^^^^^^^^^^^^^^^^^
[INFO] [stdout]     |                 |
[INFO] [stdout]     |                 this code causes undefined behavior when executed
[INFO] [stdout]     |                 help: use `MaybeUninit<T>` instead, and only call `assume_init` after initialization is done
[INFO] [stdout]     |
[INFO] [stdout]     = note: raw pointers must be initialized
[INFO] [stdout]     = note: `#[warn(invalid_value)]` on by default
[INFO] [stdout] 
[INFO] [stdout] 
[INFO] [stdout] warning: the type `u64` does not permit being left uninitialized
[INFO] [stdout]    --> src/nvpair.rs:283:17
[INFO] [stdout]     |
[INFO] [stdout] 283 |             n = mem::uninitialized();
[INFO] [stdout]     |                 ^^^^^^^^^^^^^^^^^^^^
[INFO] [stdout]     |                 |
[INFO] [stdout]     |                 this code causes undefined behavior when executed
[INFO] [stdout]     |                 help: use `MaybeUninit<T>` instead, and only call `assume_init` after initialization is done
[INFO] [stdout]     |
[INFO] [stdout]     = note: integers must be initialized
[INFO] [stdout] 
[INFO] [stdout] 
[INFO] [stdout] warning: the type `u32` does not permit being left uninitialized
[INFO] [stdout]    --> src/nvpair.rs:302:19
[INFO] [stdout]     |
[INFO] [stdout] 302 |             len = mem::uninitialized();
[INFO] [stdout]     |                   ^^^^^^^^^^^^^^^^^^^^
[INFO] [stdout]     |                   |
[INFO] [stdout]     |                   this code causes undefined behavior when executed
[INFO] [stdout]     |                   help: use `MaybeUninit<T>` instead, and only call `assume_init` after initialization is done
[INFO] [stdout]     |
[INFO] [stdout]     = note: integers must be initialized
[INFO] [stdout] 
[INFO] [stdout] 
[INFO] [stderr]    Compiling libzfs v0.6.16 (/opt/rustwide/workdir)
[INFO] [stdout] warning: the type `u32` does not permit being left uninitialized
[INFO] [stdout]    --> src/nvpair.rs:332:19
[INFO] [stdout]     |
[INFO] [stdout] 332 |             len = mem::uninitialized();
[INFO] [stdout]     |                   ^^^^^^^^^^^^^^^^^^^^
[INFO] [stdout]     |                   |
[INFO] [stdout]     |                   this code causes undefined behavior when executed
[INFO] [stdout]     |                   help: use `MaybeUninit<T>` instead, and only call `assume_init` after initialization is done
[INFO] [stdout]     |
[INFO] [stdout]     = note: integers must be initialized
[INFO] [stdout] 
[INFO] [stdout] 
[INFO] [stdout] warning: anonymous parameters are deprecated and will be removed in the next edition
[INFO] [stdout]   --> src/nvpair.rs:13:39
[INFO] [stdout]    |
[INFO] [stdout] 13 |     fn insert<S: CStrArgument>(&self, S, &mut NvListRef) -> io::Result<()>;
[INFO] [stdout]    |                                       ^ help: try naming the parameter or explicitly ignoring it: `_: S`
[INFO] [stdout]    |
[INFO] [stdout]    = warning: this is accepted in the current edition (Rust 2015) but is a hard error in Rust 2018!
[INFO] [stdout]    = note: for more information, see issue #41686 <https://github.com/rust-lang/rust/issues/41686>
[INFO] [stdout]    = note: `#[warn(anonymous_parameters)]` on by default
[INFO] [stdout] 
[INFO] [stdout] 
[INFO] [stdout] warning: anonymous parameters are deprecated and will be removed in the next edition
[INFO] [stdout]   --> src/nvpair.rs:13:42
[INFO] [stdout]    |
[INFO] [stdout] 13 |     fn insert<S: CStrArgument>(&self, S, &mut NvListRef) -> io::Result<()>;
[INFO] [stdout]    |                                          ^^^^^^^^^^^^^^ help: try naming the parameter or explicitly ignoring it: `_: &mut NvListRef`
[INFO] [stdout]    |
[INFO] [stdout]    = warning: this is accepted in the current edition (Rust 2015) but is a hard error in Rust 2018!
[INFO] [stdout]    = note: for more information, see issue #41686 <https://github.com/rust-lang/rust/issues/41686>
[INFO] [stdout] 
[INFO] [stdout] 
[INFO] [stdout] warning: unnecessary parentheses around type
[INFO] [stdout]   --> src/zfs.rs:60:35
[INFO] [stdout]    |
[INFO] [stdout] 60 |     pub fn props(&self) -> Result<(Vec<ZProp>)> {
[INFO] [stdout]    |                                   ^          ^
[INFO] [stdout]    |
[INFO] [stdout]    = note: `#[warn(unused_parens)]` on by default
[INFO] [stdout] help: remove these parentheses
[INFO] [stdout]    |
[INFO] [stdout] 60 -     pub fn props(&self) -> Result<(Vec<ZProp>)> {
[INFO] [stdout] 60 +     pub fn props(&self) -> Result<Vec<ZProp>> {
[INFO] [stdout]    |
[INFO] [stdout] 
[INFO] [stdout] 
[INFO] [stdout] warning: use of deprecated function `std::mem::uninitialized`: use `mem::MaybeUninit` instead
[INFO] [stdout]    --> src/nvpair.rs:265:22
[INFO] [stdout]     |
[INFO] [stdout] 265 |             n = mem::uninitialized();
[INFO] [stdout]     |                      ^^^^^^^^^^^^^
[INFO] [stdout]     |
[INFO] [stdout]     = note: `#[warn(deprecated)]` on by default
[INFO] [stdout] 
[INFO] [stdout] 
[INFO] [stdout] warning: use of deprecated function `std::mem::uninitialized`: use `mem::MaybeUninit` instead
[INFO] [stdout]    --> src/nvpair.rs:283:22
[INFO] [stdout]     |
[INFO] [stdout] 283 |             n = mem::uninitialized();
[INFO] [stdout]     |                      ^^^^^^^^^^^^^
[INFO] [stdout] 
[INFO] [stdout] 
[INFO] [stdout] warning: use of deprecated function `std::mem::uninitialized`: use `mem::MaybeUninit` instead
[INFO] [stdout]    --> src/nvpair.rs:302:24
[INFO] [stdout]     |
[INFO] [stdout] 302 |             len = mem::uninitialized();
[INFO] [stdout]     |                        ^^^^^^^^^^^^^
[INFO] [stdout] 
[INFO] [stdout] 
[INFO] [stdout] warning: use of deprecated function `std::mem::uninitialized`: use `mem::MaybeUninit` instead
[INFO] [stdout]    --> src/nvpair.rs:332:24
[INFO] [stdout]     |
[INFO] [stdout] 332 |             len = mem::uninitialized();
[INFO] [stdout]     |                        ^^^^^^^^^^^^^
[INFO] [stdout] 
[INFO] [stdout] 
[INFO] [stdout] warning: method `insert` is never used
[INFO] [stdout]   --> src/nvpair.rs:13:8
[INFO] [stdout]    |
[INFO] [stdout] 12 | pub trait NvEncode {
[INFO] [stdout]    |           -------- method in this trait
[INFO] [stdout] 13 |     fn insert<S: CStrArgument>(&self, S, &mut NvListRef) -> io::Result<()>;
[INFO] [stdout]    |        ^^^^^^
[INFO] [stdout]    |
[INFO] [stdout]    = note: `#[warn(dead_code)]` on by default
[INFO] [stdout] 
[INFO] [stdout] 
[INFO] [stdout] warning: the type `*mut i8` does not permit being left uninitialized
[INFO] [stdout]    --> src/nvpair.rs:265:17
[INFO] [stdout]     |
[INFO] [stdout] 265 |             n = mem::uninitialized();
[INFO] [stdout]     |                 ^^^^^^^^^^^^^^^^^^^^
[INFO] [stdout]     |                 |
[INFO] [stdout]     |                 this code causes undefined behavior when executed
[INFO] [stdout]     |                 help: use `MaybeUninit<T>` instead, and only call `assume_init` after initialization is done
[INFO] [stdout]     |
[INFO] [stdout]     = note: raw pointers must be initialized
[INFO] [stdout]     = note: `#[warn(invalid_value)]` on by default
[INFO] [stdout] 
[INFO] [stdout] 
[INFO] [stdout] warning: the type `u64` does not permit being left uninitialized
[INFO] [stdout]    --> src/nvpair.rs:283:17
[INFO] [stdout]     |
[INFO] [stdout] 283 |             n = mem::uninitialized();
[INFO] [stdout]     |                 ^^^^^^^^^^^^^^^^^^^^
[INFO] [stdout]     |                 |
[INFO] [stdout]     |                 this code causes undefined behavior when executed
[INFO] [stdout]     |                 help: use `MaybeUninit<T>` instead, and only call `assume_init` after initialization is done
[INFO] [stdout]     |
[INFO] [stdout]     = note: integers must be initialized
[INFO] [stdout] 
[INFO] [stdout] 
[INFO] [stdout] warning: the type `u32` does not permit being left uninitialized
[INFO] [stdout]    --> src/nvpair.rs:302:19
[INFO] [stdout]     |
[INFO] [stdout] 302 |             len = mem::uninitialized();
[INFO] [stdout]     |                   ^^^^^^^^^^^^^^^^^^^^
[INFO] [stdout]     |                   |
[INFO] [stdout]     |                   this code causes undefined behavior when executed
[INFO] [stdout]     |                   help: use `MaybeUninit<T>` instead, and only call `assume_init` after initialization is done
[INFO] [stdout]     |
[INFO] [stdout]     = note: integers must be initialized
[INFO] [stdout] 
[INFO] [stdout] 
[INFO] [stdout] warning: the type `u32` does not permit being left uninitialized
[INFO] [stdout]    --> src/nvpair.rs:332:19
[INFO] [stdout]     |
[INFO] [stdout] 332 |             len = mem::uninitialized();
[INFO] [stdout]     |                   ^^^^^^^^^^^^^^^^^^^^
[INFO] [stdout]     |                   |
[INFO] [stdout]     |                   this code causes undefined behavior when executed
[INFO] [stdout]     |                   help: use `MaybeUninit<T>` instead, and only call `assume_init` after initialization is done
[INFO] [stdout]     |
[INFO] [stdout]     = note: integers must be initialized
[INFO] [stdout] 
[INFO] [stdout] 
[INFO] [stdout] error: linking with `cc` failed: exit status: 1
[INFO] [stdout]   |
[INFO] [stdout]   = note: LC_ALL="C" PATH="/opt/rustwide/rustup-home/toolchains/nightly-2024-10-28-x86_64-unknown-linux-gnu/lib/rustlib/x86_64-unknown-linux-gnu/bin:/opt/rustwide/rustup-home/toolchains/nightly-2024-10-28-x86_64-unknown-linux-gnu/lib/rustlib/x86_64-unknown-linux-gnu/bin/self-contained:/opt/rustwide/cargo-home/bin:/usr/local/sbin:/usr/local/bin:/usr/sbin:/usr/bin:/sbin:/bin" VSLANG="1033" "cc" "-m64" "/tmp/rustcZvHkQd/symbols.o" "/opt/rustwide/target/debug/deps/libzfs-66c08453a24529f4.libzfs.f0d34683e3117c3e-cgu.0.rcgu.o" "/opt/rustwide/target/debug/deps/libzfs-66c08453a24529f4.libzfs.f0d34683e3117c3e-cgu.1.rcgu.o" "/opt/rustwide/target/debug/deps/libzfs-66c08453a24529f4.libzfs.f0d34683e3117c3e-cgu.2.rcgu.o" "/opt/rustwide/target/debug/deps/libzfs-66c08453a24529f4.libzfs.f0d34683e3117c3e-cgu.3.rcgu.o" "/opt/rustwide/target/debug/deps/libzfs-66c08453a24529f4.8jslxxx3qptj55fel3h6l3guq.rcgu.o" "-Wl,--as-needed" "-Wl,-Bstatic" "/opt/rustwide/rustup-home/toolchains/nightly-2024-10-28-x86_64-unknown-linux-gnu/lib/rustlib/x86_64-unknown-linux-gnu/lib/libtest-a09fad3b5321e7d6.rlib" "/opt/rustwide/rustup-home/toolchains/nightly-2024-10-28-x86_64-unknown-linux-gnu/lib/rustlib/x86_64-unknown-linux-gnu/lib/libgetopts-f9c3dff41ad42661.rlib" "/opt/rustwide/rustup-home/toolchains/nightly-2024-10-28-x86_64-unknown-linux-gnu/lib/rustlib/x86_64-unknown-linux-gnu/lib/libunicode_width-ad2aef31af6addd3.rlib" "/opt/rustwide/rustup-home/toolchains/nightly-2024-10-28-x86_64-unknown-linux-gnu/lib/rustlib/x86_64-unknown-linux-gnu/lib/librustc_std_workspace_std-e3f907dc03deb913.rlib" "/opt/rustwide/target/debug/deps/libcstr_argument-d6beec8499ce321c.rlib" "/opt/rustwide/target/debug/deps/libmemchr-19f803c071aa8496.rlib" "/opt/rustwide/target/debug/deps/liblibzfs_types-11ec22f41afe7230.rlib" "/opt/rustwide/target/debug/deps/libserde-228eb9d983fcf8ca.rlib" "/opt/rustwide/target/debug/deps/liblibzfs_sys-b511af0ea18ef098.rlib" "/opt/rustwide/target/debug/deps/libnvpair_sys-0b1a391e3c570670.rlib" "/opt/rustwide/target/debug/deps/liblazy_static-7af2f34f8b124b26.rlib" "/opt/rustwide/target/debug/deps/libforeign_types-635c4831cecdaa17.rlib" "/opt/rustwide/target/debug/deps/libforeign_types_shared-451e418c5f5a784d.rlib" "/opt/rustwide/rustup-home/toolchains/nightly-2024-10-28-x86_64-unknown-linux-gnu/lib/rustlib/x86_64-unknown-linux-gnu/lib/libstd-fb8c387236db3c10.rlib" "/opt/rustwide/rustup-home/toolchains/nightly-2024-10-28-x86_64-unknown-linux-gnu/lib/rustlib/x86_64-unknown-linux-gnu/lib/libpanic_unwind-b251837809b2f64b.rlib" "/opt/rustwide/rustup-home/toolchains/nightly-2024-10-28-x86_64-unknown-linux-gnu/lib/rustlib/x86_64-unknown-linux-gnu/lib/libobject-cbef83eaa4e01f04.rlib" "/opt/rustwide/rustup-home/toolchains/nightly-2024-10-28-x86_64-unknown-linux-gnu/lib/rustlib/x86_64-unknown-linux-gnu/lib/libmemchr-12a772286de2fca7.rlib" "/opt/rustwide/rustup-home/toolchains/nightly-2024-10-28-x86_64-unknown-linux-gnu/lib/rustlib/x86_64-unknown-linux-gnu/lib/libaddr2line-023bbe5ada7abfc3.rlib" "/opt/rustwide/rustup-home/toolchains/nightly-2024-10-28-x86_64-unknown-linux-gnu/lib/rustlib/x86_64-unknown-linux-gnu/lib/libgimli-de2bcdf10ec69c2b.rlib" "/opt/rustwide/rustup-home/toolchains/nightly-2024-10-28-x86_64-unknown-linux-gnu/lib/rustlib/x86_64-unknown-linux-gnu/lib/librustc_demangle-8e1754df350800fd.rlib" "/opt/rustwide/rustup-home/toolchains/nightly-2024-10-28-x86_64-unknown-linux-gnu/lib/rustlib/x86_64-unknown-linux-gnu/lib/libstd_detect-06c2ab7b9c32e037.rlib" "/opt/rustwide/rustup-home/toolchains/nightly-2024-10-28-x86_64-unknown-linux-gnu/lib/rustlib/x86_64-unknown-linux-gnu/lib/libhashbrown-51d2621fc57a281b.rlib" "/opt/rustwide/rustup-home/toolchains/nightly-2024-10-28-x86_64-unknown-linux-gnu/lib/rustlib/x86_64-unknown-linux-gnu/lib/librustc_std_workspace_alloc-54a930408793772f.rlib" "/opt/rustwide/rustup-home/toolchains/nightly-2024-10-28-x86_64-unknown-linux-gnu/lib/rustlib/x86_64-unknown-linux-gnu/lib/libminiz_oxide-0c7d01cba400dcb2.rlib" "/opt/rustwide/rustup-home/toolchains/nightly-2024-10-28-x86_64-unknown-linux-gnu/lib/rustlib/x86_64-unknown-linux-gnu/lib/libadler-b9f84d69e331b75b.rlib" "/opt/rustwide/rustup-home/toolchains/nightly-2024-10-28-x86_64-unknown-linux-gnu/lib/rustlib/x86_64-unknown-linux-gnu/lib/libunwind-eec95493246aae39.rlib" "/opt/rustwide/rustup-home/toolchains/nightly-2024-10-28-x86_64-unknown-linux-gnu/lib/rustlib/x86_64-unknown-linux-gnu/lib/libcfg_if-6f6676c475e08ab0.rlib" "/opt/rustwide/rustup-home/toolchains/nightly-2024-10-28-x86_64-unknown-linux-gnu/lib/rustlib/x86_64-unknown-linux-gnu/lib/liblibc-799d520624f8b2e0.rlib" "/opt/rustwide/rustup-home/toolchains/nightly-2024-10-28-x86_64-unknown-linux-gnu/lib/rustlib/x86_64-unknown-linux-gnu/lib/liballoc-fcf93d4842acd9a9.rlib" "/opt/rustwide/rustup-home/toolchains/nightly-2024-10-28-x86_64-unknown-linux-gnu/lib/rustlib/x86_64-unknown-linux-gnu/lib/librustc_std_workspace_core-395a38b8e0851c9b.rlib" "/opt/rustwide/rustup-home/toolchains/nightly-2024-10-28-x86_64-unknown-linux-gnu/lib/rustlib/x86_64-unknown-linux-gnu/lib/libcore-d453bab70303062c.rlib" "/opt/rustwide/rustup-home/toolchains/nightly-2024-10-28-x86_64-unknown-linux-gnu/lib/rustlib/x86_64-unknown-linux-gnu/lib/libcompiler_builtins-0e6386368b0a24e8.rlib" "-Wl,-Bdynamic" "-lzfs" "-lzfs_core" "-lnvpair" "-lzpool" "-lnvpair" "-lgcc_s" "-lutil" "-lrt" "-lpthread" "-lm" "-ldl" "-lc" "-B/opt/rustwide/rustup-home/toolchains/nightly-2024-10-28-x86_64-unknown-linux-gnu/lib/rustlib/x86_64-unknown-linux-gnu/bin/gcc-ld" "-fuse-ld=lld" "-Wl,--eh-frame-hdr" "-Wl,-z,noexecstack" "-L" "/lib/x86_64-linux-gnu" "-L" "/opt/rustwide/rustup-home/toolchains/nightly-2024-10-28-x86_64-unknown-linux-gnu/lib/rustlib/x86_64-unknown-linux-gnu/lib" "-o" "/opt/rustwide/target/debug/deps/libzfs-66c08453a24529f4" "-Wl,--gc-sections" "-pie" "-Wl,-z,relro,-z,now" "-nodefaultlibs"
[INFO] [stdout]   = note: rust-lld: error: undefined symbol: thread_init
[INFO] [stdout]           >>> referenced by libzfs.rs:69 (src/libzfs.rs:69)
[INFO] [stdout]           >>>               /opt/rustwide/target/debug/deps/libzfs-66c08453a24529f4.libzfs.f0d34683e3117c3e-cgu.0.rcgu.o:(libzfs::libzfs::Libzfs::find_importable_pools::ha3c9295853442a0e)
[INFO] [stdout]           
[INFO] [stdout]           rust-lld: error: undefined symbol: thread_fini
[INFO] [stdout]           >>> referenced by libzfs.rs:73 (src/libzfs.rs:73)
[INFO] [stdout]           >>>               /opt/rustwide/target/debug/deps/libzfs-66c08453a24529f4.libzfs.f0d34683e3117c3e-cgu.0.rcgu.o:(libzfs::libzfs::Libzfs::find_importable_pools::ha3c9295853442a0e)
[INFO] [stdout]           collect2: error: ld returned 1 exit status
[INFO] [stdout]           
[INFO] [stdout] 
[INFO] [stdout] 
[INFO] [stderr] error: could not compile `libzfs` (lib test) due to 1 previous error; 12 warnings emitted
[INFO] running `Command { std: "docker" "inspect" "5a7dacfbf8a0e05ad0f3050f8b3f3a89366e7d44c1568a91f1dab546d544145d", kill_on_drop: false }`
[INFO] running `Command { std: "docker" "rm" "-f" "5a7dacfbf8a0e05ad0f3050f8b3f3a89366e7d44c1568a91f1dab546d544145d", kill_on_drop: false }`
[INFO] [stdout] 5a7dacfbf8a0e05ad0f3050f8b3f3a89366e7d44c1568a91f1dab546d544145d
