[INFO] fetching crate libyaml-safer 0.1.1...
[INFO] testing libyaml-safer-0.1.1 against nightly-2024-10-28+rustflags=-Zrandomize-layout for randomize-layout
[INFO] extracting crate libyaml-safer 0.1.1 into /workspace/builds/worker-5-tc2/source
[INFO] validating manifest of crates.io crate libyaml-safer 0.1.1 on toolchain nightly-2024-10-28
[INFO] running `Command { std: CARGO_HOME="/workspace/cargo-home" RUSTUP_HOME="/workspace/rustup-home" "/workspace/cargo-home/bin/cargo" "+nightly-2024-10-28" "metadata" "--manifest-path" "Cargo.toml" "--no-deps", kill_on_drop: false }`
[INFO] started tweaking crates.io crate libyaml-safer 0.1.1
[INFO] finished tweaking crates.io crate libyaml-safer 0.1.1
[INFO] tweaked toml for crates.io crate libyaml-safer 0.1.1 written to /workspace/builds/worker-5-tc2/source/Cargo.toml
[INFO] crate crates.io crate libyaml-safer 0.1.1 already has a lockfile, it will not be regenerated
[INFO] running `Command { std: CARGO_HOME="/workspace/cargo-home" RUSTUP_HOME="/workspace/rustup-home" "/workspace/cargo-home/bin/cargo" "+nightly-2024-10-28" "fetch" "--manifest-path" "Cargo.toml", kill_on_drop: false }`
[INFO] running `Command { std: "docker" "create" "-v" "/var/lib/crater-agent-workspace/builds/worker-5-tc2/target:/opt/rustwide/target:rw,Z" "-v" "/var/lib/crater-agent-workspace/builds/worker-5-tc2/source:/opt/rustwide/workdir:ro,Z" "-v" "/var/lib/crater-agent-workspace/cargo-home:/opt/rustwide/cargo-home:ro,Z" "-v" "/var/lib/crater-agent-workspace/rustup-home:/opt/rustwide/rustup-home:ro,Z" "-e" "SOURCE_DIR=/opt/rustwide/workdir" "-e" "CARGO_TARGET_DIR=/opt/rustwide/target" "-e" "CARGO_HOME=/opt/rustwide/cargo-home" "-e" "RUSTUP_HOME=/opt/rustwide/rustup-home" "-w" "/opt/rustwide/workdir" "-m" "1610612736" "--user" "0:0" "--network" "none" "ghcr.io/rust-lang/crates-build-env/linux@sha256:4a844ea9eb2546a2d2c7022eacef16ef2e8229c7fbb2c7d4d55a9ceca922f72d" "/opt/rustwide/cargo-home/bin/cargo" "+nightly-2024-10-28" "metadata" "--no-deps" "--format-version=1", kill_on_drop: false }`
[INFO] [stdout] e991d465e3765dc86b0081b7a1f4a81cdf46c1f9a80192f60fb011fba62b0d20
[INFO] running `Command { std: "docker" "start" "-a" "e991d465e3765dc86b0081b7a1f4a81cdf46c1f9a80192f60fb011fba62b0d20", kill_on_drop: false }`
[INFO] running `Command { std: "docker" "inspect" "e991d465e3765dc86b0081b7a1f4a81cdf46c1f9a80192f60fb011fba62b0d20", kill_on_drop: false }`
[INFO] running `Command { std: "docker" "rm" "-f" "e991d465e3765dc86b0081b7a1f4a81cdf46c1f9a80192f60fb011fba62b0d20", kill_on_drop: false }`
[INFO] [stdout] e991d465e3765dc86b0081b7a1f4a81cdf46c1f9a80192f60fb011fba62b0d20
[INFO] running `Command { std: "docker" "create" "-v" "/var/lib/crater-agent-workspace/builds/worker-5-tc2/target:/opt/rustwide/target:rw,Z" "-v" "/var/lib/crater-agent-workspace/builds/worker-5-tc2/source:/opt/rustwide/workdir:ro,Z" "-v" "/var/lib/crater-agent-workspace/cargo-home:/opt/rustwide/cargo-home:ro,Z" "-v" "/var/lib/crater-agent-workspace/rustup-home:/opt/rustwide/rustup-home:ro,Z" "-e" "SOURCE_DIR=/opt/rustwide/workdir" "-e" "CARGO_TARGET_DIR=/opt/rustwide/target" "-e" "CARGO_INCREMENTAL=0" "-e" "RUST_BACKTRACE=full" "-e" "RUSTFLAGS=--cap-lints=forbid -Zrandomize-layout" "-e" "RUSTDOCFLAGS=--cap-lints=forbid" "-e" "CARGO_HOME=/opt/rustwide/cargo-home" "-e" "RUSTUP_HOME=/opt/rustwide/rustup-home" "-w" "/opt/rustwide/workdir" "-m" "1610612736" "--user" "0:0" "--network" "none" "ghcr.io/rust-lang/crates-build-env/linux@sha256:4a844ea9eb2546a2d2c7022eacef16ef2e8229c7fbb2c7d4d55a9ceca922f72d" "/opt/rustwide/cargo-home/bin/cargo" "+nightly-2024-10-28" "build" "--frozen" "--message-format=json", kill_on_drop: false }`
[INFO] [stdout] 6664f90899c0ad35a76b881b6a8bc441dd14116b6c872d8be13134eaa94f9d33
[INFO] running `Command { std: "docker" "start" "-a" "6664f90899c0ad35a76b881b6a8bc441dd14116b6c872d8be13134eaa94f9d33", kill_on_drop: false }`
[INFO] [stderr]    Compiling libyaml-safer v0.1.1 (/opt/rustwide/workdir)
[INFO] [stderr]     Finished `dev` profile [unoptimized + debuginfo] target(s) in 0.72s
[INFO] running `Command { std: "docker" "inspect" "6664f90899c0ad35a76b881b6a8bc441dd14116b6c872d8be13134eaa94f9d33", kill_on_drop: false }`
[INFO] running `Command { std: "docker" "rm" "-f" "6664f90899c0ad35a76b881b6a8bc441dd14116b6c872d8be13134eaa94f9d33", kill_on_drop: false }`
[INFO] [stdout] 6664f90899c0ad35a76b881b6a8bc441dd14116b6c872d8be13134eaa94f9d33
[INFO] running `Command { std: "docker" "create" "-v" "/var/lib/crater-agent-workspace/builds/worker-5-tc2/target:/opt/rustwide/target:rw,Z" "-v" "/var/lib/crater-agent-workspace/builds/worker-5-tc2/source:/opt/rustwide/workdir:ro,Z" "-v" "/var/lib/crater-agent-workspace/cargo-home:/opt/rustwide/cargo-home:ro,Z" "-v" "/var/lib/crater-agent-workspace/rustup-home:/opt/rustwide/rustup-home:ro,Z" "-e" "SOURCE_DIR=/opt/rustwide/workdir" "-e" "CARGO_TARGET_DIR=/opt/rustwide/target" "-e" "CARGO_INCREMENTAL=0" "-e" "RUST_BACKTRACE=full" "-e" "RUSTFLAGS=--cap-lints=forbid -Zrandomize-layout" "-e" "RUSTDOCFLAGS=--cap-lints=forbid" "-e" "CARGO_HOME=/opt/rustwide/cargo-home" "-e" "RUSTUP_HOME=/opt/rustwide/rustup-home" "-w" "/opt/rustwide/workdir" "-m" "1610612736" "--user" "0:0" "--network" "none" "ghcr.io/rust-lang/crates-build-env/linux@sha256:4a844ea9eb2546a2d2c7022eacef16ef2e8229c7fbb2c7d4d55a9ceca922f72d" "/opt/rustwide/cargo-home/bin/cargo" "+nightly-2024-10-28" "test" "--frozen" "--no-run" "--message-format=json", kill_on_drop: false }`
[INFO] [stdout] fc8d22d610438e8806dcbe5c2006eb6e321abe1eb5bb3d6e78509c681c2a3c16
[INFO] running `Command { std: "docker" "start" "-a" "fc8d22d610438e8806dcbe5c2006eb6e321abe1eb5bb3d6e78509c681c2a3c16", kill_on_drop: false }`
[INFO] [stderr]    Compiling proc-macro2 v1.0.78
[INFO] [stderr]    Compiling unicode-ident v1.0.12
[INFO] [stderr]    Compiling crossbeam-utils v0.8.19
[INFO] [stderr]    Compiling serde v1.0.195
[INFO] [stderr]    Compiling autocfg v1.1.0
[INFO] [stderr]    Compiling serde_json v1.0.111
[INFO] [stderr]    Compiling rayon-core v1.12.1
[INFO] [stderr]    Compiling rustix v0.38.30
[INFO] [stderr]    Compiling cfg-if v1.0.0
[INFO] [stderr]    Compiling either v1.9.0
[INFO] [stderr]    Compiling itoa v1.0.10
[INFO] [stderr]    Compiling clap_lex v0.6.0
[INFO] [stderr]    Compiling bitflags v2.4.2
[INFO] [stderr]    Compiling plotters-backend v0.3.5
[INFO] [stderr]    Compiling anstyle v1.0.5
[INFO] [stderr]    Compiling linux-raw-sys v0.4.13
[INFO] [stderr]    Compiling half v2.3.1
[INFO] [stderr]    Compiling ryu v1.0.16
[INFO] [stderr]    Compiling ciborium-io v0.2.2
[INFO] [stderr]    Compiling regex-syntax v0.8.2
[INFO] [stderr]    Compiling same-file v1.0.6
[INFO] [stderr]    Compiling itertools v0.10.5
[INFO] [stderr]    Compiling cast v0.3.0
[INFO] [stderr]    Compiling clap_builder v4.4.18
[INFO] [stderr]    Compiling plotters-svg v0.3.5
[INFO] [stderr]    Compiling walkdir v2.4.0
[INFO] [stderr]    Compiling yansi v0.5.1
[INFO] [stderr]    Compiling diff v0.1.13
[INFO] [stderr]    Compiling anes v0.1.6
[INFO] [stderr]    Compiling ciborium-ll v0.2.2
[INFO] [stderr]    Compiling oorandom v11.1.3
[INFO] [stderr]    Compiling once_cell v1.19.0
[INFO] [stderr]    Compiling num-traits v0.2.17
[INFO] [stderr]    Compiling unsafe-libyaml v0.2.10
[INFO] [stderr]    Compiling pretty_assertions v1.4.0
[INFO] [stderr]    Compiling quote v1.0.35
[INFO] [stderr]    Compiling crossbeam-epoch v0.9.18
[INFO] [stderr]    Compiling syn v2.0.48
[INFO] [stderr]    Compiling crossbeam-deque v0.8.5
[INFO] [stderr]    Compiling is-terminal v0.4.10
[INFO] [stderr]    Compiling regex-automata v0.4.5
[INFO] [stderr]    Compiling plotters v0.3.5
[INFO] [stderr]    Compiling rayon v1.8.1
[INFO] [stderr]    Compiling criterion-plot v0.5.0
[INFO] [stderr]    Compiling clap v4.4.18
[INFO] [stderr]    Compiling serde_derive v1.0.195
[INFO] [stderr]    Compiling regex v1.10.3
[INFO] [stderr]    Compiling ciborium v0.2.2
[INFO] [stderr]    Compiling tinytemplate v1.2.1
[INFO] [stderr]    Compiling criterion v0.5.1
[INFO] [stderr]    Compiling libyaml-safer v0.1.1 (/opt/rustwide/workdir)
[INFO] [stdout] error[E0433]: failed to resolve: use of undeclared crate or module `unsafe_libyaml_test_suite`
[INFO] [stdout]   --> tests/test_parser_error.rs:31:1
[INFO] [stdout]    |
[INFO] [stdout] 31 | unsafe_libyaml_test_suite::test_parser_error!();
[INFO] [stdout]    | ^^^^^^^^^^^^^^^^^^^^^^^^^ use of undeclared crate or module `unsafe_libyaml_test_suite`
[INFO] [stdout] 
[INFO] [stdout] 
[INFO] [stdout] error[E0433]: failed to resolve: use of undeclared crate or module `unsafe_libyaml_test_suite`
[INFO] [stdout]   --> tests/test_emitter.rs:37:1
[INFO] [stdout]    |
[INFO] [stdout] 37 | unsafe_libyaml_test_suite::test_emitter!();
[INFO] [stdout]    | ^^^^^^^^^^^^^^^^^^^^^^^^^ use of undeclared crate or module `unsafe_libyaml_test_suite`
[INFO] [stdout] 
[INFO] [stdout] 
[INFO] [stdout] error[E0433]: failed to resolve: use of undeclared crate or module `unsafe_libyaml_test_suite`
[INFO] [stdout]   --> tests/test_parser.rs:32:1
[INFO] [stdout]    |
[INFO] [stdout] 32 | unsafe_libyaml_test_suite::test_parser!();
[INFO] [stdout]    | ^^^^^^^^^^^^^^^^^^^^^^^^^ use of undeclared crate or module `unsafe_libyaml_test_suite`
[INFO] [stdout] 
[INFO] [stdout] 
[INFO] [stdout] For more information about this error, try `rustc --explain E0433`.
[INFO] [stdout] 
[INFO] [stdout] For more information about this error, try `rustc --explain E0433`.
[INFO] [stdout] 
[INFO] [stdout] For more information about this error, try `rustc --explain E0433`.
[INFO] [stdout] 
[INFO] [stderr] error: could not compile `libyaml-safer` (test "test_parser_error") due to 1 previous error
[INFO] [stderr] warning: build failed, waiting for other jobs to finish...
[INFO] [stderr] error: could not compile `libyaml-safer` (test "test_parser") due to 1 previous error
[INFO] [stderr] error: could not compile `libyaml-safer` (test "test_emitter") due to 1 previous error
[INFO] running `Command { std: "docker" "inspect" "fc8d22d610438e8806dcbe5c2006eb6e321abe1eb5bb3d6e78509c681c2a3c16", kill_on_drop: false }`
[INFO] running `Command { std: "docker" "rm" "-f" "fc8d22d610438e8806dcbe5c2006eb6e321abe1eb5bb3d6e78509c681c2a3c16", kill_on_drop: false }`
[INFO] [stdout] fc8d22d610438e8806dcbe5c2006eb6e321abe1eb5bb3d6e78509c681c2a3c16
