[INFO] fetching crate libusbk-sys 0.2.0...
[INFO] testing libusbk-sys-0.2.0 against nightly-2024-10-28+rustflags=-Zrandomize-layout for randomize-layout
[INFO] extracting crate libusbk-sys 0.2.0 into /workspace/builds/worker-4-tc2/source
[INFO] validating manifest of crates.io crate libusbk-sys 0.2.0 on toolchain nightly-2024-10-28
[INFO] running `Command { std: CARGO_HOME="/workspace/cargo-home" RUSTUP_HOME="/workspace/rustup-home" "/workspace/cargo-home/bin/cargo" "+nightly-2024-10-28" "metadata" "--manifest-path" "Cargo.toml" "--no-deps", kill_on_drop: false }`
[INFO] started tweaking crates.io crate libusbk-sys 0.2.0
[INFO] finished tweaking crates.io crate libusbk-sys 0.2.0
[INFO] tweaked toml for crates.io crate libusbk-sys 0.2.0 written to /workspace/builds/worker-4-tc2/source/Cargo.toml
[INFO] running `Command { std: CARGO_HOME="/workspace/cargo-home" RUSTUP_HOME="/workspace/rustup-home" "/workspace/cargo-home/bin/cargo" "+nightly-2024-10-28" "generate-lockfile" "--manifest-path" "Cargo.toml", kill_on_drop: false }`
[INFO] [stderr]     Updating crates.io index
[INFO] [stderr]      Locking 3 packages to latest compatible versions
[INFO] running `Command { std: CARGO_HOME="/workspace/cargo-home" RUSTUP_HOME="/workspace/rustup-home" "/workspace/cargo-home/bin/cargo" "+nightly-2024-10-28" "fetch" "--manifest-path" "Cargo.toml", kill_on_drop: false }`
[INFO] running `Command { std: "docker" "create" "-v" "/var/lib/crater-agent-workspace/builds/worker-4-tc2/target:/opt/rustwide/target:rw,Z" "-v" "/var/lib/crater-agent-workspace/builds/worker-4-tc2/source:/opt/rustwide/workdir:ro,Z" "-v" "/var/lib/crater-agent-workspace/cargo-home:/opt/rustwide/cargo-home:ro,Z" "-v" "/var/lib/crater-agent-workspace/rustup-home:/opt/rustwide/rustup-home:ro,Z" "-e" "SOURCE_DIR=/opt/rustwide/workdir" "-e" "CARGO_TARGET_DIR=/opt/rustwide/target" "-e" "CARGO_HOME=/opt/rustwide/cargo-home" "-e" "RUSTUP_HOME=/opt/rustwide/rustup-home" "-w" "/opt/rustwide/workdir" "-m" "1610612736" "--user" "0:0" "--network" "none" "ghcr.io/rust-lang/crates-build-env/linux@sha256:4a844ea9eb2546a2d2c7022eacef16ef2e8229c7fbb2c7d4d55a9ceca922f72d" "/opt/rustwide/cargo-home/bin/cargo" "+nightly-2024-10-28" "metadata" "--no-deps" "--format-version=1", kill_on_drop: false }`
[INFO] [stdout] 656f72a84f8ae48b10f042a21da6a955631f2094ff551ada05c4b754d68fbd1e
[INFO] running `Command { std: "docker" "start" "-a" "656f72a84f8ae48b10f042a21da6a955631f2094ff551ada05c4b754d68fbd1e", kill_on_drop: false }`
[INFO] running `Command { std: "docker" "inspect" "656f72a84f8ae48b10f042a21da6a955631f2094ff551ada05c4b754d68fbd1e", kill_on_drop: false }`
[INFO] running `Command { std: "docker" "rm" "-f" "656f72a84f8ae48b10f042a21da6a955631f2094ff551ada05c4b754d68fbd1e", kill_on_drop: false }`
[INFO] [stdout] 656f72a84f8ae48b10f042a21da6a955631f2094ff551ada05c4b754d68fbd1e
[INFO] running `Command { std: "docker" "create" "-v" "/var/lib/crater-agent-workspace/builds/worker-4-tc2/target:/opt/rustwide/target:rw,Z" "-v" "/var/lib/crater-agent-workspace/builds/worker-4-tc2/source:/opt/rustwide/workdir:ro,Z" "-v" "/var/lib/crater-agent-workspace/cargo-home:/opt/rustwide/cargo-home:ro,Z" "-v" "/var/lib/crater-agent-workspace/rustup-home:/opt/rustwide/rustup-home:ro,Z" "-e" "SOURCE_DIR=/opt/rustwide/workdir" "-e" "CARGO_TARGET_DIR=/opt/rustwide/target" "-e" "CARGO_INCREMENTAL=0" "-e" "RUST_BACKTRACE=full" "-e" "RUSTFLAGS=--cap-lints=forbid -Zrandomize-layout" "-e" "RUSTDOCFLAGS=--cap-lints=forbid" "-e" "CARGO_HOME=/opt/rustwide/cargo-home" "-e" "RUSTUP_HOME=/opt/rustwide/rustup-home" "-w" "/opt/rustwide/workdir" "-m" "1610612736" "--user" "0:0" "--network" "none" "ghcr.io/rust-lang/crates-build-env/linux@sha256:4a844ea9eb2546a2d2c7022eacef16ef2e8229c7fbb2c7d4d55a9ceca922f72d" "/opt/rustwide/cargo-home/bin/cargo" "+nightly-2024-10-28" "build" "--frozen" "--message-format=json", kill_on_drop: false }`
[INFO] [stdout] 32e59cab52b43e6b6f88eec05ffd31c9e6086acf0e25e1d530fc314739e6181d
[INFO] running `Command { std: "docker" "start" "-a" "32e59cab52b43e6b6f88eec05ffd31c9e6086acf0e25e1d530fc314739e6181d", kill_on_drop: false }`
[INFO] [stderr]    Compiling vcpkg v0.2.15
[INFO] [stderr]    Compiling libusbk-sys v0.2.0 (/opt/rustwide/workdir)
[INFO] [stderr]     Finished `dev` profile [unoptimized + debuginfo] target(s) in 0.64s
[INFO] running `Command { std: "docker" "inspect" "32e59cab52b43e6b6f88eec05ffd31c9e6086acf0e25e1d530fc314739e6181d", kill_on_drop: false }`
[INFO] running `Command { std: "docker" "rm" "-f" "32e59cab52b43e6b6f88eec05ffd31c9e6086acf0e25e1d530fc314739e6181d", kill_on_drop: false }`
[INFO] [stdout] 32e59cab52b43e6b6f88eec05ffd31c9e6086acf0e25e1d530fc314739e6181d
[INFO] running `Command { std: "docker" "create" "-v" "/var/lib/crater-agent-workspace/builds/worker-4-tc2/target:/opt/rustwide/target:rw,Z" "-v" "/var/lib/crater-agent-workspace/builds/worker-4-tc2/source:/opt/rustwide/workdir:ro,Z" "-v" "/var/lib/crater-agent-workspace/cargo-home:/opt/rustwide/cargo-home:ro,Z" "-v" "/var/lib/crater-agent-workspace/rustup-home:/opt/rustwide/rustup-home:ro,Z" "-e" "SOURCE_DIR=/opt/rustwide/workdir" "-e" "CARGO_TARGET_DIR=/opt/rustwide/target" "-e" "CARGO_INCREMENTAL=0" "-e" "RUST_BACKTRACE=full" "-e" "RUSTFLAGS=--cap-lints=forbid -Zrandomize-layout" "-e" "RUSTDOCFLAGS=--cap-lints=forbid" "-e" "CARGO_HOME=/opt/rustwide/cargo-home" "-e" "RUSTUP_HOME=/opt/rustwide/rustup-home" "-w" "/opt/rustwide/workdir" "-m" "1610612736" "--user" "0:0" "--network" "none" "ghcr.io/rust-lang/crates-build-env/linux@sha256:4a844ea9eb2546a2d2c7022eacef16ef2e8229c7fbb2c7d4d55a9ceca922f72d" "/opt/rustwide/cargo-home/bin/cargo" "+nightly-2024-10-28" "test" "--frozen" "--no-run" "--message-format=json", kill_on_drop: false }`
[INFO] [stdout] 853a5ae9052a08139ef54b6edbb9aefa320cab948913471fc142b0e864405a71
[INFO] running `Command { std: "docker" "start" "-a" "853a5ae9052a08139ef54b6edbb9aefa320cab948913471fc142b0e864405a71", kill_on_drop: false }`
[INFO] [stderr]    Compiling libusbk-sys v0.2.0 (/opt/rustwide/workdir)
[INFO] [stdout] error: linking with `cc` failed: exit status: 1
[INFO] [stdout]   |
[INFO] [stdout]   = note: LC_ALL="C" PATH="/opt/rustwide/rustup-home/toolchains/nightly-2024-10-28-x86_64-unknown-linux-gnu/lib/rustlib/x86_64-unknown-linux-gnu/bin:/opt/rustwide/rustup-home/toolchains/nightly-2024-10-28-x86_64-unknown-linux-gnu/lib/rustlib/x86_64-unknown-linux-gnu/bin/self-contained:/opt/rustwide/cargo-home/bin:/usr/local/sbin:/usr/local/bin:/usr/sbin:/usr/bin:/sbin:/bin" VSLANG="1033" "cc" "-m64" "/tmp/rustccNDLA8/symbols.o" "/opt/rustwide/target/debug/deps/libusbk_sys-6492f63a99980b76.libusbk_sys.88cd7f30c6bc707c-cgu.0.rcgu.o" "/opt/rustwide/target/debug/deps/libusbk_sys-6492f63a99980b76.adsspff0slxss71hrjp3dzyuw.rcgu.o" "-Wl,--as-needed" "-Wl,-Bstatic" "/opt/rustwide/rustup-home/toolchains/nightly-2024-10-28-x86_64-unknown-linux-gnu/lib/rustlib/x86_64-unknown-linux-gnu/lib/libtest-a09fad3b5321e7d6.rlib" "/opt/rustwide/rustup-home/toolchains/nightly-2024-10-28-x86_64-unknown-linux-gnu/lib/rustlib/x86_64-unknown-linux-gnu/lib/libgetopts-f9c3dff41ad42661.rlib" "/opt/rustwide/rustup-home/toolchains/nightly-2024-10-28-x86_64-unknown-linux-gnu/lib/rustlib/x86_64-unknown-linux-gnu/lib/libunicode_width-ad2aef31af6addd3.rlib" "/opt/rustwide/rustup-home/toolchains/nightly-2024-10-28-x86_64-unknown-linux-gnu/lib/rustlib/x86_64-unknown-linux-gnu/lib/librustc_std_workspace_std-e3f907dc03deb913.rlib" "/opt/rustwide/rustup-home/toolchains/nightly-2024-10-28-x86_64-unknown-linux-gnu/lib/rustlib/x86_64-unknown-linux-gnu/lib/libstd-fb8c387236db3c10.rlib" "/opt/rustwide/rustup-home/toolchains/nightly-2024-10-28-x86_64-unknown-linux-gnu/lib/rustlib/x86_64-unknown-linux-gnu/lib/libpanic_unwind-b251837809b2f64b.rlib" "/opt/rustwide/rustup-home/toolchains/nightly-2024-10-28-x86_64-unknown-linux-gnu/lib/rustlib/x86_64-unknown-linux-gnu/lib/libobject-cbef83eaa4e01f04.rlib" "/opt/rustwide/rustup-home/toolchains/nightly-2024-10-28-x86_64-unknown-linux-gnu/lib/rustlib/x86_64-unknown-linux-gnu/lib/libmemchr-12a772286de2fca7.rlib" "/opt/rustwide/rustup-home/toolchains/nightly-2024-10-28-x86_64-unknown-linux-gnu/lib/rustlib/x86_64-unknown-linux-gnu/lib/libaddr2line-023bbe5ada7abfc3.rlib" "/opt/rustwide/rustup-home/toolchains/nightly-2024-10-28-x86_64-unknown-linux-gnu/lib/rustlib/x86_64-unknown-linux-gnu/lib/libgimli-de2bcdf10ec69c2b.rlib" "/opt/rustwide/rustup-home/toolchains/nightly-2024-10-28-x86_64-unknown-linux-gnu/lib/rustlib/x86_64-unknown-linux-gnu/lib/librustc_demangle-8e1754df350800fd.rlib" "/opt/rustwide/rustup-home/toolchains/nightly-2024-10-28-x86_64-unknown-linux-gnu/lib/rustlib/x86_64-unknown-linux-gnu/lib/libstd_detect-06c2ab7b9c32e037.rlib" "/opt/rustwide/rustup-home/toolchains/nightly-2024-10-28-x86_64-unknown-linux-gnu/lib/rustlib/x86_64-unknown-linux-gnu/lib/libhashbrown-51d2621fc57a281b.rlib" "/opt/rustwide/rustup-home/toolchains/nightly-2024-10-28-x86_64-unknown-linux-gnu/lib/rustlib/x86_64-unknown-linux-gnu/lib/librustc_std_workspace_alloc-54a930408793772f.rlib" "/opt/rustwide/rustup-home/toolchains/nightly-2024-10-28-x86_64-unknown-linux-gnu/lib/rustlib/x86_64-unknown-linux-gnu/lib/libminiz_oxide-0c7d01cba400dcb2.rlib" "/opt/rustwide/rustup-home/toolchains/nightly-2024-10-28-x86_64-unknown-linux-gnu/lib/rustlib/x86_64-unknown-linux-gnu/lib/libadler-b9f84d69e331b75b.rlib" "/opt/rustwide/rustup-home/toolchains/nightly-2024-10-28-x86_64-unknown-linux-gnu/lib/rustlib/x86_64-unknown-linux-gnu/lib/libunwind-eec95493246aae39.rlib" "/opt/rustwide/rustup-home/toolchains/nightly-2024-10-28-x86_64-unknown-linux-gnu/lib/rustlib/x86_64-unknown-linux-gnu/lib/libcfg_if-6f6676c475e08ab0.rlib" "/opt/rustwide/rustup-home/toolchains/nightly-2024-10-28-x86_64-unknown-linux-gnu/lib/rustlib/x86_64-unknown-linux-gnu/lib/liblibc-799d520624f8b2e0.rlib" "/opt/rustwide/rustup-home/toolchains/nightly-2024-10-28-x86_64-unknown-linux-gnu/lib/rustlib/x86_64-unknown-linux-gnu/lib/liballoc-fcf93d4842acd9a9.rlib" "/opt/rustwide/rustup-home/toolchains/nightly-2024-10-28-x86_64-unknown-linux-gnu/lib/rustlib/x86_64-unknown-linux-gnu/lib/librustc_std_workspace_core-395a38b8e0851c9b.rlib" "/opt/rustwide/rustup-home/toolchains/nightly-2024-10-28-x86_64-unknown-linux-gnu/lib/rustlib/x86_64-unknown-linux-gnu/lib/libcore-d453bab70303062c.rlib" "/opt/rustwide/rustup-home/toolchains/nightly-2024-10-28-x86_64-unknown-linux-gnu/lib/rustlib/x86_64-unknown-linux-gnu/lib/libcompiler_builtins-0e6386368b0a24e8.rlib" "-Wl,-Bdynamic" "-lgcc_s" "-lutil" "-lrt" "-lpthread" "-lm" "-ldl" "-lc" "-B/opt/rustwide/rustup-home/toolchains/nightly-2024-10-28-x86_64-unknown-linux-gnu/lib/rustlib/x86_64-unknown-linux-gnu/bin/gcc-ld" "-fuse-ld=lld" "-Wl,--eh-frame-hdr" "-Wl,-z,noexecstack" "-L" "libusbK" "-L" "libusbK/libusbK/src/lib" "-L" "/opt/rustwide/rustup-home/toolchains/nightly-2024-10-28-x86_64-unknown-linux-gnu/lib/rustlib/x86_64-unknown-linux-gnu/lib" "-o" "/opt/rustwide/target/debug/deps/libusbk_sys-6492f63a99980b76" "-Wl,--gc-sections" "-pie" "-Wl,-z,relro,-z,now" "-nodefaultlibs"
[INFO] [stdout]   = note: rust-lld: error: undefined symbol: LibK_GetVersion
[INFO] [stdout]           >>> referenced by lib.rs:17 (src/lib.rs:17)
[INFO] [stdout]           >>>               /opt/rustwide/target/debug/deps/libusbk_sys-6492f63a99980b76.libusbk_sys.88cd7f30c6bc707c-cgu.0.rcgu.o:(libusbk_sys::tests::get_version::h0a00922c8af605b2)
[INFO] [stdout]           
[INFO] [stdout]           rust-lld: error: undefined symbol: LstK_Init
[INFO] [stdout]           >>> referenced by lib.rs:26 (src/lib.rs:26)
[INFO] [stdout]           >>>               /opt/rustwide/target/debug/deps/libusbk_sys-6492f63a99980b76.libusbk_sys.88cd7f30c6bc707c-cgu.0.rcgu.o:(libusbk_sys::tests::get_usb::hf7992e3f68cc27e3)
[INFO] [stdout]           >>> referenced by lib.rs:44 (src/lib.rs:44)
[INFO] [stdout]           >>>               /opt/rustwide/target/debug/deps/libusbk_sys-6492f63a99980b76.libusbk_sys.88cd7f30c6bc707c-cgu.0.rcgu.o:(libusbk_sys::tests::get_usb_count::hb02b6ec63d9c8e6b)
[INFO] [stdout]           
[INFO] [stdout]           rust-lld: error: undefined symbol: LstK_FindByVidPid
[INFO] [stdout]           >>> referenced by lib.rs:30 (src/lib.rs:30)
[INFO] [stdout]           >>>               /opt/rustwide/target/debug/deps/libusbk_sys-6492f63a99980b76.libusbk_sys.88cd7f30c6bc707c-cgu.0.rcgu.o:(libusbk_sys::tests::get_usb::hf7992e3f68cc27e3)
[INFO] [stdout]           
[INFO] [stdout]           rust-lld: error: undefined symbol: LstK_Free
[INFO] [stdout]           >>> referenced by lib.rs:31 (src/lib.rs:31)
[INFO] [stdout]           >>>               /opt/rustwide/target/debug/deps/libusbk_sys-6492f63a99980b76.libusbk_sys.88cd7f30c6bc707c-cgu.0.rcgu.o:(libusbk_sys::tests::get_usb::hf7992e3f68cc27e3)
[INFO] [stdout]           >>> referenced by lib.rs:52 (src/lib.rs:52)
[INFO] [stdout]           >>>               /opt/rustwide/target/debug/deps/libusbk_sys-6492f63a99980b76.libusbk_sys.88cd7f30c6bc707c-cgu.0.rcgu.o:(libusbk_sys::tests::get_usb_count::hb02b6ec63d9c8e6b)
[INFO] [stdout]           
[INFO] [stdout]           rust-lld: error: undefined symbol: LstK_Count
[INFO] [stdout]           >>> referenced by lib.rs:48 (src/lib.rs:48)
[INFO] [stdout]           >>>               /opt/rustwide/target/debug/deps/libusbk_sys-6492f63a99980b76.libusbk_sys.88cd7f30c6bc707c-cgu.0.rcgu.o:(libusbk_sys::tests::get_usb_count::hb02b6ec63d9c8e6b)
[INFO] [stdout]           collect2: error: ld returned 1 exit status
[INFO] [stdout]           
[INFO] [stdout] 
[INFO] [stdout] 
[INFO] [stderr] error: could not compile `libusbk-sys` (lib test) due to 1 previous error
[INFO] running `Command { std: "docker" "inspect" "853a5ae9052a08139ef54b6edbb9aefa320cab948913471fc142b0e864405a71", kill_on_drop: false }`
[INFO] running `Command { std: "docker" "rm" "-f" "853a5ae9052a08139ef54b6edbb9aefa320cab948913471fc142b0e864405a71", kill_on_drop: false }`
[INFO] [stdout] 853a5ae9052a08139ef54b6edbb9aefa320cab948913471fc142b0e864405a71
