[INFO] fetching crate libreplex_metadata 0.10.0...
[INFO] testing libreplex_metadata-0.10.0 against nightly-2024-10-28+rustflags=-Zrandomize-layout for randomize-layout
[INFO] extracting crate libreplex_metadata 0.10.0 into /workspace/builds/worker-0-tc2/source
[INFO] validating manifest of crates.io crate libreplex_metadata 0.10.0 on toolchain nightly-2024-10-28
[INFO] running `Command { std: CARGO_HOME="/workspace/cargo-home" RUSTUP_HOME="/workspace/rustup-home" "/workspace/cargo-home/bin/cargo" "+nightly-2024-10-28" "metadata" "--manifest-path" "Cargo.toml" "--no-deps", kill_on_drop: false }`
[INFO] started tweaking crates.io crate libreplex_metadata 0.10.0
[INFO] finished tweaking crates.io crate libreplex_metadata 0.10.0
[INFO] tweaked toml for crates.io crate libreplex_metadata 0.10.0 written to /workspace/builds/worker-0-tc2/source/Cargo.toml
[INFO] running `Command { std: CARGO_HOME="/workspace/cargo-home" RUSTUP_HOME="/workspace/rustup-home" "/workspace/cargo-home/bin/cargo" "+nightly-2024-10-28" "generate-lockfile" "--manifest-path" "Cargo.toml", kill_on_drop: false }`
[INFO] [stderr]     Updating crates.io index
[INFO] [stderr]      Locking 562 packages to latest compatible versions
[INFO] [stderr]       Adding anchor-lang v0.28.0 (available: v0.30.1)
[INFO] [stderr]       Adding anchor-spl v0.28.0 (available: v0.30.1)
[INFO] [stderr]       Adding array-bytes v1.4.1 (available: v1.6.0)
[INFO] [stderr]       Adding blake3 v1.5.1 (available: v1.5.4)
[INFO] [stderr]       Adding libreplex_inscriptions v0.1.10 (available: v0.5.1)
[INFO] [stderr]       Adding solana-account-decoder v1.16.25 (available: v1.18.26)
[INFO] [stderr]       Adding solana-address-lookup-table-program v1.16.25 (available: v1.18.26)
[INFO] [stderr]       Adding solana-banks-client v1.16.25 (available: v1.18.26)
[INFO] [stderr]       Adding solana-banks-interface v1.16.25 (available: v1.18.26)
[INFO] [stderr]       Adding solana-banks-server v1.16.25 (available: v1.18.26)
[INFO] [stderr]       Adding solana-bpf-loader-program v1.16.25 (available: v1.18.26)
[INFO] [stderr]       Adding solana-bucket-map v1.16.25 (available: v1.18.26)
[INFO] [stderr]       Adding solana-clap-utils v1.16.25 (available: v1.18.26)
[INFO] [stderr]       Adding solana-client v1.16.25 (available: v1.18.26)
[INFO] [stderr]       Adding solana-compute-budget-program v1.16.25 (available: v1.18.26)
[INFO] [stderr]       Adding solana-config-program v1.16.25 (available: v1.18.26)
[INFO] [stderr]       Adding solana-connection-cache v1.16.25 (available: v1.18.26)
[INFO] [stderr]       Adding solana-frozen-abi v1.16.25 (available: v1.18.26)
[INFO] [stderr]       Adding solana-frozen-abi-macro v1.16.25 (available: v1.18.26)
[INFO] [stderr]       Adding solana-loader-v4-program v1.16.25 (available: v1.18.26)
[INFO] [stderr]       Adding solana-logger v1.16.25 (available: v1.18.26)
[INFO] [stderr]       Adding solana-measure v1.16.25 (available: v1.18.26)
[INFO] [stderr]       Adding solana-metrics v1.16.25 (available: v1.18.26)
[INFO] [stderr]       Adding solana-net-utils v1.16.25 (available: v1.18.26)
[INFO] [stderr]       Adding solana-perf v1.16.25 (available: v1.18.26)
[INFO] [stderr]       Adding solana-program v1.16.25 (available: v1.18.26)
[INFO] [stderr]       Adding solana-program v2.0.14 (available: v2.1.0)
[INFO] [stderr]       Adding solana-program-runtime v1.16.25 (available: v1.18.26)
[INFO] [stderr]       Adding solana-program-test v1.16.25 (available: v1.18.26)
[INFO] [stderr]       Adding solana-pubsub-client v1.16.25 (available: v1.18.26)
[INFO] [stderr]       Adding solana-quic-client v1.16.25 (available: v1.18.26)
[INFO] [stderr]       Adding solana-rayon-threadlimit v1.16.25 (available: v1.18.26)
[INFO] [stderr]       Adding solana-remote-wallet v1.16.25 (available: v1.18.26)
[INFO] [stderr]       Adding solana-rpc-client v1.16.25 (available: v1.18.26)
[INFO] [stderr]       Adding solana-rpc-client-api v1.16.25 (available: v1.18.26)
[INFO] [stderr]       Adding solana-rpc-client-nonce-utils v1.16.25 (available: v1.18.26)
[INFO] [stderr]       Adding solana-runtime v1.16.25 (available: v1.18.26)
[INFO] [stderr]       Adding solana-sdk v1.16.25 (available: v1.18.26)
[INFO] [stderr]       Adding solana-sdk v2.0.14 (available: v2.1.0)
[INFO] [stderr]       Adding solana-sdk-macro v1.16.25 (available: v1.18.26)
[INFO] [stderr]       Adding solana-sdk-macro v2.0.14 (available: v2.1.0)
[INFO] [stderr]       Adding solana-send-transaction-service v1.16.25 (available: v1.18.26)
[INFO] [stderr]       Adding solana-stake-program v1.16.25 (available: v1.18.26)
[INFO] [stderr]       Adding solana-streamer v1.16.25 (available: v1.18.26)
[INFO] [stderr]       Adding solana-system-program v1.16.25 (available: v1.18.26)
[INFO] [stderr]       Adding solana-thin-client v1.16.25 (available: v1.18.26)
[INFO] [stderr]       Adding solana-tpu-client v1.16.25 (available: v1.18.26)
[INFO] [stderr]       Adding solana-transaction-status v1.16.25 (available: v1.18.26)
[INFO] [stderr]       Adding solana-udp-client v1.16.25 (available: v1.18.26)
[INFO] [stderr]       Adding solana-version v1.16.25 (available: v1.18.26)
[INFO] [stderr]       Adding solana-vote-program v1.16.25 (available: v1.18.26)
[INFO] [stderr]       Adding solana-zk-token-proof-program v1.16.25 (available: v1.18.26)
[INFO] [stderr]       Adding solana-zk-token-sdk v1.16.25 (available: v1.18.26)
[INFO] [stderr]       Adding spl-associated-token-account v2.2.0 (available: v2.3.0)
[INFO] [stderr]       Adding spl-memo v4.0.0 (available: v4.0.4)
[INFO] [stderr]       Adding spl-token v4.0.0 (available: v4.0.3)
[INFO] [stderr]       Adding spl-token-2022 v0.6.1 (available: v5.0.2)
[INFO] [stderr]       Adding subtle v2.4.1 (available: v2.6.1)
[INFO] [stderr]       Adding zeroize v1.3.0 (available: v1.8.1)
[INFO] running `Command { std: CARGO_HOME="/workspace/cargo-home" RUSTUP_HOME="/workspace/rustup-home" "/workspace/cargo-home/bin/cargo" "+nightly-2024-10-28" "fetch" "--manifest-path" "Cargo.toml", kill_on_drop: false }`
[INFO] running `Command { std: "docker" "create" "-v" "/var/lib/crater-agent-workspace/builds/worker-0-tc2/target:/opt/rustwide/target:rw,Z" "-v" "/var/lib/crater-agent-workspace/builds/worker-0-tc2/source:/opt/rustwide/workdir:ro,Z" "-v" "/var/lib/crater-agent-workspace/cargo-home:/opt/rustwide/cargo-home:ro,Z" "-v" "/var/lib/crater-agent-workspace/rustup-home:/opt/rustwide/rustup-home:ro,Z" "-e" "SOURCE_DIR=/opt/rustwide/workdir" "-e" "CARGO_TARGET_DIR=/opt/rustwide/target" "-e" "CARGO_HOME=/opt/rustwide/cargo-home" "-e" "RUSTUP_HOME=/opt/rustwide/rustup-home" "-w" "/opt/rustwide/workdir" "-m" "1610612736" "--user" "0:0" "--network" "none" "ghcr.io/rust-lang/crates-build-env/linux@sha256:4a844ea9eb2546a2d2c7022eacef16ef2e8229c7fbb2c7d4d55a9ceca922f72d" "/opt/rustwide/cargo-home/bin/cargo" "+nightly-2024-10-28" "metadata" "--no-deps" "--format-version=1", kill_on_drop: false }`
[INFO] [stdout] ebdac6b31d83359a5f0f7b5f23e91c8948083e64432bc86a2429c4e5211404ba
[INFO] running `Command { std: "docker" "start" "-a" "ebdac6b31d83359a5f0f7b5f23e91c8948083e64432bc86a2429c4e5211404ba", kill_on_drop: false }`
[INFO] running `Command { std: "docker" "inspect" "ebdac6b31d83359a5f0f7b5f23e91c8948083e64432bc86a2429c4e5211404ba", kill_on_drop: false }`
[INFO] running `Command { std: "docker" "rm" "-f" "ebdac6b31d83359a5f0f7b5f23e91c8948083e64432bc86a2429c4e5211404ba", kill_on_drop: false }`
[INFO] [stdout] ebdac6b31d83359a5f0f7b5f23e91c8948083e64432bc86a2429c4e5211404ba
[INFO] running `Command { std: "docker" "create" "-v" "/var/lib/crater-agent-workspace/builds/worker-0-tc2/target:/opt/rustwide/target:rw,Z" "-v" "/var/lib/crater-agent-workspace/builds/worker-0-tc2/source:/opt/rustwide/workdir:ro,Z" "-v" "/var/lib/crater-agent-workspace/cargo-home:/opt/rustwide/cargo-home:ro,Z" "-v" "/var/lib/crater-agent-workspace/rustup-home:/opt/rustwide/rustup-home:ro,Z" "-e" "SOURCE_DIR=/opt/rustwide/workdir" "-e" "CARGO_TARGET_DIR=/opt/rustwide/target" "-e" "CARGO_INCREMENTAL=0" "-e" "RUST_BACKTRACE=full" "-e" "RUSTFLAGS=--cap-lints=forbid -Zrandomize-layout" "-e" "RUSTDOCFLAGS=--cap-lints=forbid" "-e" "CARGO_HOME=/opt/rustwide/cargo-home" "-e" "RUSTUP_HOME=/opt/rustwide/rustup-home" "-w" "/opt/rustwide/workdir" "-m" "1610612736" "--user" "0:0" "--network" "none" "ghcr.io/rust-lang/crates-build-env/linux@sha256:4a844ea9eb2546a2d2c7022eacef16ef2e8229c7fbb2c7d4d55a9ceca922f72d" "/opt/rustwide/cargo-home/bin/cargo" "+nightly-2024-10-28" "build" "--frozen" "--message-format=json", kill_on_drop: false }`
[INFO] [stdout] c69a9d33a9f73c61335a126735c68e08cbf78c60f726122667d19c5bad2b7623
[INFO] running `Command { std: "docker" "start" "-a" "c69a9d33a9f73c61335a126735c68e08cbf78c60f726122667d19c5bad2b7623", kill_on_drop: false }`
[INFO] [stderr]    Compiling proc-macro2 v1.0.89
[INFO] [stderr]    Compiling serde v1.0.214
[INFO] [stderr]    Compiling libc v0.2.161
[INFO] [stderr]    Compiling subtle v2.4.1
[INFO] [stderr]    Compiling generic-array v0.14.7
[INFO] [stderr]    Compiling syn v1.0.109
[INFO] [stderr]    Compiling byteorder v1.5.0
[INFO] [stderr]    Compiling memchr v2.7.4
[INFO] [stderr]    Compiling num-traits v0.2.19
[INFO] [stderr]    Compiling anyhow v1.0.92
[INFO] [stderr]    Compiling getrandom v0.1.16
[INFO] [stderr]    Compiling serde_json v1.0.132
[INFO] [stderr]    Compiling itoa v1.0.11
[INFO] [stderr]    Compiling ryu v1.0.18
[INFO] [stderr]    Compiling opaque-debug v0.3.1
[INFO] [stderr]    Compiling ahash v0.8.11
[INFO] [stderr]    Compiling crunchy v0.2.2
[INFO] [stderr]    Compiling shlex v1.3.0
[INFO] [stderr]    Compiling log v0.4.22
[INFO] [stderr]    Compiling block-padding v0.2.1
[INFO] [stderr]    Compiling quote v1.0.37
[INFO] [stderr]    Compiling wasm-bindgen-shared v0.2.95
[INFO] [stderr]    Compiling paste v1.0.15
[INFO] [stderr]    Compiling syn v2.0.86
[INFO] [stderr]    Compiling num-integer v0.1.46
[INFO] [stderr]    Compiling crossbeam-epoch v0.9.18
[INFO] [stderr]    Compiling rayon-core v1.12.1
[INFO] [stderr]    Compiling itertools v0.10.5
[INFO] [stderr]    Compiling num-bigint v0.4.6
[INFO] [stderr]    Compiling crossbeam-deque v0.8.5
[INFO] [stderr]    Compiling ahash v0.7.8
[INFO] [stderr]    Compiling rustversion v1.0.18
[INFO] [stderr]    Compiling getrandom v0.2.15
[INFO] [stderr]    Compiling rand_core v0.6.4
[INFO] [stderr]    Compiling rand_core v0.5.1
[INFO] [stderr]    Compiling jobserver v0.1.32
[INFO] [stderr]    Compiling feature-probe v0.1.1
[INFO] [stderr]    Compiling bumpalo v3.16.0
[INFO] [stderr]    Compiling bv v0.11.1
[INFO] [stderr]    Compiling cc v1.1.31
[INFO] [stderr]    Compiling solana-frozen-abi-macro v1.16.25
[INFO] [stderr]    Compiling bitmaps v2.1.0
[INFO] [stderr]    Compiling im v15.1.0
[INFO] [stderr]    Compiling equivalent v1.0.1
[INFO] [stderr]    Compiling hashbrown v0.15.0
[INFO] [stderr]    Compiling keccak v0.1.5
[INFO] [stderr]    Compiling rayon v1.10.0
[INFO] [stderr]    Compiling indexmap v2.6.0
[INFO] [stderr]    Compiling sized-chunks v0.6.5
[INFO] [stderr]    Compiling rand_xoshiro v0.6.0
[INFO] [stderr]    Compiling aho-corasick v1.1.3
[INFO] [stderr]    Compiling solana-frozen-abi v1.16.25
[INFO] [stderr]    Compiling memoffset v0.9.1
[INFO] [stderr]    Compiling unicode-segmentation v1.12.0
[INFO] [stderr]    Compiling arrayvec v0.7.6
[INFO] [stderr]    Compiling constant_time_eq v0.3.1
[INFO] [stderr]    Compiling wasm-bindgen v0.2.95
[INFO] [stderr]    Compiling winnow v0.5.40
[INFO] [stderr]    Compiling toml_datetime v0.6.8
[INFO] [stderr]    Compiling bs58 v0.4.0
[INFO] [stderr]    Compiling regex-syntax v0.8.5
[INFO] [stderr]    Compiling heck v0.3.3
[INFO] [stderr]    Compiling blake3 v1.5.1
[INFO] [stderr]    Compiling borsh-derive-internal v0.9.3
[INFO] [stderr]    Compiling wasm-bindgen-backend v0.2.95
[INFO] [stderr]    Compiling borsh-schema-derive-internal v0.10.4
[INFO] [stderr]    Compiling borsh-derive-internal v0.10.4
[INFO] [stderr]    Compiling borsh-schema-derive-internal v0.9.3
[INFO] [stderr]    Compiling wasm-bindgen-macro-support v0.2.95
[INFO] [stderr]    Compiling toml_edit v0.19.15
[INFO] [stderr]    Compiling solana-program v1.16.25
[INFO] [stderr]    Compiling regex-automata v0.4.8
[INFO] [stderr]    Compiling hashbrown v0.11.2
[INFO] [stderr]    Compiling unicode-normalization v0.1.24
[INFO] [stderr]    Compiling memmap2 v0.5.10
[INFO] [stderr]    Compiling ark-serialize-derive v0.4.2
[INFO] [stderr]    Compiling derivative v2.2.0
[INFO] [stderr]    Compiling ark-ff-macros v0.4.2
[INFO] [stderr]    Compiling ark-ff-asm v0.4.2
[INFO] [stderr]    Compiling serde_derive v1.0.214
[INFO] [stderr]    Compiling zerocopy-derive v0.7.35
[INFO] [stderr]    Compiling thiserror-impl v1.0.66
[INFO] [stderr]    Compiling zeroize_derive v1.4.2
[INFO] [stderr]    Compiling bytemuck_derive v1.8.0
[INFO] [stderr]    Compiling zerocopy v0.7.35
[INFO] [stderr]    Compiling zeroize v1.3.0
[INFO] [stderr]    Compiling thiserror v1.0.66
[INFO] [stderr]    Compiling wasm-bindgen-macro v0.2.95
[INFO] [stderr]    Compiling base64 v0.12.3
[INFO] [stderr]    Compiling ppv-lite86 v0.2.20
[INFO] [stderr]    Compiling bs58 v0.5.1
[INFO] [stderr]    Compiling rustc-hash v1.1.0
[INFO] [stderr]    Compiling bytemuck v1.19.0
[INFO] [stderr]    Compiling regex v1.11.1
[INFO] [stderr]    Compiling proc-macro-crate v1.3.1
[INFO] [stderr]    Compiling rand_chacha v0.3.1
[INFO] [stderr]    Compiling rand_chacha v0.2.2
[INFO] [stderr]    Compiling hashbrown v0.13.2
[INFO] [stderr]    Compiling rand v0.8.5
[INFO] [stderr]    Compiling rand v0.7.3
[INFO] [stderr]    Compiling solana-sdk-macro v1.16.25
[INFO] [stderr]    Compiling num-derive v0.3.3
[INFO] [stderr]    Compiling ident_case v1.0.1
[INFO] [stderr]    Compiling strsim v0.11.1
[INFO] [stderr]    Compiling base64 v0.21.7
[INFO] [stderr]    Compiling ark-std v0.4.0
[INFO] [stderr]    Compiling array-bytes v1.4.1
[INFO] [stderr]    Compiling bitflags v1.3.2
[INFO] [stderr]    Compiling darling_core v0.20.10
[INFO] [stderr]    Compiling signature v1.6.4
[INFO] [stderr]    Compiling atty v0.2.14
[INFO] [stderr]    Compiling termcolor v1.4.1
[INFO] [stderr]    Compiling ed25519 v1.5.3
[INFO] [stderr]    Compiling humantime v2.1.0
[INFO] [stderr]    Compiling num_enum_derive v0.6.1
[INFO] [stderr]    Compiling env_logger v0.9.3
[INFO] [stderr]    Compiling solana-sdk v1.16.25
[INFO] [stderr]    Compiling derivation-path v0.2.0
[INFO] [stderr]    Compiling iana-time-zone v0.1.61
[INFO] [stderr]    Compiling qstring v0.7.2
[INFO] [stderr]    Compiling solana-logger v1.16.25
[INFO] [stderr]    Compiling num_enum_derive v0.5.11
[INFO] [stderr]    Compiling uriparse v0.6.4
[INFO] [stderr]    Compiling assert_matches v1.5.0
[INFO] [stderr]    Compiling merlin v3.0.0
[INFO] [stderr]    Compiling anchor-derive-space v0.28.0
[INFO] [stderr]    Compiling base64 v0.13.1
[INFO] [stderr]    Compiling num_enum v0.6.1
[INFO] [stderr]    Compiling num_enum v0.5.11
[INFO] [stderr]    Compiling darling_macro v0.20.10
[INFO] [stderr]    Compiling darling v0.20.10
[INFO] [stderr]    Compiling serde_with_macros v2.3.3
[INFO] [stderr]    Compiling toml v0.5.11
[INFO] [stderr]    Compiling serde_bytes v0.11.15
[INFO] [stderr]    Compiling bincode v1.3.3
[INFO] [stderr]    Compiling serde_with v2.3.3
[INFO] [stderr]    Compiling chrono v0.4.38
[INFO] [stderr]    Compiling block-buffer v0.10.4
[INFO] [stderr]    Compiling crypto-common v0.1.6
[INFO] [stderr]    Compiling digest v0.9.0
[INFO] [stderr]    Compiling digest v0.10.7
[INFO] [stderr]    Compiling block-buffer v0.9.0
[INFO] [stderr]    Compiling libsecp256k1-core v0.2.2
[INFO] [stderr]    Compiling crypto-mac v0.8.0
[INFO] [stderr]    Compiling sha2 v0.10.8
[INFO] [stderr]    Compiling ark-serialize v0.4.2
[INFO] [stderr]    Compiling sha2 v0.9.9
[INFO] [stderr]    Compiling proc-macro-crate v0.1.5
[INFO] [stderr]    Compiling ark-ff v0.4.2
[INFO] [stderr]    Compiling hmac v0.8.1
[INFO] [stderr]    Compiling curve25519-dalek v3.2.1
[INFO] [stderr]    Compiling borsh-derive v0.10.4
[INFO] [stderr]    Compiling borsh-derive v0.9.3
[INFO] [stderr]    Compiling hmac-drbg v0.3.0
[INFO] [stderr]    Compiling libsecp256k1-gen-genmult v0.2.1
[INFO] [stderr]    Compiling libsecp256k1-gen-ecmult v0.2.1
[INFO] [stderr]    Compiling pbkdf2 v0.4.0
[INFO] [stderr]    Compiling borsh v0.9.3
[INFO] [stderr]    Compiling borsh v0.10.4
[INFO] [stderr]    Compiling tiny-bip39 v0.8.2
[INFO] [stderr]    Compiling libsecp256k1 v0.6.0
[INFO] [stderr]    Compiling anchor-syn v0.28.0
[INFO] [stderr]    Compiling sha3 v0.10.8
[INFO] [stderr]    Compiling cipher v0.3.0
[INFO] [stderr]    Compiling ed25519-dalek v1.0.1
[INFO] [stderr]    Compiling hmac v0.12.1
[INFO] [stderr]    Compiling universal-hash v0.4.1
[INFO] [stderr]    Compiling ctr v0.8.0
[INFO] [stderr]    Compiling polyval v0.5.3
[INFO] [stderr]    Compiling ed25519-dalek-bip32 v0.2.0
[INFO] [stderr]    Compiling aes v0.7.5
[INFO] [stderr]    Compiling pbkdf2 v0.11.0
[INFO] [stderr]    Compiling aead v0.4.3
[INFO] [stderr]    Compiling sha3 v0.9.1
[INFO] [stderr]    Compiling aes-gcm-siv v0.10.3
[INFO] [stderr]    Compiling anchor-attribute-access-control v0.28.0
[INFO] [stderr]    Compiling anchor-derive-accounts v0.28.0
[INFO] [stderr]    Compiling anchor-attribute-constant v0.28.0
[INFO] [stderr]    Compiling anchor-attribute-event v0.28.0
[INFO] [stderr]    Compiling anchor-attribute-account v0.28.0
[INFO] [stderr]    Compiling anchor-attribute-program v0.28.0
[INFO] [stderr]    Compiling anchor-attribute-error v0.28.0
[INFO] [stderr]    Compiling ark-poly v0.4.2
[INFO] [stderr]    Compiling ark-ec v0.4.2
[INFO] [stderr]    Compiling ark-bn254 v0.4.0
[INFO] [stderr]    Compiling spl-token v3.5.0
[INFO] [stderr]    Compiling spl-memo v3.0.1
[INFO] [stderr]    Compiling anchor-lang v0.28.0
[INFO] [stderr]    Compiling libreplex_inscriptions v0.1.10
[INFO] [stderr]    Compiling solana-zk-token-sdk v1.16.25
[INFO] [stderr]    Compiling spl-token-2022 v0.6.1
[INFO] [stderr]    Compiling spl-associated-token-account v1.1.3
[INFO] [stderr]    Compiling anchor-spl v0.28.0
[INFO] [stderr]    Compiling libreplex_metadata v0.10.0 (/opt/rustwide/workdir)
[INFO] [stdout] warning: unused import: `anchor_spl::token_interface::Mint`
[INFO] [stdout]  --> src/instructions/create_metadata.rs:6:5
[INFO] [stdout]   |
[INFO] [stdout] 6 | use anchor_spl::token_interface::Mint;
[INFO] [stdout]   |     ^^^^^^^^^^^^^^^^^^^^^^^^^^^^^^^^^
[INFO] [stdout]   |
[INFO] [stdout]   = note: `#[warn(unused_imports)]` on by default
[INFO] [stdout] 
[INFO] [stdout] 
[INFO] [stdout] warning: unused import: `UpdateMetadataInput`
[INFO] [stdout]  --> src/instructions/update_inscription_datatype.rs:4:60
[INFO] [stdout]   |
[INFO] [stdout] 4 | use crate::{Metadata, DelegatePermissions, PermissionType, UpdateMetadataInput, Group, Asset};
[INFO] [stdout]   |                                                            ^^^^^^^^^^^^^^^^^^^
[INFO] [stdout] 
[INFO] [stdout] 
[INFO] [stdout] warning: ambiguous glob re-exports
[INFO] [stdout]   --> src/instructions/mod.rs:16:9
[INFO] [stdout]    |
[INFO] [stdout] 16 | pub use delete_metadata::*;
[INFO] [stdout]    |         ^^^^^^^^^^^^^^^^^^ the name `handler` in the value namespace is first re-exported here
[INFO] [stdout] ...
[INFO] [stdout] 29 | pub use update_inscription_datatype::*;
[INFO] [stdout]    |         ------------------------------ but the name `handler` in the value namespace is also re-exported here
[INFO] [stdout]    |
[INFO] [stdout]    = note: `#[warn(ambiguous_glob_reexports)]` on by default
[INFO] [stdout] 
[INFO] [stdout] 
[INFO] [stdout] warning: unused import: `License`
[INFO] [stdout]  --> src/state/metadata.rs:6:13
[INFO] [stdout]   |
[INFO] [stdout] 6 | use crate::{License, MetadataExtension, Royalties};
[INFO] [stdout]   |             ^^^^^^^
[INFO] [stdout] 
[INFO] [stdout] 
[INFO] [stdout] warning: unused import: `errors::*`
[INFO] [stdout]   --> src/lib.rs:13:9
[INFO] [stdout]    |
[INFO] [stdout] 13 | pub use errors::*;
[INFO] [stdout]    |         ^^^^^^^^^
[INFO] [stdout] 
[INFO] [stdout] 
[INFO] [stdout] warning: unused import: `std::collections::BTreeMap`
[INFO] [stdout]  --> src/shared/assert_pda_derivation.rs:2:5
[INFO] [stdout]   |
[INFO] [stdout] 2 | use std::collections::BTreeMap;
[INFO] [stdout]   |     ^^^^^^^^^^^^^^^^^^^^^^^^^^
[INFO] [stdout] 
[INFO] [stdout] 
[INFO] [stdout] warning: unused variable: `inscriptions_program`
[INFO] [stdout]   --> src/instructions/delete_metadata_inscription.rs:46:9
[INFO] [stdout]    |
[INFO] [stdout] 46 |     let inscriptions_program = &mut ctx.accounts.inscriptions_program;
[INFO] [stdout]    |         ^^^^^^^^^^^^^^^^^^^^ help: if this is intentional, prefix it with an underscore: `_inscriptions_program`
[INFO] [stdout]    |
[INFO] [stdout]    = note: `#[warn(unused_variables)]` on by default
[INFO] [stdout] 
[INFO] [stdout] 
[INFO] [stdout] warning: unused variable: `inscription_authority`
[INFO] [stdout]   --> src/instructions/delete_metadata_inscription.rs:48:10
[INFO] [stdout]    |
[INFO] [stdout] 48 |     let  inscription_authority = &ctx.accounts.inscription_authority;
[INFO] [stdout]    |          ^^^^^^^^^^^^^^^^^^^^^ help: if this is intentional, prefix it with an underscore: `_inscription_authority`
[INFO] [stdout] 
[INFO] [stdout] 
[INFO] [stderr]     Finished `dev` profile [unoptimized + debuginfo] target(s) in 46.14s
[INFO] running `Command { std: "docker" "inspect" "c69a9d33a9f73c61335a126735c68e08cbf78c60f726122667d19c5bad2b7623", kill_on_drop: false }`
[INFO] running `Command { std: "docker" "rm" "-f" "c69a9d33a9f73c61335a126735c68e08cbf78c60f726122667d19c5bad2b7623", kill_on_drop: false }`
[INFO] [stdout] c69a9d33a9f73c61335a126735c68e08cbf78c60f726122667d19c5bad2b7623
[INFO] running `Command { std: "docker" "create" "-v" "/var/lib/crater-agent-workspace/builds/worker-0-tc2/target:/opt/rustwide/target:rw,Z" "-v" "/var/lib/crater-agent-workspace/builds/worker-0-tc2/source:/opt/rustwide/workdir:ro,Z" "-v" "/var/lib/crater-agent-workspace/cargo-home:/opt/rustwide/cargo-home:ro,Z" "-v" "/var/lib/crater-agent-workspace/rustup-home:/opt/rustwide/rustup-home:ro,Z" "-e" "SOURCE_DIR=/opt/rustwide/workdir" "-e" "CARGO_TARGET_DIR=/opt/rustwide/target" "-e" "CARGO_INCREMENTAL=0" "-e" "RUST_BACKTRACE=full" "-e" "RUSTFLAGS=--cap-lints=forbid -Zrandomize-layout" "-e" "RUSTDOCFLAGS=--cap-lints=forbid" "-e" "CARGO_HOME=/opt/rustwide/cargo-home" "-e" "RUSTUP_HOME=/opt/rustwide/rustup-home" "-w" "/opt/rustwide/workdir" "-m" "1610612736" "--user" "0:0" "--network" "none" "ghcr.io/rust-lang/crates-build-env/linux@sha256:4a844ea9eb2546a2d2c7022eacef16ef2e8229c7fbb2c7d4d55a9ceca922f72d" "/opt/rustwide/cargo-home/bin/cargo" "+nightly-2024-10-28" "test" "--frozen" "--no-run" "--message-format=json", kill_on_drop: false }`
[INFO] [stdout] 4a9346acd1360fe0fde8293e7ae14e623cd4efa87c030989208e49727222f733
[INFO] running `Command { std: "docker" "start" "-a" "4a9346acd1360fe0fde8293e7ae14e623cd4efa87c030989208e49727222f733", kill_on_drop: false }`
[INFO] [stderr]    Compiling semver v1.0.23
[INFO] [stderr]    Compiling hashbrown v0.15.0
[INFO] [stderr]    Compiling parking_lot_core v0.9.10
[INFO] [stderr]    Compiling ring v0.17.8
[INFO] [stderr]    Compiling futures-sink v0.3.31
[INFO] [stderr]    Compiling tokio-macros v2.4.0
[INFO] [stderr]    Compiling signal-hook-registry v1.4.2
[INFO] [stderr]    Compiling socket2 v0.5.7
[INFO] [stderr]    Compiling mio v1.0.2
[INFO] [stderr]    Compiling rustc_version v0.4.1
[INFO] [stderr]    Compiling parking_lot v0.12.3
[INFO] [stderr]    Compiling indexmap v2.6.0
[INFO] [stderr]    Compiling untrusted v0.9.0
[INFO] [stderr]    Compiling spin v0.9.8
[INFO] [stderr]    Compiling tokio v1.41.0
[INFO] [stderr]    Compiling solana-frozen-abi-macro v1.16.25
[INFO] [stderr]    Compiling solana-frozen-abi v1.16.25
[INFO] [stderr]    Compiling solana-program v1.16.25
[INFO] [stderr]    Compiling solana-sdk v1.16.25
[INFO] [stderr]    Compiling futures-channel v0.3.31
[INFO] [stderr]    Compiling futures-macro v0.3.31
[INFO] [stderr]    Compiling tracing-core v0.1.32
[INFO] [stderr]    Compiling tracing-attributes v0.1.27
[INFO] [stderr]    Compiling http v0.2.12
[INFO] [stderr]    Compiling toml_edit v0.19.15
[INFO] [stderr]    Compiling futures-util v0.3.31
[INFO] [stderr]    Compiling httparse v1.9.5
[INFO] [stderr]    Compiling crossbeam-channel v0.5.13
[INFO] [stderr]    Compiling idna v0.5.0
[INFO] [stderr]    Compiling tracing v0.1.40
[INFO] [stderr]    Compiling rustls-pemfile v1.0.4
[INFO] [stderr]    Compiling proc-macro-crate v1.3.1
[INFO] [stderr]    Compiling rustls v0.21.12
[INFO] [stderr]    Compiling alloc-no-stdlib v2.0.4
[INFO] [stderr]    Compiling alloc-stdlib v0.2.2
[INFO] [stderr]    Compiling url v2.5.2
[INFO] [stderr]    Compiling try-lock v0.2.5
[INFO] [stderr]    Compiling adler2 v2.0.0
[INFO] [stderr]    Compiling want v0.3.1
[INFO] [stderr]    Compiling miniz_oxide v0.8.0
[INFO] [stderr]    Compiling brotli-decompressor v4.0.1
[INFO] [stderr]    Compiling http-body v0.4.6
[INFO] [stderr]    Compiling crc32fast v1.4.2
[INFO] [stderr]    Compiling num_enum_derive v0.6.1
[INFO] [stderr]    Compiling num-bigint v0.2.6
[INFO] [stderr]    Compiling tower-service v0.3.3
[INFO] [stderr]    Compiling httpdate v1.0.3
[INFO] [stderr]    Compiling flate2 v1.0.34
[INFO] [stderr]    Compiling brotli v7.0.0
[INFO] [stderr]    Compiling num-rational v0.2.4
[INFO] [stderr]    Compiling num-complex v0.2.4
[INFO] [stderr]    Compiling num_enum v0.6.1
[INFO] [stderr]    Compiling tokio-util v0.7.12
[INFO] [stderr]    Compiling serde_urlencoded v0.7.1
[INFO] [stderr]    Compiling scroll_derive v0.11.1
[INFO] [stderr]    Compiling encoding_rs v0.8.35
[INFO] [stderr]    Compiling h2 v0.3.26
[INFO] [stderr]    Compiling winapi v0.3.9
[INFO] [stderr]    Compiling sct v0.7.1
[INFO] [stderr]    Compiling rustls-webpki v0.101.7
[INFO] [stderr]    Compiling mime v0.3.17
[INFO] [stderr]    Compiling webpki-roots v0.25.4
[INFO] [stderr]    Compiling ipnet v2.10.1
[INFO] [stderr]    Compiling void v1.0.2
[INFO] [stderr]    Compiling sync_wrapper v0.1.2
[INFO] [stderr]    Compiling unreachable v1.0.0
[INFO] [stderr]    Compiling scroll v0.11.0
[INFO] [stderr]    Compiling async-compression v0.4.17
[INFO] [stderr]    Compiling num-iter v0.1.45
[INFO] [stderr]    Compiling gethostname v0.2.3
[INFO] [stderr]    Compiling ascii v0.9.3
[INFO] [stderr]    Compiling plain v0.2.3
[INFO] [stderr]    Compiling num v0.2.1
[INFO] [stderr]    Compiling goblin v0.5.4
[INFO] [stderr]    Compiling solana-program-runtime v1.16.25
[INFO] [stderr]    Compiling enum-iterator-derive v1.4.0
[INFO] [stderr]    Compiling combine v3.8.1
[INFO] [stderr]    Compiling hash32 v0.2.1
[INFO] [stderr]    Compiling tokio-rustls v0.24.1
[INFO] [stderr]    Compiling rustc-demangle v0.1.24
[INFO] [stderr]    Compiling percentage v0.1.0
[INFO] [stderr]    Compiling eager v0.1.0
[INFO] [stderr]    Compiling num-derive v0.4.2
[INFO] [stderr]    Compiling hyper v0.14.31
[INFO] [stderr]    Compiling enum-iterator v1.5.0
[INFO] [stderr]    Compiling winnow v0.6.20
[INFO] [stderr]    Compiling ring v0.16.20
[INFO] [stderr]    Compiling spl-program-error-derive v0.3.2
[INFO] [stderr]    Compiling spl-discriminator-syn v0.1.2
[INFO] [stderr]    Compiling spl-program-error v0.3.0
[INFO] [stderr]    Compiling spl-discriminator-derive v0.1.2
[INFO] [stderr]    Compiling solana_rbpf v0.6.1
[INFO] [stderr]    Compiling toml_edit v0.22.22
[INFO] [stderr]    Compiling spin v0.5.2
[INFO] [stderr]    Compiling untrusted v0.7.1
[INFO] [stderr]    Compiling spl-discriminator v0.1.0
[INFO] [stderr]    Compiling zstd-sys v2.0.13+zstd.1.5.6
[INFO] [stderr]    Compiling futures-executor v0.3.31
[INFO] [stderr]    Compiling hyper-rustls v0.24.2
[INFO] [stderr]    Compiling reqwest v0.11.27
[INFO] [stderr]    Compiling proc-macro-crate v3.2.0
[INFO] [stderr]    Compiling time-core v0.1.2
[INFO] [stderr]    Compiling num-conv v0.1.0
[INFO] [stderr]    Compiling powerfmt v0.2.0
[INFO] [stderr]    Compiling time-macros v0.2.18
[INFO] [stderr]    Compiling deranged v0.3.11
[INFO] [stderr]    Compiling webpki v0.22.4
[INFO] [stderr]    Compiling num_enum_derive v0.7.3
[INFO] [stderr]    Compiling solana-vote-program v1.16.25
[INFO] [stderr]    Compiling proc-macro2 v0.4.30
[INFO] [stderr]    Compiling zstd-safe v5.0.2+zstd.1.5.2
[INFO] [stderr]    Compiling solana-measure v1.16.25
[INFO] [stderr]    Compiling solana-metrics v1.16.25
[INFO] [stderr]    Compiling solana-zk-token-sdk v1.16.25
[INFO] [stderr]    Compiling rustls v0.20.9
[INFO] [stderr]    Compiling time v0.3.36
[INFO] [stderr]    Compiling solana-address-lookup-table-program v1.16.25
[INFO] [stderr]    Compiling num_enum v0.7.3
[INFO] [stderr]    Compiling solana-version v1.16.25
[INFO] [stderr]    Compiling Inflector v0.11.4
[INFO] [stderr]    Compiling bitflags v2.6.0
[INFO] [stderr]    Compiling async-trait v0.1.83
[INFO] [stderr]    Compiling unicode-xid v0.1.0
[INFO] [stderr]    Compiling solana-config-program v1.16.25
[INFO] [stderr]    Compiling futures v0.3.31
[INFO] [stderr]    Compiling spl-memo v4.0.0
[INFO] [stderr]    Compiling spl-token v4.0.0
[INFO] [stderr]    Compiling hashbrown v0.12.3
[INFO] [stderr]    Compiling memoffset v0.7.1
[INFO] [stderr]    Compiling unicode-width v0.1.14
[INFO] [stderr]    Compiling syn v0.15.44
[INFO] [stderr]    Compiling rustix v0.38.38
[INFO] [stderr]    Compiling quote v0.6.13
[INFO] [stderr]    Compiling proc-macro-error-attr v1.0.4
[INFO] [stderr]    Compiling indexmap v1.9.3
[INFO] [stderr]    Compiling linux-raw-sys v0.4.14
[INFO] [stderr]    Compiling num_cpus v1.16.0
[INFO] [stderr]    Compiling proc-macro-error v1.0.4
[INFO] [stderr]    Compiling minimal-lexical v0.2.1
[INFO] [stderr]    Compiling unicode-xid v0.2.6
[INFO] [stderr]    Compiling synstructure v0.12.6
[INFO] [stderr]    Compiling nom v7.1.3
[INFO] [stderr]    Compiling spl-pod v0.1.0
[INFO] [stderr]    Compiling nix v0.26.4
[INFO] [stderr]    Compiling spl-type-length-value v0.3.0
[INFO] [stderr]    Compiling spl-tlv-account-resolution v0.4.0
[INFO] [stderr]    Compiling spl-token-metadata-interface v0.2.0
[INFO] [stderr]    Compiling dlopen_derive v0.1.4
[INFO] [stderr]    Compiling spl-transfer-hook-interface v0.3.0
[INFO] [stderr]    Compiling console v0.15.8
[INFO] [stderr]    Compiling solana-perf v1.16.25
[INFO] [stderr]    Compiling dlopen v0.1.8
[INFO] [stderr]    Compiling rusticata-macros v4.1.0
[INFO] [stderr]    Compiling asn1-rs-derive v0.4.0
[INFO] [stderr]    Compiling anchor-syn v0.28.0
[INFO] [stderr]    Compiling solana-rayon-threadlimit v1.16.25
[INFO] [stderr]    Compiling spl-token-2022 v0.9.0
[INFO] [stderr]    Compiling jsonrpc-core v18.0.0
[INFO] [stderr]    Compiling yasna v0.5.2
[INFO] [stderr]    Compiling pem v1.1.1
[INFO] [stderr]    Compiling caps v0.5.5
[INFO] [stderr]    Compiling displaydoc v0.2.5
[INFO] [stderr]    Compiling asn1-rs-impl v0.1.0
[INFO] [stderr]    Compiling openssl-probe v0.1.5
[INFO] [stderr]    Compiling portable-atomic v1.9.0
[INFO] [stderr]    Compiling tempfile v3.13.0
[INFO] [stderr]    Compiling rustls-native-certs v0.6.3
[INFO] [stderr]    Compiling asn1-rs v0.5.2
[INFO] [stderr]    Compiling rcgen v0.10.0
[INFO] [stderr]    Compiling socket2 v0.4.10
[INFO] [stderr]    Compiling const-oid v0.7.1
[INFO] [stderr]    Compiling oid-registry v0.6.1
[INFO] [stderr]    Compiling der v0.5.1
[INFO] [stderr]    Compiling quinn-proto v0.9.6
[INFO] [stderr]    Compiling pin-project-internal v1.1.7
[INFO] [stderr]    Compiling os_str_bytes v6.6.1
[INFO] [stderr]    Compiling base64ct v1.6.0
[INFO] [stderr]    Compiling number_prefix v0.4.0
[INFO] [stderr]    Compiling spki v0.5.4
[INFO] [stderr]    Compiling clap_lex v0.2.4
[INFO] [stderr]    Compiling spl-associated-token-account v2.2.0
[INFO] [stderr]    Compiling indicatif v0.17.8
[INFO] [stderr]    Compiling der-parser v8.2.0
[INFO] [stderr]    Compiling solana-connection-cache v1.16.25
[INFO] [stderr]    Compiling webpki-roots v0.22.6
[INFO] [stderr]    Compiling sha-1 v0.10.1
[INFO] [stderr]    Compiling textwrap v0.16.1
[INFO] [stderr]    Compiling strsim v0.10.0
[INFO] [stderr]    Compiling pin-project v1.1.7
[INFO] [stderr]    Compiling shell-words v1.1.0
[INFO] [stderr]    Compiling utf-8 v0.7.6
[INFO] [stderr]    Compiling dialoguer v0.10.4
[INFO] [stderr]    Compiling tungstenite v0.17.3
[INFO] [stderr]    Compiling clap v3.2.25
[INFO] [stderr]    Compiling x509-parser v0.14.0
[INFO] [stderr]    Compiling pkcs8 v0.8.0
[INFO] [stderr]    Compiling tokio-rustls v0.23.4
[INFO] [stderr]    Compiling textwrap v0.11.0
[INFO] [stderr]    Compiling bzip2-sys v0.1.11+1.0.8
[INFO] [stderr]    Compiling enum-ordinalize v3.1.15
[INFO] [stderr]    Compiling quinn-udp v0.3.2
[INFO] [stderr]    Compiling quinn v0.9.4
[INFO] [stderr]    Compiling lz4-sys v1.11.1+lz4-1.10.0
[INFO] [stderr]    Compiling rtoolbox v0.0.2
[INFO] [stderr]    Compiling ansi_term v0.12.1
[INFO] [stderr]    Compiling histogram v0.6.9
[INFO] [stderr]    Compiling vec_map v0.8.2
[INFO] [stderr]    Compiling strsim v0.8.0
[INFO] [stderr]    Compiling tracing-subscriber v0.3.18
[INFO] [stderr]    Compiling clap v2.34.0
[INFO] [stderr]    Compiling solana-streamer v1.16.25
[INFO] [stderr]    Compiling zstd v0.11.2+zstd.1.5.2
[INFO] [stderr]    Compiling solana-net-utils v1.16.25
[INFO] [stderr]    Compiling solana-account-decoder v1.16.25
[INFO] [stderr]    Compiling rpassword v7.3.1
[INFO] [stderr]    Compiling educe v0.4.23
[INFO] [stderr]    Compiling tokio-tungstenite v0.17.2
[INFO] [stderr]    Compiling solana-remote-wallet v1.16.25
[INFO] [stderr]    Compiling opentelemetry v0.17.0
[INFO] [stderr]    Compiling solana-transaction-status v1.16.25
[INFO] [stderr]    Compiling tokio-stream v0.1.16
[INFO] [stderr]    Compiling num_enum_derive v0.5.11
[INFO] [stderr]    Compiling solana-stake-program v1.16.25
[INFO] [stderr]    Compiling modular-bitfield-impl v0.11.2
[INFO] [stderr]    Compiling same-file v1.0.6
[INFO] [stderr]    Compiling walkdir v2.5.0
[INFO] [stderr]    Compiling strum_macros v0.24.3
[INFO] [stderr]    Compiling tracing-opentelemetry v0.17.4
[INFO] [stderr]    Compiling solana-clap-utils v1.16.25
[INFO] [stderr]    Compiling num_enum v0.5.11
[INFO] [stderr]    Compiling tokio-serde v0.8.0
[INFO] [stderr]    Compiling async-mutex v1.4.0
[INFO] [stderr]    Compiling solana-rpc-client-api v1.16.25
[INFO] [stderr]    Compiling ouroboros_macro v0.15.6
[INFO] [stderr]    Compiling modular-bitfield v0.11.2
[INFO] [stderr]    Compiling xattr v1.3.1
[INFO] [stderr]    Compiling tokio-util v0.6.10
[INFO] [stderr]    Compiling solana-runtime v1.16.25
[INFO] [stderr]    Compiling tarpc-plugins v0.12.0
[INFO] [stderr]    Compiling filetime v0.2.25
[INFO] [stderr]    Compiling cfg_aliases v0.2.1
[INFO] [stderr]    Compiling aliasable v0.1.3
[INFO] [stderr]    Compiling tar v0.4.42
[INFO] [stderr]    Compiling borsh v1.5.1
[INFO] [stderr]    Compiling strum v0.24.1
[INFO] [stderr]    Compiling solana-bucket-map v1.16.25
[INFO] [stderr]    Compiling spl-token v3.5.0
[INFO] [stderr]    Compiling tarpc v0.29.0
[INFO] [stderr]    Compiling bzip2 v0.4.4
[INFO] [stderr]    Compiling ouroboros v0.15.6
[INFO] [stderr]    Compiling dir-diff v0.3.3
[INFO] [stderr]    Compiling solana-udp-client v1.16.25
[INFO] [stderr]    Compiling anchor-attribute-access-control v0.28.0
[INFO] [stderr]    Compiling anchor-attribute-event v0.28.0
[INFO] [stderr]    Compiling anchor-derive-accounts v0.28.0
[INFO] [stderr]    Compiling anchor-attribute-program v0.28.0
[INFO] [stderr]    Compiling solana-rpc-client v1.16.25
[INFO] [stderr]    Compiling solana-pubsub-client v1.16.25
[INFO] [stderr]    Compiling solana-quic-client v1.16.25
[INFO] [stderr]    Compiling anchor-attribute-account v0.28.0
[INFO] [stderr]    Compiling anchor-attribute-constant v0.28.0
[INFO] [stderr]    Compiling anchor-attribute-error v0.28.0
[INFO] [stderr]    Compiling syn_derive v0.1.8
[INFO] [stderr]    Compiling solana-zk-token-proof-program v1.16.25
[INFO] [stderr]    Compiling solana-bpf-loader-program v1.16.25
[INFO] [stderr]    Compiling dashmap v4.0.2
[INFO] [stderr]    Compiling lru v0.7.8
[INFO] [stderr]    Compiling solana-loader-v4-program v1.16.25
[INFO] [stderr]    Compiling solana-compute-budget-program v1.16.25
[INFO] [stderr]    Compiling solana-system-program v1.16.25
[INFO] [stderr]    Compiling spl-memo v3.0.1
[INFO] [stderr]    Compiling symlink v0.1.0
[INFO] [stderr]    Compiling index_list v0.2.13
[INFO] [stderr]    Compiling anchor-lang v0.28.0
[INFO] [stderr]    Compiling spl-token-2022 v0.6.1
[INFO] [stderr]    Compiling borsh-derive v1.5.1
[INFO] [stderr]    Compiling solana-banks-interface v1.16.25
[INFO] [stderr]    Compiling solana-program v2.0.14
[INFO] [stderr]    Compiling solana-sdk-macro v2.0.14
[INFO] [stderr]    Compiling solana-sdk v2.0.14
[INFO] [stderr]    Compiling base64 v0.22.1
[INFO] [stderr]    Compiling solana-banks-client v1.16.25
[INFO] [stderr]    Compiling libreplex_inscriptions v0.1.10
[INFO] [stderr]    Compiling chrono-humanize v0.2.3
[INFO] [stderr]    Compiling solana-thin-client v1.16.25
[INFO] [stderr]    Compiling solana-rpc-client-nonce-utils v1.16.25
[INFO] [stderr]    Compiling solana-tpu-client v1.16.25
[INFO] [stderr]    Compiling itertools v0.12.1
[INFO] [stderr]    Compiling siphasher v0.3.11
[INFO] [stderr]    Compiling spl-associated-token-account v1.1.3
[INFO] [stderr]    Compiling solana-client v1.16.25
[INFO] [stderr]    Compiling mocha v0.1.1
[INFO] [stderr]    Compiling anchor-spl v0.28.0
[INFO] [stderr]    Compiling libreplex_metadata v0.10.0 (/opt/rustwide/workdir)
[INFO] [stdout] warning: unused import: `anchor_spl::token_interface::Mint`
[INFO] [stdout]  --> src/instructions/create_metadata.rs:6:5
[INFO] [stdout]   |
[INFO] [stdout] 6 | use anchor_spl::token_interface::Mint;
[INFO] [stdout]   |     ^^^^^^^^^^^^^^^^^^^^^^^^^^^^^^^^^
[INFO] [stdout]   |
[INFO] [stdout]   = note: `#[warn(unused_imports)]` on by default
[INFO] [stdout] 
[INFO] [stdout] 
[INFO] [stdout] warning: unused import: `UpdateMetadataInput`
[INFO] [stdout]  --> src/instructions/update_inscription_datatype.rs:4:60
[INFO] [stdout]   |
[INFO] [stdout] 4 | use crate::{Metadata, DelegatePermissions, PermissionType, UpdateMetadataInput, Group, Asset};
[INFO] [stdout]   |                                                            ^^^^^^^^^^^^^^^^^^^
[INFO] [stdout] 
[INFO] [stdout] 
[INFO] [stdout] warning: ambiguous glob re-exports
[INFO] [stdout]   --> src/instructions/mod.rs:16:9
[INFO] [stdout]    |
[INFO] [stdout] 16 | pub use delete_metadata::*;
[INFO] [stdout]    |         ^^^^^^^^^^^^^^^^^^ the name `handler` in the value namespace is first re-exported here
[INFO] [stdout] ...
[INFO] [stdout] 29 | pub use update_inscription_datatype::*;
[INFO] [stdout]    |         ------------------------------ but the name `handler` in the value namespace is also re-exported here
[INFO] [stdout]    |
[INFO] [stdout]    = note: `#[warn(ambiguous_glob_reexports)]` on by default
[INFO] [stdout] 
[INFO] [stdout] 
[INFO] [stdout] warning: unused import: `License`
[INFO] [stdout]  --> src/state/metadata.rs:6:13
[INFO] [stdout]   |
[INFO] [stdout] 6 | use crate::{License, MetadataExtension, Royalties};
[INFO] [stdout]   |             ^^^^^^^
[INFO] [stdout] 
[INFO] [stdout] 
[INFO] [stdout] warning: unused import: `errors::*`
[INFO] [stdout]   --> src/lib.rs:13:9
[INFO] [stdout]    |
[INFO] [stdout] 13 | pub use errors::*;
[INFO] [stdout]    |         ^^^^^^^^^
[INFO] [stdout] 
[INFO] [stdout] 
[INFO] [stdout] warning: unused import: `std::collections::BTreeMap`
[INFO] [stdout]  --> src/shared/assert_pda_derivation.rs:2:5
[INFO] [stdout]   |
[INFO] [stdout] 2 | use std::collections::BTreeMap;
[INFO] [stdout]   |     ^^^^^^^^^^^^^^^^^^^^^^^^^^
[INFO] [stdout] 
[INFO] [stdout] 
[INFO] [stdout] warning: unused variable: `inscriptions_program`
[INFO] [stdout]   --> src/instructions/delete_metadata_inscription.rs:46:9
[INFO] [stdout]    |
[INFO] [stdout] 46 |     let inscriptions_program = &mut ctx.accounts.inscriptions_program;
[INFO] [stdout]    |         ^^^^^^^^^^^^^^^^^^^^ help: if this is intentional, prefix it with an underscore: `_inscriptions_program`
[INFO] [stdout]    |
[INFO] [stdout]    = note: `#[warn(unused_variables)]` on by default
[INFO] [stdout] 
[INFO] [stdout] 
[INFO] [stdout] warning: unused variable: `inscription_authority`
[INFO] [stdout]   --> src/instructions/delete_metadata_inscription.rs:48:10
[INFO] [stdout]    |
[INFO] [stdout] 48 |     let  inscription_authority = &ctx.accounts.inscription_authority;
[INFO] [stdout]    |          ^^^^^^^^^^^^^^^^^^^^^ help: if this is intentional, prefix it with an underscore: `_inscription_authority`
[INFO] [stdout] 
[INFO] [stdout] 
[INFO] [stderr]    Compiling lz4 v1.28.0
[INFO] [stderr]    Compiling solana-send-transaction-service v1.16.25
[INFO] [stderr]    Compiling solana-banks-server v1.16.25
[INFO] [stderr]    Compiling solana-program-test v1.16.25
[INFO] [stdout] warning: unused import: `anchor_spl::token_interface::Mint`
[INFO] [stdout]  --> src/instructions/create_metadata.rs:6:5
[INFO] [stdout]   |
[INFO] [stdout] 6 | use anchor_spl::token_interface::Mint;
[INFO] [stdout]   |     ^^^^^^^^^^^^^^^^^^^^^^^^^^^^^^^^^
[INFO] [stdout]   |
[INFO] [stdout]   = note: `#[warn(unused_imports)]` on by default
[INFO] [stdout] 
[INFO] [stdout] 
[INFO] [stdout] warning: unused import: `UpdateMetadataInput`
[INFO] [stdout]  --> src/instructions/update_inscription_datatype.rs:4:60
[INFO] [stdout]   |
[INFO] [stdout] 4 | use crate::{Metadata, DelegatePermissions, PermissionType, UpdateMetadataInput, Group, Asset};
[INFO] [stdout]   |                                                            ^^^^^^^^^^^^^^^^^^^
[INFO] [stdout] 
[INFO] [stdout] 
[INFO] [stdout] warning: ambiguous glob re-exports
[INFO] [stdout]   --> src/instructions/mod.rs:16:9
[INFO] [stdout]    |
[INFO] [stdout] 16 | pub use delete_metadata::*;
[INFO] [stdout]    |         ^^^^^^^^^^^^^^^^^^ the name `handler` in the value namespace is first re-exported here
[INFO] [stdout] ...
[INFO] [stdout] 29 | pub use update_inscription_datatype::*;
[INFO] [stdout]    |         ------------------------------ but the name `handler` in the value namespace is also re-exported here
[INFO] [stdout]    |
[INFO] [stdout]    = note: `#[warn(ambiguous_glob_reexports)]` on by default
[INFO] [stdout] 
[INFO] [stdout] 
[INFO] [stdout] warning: unused import: `License`
[INFO] [stdout]  --> src/state/metadata.rs:6:13
[INFO] [stdout]   |
[INFO] [stdout] 6 | use crate::{License, MetadataExtension, Royalties};
[INFO] [stdout]   |             ^^^^^^^
[INFO] [stdout] 
[INFO] [stdout] 
[INFO] [stdout] warning: unused import: `errors::*`
[INFO] [stdout]   --> src/lib.rs:13:9
[INFO] [stdout]    |
[INFO] [stdout] 13 | pub use errors::*;
[INFO] [stdout]    |         ^^^^^^^^^
[INFO] [stdout] 
[INFO] [stdout] 
[INFO] [stdout] warning: unused import: `std::collections::BTreeMap`
[INFO] [stdout]  --> src/shared/assert_pda_derivation.rs:2:5
[INFO] [stdout]   |
[INFO] [stdout] 2 | use std::collections::BTreeMap;
[INFO] [stdout]   |     ^^^^^^^^^^^^^^^^^^^^^^^^^^
[INFO] [stdout] 
[INFO] [stdout] 
[INFO] [stdout] warning: unused variable: `inscriptions_program`
[INFO] [stdout]   --> src/instructions/delete_metadata_inscription.rs:46:9
[INFO] [stdout]    |
[INFO] [stdout] 46 |     let inscriptions_program = &mut ctx.accounts.inscriptions_program;
[INFO] [stdout]    |         ^^^^^^^^^^^^^^^^^^^^ help: if this is intentional, prefix it with an underscore: `_inscriptions_program`
[INFO] [stdout]    |
[INFO] [stdout]    = note: `#[warn(unused_variables)]` on by default
[INFO] [stdout] 
[INFO] [stdout] 
[INFO] [stdout] warning: unused variable: `inscription_authority`
[INFO] [stdout]   --> src/instructions/delete_metadata_inscription.rs:48:10
[INFO] [stdout]    |
[INFO] [stdout] 48 |     let  inscription_authority = &ctx.accounts.inscription_authority;
[INFO] [stdout]    |          ^^^^^^^^^^^^^^^^^^^^^ help: if this is intentional, prefix it with an underscore: `_inscription_authority`
[INFO] [stdout] 
[INFO] [stdout] 
[INFO] [stdout] warning: unused import: `self`
[INFO] [stdout]  --> tests/create_metadata_test.rs:2:29
[INFO] [stdout]   |
[INFO] [stdout] 2 | use anchor_spl::token::{ID, self};
[INFO] [stdout]   |                             ^^^^
[INFO] [stdout]   |
[INFO] [stdout]   = note: `#[warn(unused_imports)]` on by default
[INFO] [stdout] 
[INFO] [stdout] 
[INFO] [stdout] warning: unused import: `GroupInput`
[INFO] [stdout]  --> tests/create_metadata_test.rs:8:30
[INFO] [stdout]   |
[INFO] [stdout] 8 |     use libreplex_metadata::{GroupInput, CreateMetadataInput, Asset, accounts::CreateMetadata};
[INFO] [stdout]   |                              ^^^^^^^^^^
[INFO] [stdout] 
[INFO] [stdout] 
[INFO] [stdout] warning: unused imports: `program::invoke_signed`, `rent::Rent`, and `sysvar::Sysvar`
[INFO] [stdout]  --> tests/create_metadata_test.rs:9:68
[INFO] [stdout]   |
[INFO] [stdout] 9 |     use solana_program::{pubkey::Pubkey, instruction::Instruction, program::invoke_signed, system_instruction, rent::Rent, sysvar::Sysvar};
[INFO] [stdout]   |                                                                    ^^^^^^^^^^^^^^^^^^^^^^                      ^^^^^^^^^^  ^^^^^^^^^^^^^^
[INFO] [stdout] 
[INFO] [stdout] 
[INFO] [stdout] error[E0599]: the method `pubkey` exists for struct `Keypair`, but its trait bounds were not satisfied
[INFO] [stdout]   --> tests/create_group_test.rs:16:50
[INFO] [stdout]    |
[INFO] [stdout] 16 |         let collection_authority = context.payer.pubkey();
[INFO] [stdout]    |                                                  ^^^^^^
[INFO] [stdout]    |
[INFO] [stdout]   ::: /opt/rustwide/cargo-home/registry/src/index.crates.io-6f17d22bba15001f/solana-sdk-1.16.25/src/signer/keypair.rs:25:1
[INFO] [stdout]    |
[INFO] [stdout] 25 | pub struct Keypair(ed25519_dalek::Keypair);
[INFO] [stdout]    | ------------------ doesn't satisfy `<_ as Deref>::Target = _`, `_: Signer` or `solana_sdk::signer::keypair::Keypair: Deref`
[INFO] [stdout]    |
[INFO] [stdout]    = note: the following trait bounds were not satisfied:
[INFO] [stdout]            `<solana_sdk::signer::keypair::Keypair as Deref>::Target = _`
[INFO] [stdout]            which is required by `solana_sdk::signer::keypair::Keypair: solana_sdk::signature::Signer`
[INFO] [stdout]            `solana_sdk::signer::keypair::Keypair: Deref`
[INFO] [stdout]            which is required by `solana_sdk::signer::keypair::Keypair: solana_sdk::signature::Signer`
[INFO] [stdout]    = help: items from traits can only be used if the trait is in scope
[INFO] [stdout] help: trait `Signer` which provides `pubkey` is implemented but not in scope; perhaps you want to import it
[INFO] [stdout]    |
[INFO] [stdout] 4  +     use solana_sdk::signer::Signer;
[INFO] [stdout]    |
[INFO] [stdout] 
[INFO] [stdout] 
[INFO] [stdout] error[E0599]: the method `pubkey` exists for struct `Keypair`, but its trait bounds were not satisfied
[INFO] [stdout]   --> tests/create_metadata_test.rs:19:50
[INFO] [stdout]    |
[INFO] [stdout] 19 |         let collection_authority = context.payer.pubkey();
[INFO] [stdout]    |                                                  ^^^^^^
[INFO] [stdout]    |
[INFO] [stdout]   ::: /opt/rustwide/cargo-home/registry/src/index.crates.io-6f17d22bba15001f/solana-sdk-1.16.25/src/signer/keypair.rs:25:1
[INFO] [stdout]    |
[INFO] [stdout] 25 | pub struct Keypair(ed25519_dalek::Keypair);
[INFO] [stdout]    | ------------------ doesn't satisfy `<_ as Deref>::Target = _`, `_: Signer` or `solana_sdk::signer::keypair::Keypair: Deref`
[INFO] [stdout]    |
[INFO] [stdout]    = note: the following trait bounds were not satisfied:
[INFO] [stdout]            `<solana_sdk::signer::keypair::Keypair as Deref>::Target = _`
[INFO] [stdout]            which is required by `solana_sdk::signer::keypair::Keypair: solana_sdk::signature::Signer`
[INFO] [stdout]            `solana_sdk::signer::keypair::Keypair: Deref`
[INFO] [stdout]            which is required by `solana_sdk::signer::keypair::Keypair: solana_sdk::signature::Signer`
[INFO] [stdout]    = help: items from traits can only be used if the trait is in scope
[INFO] [stdout] help: trait `Signer` which provides `pubkey` is implemented but not in scope; perhaps you want to import it
[INFO] [stdout]    |
[INFO] [stdout] 6  +     use solana_sdk::signer::Signer;
[INFO] [stdout]    |
[INFO] [stdout] 
[INFO] [stdout] 
[INFO] [stdout] error[E0599]: the method `pubkey` exists for struct `Keypair`, but its trait bounds were not satisfied
[INFO] [stdout]   --> tests/create_metadata_test.rs:28:28
[INFO] [stdout]    |
[INFO] [stdout] 28 |             &context.payer.pubkey(),
[INFO] [stdout]    |                            ^^^^^^
[INFO] [stdout]    |
[INFO] [stdout]   ::: /opt/rustwide/cargo-home/registry/src/index.crates.io-6f17d22bba15001f/solana-sdk-1.16.25/src/signer/keypair.rs:25:1
[INFO] [stdout]    |
[INFO] [stdout] 25 | pub struct Keypair(ed25519_dalek::Keypair);
[INFO] [stdout]    | ------------------ doesn't satisfy `<_ as Deref>::Target = _`, `_: Signer` or `solana_sdk::signer::keypair::Keypair: Deref`
[INFO] [stdout]    |
[INFO] [stdout]    = note: the following trait bounds were not satisfied:
[INFO] [stdout]            `<solana_sdk::signer::keypair::Keypair as Deref>::Target = _`
[INFO] [stdout]            which is required by `solana_sdk::signer::keypair::Keypair: solana_sdk::signature::Signer`
[INFO] [stdout]            `solana_sdk::signer::keypair::Keypair: Deref`
[INFO] [stdout]            which is required by `solana_sdk::signer::keypair::Keypair: solana_sdk::signature::Signer`
[INFO] [stdout]    = help: items from traits can only be used if the trait is in scope
[INFO] [stdout] help: trait `Signer` which provides `pubkey` is implemented but not in scope; perhaps you want to import it
[INFO] [stdout]    |
[INFO] [stdout] 6  +     use solana_sdk::signer::Signer;
[INFO] [stdout]    |
[INFO] [stdout] 
[INFO] [stdout] 
[INFO] [stdout] error[E0308]: mismatched types
[INFO] [stdout]    --> tests/create_metadata_test.rs:32:13
[INFO] [stdout]     |
[INFO] [stdout] 27  |         let allocate_ix = system_instruction::create_account(
[INFO] [stdout]     |                           ---------------------------------- arguments to this function are incorrect
[INFO] [stdout] ...
[INFO] [stdout] 32  |             &ID,
[INFO] [stdout]     |             ^^^ expected `solana_program::pubkey::Pubkey`, found `anchor_lang::prelude::Pubkey`
[INFO] [stdout]     |
[INFO] [stdout]     = note: `anchor_lang::prelude::Pubkey` and `solana_program::pubkey::Pubkey` have similar names, but are actually distinct types
[INFO] [stdout] note: `anchor_lang::prelude::Pubkey` is defined in crate `solana_program`
[INFO] [stdout]    --> /opt/rustwide/cargo-home/registry/src/index.crates.io-6f17d22bba15001f/solana-program-1.16.25/src/pubkey.rs:87:1
[INFO] [stdout]     |
[INFO] [stdout] 87  | pub struct Pubkey(pub(crate) [u8; 32]);
[INFO] [stdout]     | ^^^^^^^^^^^^^^^^^
[INFO] [stdout] note: `solana_program::pubkey::Pubkey` is defined in crate `solana_program`
[INFO] [stdout]    --> /opt/rustwide/cargo-home/registry/src/index.crates.io-6f17d22bba15001f/solana-program-2.0.14/src/pubkey.rs:96:1
[INFO] [stdout]     |
[INFO] [stdout] 96  | pub struct Pubkey(pub(crate) [u8; 32]);
[INFO] [stdout]     | ^^^^^^^^^^^^^^^^^
[INFO] [stdout]     = note: perhaps two different versions of crate `solana_program` are being used?
[INFO] [stdout] note: function defined here
[INFO] [stdout]    --> /opt/rustwide/cargo-home/registry/src/index.crates.io-6f17d22bba15001f/solana-program-2.0.14/src/system_instruction.rs:441:8
[INFO] [stdout]     |
[INFO] [stdout] 441 | pub fn create_account(
[INFO] [stdout]     |        ^^^^^^^^^^^^^^
[INFO] [stdout] 
[INFO] [stdout] 
[INFO] [stdout] error[E0308]: mismatched types
[INFO] [stdout]    --> tests/create_group_test.rs:20:13
[INFO] [stdout]     |
[INFO] [stdout] 18  |         let collection = Pubkey::find_program_address(
[INFO] [stdout]     |                          ---------------------------- arguments to this function are incorrect
[INFO] [stdout] 19  |             &[b"group", collection_seed_kp.pubkey().as_ref()],
[INFO] [stdout] 20  |             &libreplex_metadata::ID,
[INFO] [stdout]     |             ^^^^^^^^^^^^^^^^^^^^^^^ expected `solana_program::pubkey::Pubkey`, found `anchor_lang::prelude::Pubkey`
[INFO] [stdout]     |
[INFO] [stdout]     = note: `anchor_lang::prelude::Pubkey` and `solana_program::pubkey::Pubkey` have similar names, but are actually distinct types
[INFO] [stdout] note: `anchor_lang::prelude::Pubkey` is defined in crate `solana_program`
[INFO] [stdout]    --> /opt/rustwide/cargo-home/registry/src/index.crates.io-6f17d22bba15001f/solana-program-1.16.25/src/pubkey.rs:87:1
[INFO] [stdout]     |
[INFO] [stdout] 87  | pub struct Pubkey(pub(crate) [u8; 32]);
[INFO] [stdout]     | ^^^^^^^^^^^^^^^^^
[INFO] [stdout] note: `solana_program::pubkey::Pubkey` is defined in crate `solana_program`
[INFO] [stdout]    --> /opt/rustwide/cargo-home/registry/src/index.crates.io-6f17d22bba15001f/solana-program-2.0.14/src/pubkey.rs:96:1
[INFO] [stdout]     |
[INFO] [stdout] 96  | pub struct Pubkey(pub(crate) [u8; 32]);
[INFO] [stdout]     | ^^^^^^^^^^^^^^^^^
[INFO] [stdout]     = note: perhaps two different versions of crate `solana_program` are being used?
[INFO] [stdout] note: associated function defined here
[INFO] [stdout]    --> /opt/rustwide/cargo-home/registry/src/index.crates.io-6f17d22bba15001f/solana-program-2.0.14/src/pubkey.rs:473:12
[INFO] [stdout]     |
[INFO] [stdout] 473 |     pub fn find_program_address(seeds: &[&[u8]], program_id: &Pubkey) -> (Pubkey, u8) {
[INFO] [stdout]     |            ^^^^^^^^^^^^^^^^^^^^
[INFO] [stdout] 
[INFO] [stdout] 
[INFO] [stdout] error[E0308]: mismatched types
[INFO] [stdout]   --> tests/create_group_test.rs:27:19
[INFO] [stdout]    |
[INFO] [stdout] 27 |             seed: collection_seed_kp.pubkey(),
[INFO] [stdout]    |                   ^^^^^^^^^^^^^^^^^^^^^^^^^^^ expected `anchor_lang::prelude::Pubkey`, found `solana_program::pubkey::Pubkey`
[INFO] [stdout]    |
[INFO] [stdout]    = note: `solana_program::pubkey::Pubkey` and `anchor_lang::prelude::Pubkey` have similar names, but are actually distinct types
[INFO] [stdout] note: `solana_program::pubkey::Pubkey` is defined in crate `solana_program`
[INFO] [stdout]   --> /opt/rustwide/cargo-home/registry/src/index.crates.io-6f17d22bba15001f/solana-program-2.0.14/src/pubkey.rs:96:1
[INFO] [stdout]    |
[INFO] [stdout] 96 | pub struct Pubkey(pub(crate) [u8; 32]);
[INFO] [stdout]    | ^^^^^^^^^^^^^^^^^
[INFO] [stdout] note: `anchor_lang::prelude::Pubkey` is defined in crate `solana_program`
[INFO] [stdout]   --> /opt/rustwide/cargo-home/registry/src/index.crates.io-6f17d22bba15001f/solana-program-1.16.25/src/pubkey.rs:87:1
[INFO] [stdout]    |
[INFO] [stdout] 87 | pub struct Pubkey(pub(crate) [u8; 32]);
[INFO] [stdout]    | ^^^^^^^^^^^^^^^^^
[INFO] [stdout]    = note: perhaps two different versions of crate `solana_program` are being used?
[INFO] [stdout] 
[INFO] [stdout] 
[INFO] [stdout] error[E0308]: mismatched types
[INFO] [stdout]   --> tests/create_group_test.rs:28:20
[INFO] [stdout]    |
[INFO] [stdout] 28 |             group: collection,
[INFO] [stdout]    |                    ^^^^^^^^^^ expected `anchor_lang::prelude::Pubkey`, found `solana_program::pubkey::Pubkey`
[INFO] [stdout]    |
[INFO] [stdout]    = note: `solana_program::pubkey::Pubkey` and `anchor_lang::prelude::Pubkey` have similar names, but are actually distinct types
[INFO] [stdout] note: `solana_program::pubkey::Pubkey` is defined in crate `solana_program`
[INFO] [stdout]   --> /opt/rustwide/cargo-home/registry/src/index.crates.io-6f17d22bba15001f/solana-program-2.0.14/src/pubkey.rs:96:1
[INFO] [stdout]    |
[INFO] [stdout] 96 | pub struct Pubkey(pub(crate) [u8; 32]);
[INFO] [stdout]    | ^^^^^^^^^^^^^^^^^
[INFO] [stdout] note: `anchor_lang::prelude::Pubkey` is defined in crate `solana_program`
[INFO] [stdout]   --> /opt/rustwide/cargo-home/registry/src/index.crates.io-6f17d22bba15001f/solana-program-1.16.25/src/pubkey.rs:87:1
[INFO] [stdout]    |
[INFO] [stdout] 87 | pub struct Pubkey(pub(crate) [u8; 32]);
[INFO] [stdout]    | ^^^^^^^^^^^^^^^^^
[INFO] [stdout]    = note: perhaps two different versions of crate `solana_program` are being used?
[INFO] [stdout] 
[INFO] [stdout] 
[INFO] [stdout] error[E0308]: mismatched types
[INFO] [stdout]   --> tests/create_group_test.rs:55:25
[INFO] [stdout]    |
[INFO] [stdout] 55 |             program_id: libreplex_metadata::ID,
[INFO] [stdout]    |                         ^^^^^^^^^^^^^^^^^^^^^^ expected `solana_program::pubkey::Pubkey`, found `anchor_lang::prelude::Pubkey`
[INFO] [stdout]    |
[INFO] [stdout]    = note: `anchor_lang::prelude::Pubkey` and `solana_program::pubkey::Pubkey` have similar names, but are actually distinct types
[INFO] [stdout] note: `anchor_lang::prelude::Pubkey` is defined in crate `solana_program`
[INFO] [stdout]   --> /opt/rustwide/cargo-home/registry/src/index.crates.io-6f17d22bba15001f/solana-program-1.16.25/src/pubkey.rs:87:1
[INFO] [stdout]    |
[INFO] [stdout] 87 | pub struct Pubkey(pub(crate) [u8; 32]);
[INFO] [stdout]    | ^^^^^^^^^^^^^^^^^
[INFO] [stdout] note: `solana_program::pubkey::Pubkey` is defined in crate `solana_program`
[INFO] [stdout]   --> /opt/rustwide/cargo-home/registry/src/index.crates.io-6f17d22bba15001f/solana-program-2.0.14/src/pubkey.rs:96:1
[INFO] [stdout]    |
[INFO] [stdout] 96 | pub struct Pubkey(pub(crate) [u8; 32]);
[INFO] [stdout]    | ^^^^^^^^^^^^^^^^^
[INFO] [stdout]    = note: perhaps two different versions of crate `solana_program` are being used?
[INFO] [stdout] 
[INFO] [stdout] 
[INFO] [stdout] error[E0599]: the method `pubkey` exists for struct `Keypair`, but its trait bounds were not satisfied
[INFO] [stdout]   --> tests/create_metadata_test.rs:38:28
[INFO] [stdout]    |
[INFO] [stdout] 38 |             &context.payer.pubkey(),
[INFO] [stdout]    |                            ^^^^^^
[INFO] [stdout]    |
[INFO] [stdout]   ::: /opt/rustwide/cargo-home/registry/src/index.crates.io-6f17d22bba15001f/solana-sdk-1.16.25/src/signer/keypair.rs:25:1
[INFO] [stdout]    |
[INFO] [stdout] 25 | pub struct Keypair(ed25519_dalek::Keypair);
[INFO] [stdout]    | ------------------ doesn't satisfy `<_ as Deref>::Target = _`, `_: Signer` or `solana_sdk::signer::keypair::Keypair: Deref`
[INFO] [stdout]    |
[INFO] [stdout]    = note: the following trait bounds were not satisfied:
[INFO] [stdout]            `<solana_sdk::signer::keypair::Keypair as Deref>::Target = _`
[INFO] [stdout]            which is required by `solana_sdk::signer::keypair::Keypair: solana_sdk::signature::Signer`
[INFO] [stdout]            `solana_sdk::signer::keypair::Keypair: Deref`
[INFO] [stdout]            which is required by `solana_sdk::signer::keypair::Keypair: solana_sdk::signature::Signer`
[INFO] [stdout]    = help: items from traits can only be used if the trait is in scope
[INFO] [stdout] help: trait `Signer` which provides `pubkey` is implemented but not in scope; perhaps you want to import it
[INFO] [stdout]    |
[INFO] [stdout] 6  +     use solana_sdk::signer::Signer;
[INFO] [stdout]    |
[INFO] [stdout] 
[INFO] [stdout] 
[INFO] [stdout] error[E0308]: mismatched types
[INFO] [stdout]    --> tests/create_group_test.rs:56:23
[INFO] [stdout]     |
[INFO] [stdout] 56  |             accounts: create_collection_accounts,
[INFO] [stdout]     |                       ^^^^^^^^^^^^^^^^^^^^^^^^^^ expected `AccountMeta`, found `anchor_lang::prelude::AccountMeta`
[INFO] [stdout]     |
[INFO] [stdout]     = note: `anchor_lang::prelude::AccountMeta` and `AccountMeta` have similar names, but are actually distinct types
[INFO] [stdout] note: `anchor_lang::prelude::AccountMeta` is defined in crate `solana_program`
[INFO] [stdout]    --> /opt/rustwide/cargo-home/registry/src/index.crates.io-6f17d22bba15001f/solana-program-1.16.25/src/instruction.rs:539:1
[INFO] [stdout]     |
[INFO] [stdout] 539 | pub struct AccountMeta {
[INFO] [stdout]     | ^^^^^^^^^^^^^^^^^^^^^^
[INFO] [stdout] note: `AccountMeta` is defined in crate `solana_program`
[INFO] [stdout]    --> /opt/rustwide/cargo-home/registry/src/index.crates.io-6f17d22bba15001f/solana-program-2.0.14/src/instruction.rs:546:1
[INFO] [stdout]     |
[INFO] [stdout] 546 | pub struct AccountMeta {
[INFO] [stdout]     | ^^^^^^^^^^^^^^^^^^^^^^
[INFO] [stdout]     = note: perhaps two different versions of crate `solana_program` are being used?
[INFO] [stdout] 
[INFO] [stdout] 
[INFO] [stdout] error[E0599]: the method `pubkey` exists for struct `Keypair`, but its trait bounds were not satisfied
[INFO] [stdout]   --> tests/create_metadata_test.rs:39:33
[INFO] [stdout]    |
[INFO] [stdout] 39 |             Some(&context.payer.pubkey()),
[INFO] [stdout]    |                                 ^^^^^^
[INFO] [stdout]    |
[INFO] [stdout]   ::: /opt/rustwide/cargo-home/registry/src/index.crates.io-6f17d22bba15001f/solana-sdk-1.16.25/src/signer/keypair.rs:25:1
[INFO] [stdout]    |
[INFO] [stdout] 25 | pub struct Keypair(ed25519_dalek::Keypair);
[INFO] [stdout]    | ------------------ doesn't satisfy `<_ as Deref>::Target = _`, `_: Signer` or `solana_sdk::signer::keypair::Keypair: Deref`
[INFO] [stdout]    |
[INFO] [stdout]    = note: the following trait bounds were not satisfied:
[INFO] [stdout]            `<solana_sdk::signer::keypair::Keypair as Deref>::Target = _`
[INFO] [stdout]            which is required by `solana_sdk::signer::keypair::Keypair: solana_sdk::signature::Signer`
[INFO] [stdout]            `solana_sdk::signer::keypair::Keypair: Deref`
[INFO] [stdout]            which is required by `solana_sdk::signer::keypair::Keypair: solana_sdk::signature::Signer`
[INFO] [stdout]    = help: items from traits can only be used if the trait is in scope
[INFO] [stdout] help: trait `Signer` which provides `pubkey` is implemented but not in scope; perhaps you want to import it
[INFO] [stdout]    |
[INFO] [stdout] 6  +     use solana_sdk::signer::Signer;
[INFO] [stdout]    |
[INFO] [stdout] 
[INFO] [stdout] 
[INFO] [stdout] error[E0308]: mismatched types
[INFO] [stdout]    --> tests/create_metadata_test.rs:37:13
[INFO] [stdout]     |
[INFO] [stdout] 35  |         let initialize_ix = spl_token::instruction::initialize_mint2(
[INFO] [stdout]     |                             ---------------------------------------- arguments to this function are incorrect
[INFO] [stdout] 36  |             &spl_token::id(),
[INFO] [stdout] 37  |             &mint.pubkey(),
[INFO] [stdout]     |             ^^^^^^^^^^^^^^ expected `anchor_lang::prelude::Pubkey`, found `solana_program::pubkey::Pubkey`
[INFO] [stdout]     |
[INFO] [stdout]     = note: `solana_program::pubkey::Pubkey` and `anchor_lang::prelude::Pubkey` have similar names, but are actually distinct types
[INFO] [stdout] note: `solana_program::pubkey::Pubkey` is defined in crate `solana_program`
[INFO] [stdout]    --> /opt/rustwide/cargo-home/registry/src/index.crates.io-6f17d22bba15001f/solana-program-2.0.14/src/pubkey.rs:96:1
[INFO] [stdout]     |
[INFO] [stdout] 96  | pub struct Pubkey(pub(crate) [u8; 32]);
[INFO] [stdout]     | ^^^^^^^^^^^^^^^^^
[INFO] [stdout] note: `anchor_lang::prelude::Pubkey` is defined in crate `solana_program`
[INFO] [stdout]    --> /opt/rustwide/cargo-home/registry/src/index.crates.io-6f17d22bba15001f/solana-program-1.16.25/src/pubkey.rs:87:1
[INFO] [stdout]     |
[INFO] [stdout] 87  | pub struct Pubkey(pub(crate) [u8; 32]);
[INFO] [stdout]     | ^^^^^^^^^^^^^^^^^
[INFO] [stdout]     = note: perhaps two different versions of crate `solana_program` are being used?
[INFO] [stdout] note: function defined here
[INFO] [stdout]    --> /opt/rustwide/cargo-home/registry/src/index.crates.io-6f17d22bba15001f/spl-token-3.5.0/src/instruction.rs:799:8
[INFO] [stdout]     |
[INFO] [stdout] 799 | pub fn initialize_mint2(
[INFO] [stdout]     |        ^^^^^^^^^^^^^^^^
[INFO] [stdout] 
[INFO] [stdout] 
[INFO] [stdout] error[E0308]: mismatched types
[INFO] [stdout]    --> tests/create_metadata_test.rs:44:28
[INFO] [stdout]     |
[INFO] [stdout] 44  |             &[allocate_ix, initialize_ix],
[INFO] [stdout]     |                            ^^^^^^^^^^^^^ expected `Instruction`, found a different `Instruction`
[INFO] [stdout]     |
[INFO] [stdout]     = note: `Instruction` and `Instruction` have similar names, but are actually distinct types
[INFO] [stdout] note: `Instruction` is defined in crate `solana_program`
[INFO] [stdout]    --> /opt/rustwide/cargo-home/registry/src/index.crates.io-6f17d22bba15001f/solana-program-1.16.25/src/instruction.rs:330:1
[INFO] [stdout]     |
[INFO] [stdout] 330 | pub struct Instruction {
[INFO] [stdout]     | ^^^^^^^^^^^^^^^^^^^^^^
[INFO] [stdout] note: `Instruction` is defined in crate `solana_program`
[INFO] [stdout]    --> /opt/rustwide/cargo-home/registry/src/index.crates.io-6f17d22bba15001f/solana-program-2.0.14/src/instruction.rs:332:1
[INFO] [stdout]     |
[INFO] [stdout] 332 | pub struct Instruction {
[INFO] [stdout]     | ^^^^^^^^^^^^^^^^^^^^^^
[INFO] [stdout]     = note: perhaps two different versions of crate `solana_program` are being used?
[INFO] [stdout] 
[INFO] [stdout] 
[INFO] [stdout] error[E0277]: the trait bound `solana_sdk::signer::keypair::Keypair: Deref` is not satisfied
[INFO] [stdout]    --> tests/create_group_test.rs:65:13
[INFO] [stdout]     |
[INFO] [stdout] 62  |         let transaction = Transaction::new_signed_with_payer(
[INFO] [stdout]     |                           ---------------------------------- required by a bound introduced by this call
[INFO] [stdout] ...
[INFO] [stdout] 65  |             &[&context.payer],
[INFO] [stdout]     |             ^^^^^^^^^^^^^^^^^ the trait `Deref` is not implemented for `solana_sdk::signer::keypair::Keypair`, which is required by `[&solana_sdk::signer::keypair::Keypair; 1]: solana_sdk::signers::Signers`
[INFO] [stdout]     |
[INFO] [stdout]     = note: required for `solana_sdk::signer::keypair::Keypair` to implement `solana_sdk::signature::Signer`
[INFO] [stdout]     = note: 1 redundant requirement hidden
[INFO] [stdout]     = note: required for `&solana_sdk::signer::keypair::Keypair` to implement `solana_sdk::signature::Signer`
[INFO] [stdout]     = note: required for `[&solana_sdk::signer::keypair::Keypair; 1]` to implement `solana_sdk::signers::Signers`
[INFO] [stdout] note: required by a bound in `solana_sdk::transaction::Transaction::new_signed_with_payer`
[INFO] [stdout]    --> /opt/rustwide/cargo-home/registry/src/index.crates.io-6f17d22bba15001f/solana-sdk-2.0.14/src/transaction/mod.rs:527:37
[INFO] [stdout]     |
[INFO] [stdout] 527 |     pub fn new_signed_with_payer<T: Signers + ?Sized>(
[INFO] [stdout]     |                                     ^^^^^^^ required by this bound in `Transaction::new_signed_with_payer`
[INFO] [stdout] 
[INFO] [stdout] 
[INFO] [stdout] error[E0308]: mismatched types
[INFO] [stdout]    --> tests/create_group_test.rs:66:13
[INFO] [stdout]     |
[INFO] [stdout] 62  |         let transaction = Transaction::new_signed_with_payer(
[INFO] [stdout]     |                           ---------------------------------- arguments to this function are incorrect
[INFO] [stdout] ...
[INFO] [stdout] 66  |             context.last_blockhash,
[INFO] [stdout]     |             ^^^^^^^^^^^^^^^^^^^^^^ expected `solana_program::hash::Hash`, found `Hash`
[INFO] [stdout]     |
[INFO] [stdout]     = note: `Hash` and `solana_program::hash::Hash` have similar names, but are actually distinct types
[INFO] [stdout] note: `Hash` is defined in crate `solana_program`
[INFO] [stdout]    --> /opt/rustwide/cargo-home/registry/src/index.crates.io-6f17d22bba15001f/solana-program-1.16.25/src/hash.rs:47:1
[INFO] [stdout]     |
[INFO] [stdout] 47  | pub struct Hash(pub(crate) [u8; HASH_BYTES]);
[INFO] [stdout]     | ^^^^^^^^^^^^^^^
[INFO] [stdout] note: `solana_program::hash::Hash` is defined in crate `solana_program`
[INFO] [stdout]    --> /opt/rustwide/cargo-home/registry/src/index.crates.io-6f17d22bba15001f/solana-program-2.0.14/src/hash.rs:55:1
[INFO] [stdout]     |
[INFO] [stdout] 55  | pub struct Hash(pub(crate) [u8; HASH_BYTES]);
[INFO] [stdout]     | ^^^^^^^^^^^^^^^
[INFO] [stdout]     = note: perhaps two different versions of crate `solana_program` are being used?
[INFO] [stdout] note: associated function defined here
[INFO] [stdout]    --> /opt/rustwide/cargo-home/registry/src/index.crates.io-6f17d22bba15001f/solana-sdk-2.0.14/src/transaction/mod.rs:527:12
[INFO] [stdout]     |
[INFO] [stdout] 527 |     pub fn new_signed_with_payer<T: Signers + ?Sized>(
[INFO] [stdout]     |            ^^^^^^^^^^^^^^^^^^^^^
[INFO] [stdout] 
[INFO] [stdout] 
[INFO] [stdout] error[E0599]: the method `pubkey` exists for struct `Keypair`, but its trait bounds were not satisfied
[INFO] [stdout]   --> tests/create_metadata_test.rs:45:33
[INFO] [stdout]    |
[INFO] [stdout] 45 |             Some(&context.payer.pubkey()),
[INFO] [stdout]    |                                 ^^^^^^
[INFO] [stdout]    |
[INFO] [stdout]   ::: /opt/rustwide/cargo-home/registry/src/index.crates.io-6f17d22bba15001f/solana-sdk-1.16.25/src/signer/keypair.rs:25:1
[INFO] [stdout]    |
[INFO] [stdout] 25 | pub struct Keypair(ed25519_dalek::Keypair);
[INFO] [stdout]    | ------------------ doesn't satisfy `<_ as Deref>::Target = _`, `_: Signer` or `solana_sdk::signer::keypair::Keypair: Deref`
[INFO] [stdout]    |
[INFO] [stdout]    = note: the following trait bounds were not satisfied:
[INFO] [stdout]            `<solana_sdk::signer::keypair::Keypair as Deref>::Target = _`
[INFO] [stdout]            which is required by `solana_sdk::signer::keypair::Keypair: solana_sdk::signature::Signer`
[INFO] [stdout]            `solana_sdk::signer::keypair::Keypair: Deref`
[INFO] [stdout]            which is required by `solana_sdk::signer::keypair::Keypair: solana_sdk::signature::Signer`
[INFO] [stdout]    = help: items from traits can only be used if the trait is in scope
[INFO] [stdout] help: trait `Signer` which provides `pubkey` is implemented but not in scope; perhaps you want to import it
[INFO] [stdout]    |
[INFO] [stdout] 6  +     use solana_sdk::signer::Signer;
[INFO] [stdout]    |
[INFO] [stdout] 
[INFO] [stdout] 
[INFO] [stdout] error[E0308]: mismatched types
[INFO] [stdout]   --> tests/create_metadata_test.rs:46:31
[INFO] [stdout]    |
[INFO] [stdout] 46 |             &[&context.payer, &mint],
[INFO] [stdout]    |                               ^^^^^ expected `Keypair`, found `solana_sdk::signature::Keypair`
[INFO] [stdout]    |
[INFO] [stdout]    = note: `solana_sdk::signature::Keypair` and `Keypair` have similar names, but are actually distinct types
[INFO] [stdout] note: `solana_sdk::signature::Keypair` is defined in crate `solana_sdk`
[INFO] [stdout]   --> /opt/rustwide/cargo-home/registry/src/index.crates.io-6f17d22bba15001f/solana-sdk-2.0.14/src/signer/keypair.rs:26:1
[INFO] [stdout]    |
[INFO] [stdout] 26 | pub struct Keypair(ed25519_dalek::Keypair);
[INFO] [stdout]    | ^^^^^^^^^^^^^^^^^^
[INFO] [stdout] note: `Keypair` is defined in crate `solana_sdk`
[INFO] [stdout]   --> /opt/rustwide/cargo-home/registry/src/index.crates.io-6f17d22bba15001f/solana-sdk-1.16.25/src/signer/keypair.rs:25:1
[INFO] [stdout]    |
[INFO] [stdout] 25 | pub struct Keypair(ed25519_dalek::Keypair);
[INFO] [stdout]    | ^^^^^^^^^^^^^^^^^^
[INFO] [stdout]    = note: perhaps two different versions of crate `solana_sdk` are being used?
[INFO] [stdout] 
[INFO] [stdout] 
[INFO] [stdout] error[E0308]: mismatched types
[INFO] [stdout]    --> tests/create_metadata_test.rs:47:13
[INFO] [stdout]     |
[INFO] [stdout] 43  |         let create_account_tx = Transaction::new_signed_with_payer(
[INFO] [stdout]     |                                 ---------------------------------- arguments to this function are incorrect
[INFO] [stdout] ...
[INFO] [stdout] 47  |             context.last_blockhash
[INFO] [stdout]     |             ^^^^^^^^^^^^^^^^^^^^^^ expected `solana_program::hash::Hash`, found `Hash`
[INFO] [stdout]     |
[INFO] [stdout]     = note: `Hash` and `solana_program::hash::Hash` have similar names, but are actually distinct types
[INFO] [stdout] note: `Hash` is defined in crate `solana_program`
[INFO] [stdout]    --> /opt/rustwide/cargo-home/registry/src/index.crates.io-6f17d22bba15001f/solana-program-1.16.25/src/hash.rs:47:1
[INFO] [stdout]     |
[INFO] [stdout] 47  | pub struct Hash(pub(crate) [u8; HASH_BYTES]);
[INFO] [stdout]     | ^^^^^^^^^^^^^^^
[INFO] [stdout] note: `solana_program::hash::Hash` is defined in crate `solana_program`
[INFO] [stdout]    --> /opt/rustwide/cargo-home/registry/src/index.crates.io-6f17d22bba15001f/solana-program-2.0.14/src/hash.rs:55:1
[INFO] [stdout]     |
[INFO] [stdout] 55  | pub struct Hash(pub(crate) [u8; HASH_BYTES]);
[INFO] [stdout]     | ^^^^^^^^^^^^^^^
[INFO] [stdout]     = note: perhaps two different versions of crate `solana_program` are being used?
[INFO] [stdout] note: associated function defined here
[INFO] [stdout]    --> /opt/rustwide/cargo-home/registry/src/index.crates.io-6f17d22bba15001f/solana-sdk-2.0.14/src/transaction/mod.rs:527:12
[INFO] [stdout]     |
[INFO] [stdout] 527 |     pub fn new_signed_with_payer<T: Signers + ?Sized>(
[INFO] [stdout]     |            ^^^^^^^^^^^^^^^^^^^^^
[INFO] [stdout] 
[INFO] [stdout] 
[INFO] [stdout] error[E0277]: the trait bound `solana_sdk::transaction::versioned::VersionedTransaction: From<solana_sdk::transaction::Transaction>` is not satisfied
[INFO] [stdout]    --> tests/create_group_test.rs:71:34
[INFO] [stdout]     |
[INFO] [stdout] 71  |             .process_transaction(transaction)
[INFO] [stdout]     |              ------------------- ^^^^^^^^^^^ the trait `From<solana_sdk::transaction::Transaction>` is not implemented for `solana_sdk::transaction::versioned::VersionedTransaction`, which is required by `solana_sdk::transaction::Transaction: Into<solana_sdk::transaction::versioned::VersionedTransaction>`
[INFO] [stdout]     |              |
[INFO] [stdout]     |              required by a bound introduced by this call
[INFO] [stdout]     |
[INFO] [stdout]     = help: the trait `From<solana_sdk::transaction::Transaction>` is implemented for `solana_sdk::transaction::versioned::VersionedTransaction`
[INFO] [stdout]     = help: for that trait implementation, expected `solana_sdk::transaction::Transaction`, found `solana_sdk::transaction::Transaction`
[INFO] [stdout]     = note: required for `solana_sdk::transaction::Transaction` to implement `Into<solana_sdk::transaction::versioned::VersionedTransaction>`
[INFO] [stdout] note: required by a bound in `BanksClient::process_transaction`
[INFO] [stdout]    --> /opt/rustwide/cargo-home/registry/src/index.crates.io-6f17d22bba15001f/solana-banks-client-1.16.25/src/lib.rs:308:27
[INFO] [stdout]     |
[INFO] [stdout] 306 |     pub fn process_transaction(
[INFO] [stdout]     |            ------------------- required by a bound in this associated function
[INFO] [stdout] 307 |         &mut self,
[INFO] [stdout] 308 |         transaction: impl Into<VersionedTransaction>,
[INFO] [stdout]     |                           ^^^^^^^^^^^^^^^^^^^^^^^^^^ required by this bound in `BanksClient::process_transaction`
[INFO] [stdout] 
[INFO] [stdout] 
[INFO] [stdout] error[E0277]: the trait bound `solana_sdk::transaction::versioned::VersionedTransaction: From<solana_sdk::transaction::Transaction>` is not satisfied
[INFO] [stdout]    --> tests/create_group_test.rs:69:9
[INFO] [stdout]     |
[INFO] [stdout] 69  | /         context
[INFO] [stdout] 70  | |             .banks_client
[INFO] [stdout] 71  | |             .process_transaction(transaction)
[INFO] [stdout]     | |_____________________________________________^ the trait `From<solana_sdk::transaction::Transaction>` is not implemented for `solana_sdk::transaction::versioned::VersionedTransaction`, which is required by `solana_sdk::transaction::Transaction: Into<solana_sdk::transaction::versioned::VersionedTransaction>`
[INFO] [stdout]     |
[INFO] [stdout]     = help: the trait `From<solana_sdk::transaction::Transaction>` is implemented for `solana_sdk::transaction::versioned::VersionedTransaction`
[INFO] [stdout]     = help: for that trait implementation, expected `solana_sdk::transaction::Transaction`, found `solana_sdk::transaction::Transaction`
[INFO] [stdout]     = note: required for `solana_sdk::transaction::Transaction` to implement `Into<solana_sdk::transaction::versioned::VersionedTransaction>`
[INFO] [stdout] note: required by a bound in `BanksClient::process_transaction`
[INFO] [stdout]    --> /opt/rustwide/cargo-home/registry/src/index.crates.io-6f17d22bba15001f/solana-banks-client-1.16.25/src/lib.rs:308:27
[INFO] [stdout]     |
[INFO] [stdout] 306 |     pub fn process_transaction(
[INFO] [stdout]     |            ------------------- required by a bound in this associated function
[INFO] [stdout] 307 |         &mut self,
[INFO] [stdout] 308 |         transaction: impl Into<VersionedTransaction>,
[INFO] [stdout]     |                           ^^^^^^^^^^^^^^^^^^^^^^^^^^ required by this bound in `BanksClient::process_transaction`
[INFO] [stdout] 
[INFO] [stdout] 
[INFO] [stdout] error[E0277]: the trait bound `solana_sdk::transaction::versioned::VersionedTransaction: From<solana_sdk::transaction::Transaction>` is not satisfied
[INFO] [stdout]    --> tests/create_group_test.rs:72:14
[INFO] [stdout]     |
[INFO] [stdout] 72  |             .await
[INFO] [stdout]     |              ^^^^^ the trait `From<solana_sdk::transaction::Transaction>` is not implemented for `solana_sdk::transaction::versioned::VersionedTransaction`, which is required by `solana_sdk::transaction::Transaction: Into<solana_sdk::transaction::versioned::VersionedTransaction>`
[INFO] [stdout]     |
[INFO] [stdout]     = help: the trait `From<solana_sdk::transaction::Transaction>` is implemented for `solana_sdk::transaction::versioned::VersionedTransaction`
[INFO] [stdout]     = help: for that trait implementation, expected `solana_sdk::transaction::Transaction`, found `solana_sdk::transaction::Transaction`
[INFO] [stdout]     = note: required for `solana_sdk::transaction::Transaction` to implement `Into<solana_sdk::transaction::versioned::VersionedTransaction>`
[INFO] [stdout] note: required by a bound in `BanksClient::process_transaction`
[INFO] [stdout]    --> /opt/rustwide/cargo-home/registry/src/index.crates.io-6f17d22bba15001f/solana-banks-client-1.16.25/src/lib.rs:308:27
[INFO] [stdout]     |
[INFO] [stdout] 306 |     pub fn process_transaction(
[INFO] [stdout]     |            ------------------- required by a bound in this associated function
[INFO] [stdout] 307 |         &mut self,
[INFO] [stdout] 308 |         transaction: impl Into<VersionedTransaction>,
[INFO] [stdout]     |                           ^^^^^^^^^^^^^^^^^^^^^^^^^^ required by this bound in `BanksClient::process_transaction`
[INFO] [stdout] 
[INFO] [stdout] 
[INFO] [stdout] error[E0277]: the trait bound `solana_sdk::transaction::versioned::VersionedTransaction: From<solana_sdk::transaction::Transaction>` is not satisfied
[INFO] [stdout]    --> tests/create_metadata_test.rs:50:50
[INFO] [stdout]     |
[INFO] [stdout] 50  |         context.banks_client.process_transaction(create_account_tx).await.unwrap();
[INFO] [stdout]     |                              ------------------- ^^^^^^^^^^^^^^^^^ the trait `From<solana_sdk::transaction::Transaction>` is not implemented for `solana_sdk::transaction::versioned::VersionedTransaction`, which is required by `solana_sdk::transaction::Transaction: Into<solana_sdk::transaction::versioned::VersionedTransaction>`
[INFO] [stdout]     |                              |
[INFO] [stdout]     |                              required by a bound introduced by this call
[INFO] [stdout]     |
[INFO] [stdout]     = help: the trait `From<solana_sdk::transaction::Transaction>` is implemented for `solana_sdk::transaction::versioned::VersionedTransaction`
[INFO] [stdout]     = help: for that trait implementation, expected `solana_sdk::transaction::Transaction`, found `solana_sdk::transaction::Transaction`
[INFO] [stdout]     = note: required for `solana_sdk::transaction::Transaction` to implement `Into<solana_sdk::transaction::versioned::VersionedTransaction>`
[INFO] [stdout] note: required by a bound in `BanksClient::process_transaction`
[INFO] [stdout]    --> /opt/rustwide/cargo-home/registry/src/index.crates.io-6f17d22bba15001f/solana-banks-client-1.16.25/src/lib.rs:308:27
[INFO] [stdout]     |
[INFO] [stdout] 306 |     pub fn process_transaction(
[INFO] [stdout]     |            ------------------- required by a bound in this associated function
[INFO] [stdout] 307 |         &mut self,
[INFO] [stdout] 308 |         transaction: impl Into<VersionedTransaction>,
[INFO] [stdout]     |                           ^^^^^^^^^^^^^^^^^^^^^^^^^^ required by this bound in `BanksClient::process_transaction`
[INFO] [stdout] 
[INFO] [stdout] 
[INFO] [stdout] error[E0277]: the trait bound `solana_sdk::transaction::versioned::VersionedTransaction: From<solana_sdk::transaction::Transaction>` is not satisfied
[INFO] [stdout]    --> tests/create_metadata_test.rs:50:9
[INFO] [stdout]     |
[INFO] [stdout] 50  |         context.banks_client.process_transaction(create_account_tx).await.unwrap();
[INFO] [stdout]     |         ^^^^^^^^^^^^^^^^^^^^^^^^^^^^^^^^^^^^^^^^^^^^^^^^^^^^^^^^^^^ the trait `From<solana_sdk::transaction::Transaction>` is not implemented for `solana_sdk::transaction::versioned::VersionedTransaction`, which is required by `solana_sdk::transaction::Transaction: Into<solana_sdk::transaction::versioned::VersionedTransaction>`
[INFO] [stdout]     |
[INFO] [stdout]     = help: the trait `From<solana_sdk::transaction::Transaction>` is implemented for `solana_sdk::transaction::versioned::VersionedTransaction`
[INFO] [stdout]     = help: for that trait implementation, expected `solana_sdk::transaction::Transaction`, found `solana_sdk::transaction::Transaction`
[INFO] [stdout]     = note: required for `solana_sdk::transaction::Transaction` to implement `Into<solana_sdk::transaction::versioned::VersionedTransaction>`
[INFO] [stdout] note: required by a bound in `BanksClient::process_transaction`
[INFO] [stdout]    --> /opt/rustwide/cargo-home/registry/src/index.crates.io-6f17d22bba15001f/solana-banks-client-1.16.25/src/lib.rs:308:27
[INFO] [stdout]     |
[INFO] [stdout] 306 |     pub fn process_transaction(
[INFO] [stdout]     |            ------------------- required by a bound in this associated function
[INFO] [stdout] 307 |         &mut self,
[INFO] [stdout] 308 |         transaction: impl Into<VersionedTransaction>,
[INFO] [stdout]     |                           ^^^^^^^^^^^^^^^^^^^^^^^^^^ required by this bound in `BanksClient::process_transaction`
[INFO] [stdout] 
[INFO] [stdout] 
[INFO] [stdout] error[E0277]: the trait bound `solana_sdk::transaction::versioned::VersionedTransaction: From<solana_sdk::transaction::Transaction>` is not satisfied
[INFO] [stdout]    --> tests/create_metadata_test.rs:50:69
[INFO] [stdout]     |
[INFO] [stdout] 50  |         context.banks_client.process_transaction(create_account_tx).await.unwrap();
[INFO] [stdout]     |                                                                     ^^^^^ the trait `From<solana_sdk::transaction::Transaction>` is not implemented for `solana_sdk::transaction::versioned::VersionedTransaction`, which is required by `solana_sdk::transaction::Transaction: Into<solana_sdk::transaction::versioned::VersionedTransaction>`
[INFO] [stdout]     |
[INFO] [stdout]     = help: the trait `From<solana_sdk::transaction::Transaction>` is implemented for `solana_sdk::transaction::versioned::VersionedTransaction`
[INFO] [stdout]     = help: for that trait implementation, expected `solana_sdk::transaction::Transaction`, found `solana_sdk::transaction::Transaction`
[INFO] [stdout]     = note: required for `solana_sdk::transaction::Transaction` to implement `Into<solana_sdk::transaction::versioned::VersionedTransaction>`
[INFO] [stdout] note: required by a bound in `BanksClient::process_transaction`
[INFO] [stdout]    --> /opt/rustwide/cargo-home/registry/src/index.crates.io-6f17d22bba15001f/solana-banks-client-1.16.25/src/lib.rs:308:27
[INFO] [stdout]     |
[INFO] [stdout] 306 |     pub fn process_transaction(
[INFO] [stdout]     |            ------------------- required by a bound in this associated function
[INFO] [stdout] 307 |         &mut self,
[INFO] [stdout] 308 |         transaction: impl Into<VersionedTransaction>,
[INFO] [stdout]     |                           ^^^^^^^^^^^^^^^^^^^^^^^^^^ required by this bound in `BanksClient::process_transaction`
[INFO] [stdout] 
[INFO] [stdout] 
[INFO] [stdout] error[E0308]: mismatched types
[INFO] [stdout]    --> tests/create_metadata_test.rs:56:13
[INFO] [stdout]     |
[INFO] [stdout] 54  |         let metadata = Pubkey::find_program_address(
[INFO] [stdout]     |                        ---------------------------- arguments to this function are incorrect
[INFO] [stdout] 55  |             &[b"metadata", mint.pubkey().as_ref()],
[INFO] [stdout] 56  |             &libreplex_metadata::ID,
[INFO] [stdout]     |             ^^^^^^^^^^^^^^^^^^^^^^^ expected `solana_program::pubkey::Pubkey`, found `anchor_lang::prelude::Pubkey`
[INFO] [stdout]     |
[INFO] [stdout]     = note: `anchor_lang::prelude::Pubkey` and `solana_program::pubkey::Pubkey` have similar names, but are actually distinct types
[INFO] [stdout] note: `anchor_lang::prelude::Pubkey` is defined in crate `solana_program`
[INFO] [stdout]    --> /opt/rustwide/cargo-home/registry/src/index.crates.io-6f17d22bba15001f/solana-program-1.16.25/src/pubkey.rs:87:1
[INFO] [stdout]     |
[INFO] [stdout] 87  | pub struct Pubkey(pub(crate) [u8; 32]);
[INFO] [stdout]     | ^^^^^^^^^^^^^^^^^
[INFO] [stdout] note: `solana_program::pubkey::Pubkey` is defined in crate `solana_program`
[INFO] [stdout]    --> /opt/rustwide/cargo-home/registry/src/index.crates.io-6f17d22bba15001f/solana-program-2.0.14/src/pubkey.rs:96:1
[INFO] [stdout]     |
[INFO] [stdout] 96  | pub struct Pubkey(pub(crate) [u8; 32]);
[INFO] [stdout]     | ^^^^^^^^^^^^^^^^^
[INFO] [stdout]     = note: perhaps two different versions of crate `solana_program` are being used?
[INFO] [stdout] note: associated function defined here
[INFO] [stdout]    --> /opt/rustwide/cargo-home/registry/src/index.crates.io-6f17d22bba15001f/solana-program-2.0.14/src/pubkey.rs:473:12
[INFO] [stdout]     |
[INFO] [stdout] 473 |     pub fn find_program_address(seeds: &[&[u8]], program_id: &Pubkey) -> (Pubkey, u8) {
[INFO] [stdout]     |            ^^^^^^^^^^^^^^^^^^^^
[INFO] [stdout] 
[INFO] [stdout] 
[INFO] [stdout] error[E0560]: struct `libreplex_metadata::accounts::CreateMetadata` has no field named `signer`
[INFO] [stdout]   --> tests/create_metadata_test.rs:64:13
[INFO] [stdout]    |
[INFO] [stdout] 64 |             signer: collection_authority,
[INFO] [stdout]    |             ^^^^^^ `libreplex_metadata::accounts::CreateMetadata` does not have this field
[INFO] [stdout]    |
[INFO] [stdout]    = note: all struct fields are already assigned
[INFO] [stdout] 
[INFO] [stdout] 
[INFO] [stdout] Some errors have detailed explanations: E0277, E0308, E0599.
[INFO] [stdout] 
[INFO] [stdout] For more information about an error, try `rustc --explain E0277`.
[INFO] [stdout] 
[INFO] [stdout] error[E0599]: no method named `key` found for struct `solana_program::pubkey::Pubkey` in the current scope
[INFO] [stdout]   --> tests/create_metadata_test.rs:67:33
[INFO] [stdout]    |
[INFO] [stdout] 67 |             metadata:  metadata.key(),
[INFO] [stdout]    |                                 ^^^ method not found in `Pubkey`
[INFO] [stdout] 
[INFO] [stdout] 
[INFO] [stdout] error[E0308]: mismatched types
[INFO] [stdout]   --> tests/create_metadata_test.rs:68:19
[INFO] [stdout]    |
[INFO] [stdout] 68 |             mint: mint.pubkey(),
[INFO] [stdout]    |                   ^^^^^^^^^^^^^ expected `anchor_lang::prelude::Pubkey`, found `solana_program::pubkey::Pubkey`
[INFO] [stdout]    |
[INFO] [stdout]    = note: `solana_program::pubkey::Pubkey` and `anchor_lang::prelude::Pubkey` have similar names, but are actually distinct types
[INFO] [stdout] note: `solana_program::pubkey::Pubkey` is defined in crate `solana_program`
[INFO] [stdout]   --> /opt/rustwide/cargo-home/registry/src/index.crates.io-6f17d22bba15001f/solana-program-2.0.14/src/pubkey.rs:96:1
[INFO] [stdout]    |
[INFO] [stdout] 96 | pub struct Pubkey(pub(crate) [u8; 32]);
[INFO] [stdout]    | ^^^^^^^^^^^^^^^^^
[INFO] [stdout] note: `anchor_lang::prelude::Pubkey` is defined in crate `solana_program`
[INFO] [stdout]   --> /opt/rustwide/cargo-home/registry/src/index.crates.io-6f17d22bba15001f/solana-program-1.16.25/src/pubkey.rs:87:1
[INFO] [stdout]    |
[INFO] [stdout] 87 | pub struct Pubkey(pub(crate) [u8; 32]);
[INFO] [stdout]    | ^^^^^^^^^^^^^^^^^
[INFO] [stdout]    = note: perhaps two different versions of crate `solana_program` are being used?
[INFO] [stdout] 
[INFO] [stdout] 
[INFO] [stdout] error[E0560]: struct `CreateMetadataInput` has no field named `description`
[INFO] [stdout]   --> tests/create_metadata_test.rs:83:17
[INFO] [stdout]    |
[INFO] [stdout] 83 |                 description: Some("coolio description".to_string()),
[INFO] [stdout]    |                 ^^^^^^^^^^^ `CreateMetadataInput` does not have this field
[INFO] [stdout]    |
[INFO] [stdout]    = note: all struct fields are already assigned
[INFO] [stdout] 
[INFO] [stdout] 
[INFO] [stdout] error[E0308]: mismatched types
[INFO] [stdout]   --> tests/create_metadata_test.rs:90:25
[INFO] [stdout]    |
[INFO] [stdout] 90 |             program_id: libreplex_metadata::ID,
[INFO] [stdout]    |                         ^^^^^^^^^^^^^^^^^^^^^^ expected `solana_program::pubkey::Pubkey`, found `anchor_lang::prelude::Pubkey`
[INFO] [stdout]    |
[INFO] [stdout]    = note: `anchor_lang::prelude::Pubkey` and `solana_program::pubkey::Pubkey` have similar names, but are actually distinct types
[INFO] [stdout] note: `anchor_lang::prelude::Pubkey` is defined in crate `solana_program`
[INFO] [stdout]   --> /opt/rustwide/cargo-home/registry/src/index.crates.io-6f17d22bba15001f/solana-program-1.16.25/src/pubkey.rs:87:1
[INFO] [stdout]    |
[INFO] [stdout] 87 | pub struct Pubkey(pub(crate) [u8; 32]);
[INFO] [stdout]    | ^^^^^^^^^^^^^^^^^
[INFO] [stdout] note: `solana_program::pubkey::Pubkey` is defined in crate `solana_program`
[INFO] [stdout]   --> /opt/rustwide/cargo-home/registry/src/index.crates.io-6f17d22bba15001f/solana-program-2.0.14/src/pubkey.rs:96:1
[INFO] [stdout]    |
[INFO] [stdout] 96 | pub struct Pubkey(pub(crate) [u8; 32]);
[INFO] [stdout]    | ^^^^^^^^^^^^^^^^^
[INFO] [stdout]    = note: perhaps two different versions of crate `solana_program` are being used?
[INFO] [stdout] 
[INFO] [stdout] 
[INFO] [stderr] error: could not compile `libreplex_metadata` (test "create_group_test") due to 11 previous errors
[INFO] [stderr] warning: build failed, waiting for other jobs to finish...
[INFO] [stdout] error[E0308]: mismatched types
[INFO] [stdout]    --> tests/create_metadata_test.rs:91:23
[INFO] [stdout]     |
[INFO] [stdout] 91  |             accounts: create_metadata_accounts,
[INFO] [stdout]     |                       ^^^^^^^^^^^^^^^^^^^^^^^^ expected `AccountMeta`, found `anchor_lang::prelude::AccountMeta`
[INFO] [stdout]     |
[INFO] [stdout]     = note: `anchor_lang::prelude::AccountMeta` and `AccountMeta` have similar names, but are actually distinct types
[INFO] [stdout] note: `anchor_lang::prelude::AccountMeta` is defined in crate `solana_program`
[INFO] [stdout]    --> /opt/rustwide/cargo-home/registry/src/index.crates.io-6f17d22bba15001f/solana-program-1.16.25/src/instruction.rs:539:1
[INFO] [stdout]     |
[INFO] [stdout] 539 | pub struct AccountMeta {
[INFO] [stdout]     | ^^^^^^^^^^^^^^^^^^^^^^
[INFO] [stdout] note: `AccountMeta` is defined in crate `solana_program`
[INFO] [stdout]    --> /opt/rustwide/cargo-home/registry/src/index.crates.io-6f17d22bba15001f/solana-program-2.0.14/src/instruction.rs:546:1
[INFO] [stdout]     |
[INFO] [stdout] 546 | pub struct AccountMeta {
[INFO] [stdout]     | ^^^^^^^^^^^^^^^^^^^^^^
[INFO] [stdout]     = note: perhaps two different versions of crate `solana_program` are being used?
[INFO] [stdout] 
[INFO] [stdout] 
[INFO] [stdout] error[E0277]: the trait bound `solana_sdk::signer::keypair::Keypair: Deref` is not satisfied
[INFO] [stdout]    --> tests/create_metadata_test.rs:100:13
[INFO] [stdout]     |
[INFO] [stdout] 97  |         let transaction = Transaction::new_signed_with_payer(
[INFO] [stdout]     |                           ---------------------------------- required by a bound introduced by this call
[INFO] [stdout] ...
[INFO] [stdout] 100 |             &[&context.payer],
[INFO] [stdout]     |             ^^^^^^^^^^^^^^^^^ the trait `Deref` is not implemented for `solana_sdk::signer::keypair::Keypair`, which is required by `[&solana_sdk::signer::keypair::Keypair; 1]: solana_sdk::signers::Signers`
[INFO] [stdout]     |
[INFO] [stdout]     = note: required for `solana_sdk::signer::keypair::Keypair` to implement `solana_sdk::signature::Signer`
[INFO] [stdout]     = note: 1 redundant requirement hidden
[INFO] [stdout]     = note: required for `&solana_sdk::signer::keypair::Keypair` to implement `solana_sdk::signature::Signer`
[INFO] [stdout]     = note: required for `[&solana_sdk::signer::keypair::Keypair; 1]` to implement `solana_sdk::signers::Signers`
[INFO] [stdout] note: required by a bound in `solana_sdk::transaction::Transaction::new_signed_with_payer`
[INFO] [stdout]    --> /opt/rustwide/cargo-home/registry/src/index.crates.io-6f17d22bba15001f/solana-sdk-2.0.14/src/transaction/mod.rs:527:37
[INFO] [stdout]     |
[INFO] [stdout] 527 |     pub fn new_signed_with_payer<T: Signers + ?Sized>(
[INFO] [stdout]     |                                     ^^^^^^^ required by this bound in `Transaction::new_signed_with_payer`
[INFO] [stdout] 
[INFO] [stdout] 
[INFO] [stdout] error[E0308]: mismatched types
[INFO] [stdout]    --> tests/create_metadata_test.rs:101:13
[INFO] [stdout]     |
[INFO] [stdout] 97  |         let transaction = Transaction::new_signed_with_payer(
[INFO] [stdout]     |                           ---------------------------------- arguments to this function are incorrect
[INFO] [stdout] ...
[INFO] [stdout] 101 |             context.last_blockhash,
[INFO] [stdout]     |             ^^^^^^^^^^^^^^^^^^^^^^ expected `solana_program::hash::Hash`, found `Hash`
[INFO] [stdout]     |
[INFO] [stdout]     = note: `Hash` and `solana_program::hash::Hash` have similar names, but are actually distinct types
[INFO] [stdout] note: `Hash` is defined in crate `solana_program`
[INFO] [stdout]    --> /opt/rustwide/cargo-home/registry/src/index.crates.io-6f17d22bba15001f/solana-program-1.16.25/src/hash.rs:47:1
[INFO] [stdout]     |
[INFO] [stdout] 47  | pub struct Hash(pub(crate) [u8; HASH_BYTES]);
[INFO] [stdout]     | ^^^^^^^^^^^^^^^
[INFO] [stdout] note: `solana_program::hash::Hash` is defined in crate `solana_program`
[INFO] [stdout]    --> /opt/rustwide/cargo-home/registry/src/index.crates.io-6f17d22bba15001f/solana-program-2.0.14/src/hash.rs:55:1
[INFO] [stdout]     |
[INFO] [stdout] 55  | pub struct Hash(pub(crate) [u8; HASH_BYTES]);
[INFO] [stdout]     | ^^^^^^^^^^^^^^^
[INFO] [stdout]     = note: perhaps two different versions of crate `solana_program` are being used?
[INFO] [stdout] note: associated function defined here
[INFO] [stdout]    --> /opt/rustwide/cargo-home/registry/src/index.crates.io-6f17d22bba15001f/solana-sdk-2.0.14/src/transaction/mod.rs:527:12
[INFO] [stdout]     |
[INFO] [stdout] 527 |     pub fn new_signed_with_payer<T: Signers + ?Sized>(
[INFO] [stdout]     |            ^^^^^^^^^^^^^^^^^^^^^
[INFO] [stdout] 
[INFO] [stdout] 
[INFO] [stdout] error[E0277]: the trait bound `solana_sdk::transaction::versioned::VersionedTransaction: From<solana_sdk::transaction::Transaction>` is not satisfied
[INFO] [stdout]    --> tests/create_metadata_test.rs:106:34
[INFO] [stdout]     |
[INFO] [stdout] 106 |             .process_transaction(transaction)
[INFO] [stdout]     |              ------------------- ^^^^^^^^^^^ the trait `From<solana_sdk::transaction::Transaction>` is not implemented for `solana_sdk::transaction::versioned::VersionedTransaction`, which is required by `solana_sdk::transaction::Transaction: Into<solana_sdk::transaction::versioned::VersionedTransaction>`
[INFO] [stdout]     |              |
[INFO] [stdout]     |              required by a bound introduced by this call
[INFO] [stdout]     |
[INFO] [stdout]     = help: the trait `From<solana_sdk::transaction::Transaction>` is implemented for `solana_sdk::transaction::versioned::VersionedTransaction`
[INFO] [stdout]     = help: for that trait implementation, expected `solana_sdk::transaction::Transaction`, found `solana_sdk::transaction::Transaction`
[INFO] [stdout]     = note: required for `solana_sdk::transaction::Transaction` to implement `Into<solana_sdk::transaction::versioned::VersionedTransaction>`
[INFO] [stdout] note: required by a bound in `BanksClient::process_transaction`
[INFO] [stdout]    --> /opt/rustwide/cargo-home/registry/src/index.crates.io-6f17d22bba15001f/solana-banks-client-1.16.25/src/lib.rs:308:27
[INFO] [stdout]     |
[INFO] [stdout] 306 |     pub fn process_transaction(
[INFO] [stdout]     |            ------------------- required by a bound in this associated function
[INFO] [stdout] 307 |         &mut self,
[INFO] [stdout] 308 |         transaction: impl Into<VersionedTransaction>,
[INFO] [stdout]     |                           ^^^^^^^^^^^^^^^^^^^^^^^^^^ required by this bound in `BanksClient::process_transaction`
[INFO] [stdout] 
[INFO] [stdout] 
[INFO] [stdout] error[E0277]: the trait bound `solana_sdk::transaction::versioned::VersionedTransaction: From<solana_sdk::transaction::Transaction>` is not satisfied
[INFO] [stdout]    --> tests/create_metadata_test.rs:104:9
[INFO] [stdout]     |
[INFO] [stdout] 104 | /         context
[INFO] [stdout] 105 | |             .banks_client
[INFO] [stdout] 106 | |             .process_transaction(transaction)
[INFO] [stdout]     | |_____________________________________________^ the trait `From<solana_sdk::transaction::Transaction>` is not implemented for `solana_sdk::transaction::versioned::VersionedTransaction`, which is required by `solana_sdk::transaction::Transaction: Into<solana_sdk::transaction::versioned::VersionedTransaction>`
[INFO] [stdout]     |
[INFO] [stdout]     = help: the trait `From<solana_sdk::transaction::Transaction>` is implemented for `solana_sdk::transaction::versioned::VersionedTransaction`
[INFO] [stdout]     = help: for that trait implementation, expected `solana_sdk::transaction::Transaction`, found `solana_sdk::transaction::Transaction`
[INFO] [stdout]     = note: required for `solana_sdk::transaction::Transaction` to implement `Into<solana_sdk::transaction::versioned::VersionedTransaction>`
[INFO] [stdout] note: required by a bound in `BanksClient::process_transaction`
[INFO] [stdout]    --> /opt/rustwide/cargo-home/registry/src/index.crates.io-6f17d22bba15001f/solana-banks-client-1.16.25/src/lib.rs:308:27
[INFO] [stdout]     |
[INFO] [stdout] 306 |     pub fn process_transaction(
[INFO] [stdout]     |            ------------------- required by a bound in this associated function
[INFO] [stdout] 307 |         &mut self,
[INFO] [stdout] 308 |         transaction: impl Into<VersionedTransaction>,
[INFO] [stdout]     |                           ^^^^^^^^^^^^^^^^^^^^^^^^^^ required by this bound in `BanksClient::process_transaction`
[INFO] [stdout] 
[INFO] [stdout] 
[INFO] [stdout] error[E0277]: the trait bound `solana_sdk::transaction::versioned::VersionedTransaction: From<solana_sdk::transaction::Transaction>` is not satisfied
[INFO] [stdout]    --> tests/create_metadata_test.rs:107:14
[INFO] [stdout]     |
[INFO] [stdout] 107 |             .await
[INFO] [stdout]     |              ^^^^^ the trait `From<solana_sdk::transaction::Transaction>` is not implemented for `solana_sdk::transaction::versioned::VersionedTransaction`, which is required by `solana_sdk::transaction::Transaction: Into<solana_sdk::transaction::versioned::VersionedTransaction>`
[INFO] [stdout]     |
[INFO] [stdout]     = help: the trait `From<solana_sdk::transaction::Transaction>` is implemented for `solana_sdk::transaction::versioned::VersionedTransaction`
[INFO] [stdout]     = help: for that trait implementation, expected `solana_sdk::transaction::Transaction`, found `solana_sdk::transaction::Transaction`
[INFO] [stdout]     = note: required for `solana_sdk::transaction::Transaction` to implement `Into<solana_sdk::transaction::versioned::VersionedTransaction>`
[INFO] [stdout] note: required by a bound in `BanksClient::process_transaction`
[INFO] [stdout]    --> /opt/rustwide/cargo-home/registry/src/index.crates.io-6f17d22bba15001f/solana-banks-client-1.16.25/src/lib.rs:308:27
[INFO] [stdout]     |
[INFO] [stdout] 306 |     pub fn process_transaction(
[INFO] [stdout]     |            ------------------- required by a bound in this associated function
[INFO] [stdout] 307 |         &mut self,
[INFO] [stdout] 308 |         transaction: impl Into<VersionedTransaction>,
[INFO] [stdout]     |                           ^^^^^^^^^^^^^^^^^^^^^^^^^^ required by this bound in `BanksClient::process_transaction`
[INFO] [stdout] 
[INFO] [stdout] 
[INFO] [stdout] Some errors have detailed explanations: E0277, E0308, E0560, E0599.
[INFO] [stdout] 
[INFO] [stdout] For more information about an error, try `rustc --explain E0277`.
[INFO] [stdout] 
[INFO] [stderr] error: could not compile `libreplex_metadata` (test "create_metadata_test") due to 25 previous errors; 3 warnings emitted
[INFO] running `Command { std: "docker" "inspect" "4a9346acd1360fe0fde8293e7ae14e623cd4efa87c030989208e49727222f733", kill_on_drop: false }`
[INFO] running `Command { std: "docker" "rm" "-f" "4a9346acd1360fe0fde8293e7ae14e623cd4efa87c030989208e49727222f733", kill_on_drop: false }`
[INFO] [stdout] 4a9346acd1360fe0fde8293e7ae14e623cd4efa87c030989208e49727222f733
