[INFO] fetching crate librashader-runtime-d3d12 0.5.1...
[INFO] testing librashader-runtime-d3d12-0.5.1 against nightly-2024-10-28+rustflags=-Zrandomize-layout for randomize-layout
[INFO] extracting crate librashader-runtime-d3d12 0.5.1 into /workspace/builds/worker-3-tc2/source
[INFO] validating manifest of crates.io crate librashader-runtime-d3d12 0.5.1 on toolchain nightly-2024-10-28
[INFO] running `Command { std: CARGO_HOME="/workspace/cargo-home" RUSTUP_HOME="/workspace/rustup-home" "/workspace/cargo-home/bin/cargo" "+nightly-2024-10-28" "metadata" "--manifest-path" "Cargo.toml" "--no-deps", kill_on_drop: false }`
[INFO] started tweaking crates.io crate librashader-runtime-d3d12 0.5.1
[INFO] removed 0 missing tests
[INFO] finished tweaking crates.io crate librashader-runtime-d3d12 0.5.1
[INFO] tweaked toml for crates.io crate librashader-runtime-d3d12 0.5.1 written to /workspace/builds/worker-3-tc2/source/Cargo.toml
[INFO] running `Command { std: CARGO_HOME="/workspace/cargo-home" RUSTUP_HOME="/workspace/rustup-home" "/workspace/cargo-home/bin/cargo" "+nightly-2024-10-28" "generate-lockfile" "--manifest-path" "Cargo.toml", kill_on_drop: false }`
[INFO] [stderr]     Updating crates.io index
[INFO] [stderr]      Locking 168 packages to latest compatible versions
[INFO] running `Command { std: CARGO_HOME="/workspace/cargo-home" RUSTUP_HOME="/workspace/rustup-home" "/workspace/cargo-home/bin/cargo" "+nightly-2024-10-28" "fetch" "--manifest-path" "Cargo.toml", kill_on_drop: false }`
[INFO] running `Command { std: "docker" "create" "-v" "/var/lib/crater-agent-workspace/builds/worker-3-tc2/target:/opt/rustwide/target:rw,Z" "-v" "/var/lib/crater-agent-workspace/builds/worker-3-tc2/source:/opt/rustwide/workdir:ro,Z" "-v" "/var/lib/crater-agent-workspace/cargo-home:/opt/rustwide/cargo-home:ro,Z" "-v" "/var/lib/crater-agent-workspace/rustup-home:/opt/rustwide/rustup-home:ro,Z" "-e" "SOURCE_DIR=/opt/rustwide/workdir" "-e" "CARGO_TARGET_DIR=/opt/rustwide/target" "-e" "CARGO_HOME=/opt/rustwide/cargo-home" "-e" "RUSTUP_HOME=/opt/rustwide/rustup-home" "-w" "/opt/rustwide/workdir" "-m" "1610612736" "--user" "0:0" "--network" "none" "ghcr.io/rust-lang/crates-build-env/linux@sha256:4a844ea9eb2546a2d2c7022eacef16ef2e8229c7fbb2c7d4d55a9ceca922f72d" "/opt/rustwide/cargo-home/bin/cargo" "+nightly-2024-10-28" "metadata" "--no-deps" "--format-version=1", kill_on_drop: false }`
[INFO] [stdout] ff4c9c7c75f8b14f256caffab1fd8696457c16d327fa5a6e70e6b79186f2d114
[INFO] running `Command { std: "docker" "start" "-a" "ff4c9c7c75f8b14f256caffab1fd8696457c16d327fa5a6e70e6b79186f2d114", kill_on_drop: false }`
[INFO] running `Command { std: "docker" "inspect" "ff4c9c7c75f8b14f256caffab1fd8696457c16d327fa5a6e70e6b79186f2d114", kill_on_drop: false }`
[INFO] running `Command { std: "docker" "rm" "-f" "ff4c9c7c75f8b14f256caffab1fd8696457c16d327fa5a6e70e6b79186f2d114", kill_on_drop: false }`
[INFO] [stdout] ff4c9c7c75f8b14f256caffab1fd8696457c16d327fa5a6e70e6b79186f2d114
[INFO] running `Command { std: "docker" "create" "-v" "/var/lib/crater-agent-workspace/builds/worker-3-tc2/target:/opt/rustwide/target:rw,Z" "-v" "/var/lib/crater-agent-workspace/builds/worker-3-tc2/source:/opt/rustwide/workdir:ro,Z" "-v" "/var/lib/crater-agent-workspace/cargo-home:/opt/rustwide/cargo-home:ro,Z" "-v" "/var/lib/crater-agent-workspace/rustup-home:/opt/rustwide/rustup-home:ro,Z" "-e" "SOURCE_DIR=/opt/rustwide/workdir" "-e" "CARGO_TARGET_DIR=/opt/rustwide/target" "-e" "CARGO_INCREMENTAL=0" "-e" "RUST_BACKTRACE=full" "-e" "RUSTFLAGS=--cap-lints=forbid -Zrandomize-layout" "-e" "RUSTDOCFLAGS=--cap-lints=forbid" "-e" "CARGO_HOME=/opt/rustwide/cargo-home" "-e" "RUSTUP_HOME=/opt/rustwide/rustup-home" "-w" "/opt/rustwide/workdir" "-m" "1610612736" "--user" "0:0" "--network" "none" "ghcr.io/rust-lang/crates-build-env/linux@sha256:4a844ea9eb2546a2d2c7022eacef16ef2e8229c7fbb2c7d4d55a9ceca922f72d" "/opt/rustwide/cargo-home/bin/cargo" "+nightly-2024-10-28" "build" "--frozen" "--message-format=json", kill_on_drop: false }`
[INFO] [stdout] 60b41bb8c19c06710aaafcca1d2c6c4632e991f53b20c1305ff5de8a527af9fe
[INFO] running `Command { std: "docker" "start" "-a" "60b41bb8c19c06710aaafcca1d2c6c4632e991f53b20c1305ff5de8a527af9fe", kill_on_drop: false }`
[INFO] [stderr]    Compiling serde v1.0.214
[INFO] [stderr]    Compiling memchr v2.7.4
[INFO] [stderr]    Compiling crossbeam-utils v0.8.20
[INFO] [stderr]    Compiling simd-adler32 v0.3.7
[INFO] [stderr]    Compiling static_assertions v1.1.0
[INFO] [stderr]    Compiling num-traits v0.2.19
[INFO] [stderr]    Compiling ahash v0.8.11
[INFO] [stderr]    Compiling smartstring v1.0.1
[INFO] [stderr]    Compiling adler2 v2.0.0
[INFO] [stderr]    Compiling crc32fast v1.4.2
[INFO] [stderr]    Compiling rustc-hash v2.0.0
[INFO] [stderr]    Compiling weezl v0.1.8
[INFO] [stderr]    Compiling rayon-core v1.12.1
[INFO] [stderr]    Compiling glob v0.3.1
[INFO] [stderr]    Compiling jobserver v0.1.32
[INFO] [stderr]    Compiling zerocopy-derive v0.7.35
[INFO] [stderr]    Compiling thiserror-impl v1.0.66
[INFO] [stderr]    Compiling bytemuck_derive v1.8.0
[INFO] [stderr]    Compiling regex-syntax v0.8.5
[INFO] [stderr]    Compiling miniz_oxide v0.8.0
[INFO] [stderr]    Compiling fdeflate v0.3.6
[INFO] [stderr]    Compiling quick-error v2.0.1
[INFO] [stderr]    Compiling cfg_aliases v0.1.1
[INFO] [stderr]    Compiling bytecount v0.6.8
[INFO] [stderr]    Compiling bitflags v1.3.2
[INFO] [stderr]    Compiling cc v1.1.31
[INFO] [stderr]    Compiling zune-core v0.4.12
[INFO] [stderr]    Compiling byteorder-lite v0.1.0
[INFO] [stderr]    Compiling jpeg-decoder v0.3.1
[INFO] [stderr]    Compiling color_quant v1.1.0
[INFO] [stderr]    Compiling flate2 v1.0.34
[INFO] [stderr]    Compiling aho-corasick v1.1.3
[INFO] [stderr]    Compiling nom v7.1.3
[INFO] [stderr]    Compiling crossbeam-epoch v0.9.18
[INFO] [stderr]    Compiling image-webp v0.2.0
[INFO] [stderr]    Compiling crossbeam-deque v0.8.5
[INFO] [stderr]    Compiling png v0.17.14
[INFO] [stderr]    Compiling zune-jpeg v0.4.13
[INFO] [stderr]    Compiling zerocopy v0.7.35
[INFO] [stderr]    Compiling gif v0.13.1
[INFO] [stderr]    Compiling tiff v0.9.1
[INFO] [stderr]    Compiling naga v22.1.0
[INFO] [stderr]    Compiling bytemuck v1.19.0
[INFO] [stderr]    Compiling thiserror v1.0.66
[INFO] [stderr]    Compiling num-derive v0.4.2
[INFO] [stderr]    Compiling getrandom v0.2.15
[INFO] [stderr]    Compiling regex-automata v0.4.8
[INFO] [stderr]    Compiling encoding_rs v0.8.35
[INFO] [stderr]    Compiling rustc-hash v1.1.0
[INFO] [stderr]    Compiling hashbrown v0.14.5
[INFO] [stderr]    Compiling bit-vec v0.7.0
[INFO] [stderr]    Compiling arrayvec v0.7.6
[INFO] [stderr]    Compiling glslang-sys v0.6.2+3454c36
[INFO] [stderr]    Compiling spirv-cross-sys v0.4.3+e670b39
[INFO] [stderr]    Compiling vec_extract_if_polyfill v0.1.0
[INFO] [stderr]    Compiling unicode-width v0.1.14
[INFO] [stderr]    Compiling either v1.13.0
[INFO] [stderr]    Compiling termcolor v1.4.1
[INFO] [stderr]    Compiling fixedbitset v0.4.2
[INFO] [stderr]    Compiling bit-set v0.6.0
[INFO] [stderr]    Compiling nom_locate v4.2.0
[INFO] [stderr]    Compiling image v0.25.4
[INFO] [stderr]    Compiling rayon v1.10.0
[INFO] [stderr]    Compiling ppv-lite86 v0.2.20
[INFO] [stderr]    Compiling petgraph v0.6.5
[INFO] [stderr]    Compiling codespan-reporting v0.11.1
[INFO] [stderr]    Compiling rand_core v0.6.4
[INFO] [stderr]    Compiling spirv-cross2-derive v0.1.0
[INFO] [stderr]    Compiling radium v0.7.0
[INFO] [stderr]    Compiling blake3 v1.5.4
[INFO] [stderr]    Compiling dirs-sys-next v0.1.2
[INFO] [stderr]    Compiling virtue v0.0.13
[INFO] [stderr]    Compiling rand_chacha v0.3.1
[INFO] [stderr]    Compiling tap v1.0.1
[INFO] [stderr]    Compiling bitflags v2.6.0
[INFO] [stderr]    Compiling halfbrown v0.2.5
[INFO] [stderr]    Compiling spirv v0.3.0+sdk-1.3.268.0
[INFO] [stderr]    Compiling rand v0.8.5
[INFO] [stderr]    Compiling bincode_derive v2.0.0-rc.3
[INFO] [stderr]    Compiling wyz v0.5.1
[INFO] [stderr]    Compiling librashader-common v0.5.1
[INFO] [stderr]    Compiling dirs-next v1.0.2
[INFO] [stderr]    Compiling zigzag v0.1.0
[INFO] [stderr]    Compiling fs2 v0.4.3
[INFO] [stderr]    Compiling librashader-preprocess v0.5.1
[INFO] [stderr]    Compiling constant_time_eq v0.3.1
[INFO] [stderr]    Compiling unsigned-varint v0.8.0
[INFO] [stderr]    Compiling arrayref v0.3.9
[INFO] [stderr]    Compiling data-encoding v2.6.0
[INFO] [stderr]    Compiling funty v2.0.0
[INFO] [stderr]    Compiling linked-hash-map v0.5.6
[INFO] [stderr]    Compiling stable_deref_trait v1.2.0
[INFO] [stderr]    Compiling regex v1.11.1
[INFO] [stderr]    Compiling triomphe v0.1.14
[INFO] [stderr]    Compiling platform-dirs v0.3.0
[INFO] [stderr]    Compiling rspirv v0.12.0+sdk-1.3.268.0
[INFO] [stderr]    Compiling bincode v2.0.0-rc.3
[INFO] [stderr]    Compiling librashader-presets v0.5.1
[INFO] [stderr]    Compiling persy v1.5.2
[INFO] [stderr]    Compiling bitvec v1.0.1
[INFO] [stderr]    Compiling array-init v2.1.0
[INFO] [stderr]    Compiling arc-swap v1.7.1
[INFO] [stderr]    Compiling array-concat v0.5.3
[INFO] [stderr]    Compiling presser v0.3.1
[INFO] [stderr]    Compiling mach-siegbert-vogt-dxcsa v0.1.3
[INFO] [stderr]    Compiling gpu-allocator v0.27.0
[INFO] [stderr]    Compiling widestring v1.1.0
[INFO] [stderr]    Compiling librashader-pack v0.5.1
[INFO] [stderr]    Compiling d3d12-descriptor-heap v0.2.0
[INFO] [stderr] error: could not compile `persy` (lib)
[INFO] [stderr] 
[INFO] [stderr] Caused by:
[INFO] [stderr]   process didn't exit successfully: `/opt/rustwide/rustup-home/toolchains/nightly-2024-10-28-x86_64-unknown-linux-gnu/bin/rustc --crate-name persy --edition=2021 /opt/rustwide/cargo-home/registry/src/index.crates.io-6f17d22bba15001f/persy-1.5.2/src/lib.rs --error-format=json --json=diagnostic-rendered-ansi,artifacts,future-incompat --crate-type lib --emit=dep-info,metadata,link -C embed-bitcode=no -C debuginfo=2 --check-cfg 'cfg(docsrs)' --check-cfg 'cfg(feature, values("background_ops", "backtrace", "experimental_inspect", "index_container_static", "test_backtraces"))' -C metadata=ceb3548af82ade4a -C extra-filename=-ceb3548af82ade4a --out-dir /opt/rustwide/target/debug/deps -L dependency=/opt/rustwide/target/debug/deps --extern crc=/opt/rustwide/target/debug/deps/libcrc-b1796dab2206fe92.rmeta --extern data_encoding=/opt/rustwide/target/debug/deps/libdata_encoding-732fa069be813c83.rmeta --extern fs2=/opt/rustwide/target/debug/deps/libfs2-6d432dfae4e8cfee.rmeta --extern linked_hash_map=/opt/rustwide/target/debug/deps/liblinked_hash_map-4155900399b65b23.rmeta --extern rand=/opt/rustwide/target/debug/deps/librand-fc1917c9d4602548.rmeta --extern thiserror=/opt/rustwide/target/debug/deps/libthiserror-5c234ddd5c70f28b.rmeta --extern unsigned_varint=/opt/rustwide/target/debug/deps/libunsigned_varint-bc1ba66aea49c157.rmeta --extern zigzag=/opt/rustwide/target/debug/deps/libzigzag-c16cce02547c5afe.rmeta --cap-lints allow --cap-lints=forbid -Zrandomize-layout` (signal: 9, SIGKILL: kill)
[INFO] [stderr] warning: build failed, waiting for other jobs to finish...
[INFO] [stderr] error: could not compile `naga` (lib)
[INFO] [stderr] 
[INFO] [stderr] Caused by:
[INFO] [stderr]   process didn't exit successfully: `/opt/rustwide/rustup-home/toolchains/nightly-2024-10-28-x86_64-unknown-linux-gnu/bin/rustc --crate-name naga --edition=2021 /opt/rustwide/cargo-home/registry/src/index.crates.io-6f17d22bba15001f/naga-22.1.0/src/lib.rs --error-format=json --json=diagnostic-rendered-ansi,artifacts,future-incompat --crate-type lib --emit=dep-info,metadata,link -C embed-bitcode=no -C debuginfo=2 --cfg 'feature="default"' --cfg 'feature="msl-out"' --cfg 'feature="spv-in"' --cfg 'feature="spv-out"' --cfg 'feature="wgsl-out"' --check-cfg 'cfg(docsrs)' --check-cfg 'cfg(feature, values("arbitrary", "compact", "default", "deserialize", "dot-out", "glsl-in", "glsl-out", "hlsl-out", "hlsl-out-if-target-windows", "msl-out", "msl-out-if-target-apple", "serialize", "spv-in", "spv-out", "wgsl-in", "wgsl-out"))' -C metadata=7ac3e80024e1672b -C extra-filename=-7ac3e80024e1672b --out-dir /opt/rustwide/target/debug/deps -L dependency=/opt/rustwide/target/debug/deps --extern arrayvec=/opt/rustwide/target/debug/deps/libarrayvec-58dbe950eacc1ab1.rmeta --extern bit_set=/opt/rustwide/target/debug/deps/libbit_set-baf82065fbf7710d.rmeta --extern bitflags=/opt/rustwide/target/debug/deps/libbitflags-cbdaca72695da7f0.rmeta --extern codespan_reporting=/opt/rustwide/target/debug/deps/libcodespan_reporting-fd004766546d470d.rmeta --extern indexmap=/opt/rustwide/target/debug/deps/libindexmap-dc95a38cbf6415fa.rmeta --extern log=/opt/rustwide/target/debug/deps/liblog-b6b1a89bf87ced53.rmeta --extern petgraph=/opt/rustwide/target/debug/deps/libpetgraph-6f057cafd964bf78.rmeta --extern rustc_hash=/opt/rustwide/target/debug/deps/librustc_hash-449b4f68ddd88550.rmeta --extern spirv=/opt/rustwide/target/debug/deps/libspirv-b7c6acf8c502ae4d.rmeta --extern termcolor=/opt/rustwide/target/debug/deps/libtermcolor-116a8f6e8f4ddb54.rmeta --extern thiserror=/opt/rustwide/target/debug/deps/libthiserror-5c234ddd5c70f28b.rmeta --cap-lints allow --cap-lints=forbid -Zrandomize-layout --cfg msl_out --cfg spv_out --cfg wgsl_out` (signal: 9, SIGKILL: kill)
[INFO] [stderr] error: could not compile `rspirv` (lib)
[INFO] [stderr] 
[INFO] [stderr] Caused by:
[INFO] [stderr]   process didn't exit successfully: `/opt/rustwide/rustup-home/toolchains/nightly-2024-10-28-x86_64-unknown-linux-gnu/bin/rustc --crate-name rspirv --edition=2018 /opt/rustwide/cargo-home/registry/src/index.crates.io-6f17d22bba15001f/rspirv-0.12.0+sdk-1.3.268.0/lib.rs --error-format=json --json=diagnostic-rendered-ansi,artifacts,future-incompat --crate-type lib --emit=dep-info,metadata,link -C embed-bitcode=no -C debuginfo=2 --check-cfg 'cfg(docsrs)' --check-cfg 'cfg(feature, values("clippy"))' -C metadata=5d3b81bb5cfd3ed8 -C extra-filename=-5d3b81bb5cfd3ed8 --out-dir /opt/rustwide/target/debug/deps -L dependency=/opt/rustwide/target/debug/deps --extern rustc_hash=/opt/rustwide/target/debug/deps/librustc_hash-449b4f68ddd88550.rmeta --extern spirv=/opt/rustwide/target/debug/deps/libspirv-b7c6acf8c502ae4d.rmeta --cap-lints allow --cap-lints=forbid -Zrandomize-layout` (signal: 9, SIGKILL: kill)
[INFO] [stderr] The following warnings were emitted during compilation:
[INFO] [stderr] 
[INFO] [stderr] warning: spirv-cross-sys@0.4.3+e670b39: c++: fatal error: Killed signal terminated program cc1plus
[INFO] [stderr] warning: spirv-cross-sys@0.4.3+e670b39: compilation terminated.
[INFO] [stderr] warning: spirv-cross-sys@0.4.3+e670b39: ToolExecError: Command "c++" "-O0" "-ffunction-sections" "-fdata-sections" "-fPIC" "-gdwarf-4" "-fno-omit-frame-pointer" "-m64" "-std=c++14" "-I" "native/SPIRV-Cross" "-I" "native/SPIRV-CROSS/include" "-Wall" "-Wextra" "-DSPIRV_CROSS_CLI=OFF" "-DSPIRV_CROSS_C_API_GLSL=1" "-DSPIRV_CROSS_C_API_HLSL=1" "-DSPIRV_CROSS_C_API_MSL=1" "-o" "/opt/rustwide/target/debug/build/spirv-cross-sys-ffa422ba933c1173/out/44c975de6dea9a25-spirv_cross.o" "-c" "native/SPIRV-Cross/spirv_cross.cpp" with args c++ did not execute successfully (status code exit status: 1).cargo:warning=c++: fatal error: Killed signal terminated program cc1plus
[INFO] [stderr] warning: spirv-cross-sys@0.4.3+e670b39: compilation terminated.
[INFO] [stderr] warning: spirv-cross-sys@0.4.3+e670b39: ToolExecError: Command "c++" "-O0" "-ffunction-sections" "-fdata-sections" "-fPIC" "-gdwarf-4" "-fno-omit-frame-pointer" "-m64" "-std=c++14" "-I" "native/SPIRV-Cross" "-I" "native/SPIRV-CROSS/include" "-Wall" "-Wextra" "-DSPIRV_CROSS_CLI=OFF" "-DSPIRV_CROSS_C_API_GLSL=1" "-DSPIRV_CROSS_C_API_HLSL=1" "-DSPIRV_CROSS_C_API_MSL=1" "-o" "/opt/rustwide/target/debug/build/spirv-cross-sys-ffa422ba933c1173/out/44c975de6dea9a25-spirv_cross_parsed_ir.o" "-c" "native/SPIRV-Cross/spirv_cross_parsed_ir.cpp" with args c++ did not execute successfully (status code exit status: 1).cargo:warning=c++: fatal error: Killed signal terminated program cc1plus
[INFO] [stderr] warning: spirv-cross-sys@0.4.3+e670b39: compilation terminated.
[INFO] [stderr] warning: spirv-cross-sys@0.4.3+e670b39: ToolExecError: Command "c++" "-O0" "-ffunction-sections" "-fdata-sections" "-fPIC" "-gdwarf-4" "-fno-omit-frame-pointer" "-m64" "-std=c++14" "-I" "native/SPIRV-Cross" "-I" "native/SPIRV-CROSS/include" "-Wall" "-Wextra" "-DSPIRV_CROSS_CLI=OFF" "-DSPIRV_CROSS_C_API_GLSL=1" "-DSPIRV_CROSS_C_API_HLSL=1" "-DSPIRV_CROSS_C_API_MSL=1" "-o" "/opt/rustwide/target/debug/build/spirv-cross-sys-ffa422ba933c1173/out/44c975de6dea9a25-spirv_glsl.o" "-c" "native/SPIRV-Cross/spirv_glsl.cpp" with args c++ did not execute successfully (status code exit status: 1).cargo:warning=c++: fatal error: Killed signal terminated program cc1plus
[INFO] [stderr] warning: spirv-cross-sys@0.4.3+e670b39: compilation terminated.
[INFO] [stderr] warning: spirv-cross-sys@0.4.3+e670b39: ToolExecError: Command "c++" "-O0" "-ffunction-sections" "-fdata-sections" "-fPIC" "-gdwarf-4" "-fno-omit-frame-pointer" "-m64" "-std=c++14" "-I" "native/SPIRV-Cross" "-I" "native/SPIRV-CROSS/include" "-Wall" "-Wextra" "-DSPIRV_CROSS_CLI=OFF" "-DSPIRV_CROSS_C_API_GLSL=1" "-DSPIRV_CROSS_C_API_HLSL=1" "-DSPIRV_CROSS_C_API_MSL=1" "-o" "/opt/rustwide/target/debug/build/spirv-cross-sys-ffa422ba933c1173/out/44c975de6dea9a25-spirv_hlsl.o" "-c" "native/SPIRV-Cross/spirv_hlsl.cpp" with args c++ did not execute successfully (status code exit status: 1).cargo:warning=c++: fatal error: Killed signal terminated program cc1plus
[INFO] [stderr] warning: spirv-cross-sys@0.4.3+e670b39: compilation terminated.
[INFO] [stderr] warning: spirv-cross-sys@0.4.3+e670b39: ToolExecError: Command "c++" "-O0" "-ffunction-sections" "-fdata-sections" "-fPIC" "-gdwarf-4" "-fno-omit-frame-pointer" "-m64" "-std=c++14" "-I" "native/SPIRV-Cross" "-I" "native/SPIRV-CROSS/include" "-Wall" "-Wextra" "-DSPIRV_CROSS_CLI=OFF" "-DSPIRV_CROSS_C_API_GLSL=1" "-DSPIRV_CROSS_C_API_HLSL=1" "-DSPIRV_CROSS_C_API_MSL=1" "-o" "/opt/rustwide/target/debug/build/spirv-cross-sys-ffa422ba933c1173/out/44c975de6dea9a25-spirv_msl.o" "-c" "native/SPIRV-Cross/spirv_msl.cpp" with args c++ did not execute successfully (status code exit status: 1).cargo:warning=c++: fatal error: Killed signal terminated program cc1plus
[INFO] [stderr] warning: spirv-cross-sys@0.4.3+e670b39: compilation terminated.
[INFO] [stderr] warning: spirv-cross-sys@0.4.3+e670b39: ToolExecError: Command "c++" "-O0" "-ffunction-sections" "-fdata-sections" "-fPIC" "-gdwarf-4" "-fno-omit-frame-pointer" "-m64" "-std=c++14" "-I" "native/SPIRV-Cross" "-I" "native/SPIRV-CROSS/include" "-Wall" "-Wextra" "-DSPIRV_CROSS_CLI=OFF" "-DSPIRV_CROSS_C_API_GLSL=1" "-DSPIRV_CROSS_C_API_HLSL=1" "-DSPIRV_CROSS_C_API_MSL=1" "-o" "/opt/rustwide/target/debug/build/spirv-cross-sys-ffa422ba933c1173/out/44c975de6dea9a25-spirv_reflect.o" "-c" "native/SPIRV-Cross/spirv_reflect.cpp" with args c++ did not execute successfully (status code exit status: 1).cargo:warning=c++: fatal error: Killed signal terminated program cc1plus
[INFO] [stderr] warning: spirv-cross-sys@0.4.3+e670b39: compilation terminated.
[INFO] [stderr] warning: spirv-cross-sys@0.4.3+e670b39: ToolExecError: Command "c++" "-O0" "-ffunction-sections" "-fdata-sections" "-fPIC" "-gdwarf-4" "-fno-omit-frame-pointer" "-m64" "-std=c++14" "-I" "native/SPIRV-Cross" "-I" "native/SPIRV-CROSS/include" "-Wall" "-Wextra" "-DSPIRV_CROSS_CLI=OFF" "-DSPIRV_CROSS_C_API_GLSL=1" "-DSPIRV_CROSS_C_API_HLSL=1" "-DSPIRV_CROSS_C_API_MSL=1" "-o" "/opt/rustwide/target/debug/build/spirv-cross-sys-ffa422ba933c1173/out/e199e4a0c0335c4f-spirv_cross_c_ext_rs.o" "-c" "native/spirv_cross_c_ext_rs.cpp" with args c++ did not execute successfully (status code exit status: 1).
[INFO] [stderr] 
[INFO] [stderr] error: failed to run custom build command for `spirv-cross-sys v0.4.3+e670b39`
[INFO] [stderr] note: To improve backtraces for build dependencies, set the CARGO_PROFILE_DEV_BUILD_OVERRIDE_DEBUG=true environment variable to enable debug information generation.
[INFO] [stderr] 
[INFO] [stderr] Caused by:
[INFO] [stderr]   process didn't exit successfully: `/opt/rustwide/target/debug/build/spirv-cross-sys-e1028d5f16ef1bb5/build-script-build` (exit status: 1)
[INFO] [stderr]   --- stdout
[INFO] [stderr]   cargo:rerun-if-changed=native/SPIRV-Cross/spirv_cross_c.cpp
[INFO] [stderr]   cargo:rerun-if-changed=native/SPIRV-Cross/spirv_cross_c.h
[INFO] [stderr]   cargo:rerun-if-changed=native/SPIRV-Cross/spirv_cfg.cpp
[INFO] [stderr]   cargo:rerun-if-changed=native/SPIRV-Cross/spirv_cpp.cpp
[INFO] [stderr]   cargo:rerun-if-changed=native/SPIRV-Cross/spirv_cross.cpp
[INFO] [stderr]   cargo:rerun-if-changed=native/SPIRV-Cross/spirv_cross_parsed_ir.cpp
[INFO] [stderr]   cargo:rerun-if-changed=native/SPIRV-Cross/spirv_cross_util.cpp
[INFO] [stderr]   cargo:rerun-if-changed=native/SPIRV-Cross/spirv_glsl.cpp
[INFO] [stderr]   cargo:rerun-if-changed=native/SPIRV-Cross/spirv_hlsl.cpp
[INFO] [stderr]   cargo:rerun-if-changed=native/SPIRV-Cross/spirv_msl.cpp
[INFO] [stderr]   cargo:rerun-if-changed=native/SPIRV-Cross/spirv_parser.cpp
[INFO] [stderr]   cargo:rerun-if-changed=native/SPIRV-Cross/spirv_reflect.cpp
[INFO] [stderr]   cargo:rerun-if-changed=native/spirv_cross_c_ext_rs.cpp
[INFO] [stderr]   OUT_DIR = Some(/opt/rustwide/target/debug/build/spirv-cross-sys-ffa422ba933c1173/out)
[INFO] [stderr]   TARGET = Some(x86_64-unknown-linux-gnu)
[INFO] [stderr]   OPT_LEVEL = Some(0)
[INFO] [stderr]   HOST = Some(x86_64-unknown-linux-gnu)
[INFO] [stderr]   cargo:rerun-if-env-changed=CXX_x86_64-unknown-linux-gnu
[INFO] [stderr]   CXX_x86_64-unknown-linux-gnu = None
[INFO] [stderr]   cargo:rerun-if-env-changed=CXX_x86_64_unknown_linux_gnu
[INFO] [stderr]   CXX_x86_64_unknown_linux_gnu = None
[INFO] [stderr]   cargo:rerun-if-env-changed=HOST_CXX
[INFO] [stderr]   HOST_CXX = None
[INFO] [stderr]   cargo:rerun-if-env-changed=CXX
[INFO] [stderr]   CXX = None
[INFO] [stderr]   cargo:rerun-if-env-changed=CC_ENABLE_DEBUG_OUTPUT
[INFO] [stderr]   RUSTC_WRAPPER = None
[INFO] [stderr]   cargo:rerun-if-env-changed=CRATE_CC_NO_DEFAULTS
[INFO] [stderr]   CRATE_CC_NO_DEFAULTS = None
[INFO] [stderr]   DEBUG = Some(true)
[INFO] [stderr]   CARGO_CFG_TARGET_FEATURE = Some(fxsr,sse,sse2)
[INFO] [stderr]   cargo:rerun-if-env-changed=CXXFLAGS_x86_64-unknown-linux-gnu
[INFO] [stderr]   CXXFLAGS_x86_64-unknown-linux-gnu = None
[INFO] [stderr]   cargo:rerun-if-env-changed=CXXFLAGS_x86_64_unknown_linux_gnu
[INFO] [stderr]   CXXFLAGS_x86_64_unknown_linux_gnu = None
[INFO] [stderr]   cargo:rerun-if-env-changed=HOST_CXXFLAGS
[INFO] [stderr]   HOST_CXXFLAGS = None
[INFO] [stderr]   cargo:rerun-if-env-changed=CXXFLAGS
[INFO] [stderr]   CXXFLAGS = None
[INFO] [stderr]   cargo:warning=c++: fatal error: Killed signal terminated program cc1plus
[INFO] [stderr]   cargo:warning=compilation terminated.
[INFO] [stderr]   exit status: 0
[INFO] [stderr]   exit status: 0
[INFO] [stderr]   exit status: 0
[INFO] [stderr]   exit status: 1
[INFO] [stderr]   cargo:warning=ToolExecError: Command "c++" "-O0" "-ffunction-sections" "-fdata-sections" "-fPIC" "-gdwarf-4" "-fno-omit-frame-pointer" "-m64" "-std=c++14" "-I" "native/SPIRV-Cross" "-I" "native/SPIRV-CROSS/include" "-Wall" "-Wextra" "-DSPIRV_CROSS_CLI=OFF" "-DSPIRV_CROSS_C_API_GLSL=1" "-DSPIRV_CROSS_C_API_HLSL=1" "-DSPIRV_CROSS_C_API_MSL=1" "-o" "/opt/rustwide/target/debug/build/spirv-cross-sys-ffa422ba933c1173/out/44c975de6dea9a25-spirv_cross.o" "-c" "native/SPIRV-Cross/spirv_cross.cpp" with args c++ did not execute successfully (status code exit status: 1).cargo:warning=c++: fatal error: Killed signal terminated program cc1plus
[INFO] [stderr]   cargo:warning=compilation terminated.
[INFO] [stderr] 
[INFO] [stderr]   exit status: 1
[INFO] [stderr]   cargo:warning=ToolExecError: Command "c++" "-O0" "-ffunction-sections" "-fdata-sections" "-fPIC" "-gdwarf-4" "-fno-omit-frame-pointer" "-m64" "-std=c++14" "-I" "native/SPIRV-Cross" "-I" "native/SPIRV-CROSS/include" "-Wall" "-Wextra" "-DSPIRV_CROSS_CLI=OFF" "-DSPIRV_CROSS_C_API_GLSL=1" "-DSPIRV_CROSS_C_API_HLSL=1" "-DSPIRV_CROSS_C_API_MSL=1" "-o" "/opt/rustwide/target/debug/build/spirv-cross-sys-ffa422ba933c1173/out/44c975de6dea9a25-spirv_cross_parsed_ir.o" "-c" "native/SPIRV-Cross/spirv_cross_parsed_ir.cpp" with args c++ did not execute successfully (status code exit status: 1).cargo:warning=c++: fatal error: Killed signal terminated program cc1plus
[INFO] [stderr]   cargo:warning=compilation terminated.
[INFO] [stderr] 
[INFO] [stderr]   exit status: 1
[INFO] [stderr]   cargo:warning=ToolExecError: Command "c++" "-O0" "-ffunction-sections" "-fdata-sections" "-fPIC" "-gdwarf-4" "-fno-omit-frame-pointer" "-m64" "-std=c++14" "-I" "native/SPIRV-Cross" "-I" "native/SPIRV-CROSS/include" "-Wall" "-Wextra" "-DSPIRV_CROSS_CLI=OFF" "-DSPIRV_CROSS_C_API_GLSL=1" "-DSPIRV_CROSS_C_API_HLSL=1" "-DSPIRV_CROSS_C_API_MSL=1" "-o" "/opt/rustwide/target/debug/build/spirv-cross-sys-ffa422ba933c1173/out/44c975de6dea9a25-spirv_glsl.o" "-c" "native/SPIRV-Cross/spirv_glsl.cpp" with args c++ did not execute successfully (status code exit status: 1).cargo:warning=c++: fatal error: Killed signal terminated program cc1plus
[INFO] [stderr]   cargo:warning=compilation terminated.
[INFO] [stderr] 
[INFO] [stderr]   exit status: 1
[INFO] [stderr]   cargo:warning=ToolExecError: Command "c++" "-O0" "-ffunction-sections" "-fdata-sections" "-fPIC" "-gdwarf-4" "-fno-omit-frame-pointer" "-m64" "-std=c++14" "-I" "native/SPIRV-Cross" "-I" "native/SPIRV-CROSS/include" "-Wall" "-Wextra" "-DSPIRV_CROSS_CLI=OFF" "-DSPIRV_CROSS_C_API_GLSL=1" "-DSPIRV_CROSS_C_API_HLSL=1" "-DSPIRV_CROSS_C_API_MSL=1" "-o" "/opt/rustwide/target/debug/build/spirv-cross-sys-ffa422ba933c1173/out/44c975de6dea9a25-spirv_hlsl.o" "-c" "native/SPIRV-Cross/spirv_hlsl.cpp" with args c++ did not execute successfully (status code exit status: 1).cargo:warning=c++: fatal error: Killed signal terminated program cc1plus
[INFO] [stderr]   cargo:warning=compilation terminated.
[INFO] [stderr] 
[INFO] [stderr]   exit status: 1
[INFO] [stderr]   cargo:warning=ToolExecError: Command "c++" "-O0" "-ffunction-sections" "-fdata-sections" "-fPIC" "-gdwarf-4" "-fno-omit-frame-pointer" "-m64" "-std=c++14" "-I" "native/SPIRV-Cross" "-I" "native/SPIRV-CROSS/include" "-Wall" "-Wextra" "-DSPIRV_CROSS_CLI=OFF" "-DSPIRV_CROSS_C_API_GLSL=1" "-DSPIRV_CROSS_C_API_HLSL=1" "-DSPIRV_CROSS_C_API_MSL=1" "-o" "/opt/rustwide/target/debug/build/spirv-cross-sys-ffa422ba933c1173/out/44c975de6dea9a25-spirv_msl.o" "-c" "native/SPIRV-Cross/spirv_msl.cpp" with args c++ did not execute successfully (status code exit status: 1).cargo:warning=c++: fatal error: Killed signal terminated program cc1plus
[INFO] [stderr]   cargo:warning=compilation terminated.
[INFO] [stderr] 
[INFO] [stderr]   exit status: 1
[INFO] [stderr]   cargo:warning=ToolExecError: Command "c++" "-O0" "-ffunction-sections" "-fdata-sections" "-fPIC" "-gdwarf-4" "-fno-omit-frame-pointer" "-m64" "-std=c++14" "-I" "native/SPIRV-Cross" "-I" "native/SPIRV-CROSS/include" "-Wall" "-Wextra" "-DSPIRV_CROSS_CLI=OFF" "-DSPIRV_CROSS_C_API_GLSL=1" "-DSPIRV_CROSS_C_API_HLSL=1" "-DSPIRV_CROSS_C_API_MSL=1" "-o" "/opt/rustwide/target/debug/build/spirv-cross-sys-ffa422ba933c1173/out/44c975de6dea9a25-spirv_reflect.o" "-c" "native/SPIRV-Cross/spirv_reflect.cpp" with args c++ did not execute successfully (status code exit status: 1).cargo:warning=c++: fatal error: Killed signal terminated program cc1plus
[INFO] [stderr]   cargo:warning=compilation terminated.
[INFO] [stderr] 
[INFO] [stderr]   exit status: 0
[INFO] [stderr]   exit status: 1
[INFO] [stderr]   cargo:warning=ToolExecError: Command "c++" "-O0" "-ffunction-sections" "-fdata-sections" "-fPIC" "-gdwarf-4" "-fno-omit-frame-pointer" "-m64" "-std=c++14" "-I" "native/SPIRV-Cross" "-I" "native/SPIRV-CROSS/include" "-Wall" "-Wextra" "-DSPIRV_CROSS_CLI=OFF" "-DSPIRV_CROSS_C_API_GLSL=1" "-DSPIRV_CROSS_C_API_HLSL=1" "-DSPIRV_CROSS_C_API_MSL=1" "-o" "/opt/rustwide/target/debug/build/spirv-cross-sys-ffa422ba933c1173/out/e199e4a0c0335c4f-spirv_cross_c_ext_rs.o" "-c" "native/spirv_cross_c_ext_rs.cpp" with args c++ did not execute successfully (status code exit status: 1).
[INFO] [stderr] 
[INFO] [stderr]   --- stderr
[INFO] [stderr] 
[INFO] [stderr] 
[INFO] [stderr]   error occurred: Command "c++" "-O0" "-ffunction-sections" "-fdata-sections" "-fPIC" "-gdwarf-4" "-fno-omit-frame-pointer" "-m64" "-std=c++14" "-I" "native/SPIRV-Cross" "-I" "native/SPIRV-CROSS/include" "-Wall" "-Wextra" "-DSPIRV_CROSS_CLI=OFF" "-DSPIRV_CROSS_C_API_GLSL=1" "-DSPIRV_CROSS_C_API_HLSL=1" "-DSPIRV_CROSS_C_API_MSL=1" "-o" "/opt/rustwide/target/debug/build/spirv-cross-sys-ffa422ba933c1173/out/e199e4a0c0335c4f-spirv_cross_c_ext_rs.o" "-c" "native/spirv_cross_c_ext_rs.cpp" with args c++ did not execute successfully (status code exit status: 1).
[INFO] [stderr] 
[INFO] [stderr] 
[INFO] [stderr] The following warnings were emitted during compilation:
[INFO] [stderr] 
[INFO] [stderr] warning: glslang-sys@0.6.2+3454c36: c++: fatal error: Killed signal terminated program cc1plus
[INFO] [stderr] warning: glslang-sys@0.6.2+3454c36: compilation terminated.
[INFO] [stderr] warning: glslang-sys@0.6.2+3454c36: ToolExecError: Command "c++" "-O0" "-ffunction-sections" "-fdata-sections" "-fPIC" "-gdwarf-4" "-fno-omit-frame-pointer" "-m64" "-std=c++17" "-I" "native/glslang" "-I" "native/build_info" "-Wall" "-Wextra" "-DENABLE_SPIRV=ON" "-DENABLE_HLSL=ON" "-DENABLE_OPT=OFF" "-DENABLE_GLSLANG_BINARIES=OFF" "-o" "/opt/rustwide/target/debug/build/glslang-sys-446939a0dd97bad2/out/661cb1557dbeaf24-hlslAttributes.o" "-c" "native/glslang/glslang/HLSL/hlslAttributes.cpp" with args c++ did not execute successfully (status code exit status: 1).cargo:warning=c++: fatal error: Killed signal terminated program cc1plus
[INFO] [stderr] warning: glslang-sys@0.6.2+3454c36: compilation terminated.
[INFO] [stderr] warning: glslang-sys@0.6.2+3454c36: ToolExecError: Command "c++" "-O0" "-ffunction-sections" "-fdata-sections" "-fPIC" "-gdwarf-4" "-fno-omit-frame-pointer" "-m64" "-std=c++17" "-I" "native/glslang" "-I" "native/build_info" "-Wall" "-Wextra" "-DENABLE_SPIRV=ON" "-DENABLE_HLSL=ON" "-DENABLE_OPT=OFF" "-DENABLE_GLSLANG_BINARIES=OFF" "-o" "/opt/rustwide/target/debug/build/glslang-sys-446939a0dd97bad2/out/661cb1557dbeaf24-hlslGrammar.o" "-c" "native/glslang/glslang/HLSL/hlslGrammar.cpp" with args c++ did not execute successfully (status code exit status: 1).cargo:warning=c++: fatal error: Killed signal terminated program cc1plus
[INFO] [stderr] warning: glslang-sys@0.6.2+3454c36: compilation terminated.
[INFO] [stderr] warning: glslang-sys@0.6.2+3454c36: ToolExecError: Command "c++" "-O0" "-ffunction-sections" "-fdata-sections" "-fPIC" "-gdwarf-4" "-fno-omit-frame-pointer" "-m64" "-std=c++17" "-I" "native/glslang" "-I" "native/build_info" "-Wall" "-Wextra" "-DENABLE_SPIRV=ON" "-DENABLE_HLSL=ON" "-DENABLE_OPT=OFF" "-DENABLE_GLSLANG_BINARIES=OFF" "-o" "/opt/rustwide/target/debug/build/glslang-sys-446939a0dd97bad2/out/661cb1557dbeaf24-hlslOpMap.o" "-c" "native/glslang/glslang/HLSL/hlslOpMap.cpp" with args c++ did not execute successfully (status code exit status: 1).cargo:warning=c++: fatal error: Killed signal terminated program cc1plus
[INFO] [stderr] warning: glslang-sys@0.6.2+3454c36: compilation terminated.
[INFO] [stderr] warning: glslang-sys@0.6.2+3454c36: ToolExecError: Command "c++" "-O0" "-ffunction-sections" "-fdata-sections" "-fPIC" "-gdwarf-4" "-fno-omit-frame-pointer" "-m64" "-std=c++17" "-I" "native/glslang" "-I" "native/build_info" "-Wall" "-Wextra" "-DENABLE_SPIRV=ON" "-DENABLE_HLSL=ON" "-DENABLE_OPT=OFF" "-DENABLE_GLSLANG_BINARIES=OFF" "-o" "/opt/rustwide/target/debug/build/glslang-sys-446939a0dd97bad2/out/661cb1557dbeaf24-hlslParseHelper.o" "-c" "native/glslang/glslang/HLSL/hlslParseHelper.cpp" with args c++ did not execute successfully (status code exit status: 1).cargo:warning=c++: fatal error: Killed signal terminated program cc1plus
[INFO] [stderr] warning: glslang-sys@0.6.2+3454c36: compilation terminated.
[INFO] [stderr] warning: glslang-sys@0.6.2+3454c36: ToolExecError: Command "c++" "-O0" "-ffunction-sections" "-fdata-sections" "-fPIC" "-gdwarf-4" "-fno-omit-frame-pointer" "-m64" "-std=c++17" "-I" "native/glslang" "-I" "native/build_info" "-Wall" "-Wextra" "-DENABLE_SPIRV=ON" "-DENABLE_HLSL=ON" "-DENABLE_OPT=OFF" "-DENABLE_GLSLANG_BINARIES=OFF" "-o" "/opt/rustwide/target/debug/build/glslang-sys-446939a0dd97bad2/out/661cb1557dbeaf24-hlslParseables.o" "-c" "native/glslang/glslang/HLSL/hlslParseables.cpp" with args c++ did not execute successfully (status code exit status: 1).cargo:warning=c++: fatal error: Killed signal terminated program cc1plus
[INFO] [stderr] warning: glslang-sys@0.6.2+3454c36: compilation terminated.
[INFO] [stderr] warning: glslang-sys@0.6.2+3454c36: ToolExecError: Command "c++" "-O0" "-ffunction-sections" "-fdata-sections" "-fPIC" "-gdwarf-4" "-fno-omit-frame-pointer" "-m64" "-std=c++17" "-I" "native/glslang" "-I" "native/build_info" "-Wall" "-Wextra" "-DENABLE_SPIRV=ON" "-DENABLE_HLSL=ON" "-DENABLE_OPT=OFF" "-DENABLE_GLSLANG_BINARIES=OFF" "-o" "/opt/rustwide/target/debug/build/glslang-sys-446939a0dd97bad2/out/661cb1557dbeaf24-hlslTokenStream.o" "-c" "native/glslang/glslang/HLSL/hlslTokenStream.cpp" with args c++ did not execute successfully (status code exit status: 1).cargo:warning=c++: fatal error: Killed signal terminated program cc1plus
[INFO] [stderr] warning: glslang-sys@0.6.2+3454c36: compilation terminated.
[INFO] [stderr] warning: glslang-sys@0.6.2+3454c36: ToolExecError: Command "c++" "-O0" "-ffunction-sections" "-fdata-sections" "-fPIC" "-gdwarf-4" "-fno-omit-frame-pointer" "-m64" "-std=c++17" "-I" "native/glslang" "-I" "native/build_info" "-Wall" "-Wextra" "-DENABLE_SPIRV=ON" "-DENABLE_HLSL=ON" "-DENABLE_OPT=OFF" "-DENABLE_GLSLANG_BINARIES=OFF" "-o" "/opt/rustwide/target/debug/build/glslang-sys-446939a0dd97bad2/out/661cb1557dbeaf24-hlslScanContext.o" "-c" "native/glslang/glslang/HLSL/hlslScanContext.cpp" with args c++ did not execute successfully (status code exit status: 1).cargo:warning=c++: fatal error: Killed signal terminated program cc1plus
[INFO] [stderr] warning: glslang-sys@0.6.2+3454c36: compilation terminated.
[INFO] [stderr] warning: glslang-sys@0.6.2+3454c36: ToolExecError: Command "c++" "-O0" "-ffunction-sections" "-fdata-sections" "-fPIC" "-gdwarf-4" "-fno-omit-frame-pointer" "-m64" "-std=c++17" "-I" "native/glslang" "-I" "native/build_info" "-Wall" "-Wextra" "-DENABLE_SPIRV=ON" "-DENABLE_HLSL=ON" "-DENABLE_OPT=OFF" "-DENABLE_GLSLANG_BINARIES=OFF" "-o" "/opt/rustwide/target/debug/build/glslang-sys-446939a0dd97bad2/out/f5e2b3a5ae22d19c-Intermediate.o" "-c" "native/glslang/glslang/MachineIndependent/Intermediate.cpp" with args c++ did not execute successfully (status code exit status: 1).cargo:warning=c++: fatal error: Killed signal terminated program cc1plus
[INFO] [stderr] warning: glslang-sys@0.6.2+3454c36: compilation terminated.
[INFO] [stderr] warning: glslang-sys@0.6.2+3454c36: ToolExecError: Command "c++" "-O0" "-ffunction-sections" "-fdata-sections" "-fPIC" "-gdwarf-4" "-fno-omit-frame-pointer" "-m64" "-std=c++17" "-I" "native/glslang" "-I" "native/build_info" "-Wall" "-Wextra" "-DENABLE_SPIRV=ON" "-DENABLE_HLSL=ON" "-DENABLE_OPT=OFF" "-DENABLE_GLSLANG_BINARIES=OFF" "-o" "/opt/rustwide/target/debug/build/glslang-sys-446939a0dd97bad2/out/f5e2b3a5ae22d19c-Initialize.o" "-c" "native/glslang/glslang/MachineIndependent/Initialize.cpp" with args c++ did not execute successfully (status code exit status: 1).cargo:warning=c++: fatal error: Killed signal terminated program cc1plus
[INFO] [stderr] warning: glslang-sys@0.6.2+3454c36: compilation terminated.
[INFO] [stderr] warning: glslang-sys@0.6.2+3454c36: ToolExecError: Command "c++" "-O0" "-ffunction-sections" "-fdata-sections" "-fPIC" "-gdwarf-4" "-fno-omit-frame-pointer" "-m64" "-std=c++17" "-I" "native/glslang" "-I" "native/build_info" "-Wall" "-Wextra" "-DENABLE_SPIRV=ON" "-DENABLE_HLSL=ON" "-DENABLE_OPT=OFF" "-DENABLE_GLSLANG_BINARIES=OFF" "-o" "/opt/rustwide/target/debug/build/glslang-sys-446939a0dd97bad2/out/f5e2b3a5ae22d19c-ParseHelper.o" "-c" "native/glslang/glslang/MachineIndependent/ParseHelper.cpp" with args c++ did not execute successfully (status code exit status: 1).cargo:warning=c++: fatal error: Killed signal terminated program cc1plus
[INFO] [stderr] warning: glslang-sys@0.6.2+3454c36: compilation terminated.
[INFO] [stderr] warning: glslang-sys@0.6.2+3454c36: ToolExecError: Command "c++" "-O0" "-ffunction-sections" "-fdata-sections" "-fPIC" "-gdwarf-4" "-fno-omit-frame-pointer" "-m64" "-std=c++17" "-I" "native/glslang" "-I" "native/build_info" "-Wall" "-Wextra" "-DENABLE_SPIRV=ON" "-DENABLE_HLSL=ON" "-DENABLE_OPT=OFF" "-DENABLE_GLSLANG_BINARIES=OFF" "-o" "/opt/rustwide/target/debug/build/glslang-sys-446939a0dd97bad2/out/f5e2b3a5ae22d19c-ParseContextBase.o" "-c" "native/glslang/glslang/MachineIndependent/ParseContextBase.cpp" with args c++ did not execute successfully (status code exit status: 1).cargo:warning=c++: fatal error: Killed signal terminated program cc1plus
[INFO] [stderr] warning: glslang-sys@0.6.2+3454c36: compilation terminated.
[INFO] [stderr] warning: glslang-sys@0.6.2+3454c36: ToolExecError: Command "c++" "-O0" "-ffunction-sections" "-fdata-sections" "-fPIC" "-gdwarf-4" "-fno-omit-frame-pointer" "-m64" "-std=c++17" "-I" "native/glslang" "-I" "native/build_info" "-Wall" "-Wextra" "-DENABLE_SPIRV=ON" "-DENABLE_HLSL=ON" "-DENABLE_OPT=OFF" "-DENABLE_GLSLANG_BINARIES=OFF" "-o" "/opt/rustwide/target/debug/build/glslang-sys-446939a0dd97bad2/out/f5e2b3a5ae22d19c-attribute.o" "-c" "native/glslang/glslang/MachineIndependent/attribute.cpp" with args c++ did not execute successfully (status code exit status: 1).cargo:warning=c++: fatal error: Killed signal terminated program cc1plus
[INFO] [stderr] warning: glslang-sys@0.6.2+3454c36: compilation terminated.
[INFO] [stderr] warning: glslang-sys@0.6.2+3454c36: ToolExecError: Command "c++" "-O0" "-ffunction-sections" "-fdata-sections" "-fPIC" "-gdwarf-4" "-fno-omit-frame-pointer" "-m64" "-std=c++17" "-I" "native/glslang" "-I" "native/build_info" "-Wall" "-Wextra" "-DENABLE_SPIRV=ON" "-DENABLE_HLSL=ON" "-DENABLE_OPT=OFF" "-DENABLE_GLSLANG_BINARIES=OFF" "-o" "/opt/rustwide/target/debug/build/glslang-sys-446939a0dd97bad2/out/f5e2b3a5ae22d19c-SpirvIntrinsics.o" "-c" "native/glslang/glslang/MachineIndependent/SpirvIntrinsics.cpp" with args c++ did not execute successfully (status code exit status: 1).cargo:warning=c++: fatal error: Killed signal terminated program cc1plus
[INFO] [stderr] warning: glslang-sys@0.6.2+3454c36: compilation terminated.
[INFO] [stderr] warning: glslang-sys@0.6.2+3454c36: ToolExecError: Command "c++" "-O0" "-ffunction-sections" "-fdata-sections" "-fPIC" "-gdwarf-4" "-fno-omit-frame-pointer" "-m64" "-std=c++17" "-I" "native/glslang" "-I" "native/build_info" "-Wall" "-Wextra" "-DENABLE_SPIRV=ON" "-DENABLE_HLSL=ON" "-DENABLE_OPT=OFF" "-DENABLE_GLSLANG_BINARIES=OFF" "-o" "/opt/rustwide/target/debug/build/glslang-sys-446939a0dd97bad2/out/f5e2b3a5ae22d19c-ShaderLang.o" "-c" "native/glslang/glslang/MachineIndependent/ShaderLang.cpp" with args c++ did not execute successfully (status code exit status: 1).cargo:warning=c++: fatal error: Killed signal terminated program cc1plus
[INFO] [stderr] warning: glslang-sys@0.6.2+3454c36: compilation terminated.
[INFO] [stderr] warning: glslang-sys@0.6.2+3454c36: ToolExecError: Command "c++" "-O0" "-ffunction-sections" "-fdata-sections" "-fPIC" "-gdwarf-4" "-fno-omit-frame-pointer" "-m64" "-std=c++17" "-I" "native/glslang" "-I" "native/build_info" "-Wall" "-Wextra" "-DENABLE_SPIRV=ON" "-DENABLE_HLSL=ON" "-DENABLE_OPT=OFF" "-DENABLE_GLSLANG_BINARIES=OFF" "-o" "/opt/rustwide/target/debug/build/glslang-sys-446939a0dd97bad2/out/f5e2b3a5ae22d19c-Scan.o" "-c" "native/glslang/glslang/MachineIndependent/Scan.cpp" with args c++ did not execute successfully (status code exit status: 1).cargo:warning=c++: fatal error: Killed signal terminated program cc1plus
[INFO] [stderr] warning: glslang-sys@0.6.2+3454c36: compilation terminated.
[INFO] [stderr] warning: glslang-sys@0.6.2+3454c36: ToolExecError: Command "c++" "-O0" "-ffunction-sections" "-fdata-sections" "-fPIC" "-gdwarf-4" "-fno-omit-frame-pointer" "-m64" "-std=c++17" "-I" "native/glslang" "-I" "native/build_info" "-Wall" "-Wextra" "-DENABLE_SPIRV=ON" "-DENABLE_HLSL=ON" "-DENABLE_OPT=OFF" "-DENABLE_GLSLANG_BINARIES=OFF" "-o" "/opt/rustwide/target/debug/build/glslang-sys-446939a0dd97bad2/out/f5e2b3a5ae22d19c-Versions.o" "-c" "native/glslang/glslang/MachineIndependent/Versions.cpp" with args c++ did not execute successfully (status code exit status: 1).cargo:warning=c++: fatal error: Killed signal terminated program cc1plus
[INFO] [stderr] warning: glslang-sys@0.6.2+3454c36: compilation terminated.
[INFO] [stderr] warning: glslang-sys@0.6.2+3454c36: ToolExecError: Command "c++" "-O0" "-ffunction-sections" "-fdata-sections" "-fPIC" "-gdwarf-4" "-fno-omit-frame-pointer" "-m64" "-std=c++17" "-I" "native/glslang" "-I" "native/build_info" "-Wall" "-Wextra" "-DENABLE_SPIRV=ON" "-DENABLE_HLSL=ON" "-DENABLE_OPT=OFF" "-DENABLE_GLSLANG_BINARIES=OFF" "-o" "/opt/rustwide/target/debug/build/glslang-sys-446939a0dd97bad2/out/f5e2b3a5ae22d19c-glslang_tab.o" "-c" "native/glslang/glslang/MachineIndependent/glslang_tab.cpp" with args c++ did not execute successfully (status code exit status: 1).cargo:warning=c++: fatal error: Killed signal terminated program cc1plus
[INFO] [stderr] warning: glslang-sys@0.6.2+3454c36: compilation terminated.
[INFO] [stderr] warning: glslang-sys@0.6.2+3454c36: ToolExecError: Command "c++" "-O0" "-ffunction-sections" "-fdata-sections" "-fPIC" "-gdwarf-4" "-fno-omit-frame-pointer" "-m64" "-std=c++17" "-I" "native/glslang" "-I" "native/build_info" "-Wall" "-Wextra" "-DENABLE_SPIRV=ON" "-DENABLE_HLSL=ON" "-DENABLE_OPT=OFF" "-DENABLE_GLSLANG_BINARIES=OFF" "-o" "/opt/rustwide/target/debug/build/glslang-sys-446939a0dd97bad2/out/f5e2b3a5ae22d19c-SymbolTable.o" "-c" "native/glslang/glslang/MachineIndependent/SymbolTable.cpp" with args c++ did not execute successfully (status code exit status: 1).cargo:warning=c++: fatal error: Killed signal terminated program cc1plus
[INFO] [stderr] warning: glslang-sys@0.6.2+3454c36: compilation terminated.
[INFO] [stderr] warning: glslang-sys@0.6.2+3454c36: ToolExecError: Command "c++" "-O0" "-ffunction-sections" "-fdata-sections" "-fPIC" "-gdwarf-4" "-fno-omit-frame-pointer" "-m64" "-std=c++17" "-I" "native/glslang" "-I" "native/build_info" "-Wall" "-Wextra" "-DENABLE_SPIRV=ON" "-DENABLE_HLSL=ON" "-DENABLE_OPT=OFF" "-DENABLE_GLSLANG_BINARIES=OFF" "-o" "/opt/rustwide/target/debug/build/glslang-sys-446939a0dd97bad2/out/f5e2b3a5ae22d19c-intermOut.o" "-c" "native/glslang/glslang/MachineIndependent/intermOut.cpp" with args c++ did not execute successfully (status code exit status: 1).cargo:warning=c++: fatal error: Killed signal terminated program cc1plus
[INFO] [stderr] warning: glslang-sys@0.6.2+3454c36: compilation terminated.
[INFO] [stderr] warning: glslang-sys@0.6.2+3454c36: ToolExecError: Command "c++" "-O0" "-ffunction-sections" "-fdata-sections" "-fPIC" "-gdwarf-4" "-fno-omit-frame-pointer" "-m64" "-std=c++17" "-I" "native/glslang" "-I" "native/build_info" "-Wall" "-Wextra" "-DENABLE_SPIRV=ON" "-DENABLE_HLSL=ON" "-DENABLE_OPT=OFF" "-DENABLE_GLSLANG_BINARIES=OFF" "-o" "/opt/rustwide/target/debug/build/glslang-sys-446939a0dd97bad2/out/f5e2b3a5ae22d19c-iomapper.o" "-c" "native/glslang/glslang/MachineIndependent/iomapper.cpp" with args c++ did not execute successfully (status code exit status: 1).cargo:warning=c++: fatal error: Killed signal terminated program cc1plus
[INFO] [stderr] warning: glslang-sys@0.6.2+3454c36: compilation terminated.
[INFO] [stderr] warning: glslang-sys@0.6.2+3454c36: ToolExecError: Command "c++" "-O0" "-ffunction-sections" "-fdata-sections" "-fPIC" "-gdwarf-4" "-fno-omit-frame-pointer" "-m64" "-std=c++17" "-I" "native/glslang" "-I" "native/build_info" "-Wall" "-Wextra" "-DENABLE_SPIRV=ON" "-DENABLE_HLSL=ON" "-DENABLE_OPT=OFF" "-DENABLE_GLSLANG_BINARIES=OFF" "-o" "/opt/rustwide/target/debug/build/glslang-sys-446939a0dd97bad2/out/f5e2b3a5ae22d19c-limits.o" "-c" "native/glslang/glslang/MachineIndependent/limits.cpp" with args c++ did not execute successfully (status code exit status: 1).cargo:warning=c++: fatal error: Killed signal terminated program cc1plus
[INFO] [stderr] warning: glslang-sys@0.6.2+3454c36: compilation terminated.
[INFO] [stderr] warning: glslang-sys@0.6.2+3454c36: ToolExecError: Command "c++" "-O0" "-ffunction-sections" "-fdata-sections" "-fPIC" "-gdwarf-4" "-fno-omit-frame-pointer" "-m64" "-std=c++17" "-I" "native/glslang" "-I" "native/build_info" "-Wall" "-Wextra" "-DENABLE_SPIRV=ON" "-DENABLE_HLSL=ON" "-DENABLE_OPT=OFF" "-DENABLE_GLSLANG_BINARIES=OFF" "-o" "/opt/rustwide/target/debug/build/glslang-sys-446939a0dd97bad2/out/f5e2b3a5ae22d19c-linkValidate.o" "-c" "native/glslang/glslang/MachineIndependent/linkValidate.cpp" with args c++ did not execute successfully (status code exit status: 1).cargo:warning=c++: fatal error: Killed signal terminated program cc1plus
[INFO] [stderr] warning: glslang-sys@0.6.2+3454c36: compilation terminated.
[INFO] [stderr] warning: glslang-sys@0.6.2+3454c36: ToolExecError: Command "c++" "-O0" "-ffunction-sections" "-fdata-sections" "-fPIC" "-gdwarf-4" "-fno-omit-frame-pointer" "-m64" "-std=c++17" "-I" "native/glslang" "-I" "native/build_info" "-Wall" "-Wextra" "-DENABLE_SPIRV=ON" "-DENABLE_HLSL=ON" "-DENABLE_OPT=OFF" "-DENABLE_GLSLANG_BINARIES=OFF" "-o" "/opt/rustwide/target/debug/build/glslang-sys-446939a0dd97bad2/out/f5e2b3a5ae22d19c-parseConst.o" "-c" "native/glslang/glslang/MachineIndependent/parseConst.cpp" with args c++ did not execute successfully (status code exit status: 1).cargo:warning=c++: fatal error: Killed signal terminated program cc1plus
[INFO] [stderr] warning: glslang-sys@0.6.2+3454c36: compilation terminated.
[INFO] [stderr] warning: glslang-sys@0.6.2+3454c36: ToolExecError: Command "c++" "-O0" "-ffunction-sections" "-fdata-sections" "-fPIC" "-gdwarf-4" "-fno-omit-frame-pointer" "-m64" "-std=c++17" "-I" "native/glslang" "-I" "native/build_info" "-Wall" "-Wextra" "-DENABLE_SPIRV=ON" "-DENABLE_HLSL=ON" "-DENABLE_OPT=OFF" "-DENABLE_GLSLANG_BINARIES=OFF" "-o" "/opt/rustwide/target/debug/build/glslang-sys-446939a0dd97bad2/out/374fb2c1d45230ab-Pp.o" "-c" "native/glslang/glslang/MachineIndependent/preprocessor/Pp.cpp" with args c++ did not execute successfully (status code exit status: 1).cargo:warning=c++: fatal error: Killed signal terminated program cc1plus
[INFO] [stderr] warning: glslang-sys@0.6.2+3454c36: compilation terminated.
[INFO] [stderr] warning: glslang-sys@0.6.2+3454c36: ToolExecError: Command "c++" "-O0" "-ffunction-sections" "-fdata-sections" "-fPIC" "-gdwarf-4" "-fno-omit-frame-pointer" "-m64" "-std=c++17" "-I" "native/glslang" "-I" "native/build_info" "-Wall" "-Wextra" "-DENABLE_SPIRV=ON" "-DENABLE_HLSL=ON" "-DENABLE_OPT=OFF" "-DENABLE_GLSLANG_BINARIES=OFF" "-o" "/opt/rustwide/target/debug/build/glslang-sys-446939a0dd97bad2/out/374fb2c1d45230ab-PpAtom.o" "-c" "native/glslang/glslang/MachineIndependent/preprocessor/PpAtom.cpp" with args c++ did not execute successfully (status code exit status: 1).cargo:warning=c++: fatal error: Killed signal terminated program cc1plus
[INFO] [stderr] warning: glslang-sys@0.6.2+3454c36: compilation terminated.
[INFO] [stderr] warning: glslang-sys@0.6.2+3454c36: ToolExecError: Command "c++" "-O0" "-ffunction-sections" "-fdata-sections" "-fPIC" "-gdwarf-4" "-fno-omit-frame-pointer" "-m64" "-std=c++17" "-I" "native/glslang" "-I" "native/build_info" "-Wall" "-Wextra" "-DENABLE_SPIRV=ON" "-DENABLE_HLSL=ON" "-DENABLE_OPT=OFF" "-DENABLE_GLSLANG_BINARIES=OFF" "-o" "/opt/rustwide/target/debug/build/glslang-sys-446939a0dd97bad2/out/374fb2c1d45230ab-PpContext.o" "-c" "native/glslang/glslang/MachineIndependent/preprocessor/PpContext.cpp" with args c++ did not execute successfully (status code exit status: 1).cargo:warning=c++: fatal error: Killed signal terminated program cc1plus
[INFO] [stderr] warning: glslang-sys@0.6.2+3454c36: compilation terminated.
[INFO] [stderr] warning: glslang-sys@0.6.2+3454c36: ToolExecError: Command "c++" "-O0" "-ffunction-sections" "-fdata-sections" "-fPIC" "-gdwarf-4" "-fno-omit-frame-pointer" "-m64" "-std=c++17" "-I" "native/glslang" "-I" "native/build_info" "-Wall" "-Wextra" "-DENABLE_SPIRV=ON" "-DENABLE_HLSL=ON" "-DENABLE_OPT=OFF" "-DENABLE_GLSLANG_BINARIES=OFF" "-o" "/opt/rustwide/target/debug/build/glslang-sys-446939a0dd97bad2/out/374fb2c1d45230ab-PpScanner.o" "-c" "native/glslang/glslang/MachineIndependent/preprocessor/PpScanner.cpp" with args c++ did not execute successfully (status code exit status: 1).cargo:warning=c++: fatal error: Killed signal terminated program cc1plus
[INFO] [stderr] warning: glslang-sys@0.6.2+3454c36: compilation terminated.
[INFO] [stderr] warning: glslang-sys@0.6.2+3454c36: ToolExecError: Command "c++" "-O0" "-ffunction-sections" "-fdata-sections" "-fPIC" "-gdwarf-4" "-fno-omit-frame-pointer" "-m64" "-std=c++17" "-I" "native/glslang" "-I" "native/build_info" "-Wall" "-Wextra" "-DENABLE_SPIRV=ON" "-DENABLE_HLSL=ON" "-DENABLE_OPT=OFF" "-DENABLE_GLSLANG_BINARIES=OFF" "-o" "/opt/rustwide/target/debug/build/glslang-sys-446939a0dd97bad2/out/374fb2c1d45230ab-PpTokens.o" "-c" "native/glslang/glslang/MachineIndependent/preprocessor/PpTokens.cpp" with args c++ did not execute successfully (status code exit status: 1).
[INFO] [stderr] 
[INFO] [stderr] error: failed to run custom build command for `glslang-sys v0.6.2+3454c36`
[INFO] [stderr] note: To improve backtraces for build dependencies, set the CARGO_PROFILE_DEV_BUILD_OVERRIDE_DEBUG=true environment variable to enable debug information generation.
[INFO] [stderr] 
[INFO] [stderr] Caused by:
[INFO] [stderr]   process didn't exit successfully: `/opt/rustwide/target/debug/build/glslang-sys-cde74185f89359ff/build-script-build` (exit status: 1)
[INFO] [stderr]   --- stdout
[INFO] [stderr]   cargo:rerun-if-changed=native/glslang
[INFO] [stderr]   cargo:rerun-if-changed=native/build_info
[INFO] [stderr]   OUT_DIR = Some(/opt/rustwide/target/debug/build/glslang-sys-446939a0dd97bad2/out)
[INFO] [stderr]   TARGET = Some(x86_64-unknown-linux-gnu)
[INFO] [stderr]   OPT_LEVEL = Some(0)
[INFO] [stderr]   HOST = Some(x86_64-unknown-linux-gnu)
[INFO] [stderr]   cargo:rerun-if-env-changed=CXX_x86_64-unknown-linux-gnu
[INFO] [stderr]   CXX_x86_64-unknown-linux-gnu = None
[INFO] [stderr]   cargo:rerun-if-env-changed=CXX_x86_64_unknown_linux_gnu
[INFO] [stderr]   CXX_x86_64_unknown_linux_gnu = None
[INFO] [stderr]   cargo:rerun-if-env-changed=HOST_CXX
[INFO] [stderr]   HOST_CXX = None
[INFO] [stderr]   cargo:rerun-if-env-changed=CXX
[INFO] [stderr]   CXX = None
[INFO] [stderr]   cargo:rerun-if-env-changed=CC_ENABLE_DEBUG_OUTPUT
[INFO] [stderr]   RUSTC_WRAPPER = None
[INFO] [stderr]   cargo:rerun-if-env-changed=CRATE_CC_NO_DEFAULTS
[INFO] [stderr]   CRATE_CC_NO_DEFAULTS = None
[INFO] [stderr]   DEBUG = Some(true)
[INFO] [stderr]   CARGO_CFG_TARGET_FEATURE = Some(fxsr,sse,sse2)
[INFO] [stderr]   cargo:rerun-if-env-changed=CXXFLAGS_x86_64-unknown-linux-gnu
[INFO] [stderr]   CXXFLAGS_x86_64-unknown-linux-gnu = None
[INFO] [stderr]   cargo:rerun-if-env-changed=CXXFLAGS_x86_64_unknown_linux_gnu
[INFO] [stderr]   CXXFLAGS_x86_64_unknown_linux_gnu = None
[INFO] [stderr]   cargo:rerun-if-env-changed=HOST_CXXFLAGS
[INFO] [stderr]   HOST_CXXFLAGS = None
[INFO] [stderr]   cargo:rerun-if-env-changed=CXXFLAGS
[INFO] [stderr]   CXXFLAGS = None
[INFO] [stderr]   cargo:warning=c++: fatal error: Killed signal terminated program cc1plus
[INFO] [stderr]   cargo:warning=compilation terminated.
[INFO] [stderr]   exit status: 0
[INFO] [stderr]   exit status: 0
[INFO] [stderr]   exit status: 0
[INFO] [stderr]   exit status: 1
[INFO] [stderr]   cargo:warning=ToolExecError: Command "c++" "-O0" "-ffunction-sections" "-fdata-sections" "-fPIC" "-gdwarf-4" "-fno-omit-frame-pointer" "-m64" "-std=c++17" "-I" "native/glslang" "-I" "native/build_info" "-Wall" "-Wextra" "-DENABLE_SPIRV=ON" "-DENABLE_HLSL=ON" "-DENABLE_OPT=OFF" "-DENABLE_GLSLANG_BINARIES=OFF" "-o" "/opt/rustwide/target/debug/build/glslang-sys-446939a0dd97bad2/out/661cb1557dbeaf24-hlslAttributes.o" "-c" "native/glslang/glslang/HLSL/hlslAttributes.cpp" with args c++ did not execute successfully (status code exit status: 1).cargo:warning=c++: fatal error: Killed signal terminated program cc1plus
[INFO] [stderr]   cargo:warning=compilation terminated.
[INFO] [stderr] 
[INFO] [stderr]   exit status: 1
[INFO] [stderr]   cargo:warning=ToolExecError: Command "c++" "-O0" "-ffunction-sections" "-fdata-sections" "-fPIC" "-gdwarf-4" "-fno-omit-frame-pointer" "-m64" "-std=c++17" "-I" "native/glslang" "-I" "native/build_info" "-Wall" "-Wextra" "-DENABLE_SPIRV=ON" "-DENABLE_HLSL=ON" "-DENABLE_OPT=OFF" "-DENABLE_GLSLANG_BINARIES=OFF" "-o" "/opt/rustwide/target/debug/build/glslang-sys-446939a0dd97bad2/out/661cb1557dbeaf24-hlslGrammar.o" "-c" "native/glslang/glslang/HLSL/hlslGrammar.cpp" with args c++ did not execute successfully (status code exit status: 1).cargo:warning=c++: fatal error: Killed signal terminated program cc1plus
[INFO] [stderr]   cargo:warning=compilation terminated.
[INFO] [stderr] 
[INFO] [stderr]   exit status: 1
[INFO] [stderr]   cargo:warning=ToolExecError: Command "c++" "-O0" "-ffunction-sections" "-fdata-sections" "-fPIC" "-gdwarf-4" "-fno-omit-frame-pointer" "-m64" "-std=c++17" "-I" "native/glslang" "-I" "native/build_info" "-Wall" "-Wextra" "-DENABLE_SPIRV=ON" "-DENABLE_HLSL=ON" "-DENABLE_OPT=OFF" "-DENABLE_GLSLANG_BINARIES=OFF" "-o" "/opt/rustwide/target/debug/build/glslang-sys-446939a0dd97bad2/out/661cb1557dbeaf24-hlslOpMap.o" "-c" "native/glslang/glslang/HLSL/hlslOpMap.cpp" with args c++ did not execute successfully (status code exit status: 1).cargo:warning=c++: fatal error: Killed signal terminated program cc1plus
[INFO] [stderr]   cargo:warning=compilation terminated.
[INFO] [stderr] 
[INFO] [stderr]   exit status: 1
[INFO] [stderr]   cargo:warning=ToolExecError: Command "c++" "-O0" "-ffunction-sections" "-fdata-sections" "-fPIC" "-gdwarf-4" "-fno-omit-frame-pointer" "-m64" "-std=c++17" "-I" "native/glslang" "-I" "native/build_info" "-Wall" "-Wextra" "-DENABLE_SPIRV=ON" "-DENABLE_HLSL=ON" "-DENABLE_OPT=OFF" "-DENABLE_GLSLANG_BINARIES=OFF" "-o" "/opt/rustwide/target/debug/build/glslang-sys-446939a0dd97bad2/out/661cb1557dbeaf24-hlslParseHelper.o" "-c" "native/glslang/glslang/HLSL/hlslParseHelper.cpp" with args c++ did not execute successfully (status code exit status: 1).cargo:warning=c++: fatal error: Killed signal terminated program cc1plus
[INFO] [stderr]   cargo:warning=compilation terminated.
[INFO] [stderr] 
[INFO] [stderr]   exit status: 1
[INFO] [stderr]   cargo:warning=ToolExecError: Command "c++" "-O0" "-ffunction-sections" "-fdata-sections" "-fPIC" "-gdwarf-4" "-fno-omit-frame-pointer" "-m64" "-std=c++17" "-I" "native/glslang" "-I" "native/build_info" "-Wall" "-Wextra" "-DENABLE_SPIRV=ON" "-DENABLE_HLSL=ON" "-DENABLE_OPT=OFF" "-DENABLE_GLSLANG_BINARIES=OFF" "-o" "/opt/rustwide/target/debug/build/glslang-sys-446939a0dd97bad2/out/661cb1557dbeaf24-hlslParseables.o" "-c" "native/glslang/glslang/HLSL/hlslParseables.cpp" with args c++ did not execute successfully (status code exit status: 1).cargo:warning=c++: fatal error: Killed signal terminated program cc1plus
[INFO] [stderr]   cargo:warning=compilation terminated.
[INFO] [stderr] 
[INFO] [stderr]   exit status: 0
[INFO] [stderr]   exit status: 1
[INFO] [stderr]   cargo:warning=ToolExecError: Command "c++" "-O0" "-ffunction-sections" "-fdata-sections" "-fPIC" "-gdwarf-4" "-fno-omit-frame-pointer" "-m64" "-std=c++17" "-I" "native/glslang" "-I" "native/build_info" "-Wall" "-Wextra" "-DENABLE_SPIRV=ON" "-DENABLE_HLSL=ON" "-DENABLE_OPT=OFF" "-DENABLE_GLSLANG_BINARIES=OFF" "-o" "/opt/rustwide/target/debug/build/glslang-sys-446939a0dd97bad2/out/661cb1557dbeaf24-hlslTokenStream.o" "-c" "native/glslang/glslang/HLSL/hlslTokenStream.cpp" with args c++ did not execute successfully (status code exit status: 1).cargo:warning=c++: fatal error: Killed signal terminated program cc1plus
[INFO] [stderr]   cargo:warning=compilation terminated.
[INFO] [stderr] 
[INFO] [stderr]   exit status: 1
[INFO] [stderr]   cargo:warning=ToolExecError: Command "c++" "-O0" "-ffunction-sections" "-fdata-sections" "-fPIC" "-gdwarf-4" "-fno-omit-frame-pointer" "-m64" "-std=c++17" "-I" "native/glslang" "-I" "native/build_info" "-Wall" "-Wextra" "-DENABLE_SPIRV=ON" "-DENABLE_HLSL=ON" "-DENABLE_OPT=OFF" "-DENABLE_GLSLANG_BINARIES=OFF" "-o" "/opt/rustwide/target/debug/build/glslang-sys-446939a0dd97bad2/out/661cb1557dbeaf24-hlslScanContext.o" "-c" "native/glslang/glslang/HLSL/hlslScanContext.cpp" with args c++ did not execute successfully (status code exit status: 1).cargo:warning=c++: fatal error: Killed signal terminated program cc1plus
[INFO] [stderr]   cargo:warning=compilation terminated.
[INFO] [stderr] 
[INFO] [stderr]   exit status: 0
[INFO] [stderr]   exit status: 0
[INFO] [stderr]   exit status: 0
[INFO] [stderr]   exit status: 0
[INFO] [stderr]   exit status: 1
[INFO] [stderr]   cargo:warning=ToolExecError: Command "c++" "-O0" "-ffunction-sections" "-fdata-sections" "-fPIC" "-gdwarf-4" "-fno-omit-frame-pointer" "-m64" "-std=c++17" "-I" "native/glslang" "-I" "native/build_info" "-Wall" "-Wextra" "-DENABLE_SPIRV=ON" "-DENABLE_HLSL=ON" "-DENABLE_OPT=OFF" "-DENABLE_GLSLANG_BINARIES=OFF" "-o" "/opt/rustwide/target/debug/build/glslang-sys-446939a0dd97bad2/out/f5e2b3a5ae22d19c-Intermediate.o" "-c" "native/glslang/glslang/MachineIndependent/Intermediate.cpp" with args c++ did not execute successfully (status code exit status: 1).cargo:warning=c++: fatal error: Killed signal terminated program cc1plus
[INFO] [stderr]   cargo:warning=compilation terminated.
[INFO] [stderr] 
[INFO] [stderr]   exit status: 1
[INFO] [stderr]   cargo:warning=ToolExecError: Command "c++" "-O0" "-ffunction-sections" "-fdata-sections" "-fPIC" "-gdwarf-4" "-fno-omit-frame-pointer" "-m64" "-std=c++17" "-I" "native/glslang" "-I" "native/build_info" "-Wall" "-Wextra" "-DENABLE_SPIRV=ON" "-DENABLE_HLSL=ON" "-DENABLE_OPT=OFF" "-DENABLE_GLSLANG_BINARIES=OFF" "-o" "/opt/rustwide/target/debug/build/glslang-sys-446939a0dd97bad2/out/f5e2b3a5ae22d19c-Initialize.o" "-c" "native/glslang/glslang/MachineIndependent/Initialize.cpp" with args c++ did not execute successfully (status code exit status: 1).cargo:warning=c++: fatal error: Killed signal terminated program cc1plus
[INFO] [stderr]   cargo:warning=compilation terminated.
[INFO] [stderr] 
[INFO] [stderr]   exit status: 1
[INFO] [stderr]   cargo:warning=ToolExecError: Command "c++" "-O0" "-ffunction-sections" "-fdata-sections" "-fPIC" "-gdwarf-4" "-fno-omit-frame-pointer" "-m64" "-std=c++17" "-I" "native/glslang" "-I" "native/build_info" "-Wall" "-Wextra" "-DENABLE_SPIRV=ON" "-DENABLE_HLSL=ON" "-DENABLE_OPT=OFF" "-DENABLE_GLSLANG_BINARIES=OFF" "-o" "/opt/rustwide/target/debug/build/glslang-sys-446939a0dd97bad2/out/f5e2b3a5ae22d19c-ParseHelper.o" "-c" "native/glslang/glslang/MachineIndependent/ParseHelper.cpp" with args c++ did not execute successfully (status code exit status: 1).cargo:warning=c++: fatal error: Killed signal terminated program cc1plus
[INFO] [stderr]   cargo:warning=compilation terminated.
[INFO] [stderr] 
[INFO] [stderr]   exit status: 1
[INFO] [stderr]   cargo:warning=ToolExecError: Command "c++" "-O0" "-ffunction-sections" "-fdata-sections" "-fPIC" "-gdwarf-4" "-fno-omit-frame-pointer" "-m64" "-std=c++17" "-I" "native/glslang" "-I" "native/build_info" "-Wall" "-Wextra" "-DENABLE_SPIRV=ON" "-DENABLE_HLSL=ON" "-DENABLE_OPT=OFF" "-DENABLE_GLSLANG_BINARIES=OFF" "-o" "/opt/rustwide/target/debug/build/glslang-sys-446939a0dd97bad2/out/f5e2b3a5ae22d19c-ParseContextBase.o" "-c" "native/glslang/glslang/MachineIndependent/ParseContextBase.cpp" with args c++ did not execute successfully (status code exit status: 1).cargo:warning=c++: fatal error: Killed signal terminated program cc1plus
[INFO] [stderr]   cargo:warning=compilation terminated.
[INFO] [stderr] 
[INFO] [stderr]   exit status: 1
[INFO] [stderr]   cargo:warning=ToolExecError: Command "c++" "-O0" "-ffunction-sections" "-fdata-sections" "-fPIC" "-gdwarf-4" "-fno-omit-frame-pointer" "-m64" "-std=c++17" "-I" "native/glslang" "-I" "native/build_info" "-Wall" "-Wextra" "-DENABLE_SPIRV=ON" "-DENABLE_HLSL=ON" "-DENABLE_OPT=OFF" "-DENABLE_GLSLANG_BINARIES=OFF" "-o" "/opt/rustwide/target/debug/build/glslang-sys-446939a0dd97bad2/out/f5e2b3a5ae22d19c-attribute.o" "-c" "native/glslang/glslang/MachineIndependent/attribute.cpp" with args c++ did not execute successfully (status code exit status: 1).cargo:warning=c++: fatal error: Killed signal terminated program cc1plus
[INFO] [stderr]   cargo:warning=compilation terminated.
[INFO] [stderr] 
[INFO] [stderr]   exit status: 1
[INFO] [stderr]   cargo:warning=ToolExecError: Command "c++" "-O0" "-ffunction-sections" "-fdata-sections" "-fPIC" "-gdwarf-4" "-fno-omit-frame-pointer" "-m64" "-std=c++17" "-I" "native/glslang" "-I" "native/build_info" "-Wall" "-Wextra" "-DENABLE_SPIRV=ON" "-DENABLE_HLSL=ON" "-DENABLE_OPT=OFF" "-DENABLE_GLSLANG_BINARIES=OFF" "-o" "/opt/rustwide/target/debug/build/glslang-sys-446939a0dd97bad2/out/f5e2b3a5ae22d19c-SpirvIntrinsics.o" "-c" "native/glslang/glslang/MachineIndependent/SpirvIntrinsics.cpp" with args c++ did not execute successfully (status code exit status: 1).cargo:warning=c++: fatal error: Killed signal terminated program cc1plus
[INFO] [stderr]   cargo:warning=compilation terminated.
[INFO] [stderr] 
[INFO] [stderr]   exit status: 1
[INFO] [stderr]   cargo:warning=ToolExecError: Command "c++" "-O0" "-ffunction-sections" "-fdata-sections" "-fPIC" "-gdwarf-4" "-fno-omit-frame-pointer" "-m64" "-std=c++17" "-I" "native/glslang" "-I" "native/build_info" "-Wall" "-Wextra" "-DENABLE_SPIRV=ON" "-DENABLE_HLSL=ON" "-DENABLE_OPT=OFF" "-DENABLE_GLSLANG_BINARIES=OFF" "-o" "/opt/rustwide/target/debug/build/glslang-sys-446939a0dd97bad2/out/f5e2b3a5ae22d19c-ShaderLang.o" "-c" "native/glslang/glslang/MachineIndependent/ShaderLang.cpp" with args c++ did not execute successfully (status code exit status: 1).cargo:warning=c++: fatal error: Killed signal terminated program cc1plus
[INFO] [stderr]   cargo:warning=compilation terminated.
[INFO] [stderr] 
[INFO] [stderr]   exit status: 1
[INFO] [stderr]   cargo:warning=ToolExecError: Command "c++" "-O0" "-ffunction-sections" "-fdata-sections" "-fPIC" "-gdwarf-4" "-fno-omit-frame-pointer" "-m64" "-std=c++17" "-I" "native/glslang" "-I" "native/build_info" "-Wall" "-Wextra" "-DENABLE_SPIRV=ON" "-DENABLE_HLSL=ON" "-DENABLE_OPT=OFF" "-DENABLE_GLSLANG_BINARIES=OFF" "-o" "/opt/rustwide/target/debug/build/glslang-sys-446939a0dd97bad2/out/f5e2b3a5ae22d19c-Scan.o" "-c" "native/glslang/glslang/MachineIndependent/Scan.cpp" with args c++ did not execute successfully (status code exit status: 1).cargo:warning=c++: fatal error: Killed signal terminated program cc1plus
[INFO] [stderr]   cargo:warning=compilation terminated.
[INFO] [stderr] 
[INFO] [stderr]   exit status: 1
[INFO] [stderr]   cargo:warning=ToolExecError: Command "c++" "-O0" "-ffunction-sections" "-fdata-sections" "-fPIC" "-gdwarf-4" "-fno-omit-frame-pointer" "-m64" "-std=c++17" "-I" "native/glslang" "-I" "native/build_info" "-Wall" "-Wextra" "-DENABLE_SPIRV=ON" "-DENABLE_HLSL=ON" "-DENABLE_OPT=OFF" "-DENABLE_GLSLANG_BINARIES=OFF" "-o" "/opt/rustwide/target/debug/build/glslang-sys-446939a0dd97bad2/out/f5e2b3a5ae22d19c-Versions.o" "-c" "native/glslang/glslang/MachineIndependent/Versions.cpp" with args c++ did not execute successfully (status code exit status: 1).cargo:warning=c++: fatal error: Killed signal terminated program cc1plus
[INFO] [stderr]   cargo:warning=compilation terminated.
[INFO] [stderr] 
[INFO] [stderr]   exit status: 1
[INFO] [stderr]   cargo:warning=ToolExecError: Command "c++" "-O0" "-ffunction-sections" "-fdata-sections" "-fPIC" "-gdwarf-4" "-fno-omit-frame-pointer" "-m64" "-std=c++17" "-I" "native/glslang" "-I" "native/build_info" "-Wall" "-Wextra" "-DENABLE_SPIRV=ON" "-DENABLE_HLSL=ON" "-DENABLE_OPT=OFF" "-DENABLE_GLSLANG_BINARIES=OFF" "-o" "/opt/rustwide/target/debug/build/glslang-sys-446939a0dd97bad2/out/f5e2b3a5ae22d19c-glslang_tab.o" "-c" "native/glslang/glslang/MachineIndependent/glslang_tab.cpp" with args c++ did not execute successfully (status code exit status: 1).cargo:warning=c++: fatal error: Killed signal terminated program cc1plus
[INFO] [stderr]   cargo:warning=compilation terminated.
[INFO] [stderr] 
[INFO] [stderr]   exit status: 1
[INFO] [stderr]   cargo:warning=ToolExecError: Command "c++" "-O0" "-ffunction-sections" "-fdata-sections" "-fPIC" "-gdwarf-4" "-fno-omit-frame-pointer" "-m64" "-std=c++17" "-I" "native/glslang" "-I" "native/build_info" "-Wall" "-Wextra" "-DENABLE_SPIRV=ON" "-DENABLE_HLSL=ON" "-DENABLE_OPT=OFF" "-DENABLE_GLSLANG_BINARIES=OFF" "-o" "/opt/rustwide/target/debug/build/glslang-sys-446939a0dd97bad2/out/f5e2b3a5ae22d19c-SymbolTable.o" "-c" "native/glslang/glslang/MachineIndependent/SymbolTable.cpp" with args c++ did not execute successfully (status code exit status: 1).cargo:warning=c++: fatal error: Killed signal terminated program cc1plus
[INFO] [stderr]   cargo:warning=compilation terminated.
[INFO] [stderr] 
[INFO] [stderr]   exit status: 1
[INFO] [stderr]   cargo:warning=ToolExecError: Command "c++" "-O0" "-ffunction-sections" "-fdata-sections" "-fPIC" "-gdwarf-4" "-fno-omit-frame-pointer" "-m64" "-std=c++17" "-I" "native/glslang" "-I" "native/build_info" "-Wall" "-Wextra" "-DENABLE_SPIRV=ON" "-DENABLE_HLSL=ON" "-DENABLE_OPT=OFF" "-DENABLE_GLSLANG_BINARIES=OFF" "-o" "/opt/rustwide/target/debug/build/glslang-sys-446939a0dd97bad2/out/f5e2b3a5ae22d19c-intermOut.o" "-c" "native/glslang/glslang/MachineIndependent/intermOut.cpp" with args c++ did not execute successfully (status code exit status: 1).cargo:warning=c++: fatal error: Killed signal terminated program cc1plus
[INFO] [stderr]   cargo:warning=compilation terminated.
[INFO] [stderr] 
[INFO] [stderr]   exit status: 1
[INFO] [stderr]   cargo:warning=ToolExecError: Command "c++" "-O0" "-ffunction-sections" "-fdata-sections" "-fPIC" "-gdwarf-4" "-fno-omit-frame-pointer" "-m64" "-std=c++17" "-I" "native/glslang" "-I" "native/build_info" "-Wall" "-Wextra" "-DENABLE_SPIRV=ON" "-DENABLE_HLSL=ON" "-DENABLE_OPT=OFF" "-DENABLE_GLSLANG_BINARIES=OFF" "-o" "/opt/rustwide/target/debug/build/glslang-sys-446939a0dd97bad2/out/f5e2b3a5ae22d19c-iomapper.o" "-c" "native/glslang/glslang/MachineIndependent/iomapper.cpp" with args c++ did not execute successfully (status code exit status: 1).cargo:warning=c++: fatal error: Killed signal terminated program cc1plus
[INFO] [stderr]   cargo:warning=compilation terminated.
[INFO] [stderr] 
[INFO] [stderr]   exit status: 1
[INFO] [stderr]   cargo:warning=ToolExecError: Command "c++" "-O0" "-ffunction-sections" "-fdata-sections" "-fPIC" "-gdwarf-4" "-fno-omit-frame-pointer" "-m64" "-std=c++17" "-I" "native/glslang" "-I" "native/build_info" "-Wall" "-Wextra" "-DENABLE_SPIRV=ON" "-DENABLE_HLSL=ON" "-DENABLE_OPT=OFF" "-DENABLE_GLSLANG_BINARIES=OFF" "-o" "/opt/rustwide/target/debug/build/glslang-sys-446939a0dd97bad2/out/f5e2b3a5ae22d19c-limits.o" "-c" "native/glslang/glslang/MachineIndependent/limits.cpp" with args c++ did not execute successfully (status code exit status: 1).cargo:warning=c++: fatal error: Killed signal terminated program cc1plus
[INFO] [stderr]   cargo:warning=compilation terminated.
[INFO] [stderr] 
[INFO] [stderr]   exit status: 0
[INFO] [stderr]   exit status: 1
[INFO] [stderr]   cargo:warning=ToolExecError: Command "c++" "-O0" "-ffunction-sections" "-fdata-sections" "-fPIC" "-gdwarf-4" "-fno-omit-frame-pointer" "-m64" "-std=c++17" "-I" "native/glslang" "-I" "native/build_info" "-Wall" "-Wextra" "-DENABLE_SPIRV=ON" "-DENABLE_HLSL=ON" "-DENABLE_OPT=OFF" "-DENABLE_GLSLANG_BINARIES=OFF" "-o" "/opt/rustwide/target/debug/build/glslang-sys-446939a0dd97bad2/out/f5e2b3a5ae22d19c-linkValidate.o" "-c" "native/glslang/glslang/MachineIndependent/linkValidate.cpp" with args c++ did not execute successfully (status code exit status: 1).cargo:warning=c++: fatal error: Killed signal terminated program cc1plus
[INFO] [stderr]   cargo:warning=compilation terminated.
[INFO] [stderr] 
[INFO] [stderr]   exit status: 1
[INFO] [stderr]   cargo:warning=ToolExecError: Command "c++" "-O0" "-ffunction-sections" "-fdata-sections" "-fPIC" "-gdwarf-4" "-fno-omit-frame-pointer" "-m64" "-std=c++17" "-I" "native/glslang" "-I" "native/build_info" "-Wall" "-Wextra" "-DENABLE_SPIRV=ON" "-DENABLE_HLSL=ON" "-DENABLE_OPT=OFF" "-DENABLE_GLSLANG_BINARIES=OFF" "-o" "/opt/rustwide/target/debug/build/glslang-sys-446939a0dd97bad2/out/f5e2b3a5ae22d19c-parseConst.o" "-c" "native/glslang/glslang/MachineIndependent/parseConst.cpp" with args c++ did not execute successfully (status code exit status: 1).cargo:warning=c++: fatal error: Killed signal terminated program cc1plus
[INFO] [stderr]   cargo:warning=compilation terminated.
[INFO] [stderr] 
[INFO] [stderr]   exit status: 1
[INFO] [stderr]   cargo:warning=ToolExecError: Command "c++" "-O0" "-ffunction-sections" "-fdata-sections" "-fPIC" "-gdwarf-4" "-fno-omit-frame-pointer" "-m64" "-std=c++17" "-I" "native/glslang" "-I" "native/build_info" "-Wall" "-Wextra" "-DENABLE_SPIRV=ON" "-DENABLE_HLSL=ON" "-DENABLE_OPT=OFF" "-DENABLE_GLSLANG_BINARIES=OFF" "-o" "/opt/rustwide/target/debug/build/glslang-sys-446939a0dd97bad2/out/374fb2c1d45230ab-Pp.o" "-c" "native/glslang/glslang/MachineIndependent/preprocessor/Pp.cpp" with args c++ did not execute successfully (status code exit status: 1).cargo:warning=c++: fatal error: Killed signal terminated program cc1plus
[INFO] [stderr]   cargo:warning=compilation terminated.
[INFO] [stderr] 
[INFO] [stderr]   exit status: 1
[INFO] [stderr]   cargo:warning=ToolExecError: Command "c++" "-O0" "-ffunction-sections" "-fdata-sections" "-fPIC" "-gdwarf-4" "-fno-omit-frame-pointer" "-m64" "-std=c++17" "-I" "native/glslang" "-I" "native/build_info" "-Wall" "-Wextra" "-DENABLE_SPIRV=ON" "-DENABLE_HLSL=ON" "-DENABLE_OPT=OFF" "-DENABLE_GLSLANG_BINARIES=OFF" "-o" "/opt/rustwide/target/debug/build/glslang-sys-446939a0dd97bad2/out/374fb2c1d45230ab-PpAtom.o" "-c" "native/glslang/glslang/MachineIndependent/preprocessor/PpAtom.cpp" with args c++ did not execute successfully (status code exit status: 1).cargo:warning=c++: fatal error: Killed signal terminated program cc1plus
[INFO] [stderr]   cargo:warning=compilation terminated.
[INFO] [stderr] 
[INFO] [stderr]   exit status: 0
[INFO] [stderr]   exit status: 1
[INFO] [stderr]   cargo:warning=ToolExecError: Command "c++" "-O0" "-ffunction-sections" "-fdata-sections" "-fPIC" "-gdwarf-4" "-fno-omit-frame-pointer" "-m64" "-std=c++17" "-I" "native/glslang" "-I" "native/build_info" "-Wall" "-Wextra" "-DENABLE_SPIRV=ON" "-DENABLE_HLSL=ON" "-DENABLE_OPT=OFF" "-DENABLE_GLSLANG_BINARIES=OFF" "-o" "/opt/rustwide/target/debug/build/glslang-sys-446939a0dd97bad2/out/374fb2c1d45230ab-PpContext.o" "-c" "native/glslang/glslang/MachineIndependent/preprocessor/PpContext.cpp" with args c++ did not execute successfully (status code exit status: 1).cargo:warning=c++: fatal error: Killed signal terminated program cc1plus
[INFO] [stderr]   cargo:warning=compilation terminated.
[INFO] [stderr] 
[INFO] [stderr]   exit status: 0
[INFO] [stderr]   exit status: 1
[INFO] [stderr]   cargo:warning=ToolExecError: Command "c++" "-O0" "-ffunction-sections" "-fdata-sections" "-fPIC" "-gdwarf-4" "-fno-omit-frame-pointer" "-m64" "-std=c++17" "-I" "native/glslang" "-I" "native/build_info" "-Wall" "-Wextra" "-DENABLE_SPIRV=ON" "-DENABLE_HLSL=ON" "-DENABLE_OPT=OFF" "-DENABLE_GLSLANG_BINARIES=OFF" "-o" "/opt/rustwide/target/debug/build/glslang-sys-446939a0dd97bad2/out/374fb2c1d45230ab-PpScanner.o" "-c" "native/glslang/glslang/MachineIndependent/preprocessor/PpScanner.cpp" with args c++ did not execute successfully (status code exit status: 1).cargo:warning=c++: fatal error: Killed signal terminated program cc1plus
[INFO] [stderr]   cargo:warning=compilation terminated.
[INFO] [stderr] 
[INFO] [stderr]   exit status: 0
[INFO] [stderr]   exit status: 1
[INFO] [stderr]   cargo:warning=ToolExecError: Command "c++" "-O0" "-ffunction-sections" "-fdata-sections" "-fPIC" "-gdwarf-4" "-fno-omit-frame-pointer" "-m64" "-std=c++17" "-I" "native/glslang" "-I" "native/build_info" "-Wall" "-Wextra" "-DENABLE_SPIRV=ON" "-DENABLE_HLSL=ON" "-DENABLE_OPT=OFF" "-DENABLE_GLSLANG_BINARIES=OFF" "-o" "/opt/rustwide/target/debug/build/glslang-sys-446939a0dd97bad2/out/374fb2c1d45230ab-PpTokens.o" "-c" "native/glslang/glslang/MachineIndependent/preprocessor/PpTokens.cpp" with args c++ did not execute successfully (status code exit status: 1).
[INFO] [stderr]   exit status: 0
[INFO] [stderr]   exit status: 0
[INFO] [stderr]   exit status: 0
[INFO] [stderr]   exit status: 0
[INFO] [stderr]   exit status: 0
[INFO] [stderr]   exit status: 0
[INFO] [stderr]   exit status: 0
[INFO] [stderr]   exit status: 0
[INFO] [stderr] 
[INFO] [stderr]   --- stderr
[INFO] [stderr] 
[INFO] [stderr] 
[INFO] [stderr]   error occurred: Command "c++" "-O0" "-ffunction-sections" "-fdata-sections" "-fPIC" "-gdwarf-4" "-fno-omit-frame-pointer" "-m64" "-std=c++17" "-I" "native/glslang" "-I" "native/build_info" "-Wall" "-Wextra" "-DENABLE_SPIRV=ON" "-DENABLE_HLSL=ON" "-DENABLE_OPT=OFF" "-DENABLE_GLSLANG_BINARIES=OFF" "-o" "/opt/rustwide/target/debug/build/glslang-sys-446939a0dd97bad2/out/374fb2c1d45230ab-PpTokens.o" "-c" "native/glslang/glslang/MachineIndependent/preprocessor/PpTokens.cpp" with args c++ did not execute successfully (status code exit status: 1).
[INFO] [stderr] 
[INFO] [stderr] 
[INFO] running `Command { std: "docker" "inspect" "60b41bb8c19c06710aaafcca1d2c6c4632e991f53b20c1305ff5de8a527af9fe", kill_on_drop: false }`
[INFO] running `Command { std: "docker" "rm" "-f" "60b41bb8c19c06710aaafcca1d2c6c4632e991f53b20c1305ff5de8a527af9fe", kill_on_drop: false }`
[INFO] [stdout] 60b41bb8c19c06710aaafcca1d2c6c4632e991f53b20c1305ff5de8a527af9fe
