[INFO] fetching crate libp2p-stream 0.2.0-alpha...
[INFO] testing libp2p-stream-0.2.0-alpha against nightly-2024-10-28+rustflags=-Zrandomize-layout for randomize-layout
[INFO] extracting crate libp2p-stream 0.2.0-alpha into /workspace/builds/worker-4-tc2/source
[INFO] validating manifest of crates.io crate libp2p-stream 0.2.0-alpha on toolchain nightly-2024-10-28
[INFO] running `Command { std: CARGO_HOME="/workspace/cargo-home" RUSTUP_HOME="/workspace/rustup-home" "/workspace/cargo-home/bin/cargo" "+nightly-2024-10-28" "metadata" "--manifest-path" "Cargo.toml" "--no-deps", kill_on_drop: false }`
[INFO] started tweaking crates.io crate libp2p-stream 0.2.0-alpha
[INFO] finished tweaking crates.io crate libp2p-stream 0.2.0-alpha
[INFO] tweaked toml for crates.io crate libp2p-stream 0.2.0-alpha written to /workspace/builds/worker-4-tc2/source/Cargo.toml
[INFO] running `Command { std: CARGO_HOME="/workspace/cargo-home" RUSTUP_HOME="/workspace/rustup-home" "/workspace/cargo-home/bin/cargo" "+nightly-2024-10-28" "generate-lockfile" "--manifest-path" "Cargo.toml", kill_on_drop: false }`
[INFO] [stderr]     Updating crates.io index
[INFO] [stderr]      Locking 247 packages to latest compatible versions
[INFO] [stderr]       Adding libp2p-swarm-test v0.3.0 (available: v0.4.0)
[INFO] running `Command { std: CARGO_HOME="/workspace/cargo-home" RUSTUP_HOME="/workspace/rustup-home" "/workspace/cargo-home/bin/cargo" "+nightly-2024-10-28" "fetch" "--manifest-path" "Cargo.toml", kill_on_drop: false }`
[INFO] running `Command { std: "docker" "create" "-v" "/var/lib/crater-agent-workspace/builds/worker-4-tc2/target:/opt/rustwide/target:rw,Z" "-v" "/var/lib/crater-agent-workspace/builds/worker-4-tc2/source:/opt/rustwide/workdir:ro,Z" "-v" "/var/lib/crater-agent-workspace/cargo-home:/opt/rustwide/cargo-home:ro,Z" "-v" "/var/lib/crater-agent-workspace/rustup-home:/opt/rustwide/rustup-home:ro,Z" "-e" "SOURCE_DIR=/opt/rustwide/workdir" "-e" "CARGO_TARGET_DIR=/opt/rustwide/target" "-e" "CARGO_HOME=/opt/rustwide/cargo-home" "-e" "RUSTUP_HOME=/opt/rustwide/rustup-home" "-w" "/opt/rustwide/workdir" "-m" "1610612736" "--user" "0:0" "--network" "none" "ghcr.io/rust-lang/crates-build-env/linux@sha256:4a844ea9eb2546a2d2c7022eacef16ef2e8229c7fbb2c7d4d55a9ceca922f72d" "/opt/rustwide/cargo-home/bin/cargo" "+nightly-2024-10-28" "metadata" "--no-deps" "--format-version=1", kill_on_drop: false }`
[INFO] [stdout] dece51a5698d8f8710e8ca759448e1fe08a94f8d57bc2250e516b71537a322d3
[INFO] running `Command { std: "docker" "start" "-a" "dece51a5698d8f8710e8ca759448e1fe08a94f8d57bc2250e516b71537a322d3", kill_on_drop: false }`
[INFO] running `Command { std: "docker" "inspect" "dece51a5698d8f8710e8ca759448e1fe08a94f8d57bc2250e516b71537a322d3", kill_on_drop: false }`
[INFO] running `Command { std: "docker" "rm" "-f" "dece51a5698d8f8710e8ca759448e1fe08a94f8d57bc2250e516b71537a322d3", kill_on_drop: false }`
[INFO] [stdout] dece51a5698d8f8710e8ca759448e1fe08a94f8d57bc2250e516b71537a322d3
[INFO] running `Command { std: "docker" "create" "-v" "/var/lib/crater-agent-workspace/builds/worker-4-tc2/target:/opt/rustwide/target:rw,Z" "-v" "/var/lib/crater-agent-workspace/builds/worker-4-tc2/source:/opt/rustwide/workdir:ro,Z" "-v" "/var/lib/crater-agent-workspace/cargo-home:/opt/rustwide/cargo-home:ro,Z" "-v" "/var/lib/crater-agent-workspace/rustup-home:/opt/rustwide/rustup-home:ro,Z" "-e" "SOURCE_DIR=/opt/rustwide/workdir" "-e" "CARGO_TARGET_DIR=/opt/rustwide/target" "-e" "CARGO_INCREMENTAL=0" "-e" "RUST_BACKTRACE=full" "-e" "RUSTFLAGS=--cap-lints=forbid -Zrandomize-layout" "-e" "RUSTDOCFLAGS=--cap-lints=forbid" "-e" "CARGO_HOME=/opt/rustwide/cargo-home" "-e" "RUSTUP_HOME=/opt/rustwide/rustup-home" "-w" "/opt/rustwide/workdir" "-m" "1610612736" "--user" "0:0" "--network" "none" "ghcr.io/rust-lang/crates-build-env/linux@sha256:4a844ea9eb2546a2d2c7022eacef16ef2e8229c7fbb2c7d4d55a9ceca922f72d" "/opt/rustwide/cargo-home/bin/cargo" "+nightly-2024-10-28" "build" "--frozen" "--message-format=json", kill_on_drop: false }`
[INFO] [stdout] 69ab140c85c16a823e99bd0815a4ae159d8f69a5e3faefc9b5662f0593821f56
[INFO] running `Command { std: "docker" "start" "-a" "69ab140c85c16a823e99bd0815a4ae159d8f69a5e3faefc9b5662f0593821f56", kill_on_drop: false }`
[INFO] [stderr]    Compiling syn v2.0.86
[INFO] [stderr]    Compiling typenum v1.17.0
[INFO] [stderr]    Compiling cfg-if v1.0.0
[INFO] [stderr]    Compiling subtle v2.6.1
[INFO] [stderr]    Compiling byteorder v1.5.0
[INFO] [stderr]    Compiling futures-sink v0.3.31
[INFO] [stderr]    Compiling syn v1.0.109
[INFO] [stderr]    Compiling futures-io v0.3.31
[INFO] [stderr]    Compiling generic-array v0.14.7
[INFO] [stderr]    Compiling cpufeatures v0.2.14
[INFO] [stderr]    Compiling tinyvec_macros v0.1.1
[INFO] [stderr]    Compiling data-encoding v2.6.0
[INFO] [stderr]    Compiling num_cpus v1.16.0
[INFO] [stderr]    Compiling zeroize v1.8.1
[INFO] [stderr]    Compiling curve25519-dalek v4.1.3
[INFO] [stderr]    Compiling signature v2.2.0
[INFO] [stderr]    Compiling getrandom v0.2.15
[INFO] [stderr]    Compiling futures-channel v0.3.31
[INFO] [stderr]    Compiling tinyvec v1.8.0
[INFO] [stderr]    Compiling tracing-core v0.1.32
[INFO] [stderr]    Compiling core2 v0.4.0
[INFO] [stderr]    Compiling ed25519 v2.2.3
[INFO] [stderr]    Compiling lock_api v0.4.12
[INFO] [stderr]    Compiling unicode-bidi v0.3.17
[INFO] [stderr]    Compiling unsigned-varint v0.8.0
[INFO] [stderr]    Compiling percent-encoding v2.3.1
[INFO] [stderr]    Compiling parking_lot_core v0.9.10
[INFO] [stderr]    Compiling smallvec v1.13.2
[INFO] [stderr]    Compiling quick-protobuf v0.8.1
[INFO] [stderr]    Compiling serde v1.0.214
[INFO] [stderr]    Compiling rand_core v0.6.4
[INFO] [stderr]    Compiling base-x v0.2.11
[INFO] [stderr]    Compiling multihash v0.19.2
[INFO] [stderr]    Compiling form_urlencoded v1.2.1
[INFO] [stderr]    Compiling static_assertions v1.1.0
[INFO] [stderr]    Compiling scopeguard v1.2.0
[INFO] [stderr]    Compiling bs58 v0.5.1
[INFO] [stderr]    Compiling bytes v1.8.0
[INFO] [stderr]    Compiling log v0.4.22
[INFO] [stderr]    Compiling allocator-api2 v0.2.18
[INFO] [stderr]    Compiling foldhash v0.1.3
[INFO] [stderr]    Compiling unsigned-varint v0.7.2
[INFO] [stderr]    Compiling arrayref v0.3.9
[INFO] [stderr]    Compiling equivalent v1.0.1
[INFO] [stderr]    Compiling parking_lot v0.12.3
[INFO] [stderr]    Compiling either v1.13.0
[INFO] [stderr]    Compiling fnv v1.0.7
[INFO] [stderr]    Compiling void v1.0.2
[INFO] [stderr]    Compiling web-time v1.1.0
[INFO] [stderr]    Compiling futures-timer v3.0.3
[INFO] [stderr]    Compiling unicode-normalization v0.1.24
[INFO] [stderr]    Compiling hashbrown v0.15.0
[INFO] [stderr]    Compiling data-encoding-macro-internal v0.1.13
[INFO] [stderr]    Compiling data-encoding-macro v0.1.15
[INFO] [stderr]    Compiling multibase v0.9.1
[INFO] [stderr]    Compiling idna v0.5.0
[INFO] [stderr]    Compiling lru v0.12.5
[INFO] [stderr]    Compiling crypto-common v0.1.6
[INFO] [stderr]    Compiling block-buffer v0.10.4
[INFO] [stderr]    Compiling digest v0.10.7
[INFO] [stderr]    Compiling url v2.5.2
[INFO] [stderr]    Compiling sha2 v0.10.8
[INFO] [stderr]    Compiling hmac v0.12.1
[INFO] [stderr]    Compiling hkdf v0.12.4
[INFO] [stderr]    Compiling futures-macro v0.3.31
[INFO] [stderr]    Compiling zerocopy-derive v0.7.35
[INFO] [stderr]    Compiling curve25519-dalek-derive v0.1.1
[INFO] [stderr]    Compiling pin-project-internal v1.1.7
[INFO] [stderr]    Compiling thiserror-impl v1.0.66
[INFO] [stderr]    Compiling tracing-attributes v0.1.27
[INFO] [stderr]    Compiling zerocopy v0.7.35
[INFO] [stderr]    Compiling futures-util v0.3.31
[INFO] [stderr]    Compiling pin-project v1.1.7
[INFO] [stderr]    Compiling tracing v0.1.40
[INFO] [stderr]    Compiling thiserror v1.0.66
[INFO] [stderr]    Compiling ppv-lite86 v0.2.20
[INFO] [stderr]    Compiling ed25519-dalek v2.1.1
[INFO] [stderr]    Compiling rand_chacha v0.3.1
[INFO] [stderr]    Compiling libp2p-identity v0.2.9
[INFO] [stderr]    Compiling rand v0.8.5
[INFO] [stderr]    Compiling multiaddr v0.18.2
[INFO] [stderr]    Compiling futures-executor v0.3.31
[INFO] [stderr]    Compiling futures v0.3.31
[INFO] [stderr]    Compiling rw-stream-sink v0.4.0
[INFO] [stderr]    Compiling multistream-select v0.13.0
[INFO] [stderr]    Compiling libp2p-core v0.42.0
[INFO] [stderr]    Compiling libp2p-swarm v0.45.1
[INFO] [stderr]    Compiling libp2p-stream v0.2.0-alpha (/opt/rustwide/workdir)
[INFO] [stderr]     Finished `dev` profile [unoptimized + debuginfo] target(s) in 11.68s
[INFO] running `Command { std: "docker" "inspect" "69ab140c85c16a823e99bd0815a4ae159d8f69a5e3faefc9b5662f0593821f56", kill_on_drop: false }`
[INFO] running `Command { std: "docker" "rm" "-f" "69ab140c85c16a823e99bd0815a4ae159d8f69a5e3faefc9b5662f0593821f56", kill_on_drop: false }`
[INFO] [stdout] 69ab140c85c16a823e99bd0815a4ae159d8f69a5e3faefc9b5662f0593821f56
[INFO] running `Command { std: "docker" "create" "-v" "/var/lib/crater-agent-workspace/builds/worker-4-tc2/target:/opt/rustwide/target:rw,Z" "-v" "/var/lib/crater-agent-workspace/builds/worker-4-tc2/source:/opt/rustwide/workdir:ro,Z" "-v" "/var/lib/crater-agent-workspace/cargo-home:/opt/rustwide/cargo-home:ro,Z" "-v" "/var/lib/crater-agent-workspace/rustup-home:/opt/rustwide/rustup-home:ro,Z" "-e" "SOURCE_DIR=/opt/rustwide/workdir" "-e" "CARGO_TARGET_DIR=/opt/rustwide/target" "-e" "CARGO_INCREMENTAL=0" "-e" "RUST_BACKTRACE=full" "-e" "RUSTFLAGS=--cap-lints=forbid -Zrandomize-layout" "-e" "RUSTDOCFLAGS=--cap-lints=forbid" "-e" "CARGO_HOME=/opt/rustwide/cargo-home" "-e" "RUSTUP_HOME=/opt/rustwide/rustup-home" "-w" "/opt/rustwide/workdir" "-m" "1610612736" "--user" "0:0" "--network" "none" "ghcr.io/rust-lang/crates-build-env/linux@sha256:4a844ea9eb2546a2d2c7022eacef16ef2e8229c7fbb2c7d4d55a9ceca922f72d" "/opt/rustwide/cargo-home/bin/cargo" "+nightly-2024-10-28" "test" "--frozen" "--no-run" "--message-format=json", kill_on_drop: false }`
[INFO] [stdout] 453556bf2aa763ef12267baace5b044dc69cdd0afc8d52d9756c205f04f54bcf
[INFO] running `Command { std: "docker" "start" "-a" "453556bf2aa763ef12267baace5b044dc69cdd0afc8d52d9756c205f04f54bcf", kill_on_drop: false }`
[INFO] [stderr]    Compiling libc v0.2.161
[INFO] [stderr]    Compiling futures-core v0.3.31
[INFO] [stderr]    Compiling futures-sink v0.3.31
[INFO] [stderr]    Compiling value-bag v1.10.0
[INFO] [stderr]    Compiling crossbeam-utils v0.8.20
[INFO] [stderr]    Compiling parking v2.2.1
[INFO] [stderr]    Compiling tracing-core v0.1.32
[INFO] [stderr]    Compiling fastrand v2.1.1
[INFO] [stderr]    Compiling event-listener v2.5.3
[INFO] [stderr]    Compiling rustix v0.38.38
[INFO] [stderr]    Compiling linux-raw-sys v0.4.14
[INFO] [stderr]    Compiling paste v1.0.15
[INFO] [stderr]    Compiling io-lifetimes v1.0.11
[INFO] [stderr]    Compiling anyhow v1.0.92
[INFO] [stderr]    Compiling bitflags v1.3.2
[INFO] [stderr]    Compiling bitflags v2.6.0
[INFO] [stderr]    Compiling futures-channel v0.3.31
[INFO] [stderr]    Compiling polling v2.8.0
[INFO] [stderr]    Compiling rustix v0.37.27
[INFO] [stderr]    Compiling atomic-waker v1.1.2
[INFO] [stderr]    Compiling log v0.4.22
[INFO] [stderr]    Compiling futures-lite v2.4.0
[INFO] [stderr]    Compiling async-task v4.7.1
[INFO] [stderr]    Compiling futures-util v0.3.31
[INFO] [stderr]    Compiling piper v0.2.4
[INFO] [stderr]    Compiling async-io v1.13.0
[INFO] [stderr]    Compiling fastrand v1.9.0
[INFO] [stderr]    Compiling tracing v0.1.40
[INFO] [stderr]    Compiling linux-raw-sys v0.3.8
[INFO] [stderr]    Compiling waker-fn v1.2.0
[INFO] [stderr]    Compiling futures-lite v1.13.0
[INFO] [stderr]    Compiling async-lock v2.8.0
[INFO] [stderr]    Compiling tokio-macros v2.4.0
[INFO] [stderr]    Compiling nohash-hasher v0.2.0
[INFO] [stderr]    Compiling kv-log-macro v1.0.7
[INFO] [stderr]    Compiling regex-syntax v0.8.5
[INFO] [stderr]    Compiling ipnet v2.10.1
[INFO] [stderr]    Compiling regex-syntax v0.6.29
[INFO] [stderr]    Compiling concurrent-queue v2.5.0
[INFO] [stderr]    Compiling instant v0.1.13
[INFO] [stderr]    Compiling event-listener v5.3.1
[INFO] [stderr]    Compiling async-channel v1.9.0
[INFO] [stderr]    Compiling overload v0.1.1
[INFO] [stderr]    Compiling netlink-packet-utils v0.5.2
[INFO] [stderr]    Compiling lazy_static v1.5.0
[INFO] [stderr]    Compiling nu-ansi-term v0.46.0
[INFO] [stderr]    Compiling tracing-log v0.2.0
[INFO] [stderr]    Compiling async-trait v0.1.83
[INFO] [stderr]    Compiling async-executor v1.13.1
[INFO] [stderr]    Compiling event-listener-strategy v0.5.2
[INFO] [stderr]    Compiling sharded-slab v0.1.7
[INFO] [stderr]    Compiling thread_local v1.1.8
[INFO] [stderr]    Compiling async-lock v3.4.0
[INFO] [stderr]    Compiling async-channel v2.3.1
[INFO] [stderr]    Compiling blocking v1.6.1
[INFO] [stderr]    Compiling num_cpus v1.16.0
[INFO] [stderr]    Compiling getrandom v0.2.15
[INFO] [stderr]    Compiling parking_lot_core v0.9.10
[INFO] [stderr]    Compiling socket2 v0.4.10
[INFO] [stderr]    Compiling signal-hook-registry v1.4.2
[INFO] [stderr]    Compiling netlink-packet-core v0.4.2
[INFO] [stderr]    Compiling mio v1.0.2
[INFO] [stderr]    Compiling socket2 v0.5.7
[INFO] [stderr]    Compiling nix v0.24.3
[INFO] [stderr]    Compiling rand_core v0.6.4
[INFO] [stderr]    Compiling netlink-packet-route v0.12.0
[INFO] [stderr]    Compiling parking_lot v0.12.3
[INFO] [stderr]    Compiling rand_chacha v0.3.1
[INFO] [stderr]    Compiling ed25519-dalek v2.1.1
[INFO] [stderr]    Compiling regex-automata v0.4.8
[INFO] [stderr]    Compiling rand v0.8.5
[INFO] [stderr]    Compiling tokio v1.41.0
[INFO] [stderr]    Compiling regex-automata v0.1.10
[INFO] [stderr]    Compiling libp2p-identity v0.2.9
[INFO] [stderr]    Compiling futures-executor v0.3.31
[INFO] [stderr]    Compiling asynchronous-codec v0.6.2
[INFO] [stderr]    Compiling multiaddr v0.18.2
[INFO] [stderr]    Compiling unsigned-varint v0.7.2
[INFO] [stderr]    Compiling futures v0.3.31
[INFO] [stderr]    Compiling rw-stream-sink v0.4.0
[INFO] [stderr]    Compiling yamux v0.13.3
[INFO] [stderr]    Compiling yamux v0.12.1
[INFO] [stderr]    Compiling matchers v0.1.0
[INFO] [stderr]    Compiling multistream-select v0.13.0
[INFO] [stderr]    Compiling quick-protobuf-codec v0.2.0
[INFO] [stderr]    Compiling libp2p-core v0.41.3
[INFO] [stderr]    Compiling libp2p-core v0.42.0
[INFO] [stderr]    Compiling regex v1.11.1
[INFO] [stderr]    Compiling netlink-sys v0.8.6
[INFO] [stderr]    Compiling tracing-subscriber v0.3.18
[INFO] [stderr]    Compiling libp2p-plaintext v0.41.0
[INFO] [stderr]    Compiling libp2p-yamux v0.45.2
[INFO] [stderr]    Compiling libp2p-swarm v0.45.1
[INFO] [stderr]    Compiling polling v3.7.3
[INFO] [stderr]    Compiling async-io v2.3.4
[INFO] [stderr]    Compiling libp2p-stream v0.2.0-alpha (/opt/rustwide/workdir)
[INFO] [stderr]    Compiling async-global-executor v2.4.1
[INFO] [stderr]    Compiling async-std v1.13.0
[INFO] [stderr]    Compiling netlink-proto v0.10.0
[INFO] [stderr]    Compiling rtnetlink v0.10.1
[INFO] [stderr]    Compiling libp2p-swarm v0.44.2
[INFO] [stderr]    Compiling if-watch v3.2.0
[INFO] [stderr]    Compiling libp2p-tcp v0.41.0
[INFO] [stderr]    Compiling libp2p-swarm-test v0.3.0
[INFO] [stdout] error[E0599]: no function or associated item named `new_ephemeral` found for struct `Swarm` in the current scope
[INFO] [stdout]    --> tests/lib.rs:26:29
[INFO] [stdout]     |
[INFO] [stdout] 26  |     let mut swarm1 = Swarm::new_ephemeral(|_| stream::Behaviour::new());
[INFO] [stdout]     |                             ^^^^^^^^^^^^^ function or associated item not found in `Swarm<_>`
[INFO] [stdout]     |
[INFO] [stdout] note: if you're trying to build a new `Swarm<_>`, consider using `Swarm::<TBehaviour>::new` which returns `Swarm<_>`
[INFO] [stdout]    --> /opt/rustwide/cargo-home/registry/src/index.crates.io-6f17d22bba15001f/libp2p-swarm-0.45.1/src/lib.rs:366:5
[INFO] [stdout]     |
[INFO] [stdout] 366 | /     pub fn new(
[INFO] [stdout] 367 | |         transport: transport::Boxed<(PeerId, StreamMuxerBox)>,
[INFO] [stdout] 368 | |         behaviour: TBehaviour,
[INFO] [stdout] 369 | |         local_peer_id: PeerId,
[INFO] [stdout] 370 | |         config: Config,
[INFO] [stdout] 371 | |     ) -> Self {
[INFO] [stdout]     | |_____________^
[INFO] [stdout] 
[INFO] [stdout] 
[INFO] [stdout] error[E0599]: no function or associated item named `new_ephemeral` found for struct `Swarm` in the current scope
[INFO] [stdout]    --> tests/lib.rs:27:29
[INFO] [stdout]     |
[INFO] [stdout] 27  |     let mut swarm2 = Swarm::new_ephemeral(|_| stream::Behaviour::new());
[INFO] [stdout]     |                             ^^^^^^^^^^^^^ function or associated item not found in `Swarm<_>`
[INFO] [stdout]     |
[INFO] [stdout] note: if you're trying to build a new `Swarm<_>`, consider using `Swarm::<TBehaviour>::new` which returns `Swarm<_>`
[INFO] [stdout]    --> /opt/rustwide/cargo-home/registry/src/index.crates.io-6f17d22bba15001f/libp2p-swarm-0.45.1/src/lib.rs:366:5
[INFO] [stdout]     |
[INFO] [stdout] 366 | /     pub fn new(
[INFO] [stdout] 367 | |         transport: transport::Boxed<(PeerId, StreamMuxerBox)>,
[INFO] [stdout] 368 | |         behaviour: TBehaviour,
[INFO] [stdout] 369 | |         local_peer_id: PeerId,
[INFO] [stdout] 370 | |         config: Config,
[INFO] [stdout] 371 | |     ) -> Self {
[INFO] [stdout]     | |_____________^
[INFO] [stdout] 
[INFO] [stdout] 
[INFO] [stdout] error[E0599]: no function or associated item named `new_ephemeral` found for struct `Swarm` in the current scope
[INFO] [stdout]    --> tests/lib.rs:64:25
[INFO] [stdout]     |
[INFO] [stdout] 64  |     let swarm1 = Swarm::new_ephemeral(|_| stream::Behaviour::new());
[INFO] [stdout]     |                         ^^^^^^^^^^^^^ function or associated item not found in `Swarm<_>`
[INFO] [stdout]     |
[INFO] [stdout] note: if you're trying to build a new `Swarm<_>`, consider using `Swarm::<TBehaviour>::new` which returns `Swarm<_>`
[INFO] [stdout]    --> /opt/rustwide/cargo-home/registry/src/index.crates.io-6f17d22bba15001f/libp2p-swarm-0.45.1/src/lib.rs:366:5
[INFO] [stdout]     |
[INFO] [stdout] 366 | /     pub fn new(
[INFO] [stdout] 367 | |         transport: transport::Boxed<(PeerId, StreamMuxerBox)>,
[INFO] [stdout] 368 | |         behaviour: TBehaviour,
[INFO] [stdout] 369 | |         local_peer_id: PeerId,
[INFO] [stdout] 370 | |         config: Config,
[INFO] [stdout] 371 | |     ) -> Self {
[INFO] [stdout]     | |_____________^
[INFO] [stdout] 
[INFO] [stdout] 
[INFO] [stdout] For more information about this error, try `rustc --explain E0599`.
[INFO] [stdout] 
[INFO] [stderr] error: could not compile `libp2p-stream` (test "lib") due to 3 previous errors
[INFO] [stderr] warning: build failed, waiting for other jobs to finish...
[INFO] running `Command { std: "docker" "inspect" "453556bf2aa763ef12267baace5b044dc69cdd0afc8d52d9756c205f04f54bcf", kill_on_drop: false }`
[INFO] running `Command { std: "docker" "rm" "-f" "453556bf2aa763ef12267baace5b044dc69cdd0afc8d52d9756c205f04f54bcf", kill_on_drop: false }`
[INFO] [stdout] 453556bf2aa763ef12267baace5b044dc69cdd0afc8d52d9756c205f04f54bcf
