[INFO] fetching crate libp2p-request-response 0.27.0...
[INFO] testing libp2p-request-response-0.27.0 against nightly-2024-10-28 for randomize-layout
[INFO] extracting crate libp2p-request-response 0.27.0 into /workspace/builds/worker-6-tc1/source
[INFO] validating manifest of crates.io crate libp2p-request-response 0.27.0 on toolchain nightly-2024-10-28
[INFO] running `Command { std: CARGO_HOME="/workspace/cargo-home" RUSTUP_HOME="/workspace/rustup-home" "/workspace/cargo-home/bin/cargo" "+nightly-2024-10-28" "metadata" "--manifest-path" "Cargo.toml" "--no-deps", kill_on_drop: false }`
[INFO] started tweaking crates.io crate libp2p-request-response 0.27.0
[INFO] finished tweaking crates.io crate libp2p-request-response 0.27.0
[INFO] tweaked toml for crates.io crate libp2p-request-response 0.27.0 written to /workspace/builds/worker-6-tc1/source/Cargo.toml
[INFO] running `Command { std: CARGO_HOME="/workspace/cargo-home" RUSTUP_HOME="/workspace/rustup-home" "/workspace/cargo-home/bin/cargo" "+nightly-2024-10-28" "generate-lockfile" "--manifest-path" "Cargo.toml", kill_on_drop: false }`
[INFO] [stderr]     Updating crates.io index
[INFO] [stderr]      Locking 274 packages to latest compatible versions
[INFO] [stderr]       Adding libp2p-noise v0.44.0 (available: v0.45.0)
[INFO] [stderr]       Adding libp2p-yamux v0.45.2 (available: v0.46.0)
[INFO] running `Command { std: CARGO_HOME="/workspace/cargo-home" RUSTUP_HOME="/workspace/rustup-home" "/workspace/cargo-home/bin/cargo" "+nightly-2024-10-28" "fetch" "--manifest-path" "Cargo.toml", kill_on_drop: false }`
[INFO] [stderr]     Blocking waiting for file lock on package cache
[INFO] [stderr]  Downloading crates ...
[INFO] [stderr]   Downloaded libp2p-core v0.41.3
[INFO] [stderr]   Downloaded multihash v0.19.2
[INFO] [stderr]   Downloaded yamux v0.13.3
[INFO] [stderr]   Downloaded libp2p-yamux v0.45.2
[INFO] [stderr]   Downloaded rw-stream-sink v0.4.0
[INFO] [stderr]   Downloaded yamux v0.12.1
[INFO] [stderr]   Downloaded futures-bounded v0.2.4
[INFO] [stderr]   Downloaded multistream-select v0.13.0
[INFO] [stderr]   Downloaded libp2p-swarm-derive v0.35.0
[INFO] [stderr]   Downloaded cbor4ii v0.3.3
[INFO] [stderr]   Downloaded futures_ringbuf v0.4.0
[INFO] [stderr]   Downloaded libp2p-noise v0.44.0
[INFO] [stderr]   Downloaded libp2p-core v0.42.0
[INFO] [stderr]   Downloaded libp2p-tcp v0.42.0
[INFO] [stderr]   Downloaded libp2p-swarm v0.45.1
[INFO] [stderr]   Downloaded libp2p-identity v0.2.9
[INFO] [stderr]   Downloaded multiaddr v0.18.2
[INFO] running `Command { std: "docker" "create" "-v" "/var/lib/crater-agent-workspace/builds/worker-6-tc1/target:/opt/rustwide/target:rw,Z" "-v" "/var/lib/crater-agent-workspace/builds/worker-6-tc1/source:/opt/rustwide/workdir:ro,Z" "-v" "/var/lib/crater-agent-workspace/cargo-home:/opt/rustwide/cargo-home:ro,Z" "-v" "/var/lib/crater-agent-workspace/rustup-home:/opt/rustwide/rustup-home:ro,Z" "-e" "SOURCE_DIR=/opt/rustwide/workdir" "-e" "CARGO_TARGET_DIR=/opt/rustwide/target" "-e" "CARGO_HOME=/opt/rustwide/cargo-home" "-e" "RUSTUP_HOME=/opt/rustwide/rustup-home" "-w" "/opt/rustwide/workdir" "-m" "1610612736" "--user" "0:0" "--network" "none" "ghcr.io/rust-lang/crates-build-env/linux@sha256:4a844ea9eb2546a2d2c7022eacef16ef2e8229c7fbb2c7d4d55a9ceca922f72d" "/opt/rustwide/cargo-home/bin/cargo" "+nightly-2024-10-28" "metadata" "--no-deps" "--format-version=1", kill_on_drop: false }`
[INFO] [stdout] 06947b55af4b46388de1481e82c47db4ace57a62ee298c73e6998d850a4c2874
[INFO] running `Command { std: "docker" "start" "-a" "06947b55af4b46388de1481e82c47db4ace57a62ee298c73e6998d850a4c2874", kill_on_drop: false }`
[INFO] running `Command { std: "docker" "inspect" "06947b55af4b46388de1481e82c47db4ace57a62ee298c73e6998d850a4c2874", kill_on_drop: false }`
[INFO] running `Command { std: "docker" "rm" "-f" "06947b55af4b46388de1481e82c47db4ace57a62ee298c73e6998d850a4c2874", kill_on_drop: false }`
[INFO] [stdout] 06947b55af4b46388de1481e82c47db4ace57a62ee298c73e6998d850a4c2874
[INFO] running `Command { std: "docker" "create" "-v" "/var/lib/crater-agent-workspace/builds/worker-6-tc1/target:/opt/rustwide/target:rw,Z" "-v" "/var/lib/crater-agent-workspace/builds/worker-6-tc1/source:/opt/rustwide/workdir:ro,Z" "-v" "/var/lib/crater-agent-workspace/cargo-home:/opt/rustwide/cargo-home:ro,Z" "-v" "/var/lib/crater-agent-workspace/rustup-home:/opt/rustwide/rustup-home:ro,Z" "-e" "SOURCE_DIR=/opt/rustwide/workdir" "-e" "CARGO_TARGET_DIR=/opt/rustwide/target" "-e" "CARGO_INCREMENTAL=0" "-e" "RUST_BACKTRACE=full" "-e" "RUSTFLAGS=--cap-lints=forbid" "-e" "RUSTDOCFLAGS=--cap-lints=forbid" "-e" "CARGO_HOME=/opt/rustwide/cargo-home" "-e" "RUSTUP_HOME=/opt/rustwide/rustup-home" "-w" "/opt/rustwide/workdir" "-m" "1610612736" "--user" "0:0" "--network" "none" "ghcr.io/rust-lang/crates-build-env/linux@sha256:4a844ea9eb2546a2d2c7022eacef16ef2e8229c7fbb2c7d4d55a9ceca922f72d" "/opt/rustwide/cargo-home/bin/cargo" "+nightly-2024-10-28" "build" "--frozen" "--message-format=json", kill_on_drop: false }`
[INFO] [stdout] e82ec418077cf29241c34f6c4c54121aebfb63dae0d5b6fb83c95716994f7434
[INFO] running `Command { std: "docker" "start" "-a" "e82ec418077cf29241c34f6c4c54121aebfb63dae0d5b6fb83c95716994f7434", kill_on_drop: false }`
[INFO] [stderr]    Compiling futures-core v0.3.31
[INFO] [stderr]    Compiling futures-sink v0.3.31
[INFO] [stderr]    Compiling syn v1.0.109
[INFO] [stderr]    Compiling semver v1.0.23
[INFO] [stderr]    Compiling signature v2.2.0
[INFO] [stderr]    Compiling zeroize v1.8.1
[INFO] [stderr]    Compiling data-encoding v2.6.0
[INFO] [stderr]    Compiling core2 v0.4.0
[INFO] [stderr]    Compiling syn v2.0.86
[INFO] [stderr]    Compiling serde v1.0.214
[INFO] [stderr]    Compiling unsigned-varint v0.8.0
[INFO] [stderr]    Compiling smallvec v1.13.2
[INFO] [stderr]    Compiling hmac v0.12.1
[INFO] [stderr]    Compiling quick-protobuf v0.8.1
[INFO] [stderr]    Compiling base-x v0.2.11
[INFO] [stderr]    Compiling url v2.5.2
[INFO] [stderr]    Compiling futures-channel v0.3.31
[INFO] [stderr]    Compiling ed25519 v2.2.3
[INFO] [stderr]    Compiling hkdf v0.12.4
[INFO] [stderr]    Compiling futures-timer v3.0.3
[INFO] [stderr]    Compiling multihash v0.19.2
[INFO] [stderr]    Compiling unsigned-varint v0.7.2
[INFO] [stderr]    Compiling either v1.13.0
[INFO] [stderr]    Compiling parking_lot_core v0.9.10
[INFO] [stderr]    Compiling rustc_version v0.4.1
[INFO] [stderr]    Compiling web-time v1.1.0
[INFO] [stderr]    Compiling void v1.0.2
[INFO] [stderr]    Compiling parking_lot v0.12.3
[INFO] [stderr]    Compiling curve25519-dalek v4.1.3
[INFO] [stderr]    Compiling data-encoding-macro-internal v0.1.13
[INFO] [stderr]    Compiling data-encoding-macro v0.1.15
[INFO] [stderr]    Compiling multibase v0.9.1
[INFO] [stderr]    Compiling futures-macro v0.3.31
[INFO] [stderr]    Compiling curve25519-dalek-derive v0.1.1
[INFO] [stderr]    Compiling zerocopy-derive v0.7.35
[INFO] [stderr]    Compiling thiserror-impl v1.0.66
[INFO] [stderr]    Compiling pin-project-internal v1.1.7
[INFO] [stderr]    Compiling tracing-attributes v0.1.27
[INFO] [stderr]    Compiling async-trait v0.1.83
[INFO] [stderr]    Compiling zerocopy v0.7.35
[INFO] [stderr]    Compiling futures-util v0.3.31
[INFO] [stderr]    Compiling pin-project v1.1.7
[INFO] [stderr]    Compiling thiserror v1.0.66
[INFO] [stderr]    Compiling tracing v0.1.40
[INFO] [stderr]    Compiling ppv-lite86 v0.2.20
[INFO] [stderr]    Compiling rand_chacha v0.3.1
[INFO] [stderr]    Compiling ed25519-dalek v2.1.1
[INFO] [stderr]    Compiling libp2p-identity v0.2.9
[INFO] [stderr]    Compiling rand v0.8.5
[INFO] [stderr]    Compiling multiaddr v0.18.2
[INFO] [stderr]    Compiling futures-executor v0.3.31
[INFO] [stderr]    Compiling futures-bounded v0.2.4
[INFO] [stderr]    Compiling futures v0.3.31
[INFO] [stderr]    Compiling multistream-select v0.13.0
[INFO] [stderr]    Compiling rw-stream-sink v0.4.0
[INFO] [stderr]    Compiling libp2p-core v0.42.0
[INFO] [stderr]    Compiling libp2p-swarm v0.45.1
[INFO] [stderr]    Compiling libp2p-request-response v0.27.0 (/opt/rustwide/workdir)
[INFO] [stderr]     Finished `dev` profile [unoptimized + debuginfo] target(s) in 7.78s
[INFO] running `Command { std: "docker" "inspect" "e82ec418077cf29241c34f6c4c54121aebfb63dae0d5b6fb83c95716994f7434", kill_on_drop: false }`
[INFO] running `Command { std: "docker" "rm" "-f" "e82ec418077cf29241c34f6c4c54121aebfb63dae0d5b6fb83c95716994f7434", kill_on_drop: false }`
[INFO] [stdout] e82ec418077cf29241c34f6c4c54121aebfb63dae0d5b6fb83c95716994f7434
[INFO] running `Command { std: "docker" "create" "-v" "/var/lib/crater-agent-workspace/builds/worker-6-tc1/target:/opt/rustwide/target:rw,Z" "-v" "/var/lib/crater-agent-workspace/builds/worker-6-tc1/source:/opt/rustwide/workdir:ro,Z" "-v" "/var/lib/crater-agent-workspace/cargo-home:/opt/rustwide/cargo-home:ro,Z" "-v" "/var/lib/crater-agent-workspace/rustup-home:/opt/rustwide/rustup-home:ro,Z" "-e" "SOURCE_DIR=/opt/rustwide/workdir" "-e" "CARGO_TARGET_DIR=/opt/rustwide/target" "-e" "CARGO_INCREMENTAL=0" "-e" "RUST_BACKTRACE=full" "-e" "RUSTFLAGS=--cap-lints=forbid" "-e" "RUSTDOCFLAGS=--cap-lints=forbid" "-e" "CARGO_HOME=/opt/rustwide/cargo-home" "-e" "RUSTUP_HOME=/opt/rustwide/rustup-home" "-w" "/opt/rustwide/workdir" "-m" "1610612736" "--user" "0:0" "--network" "none" "ghcr.io/rust-lang/crates-build-env/linux@sha256:4a844ea9eb2546a2d2c7022eacef16ef2e8229c7fbb2c7d4d55a9ceca922f72d" "/opt/rustwide/cargo-home/bin/cargo" "+nightly-2024-10-28" "test" "--frozen" "--no-run" "--message-format=json", kill_on_drop: false }`
[INFO] [stdout] 223b597da7e86e91f6ca4e77893c6fa63a5f8d7362a26d876d4c1b38de5bebe0
[INFO] running `Command { std: "docker" "start" "-a" "223b597da7e86e91f6ca4e77893c6fa63a5f8d7362a26d876d4c1b38de5bebe0", kill_on_drop: false }`
[INFO] [stderr]    Compiling libc v0.2.161
[INFO] [stderr]    Compiling futures-io v0.3.31
[INFO] [stderr]    Compiling value-bag v1.10.0
[INFO] [stderr]    Compiling futures-channel v0.3.31
[INFO] [stderr]    Compiling parking v2.2.1
[INFO] [stderr]    Compiling subtle v2.6.1
[INFO] [stderr]    Compiling syn v1.0.109
[INFO] [stderr]    Compiling tracing-core v0.1.32
[INFO] [stderr]    Compiling concurrent-queue v2.5.0
[INFO] [stderr]    Compiling futures-macro v0.3.31
[INFO] [stderr]    Compiling curve25519-dalek v4.1.3
[INFO] [stderr]    Compiling pin-project-internal v1.1.7
[INFO] [stderr]    Compiling curve25519-dalek-derive v0.1.1
[INFO] [stderr]    Compiling event-listener v2.5.3
[INFO] [stderr]    Compiling io-lifetimes v1.0.11
[INFO] [stderr]    Compiling rustix v0.38.38
[INFO] [stderr]    Compiling digest v0.10.7
[INFO] [stderr]    Compiling bitflags v1.3.2
[INFO] [stderr]    Compiling futures-lite v2.4.0
[INFO] [stderr]    Compiling event-listener v5.3.1
[INFO] [stderr]    Compiling polling v2.8.0
[INFO] [stderr]    Compiling log v0.4.22
[INFO] [stderr]    Compiling rustix v0.37.27
[INFO] [stderr]    Compiling async-io v1.13.0
[INFO] [stderr]    Compiling waker-fn v1.2.0
[INFO] [stderr]    Compiling sha2 v0.10.8
[INFO] [stderr]    Compiling hmac v0.12.1
[INFO] [stderr]    Compiling event-listener-strategy v0.5.2
[INFO] [stderr]    Compiling async-task v4.7.1
[INFO] [stderr]    Compiling fastrand v1.9.0
[INFO] [stderr]    Compiling tracing v0.1.40
[INFO] [stderr]    Compiling hkdf v0.12.4
[INFO] [stderr]    Compiling linux-raw-sys v0.3.8
[INFO] [stderr]    Compiling futures-lite v1.13.0
[INFO] [stderr]    Compiling piper v0.2.4
[INFO] [stderr]    Compiling async-channel v2.3.1
[INFO] [stderr]    Compiling async-lock v3.4.0
[INFO] [stderr]    Compiling netlink-packet-utils v0.5.2
[INFO] [stderr]    Compiling async-lock v2.8.0
[INFO] [stderr]    Compiling ring v0.17.8
[INFO] [stderr]    Compiling tokio v1.41.0
[INFO] [stderr]    Compiling snow v0.9.6
[INFO] [stderr]    Compiling nohash-hasher v0.2.0
[INFO] [stderr]    Compiling futures-util v0.3.31
[INFO] [stderr]    Compiling regex-syntax v0.8.5
[INFO] [stderr]    Compiling regex-syntax v0.6.29
[INFO] [stderr]    Compiling futures_ringbuf v0.4.0
[INFO] [stderr]    Compiling blocking v1.6.1
[INFO] [stderr]    Compiling async-executor v1.13.1
[INFO] [stderr]    Compiling overload v0.1.1
[INFO] [stderr]    Compiling sharded-slab v0.1.7
[INFO] [stderr]    Compiling nu-ansi-term v0.46.0
[INFO] [stderr]    Compiling pin-project v1.1.7
[INFO] [stderr]    Compiling tracing-log v0.2.0
[INFO] [stderr]    Compiling kv-log-macro v1.0.7
[INFO] [stderr]    Compiling async-channel v1.9.0
[INFO] [stderr]    Compiling ringbuf v0.3.3
[INFO] [stderr]    Compiling thread_local v1.1.8
[INFO] [stderr]    Compiling ed25519-dalek v2.1.1
[INFO] [stderr]    Compiling num_cpus v1.16.0
[INFO] [stderr]    Compiling getrandom v0.2.15
[INFO] [stderr]    Compiling parking_lot_core v0.9.10
[INFO] [stderr]    Compiling libp2p-identity v0.2.9
[INFO] [stderr]    Compiling rand_core v0.6.4
[INFO] [stderr]    Compiling parking_lot v0.12.3
[INFO] [stderr]    Compiling rand_chacha v0.3.1
[INFO] [stderr]    Compiling socket2 v0.4.10
[INFO] [stderr]    Compiling netlink-packet-core v0.4.2
[INFO] [stderr]    Compiling nix v0.24.3
[INFO] [stderr]    Compiling x25519-dalek v2.0.1
[INFO] [stderr]    Compiling socket2 v0.5.7
[INFO] [stderr]    Compiling netlink-packet-route v0.12.0
[INFO] [stderr]    Compiling rand v0.8.5
[INFO] [stderr]    Compiling regex-automata v0.4.8
[INFO] [stderr]    Compiling regex-automata v0.1.10
[INFO] [stderr]    Compiling data-encoding-macro-internal v0.1.13
[INFO] [stderr]    Compiling async-attributes v1.1.2
[INFO] [stderr]    Compiling matchers v0.1.0
[INFO] [stderr]    Compiling data-encoding-macro v0.1.15
[INFO] [stderr]    Compiling multibase v0.9.1
[INFO] [stderr]    Compiling multiaddr v0.18.2
[INFO] [stderr]    Compiling futures-executor v0.3.31
[INFO] [stderr]    Compiling futures-bounded v0.2.4
[INFO] [stderr]    Compiling asynchronous-codec v0.7.0
[INFO] [stderr]    Compiling regex v1.11.1
[INFO] [stderr]    Compiling futures v0.3.31
[INFO] [stderr]    Compiling rw-stream-sink v0.4.0
[INFO] [stderr]    Compiling multistream-select v0.13.0
[INFO] [stderr]    Compiling yamux v0.12.1
[INFO] [stderr]    Compiling yamux v0.13.3
[INFO] [stderr]    Compiling tracing-subscriber v0.3.18
[INFO] [stderr]    Compiling netlink-sys v0.8.6
[INFO] [stderr]    Compiling libp2p-core v0.42.0
[INFO] [stderr]    Compiling libp2p-core v0.41.3
[INFO] [stderr]    Compiling netlink-proto v0.10.0
[INFO] [stderr]    Compiling polling v3.7.3
[INFO] [stderr]    Compiling async-io v2.3.4
[INFO] [stderr]    Compiling libp2p-swarm v0.45.1
[INFO] [stderr]    Compiling async-global-executor v2.4.1
[INFO] [stderr]    Compiling libp2p-yamux v0.45.2
[INFO] [stderr]    Compiling libp2p-noise v0.44.0
[INFO] [stderr]    Compiling rtnetlink v0.10.1
[INFO] [stderr]    Compiling async-std v1.13.0
[INFO] [stderr]    Compiling if-watch v3.2.0
[INFO] [stderr]    Compiling libp2p-request-response v0.27.0 (/opt/rustwide/workdir)
[INFO] [stderr]    Compiling libp2p-tcp v0.42.0
[INFO] [stdout] error[E0432]: unresolved import `libp2p_swarm_test`
[INFO] [stdout]  --> tests/peer_address.rs:5:5
[INFO] [stdout]   |
[INFO] [stdout] 5 | use libp2p_swarm_test::SwarmExt;
[INFO] [stdout]   |     ^^^^^^^^^^^^^^^^^ use of undeclared crate or module `libp2p_swarm_test`
[INFO] [stdout]   |
[INFO] [stdout] help: there is a crate or module with a similar name
[INFO] [stdout]   |
[INFO] [stdout] 5 | use libp2p_swarm::SwarmExt;
[INFO] [stdout]   |     ~~~~~~~~~~~~
[INFO] [stdout] 
[INFO] [stdout] 
[INFO] [stdout] error[E0432]: unresolved import `libp2p_swarm_test`
[INFO] [stdout]   --> tests/ping.rs:28:5
[INFO] [stdout]    |
[INFO] [stdout] 28 | use libp2p_swarm_test::SwarmExt;
[INFO] [stdout]    |     ^^^^^^^^^^^^^^^^^ use of undeclared crate or module `libp2p_swarm_test`
[INFO] [stdout]    |
[INFO] [stdout] help: there is a crate or module with a similar name
[INFO] [stdout]    |
[INFO] [stdout] 28 | use libp2p_swarm::SwarmExt;
[INFO] [stdout]    |     ~~~~~~~~~~~~
[INFO] [stdout] 
[INFO] [stdout] 
[INFO] [stdout] error[E0432]: unresolved import `libp2p_swarm_test`
[INFO] [stdout]  --> tests/error_reporting.rs:9:5
[INFO] [stdout]   |
[INFO] [stdout] 9 | use libp2p_swarm_test::SwarmExt;
[INFO] [stdout]   |     ^^^^^^^^^^^^^^^^^ use of undeclared crate or module `libp2p_swarm_test`
[INFO] [stdout]   |
[INFO] [stdout] help: there is a crate or module with a similar name
[INFO] [stdout]   |
[INFO] [stdout] 9 | use libp2p_swarm::SwarmExt;
[INFO] [stdout]   |     ~~~~~~~~~~~~
[INFO] [stdout] 
[INFO] [stdout] 
[INFO] [stdout] warning: unused import: `futures::prelude::*`
[INFO] [stdout]   --> tests/ping.rs:23:5
[INFO] [stdout]    |
[INFO] [stdout] 23 | use futures::prelude::*;
[INFO] [stdout]    |     ^^^^^^^^^^^^^^^^^^^
[INFO] [stdout]    |
[INFO] [stdout]    = note: `#[warn(unused_imports)]` on by default
[INFO] [stdout] 
[INFO] [stdout] 
[INFO] [stdout] warning: unused import: `libp2p_identity::PeerId`
[INFO] [stdout]   --> tests/ping.rs:24:5
[INFO] [stdout]    |
[INFO] [stdout] 24 | use libp2p_identity::PeerId;
[INFO] [stdout]    |     ^^^^^^^^^^^^^^^^^^^^^^^
[INFO] [stdout] 
[INFO] [stdout] 
[INFO] [stdout] warning: unused import: `libp2p_request_response as request_response`
[INFO] [stdout]   --> tests/ping.rs:25:5
[INFO] [stdout]    |
[INFO] [stdout] 25 | use libp2p_request_response as request_response;
[INFO] [stdout]    |     ^^^^^^^^^^^^^^^^^^^^^^^^^^^^^^^^^^^^^^^^^^^
[INFO] [stdout] 
[INFO] [stdout] 
[INFO] [stdout] warning: unused import: `libp2p_request_response::ProtocolSupport`
[INFO] [stdout]   --> tests/ping.rs:26:5
[INFO] [stdout]    |
[INFO] [stdout] 26 | use libp2p_request_response::ProtocolSupport;
[INFO] [stdout]    |     ^^^^^^^^^^^^^^^^^^^^^^^^^^^^^^^^^^^^^^^^
[INFO] [stdout] 
[INFO] [stdout] 
[INFO] [stdout] warning: unused imports: `StreamProtocol`, `SwarmEvent`, and `Swarm`
[INFO] [stdout]   --> tests/ping.rs:27:20
[INFO] [stdout]    |
[INFO] [stdout] 27 | use libp2p_swarm::{StreamProtocol, Swarm, SwarmEvent};
[INFO] [stdout]    |                    ^^^^^^^^^^^^^^  ^^^^^  ^^^^^^^^^^
[INFO] [stdout] 
[INFO] [stdout] 
[INFO] [stdout] warning: unused import: `rand::Rng`
[INFO] [stdout]   --> tests/ping.rs:29:5
[INFO] [stdout]    |
[INFO] [stdout] 29 | use rand::Rng;
[INFO] [stdout]    |     ^^^^^^^^^
[INFO] [stdout] 
[INFO] [stdout] 
[INFO] [stdout] warning: unused import: `libp2p_core::ConnectedPoint`
[INFO] [stdout]  --> tests/peer_address.rs:1:5
[INFO] [stdout]   |
[INFO] [stdout] 1 | use libp2p_core::ConnectedPoint;
[INFO] [stdout]   |     ^^^^^^^^^^^^^^^^^^^^^^^^^^^
[INFO] [stdout]   |
[INFO] [stdout]   = note: `#[warn(unused_imports)]` on by default
[INFO] [stdout] 
[INFO] [stdout] 
[INFO] [stdout] warning: unused imports: `io` and `iter`
[INFO] [stdout]   --> tests/ping.rs:31:11
[INFO] [stdout]    |
[INFO] [stdout] 31 | use std::{io, iter};
[INFO] [stdout]    |           ^^  ^^^^
[INFO] [stdout] 
[INFO] [stdout] 
[INFO] [stdout] warning: unused import: `tracing_subscriber::EnvFilter`
[INFO] [stdout]   --> tests/ping.rs:32:5
[INFO] [stdout]    |
[INFO] [stdout] 32 | use tracing_subscriber::EnvFilter;
[INFO] [stdout]    |     ^^^^^^^^^^^^^^^^^^^^^^^^^^^^^
[INFO] [stdout] 
[INFO] [stdout] 
[INFO] [stdout] warning: unused import: `libp2p_request_response as request_response`
[INFO] [stdout]  --> tests/peer_address.rs:2:5
[INFO] [stdout]   |
[INFO] [stdout] 2 | use libp2p_request_response as request_response;
[INFO] [stdout]   |     ^^^^^^^^^^^^^^^^^^^^^^^^^^^^^^^^^^^^^^^^^^^
[INFO] [stdout] 
[INFO] [stdout] 
[INFO] [stdout] warning: unused import: `libp2p_request_response::ProtocolSupport`
[INFO] [stdout]  --> tests/peer_address.rs:3:5
[INFO] [stdout]   |
[INFO] [stdout] 3 | use libp2p_request_response::ProtocolSupport;
[INFO] [stdout]   |     ^^^^^^^^^^^^^^^^^^^^^^^^^^^^^^^^^^^^^^^^
[INFO] [stdout] 
[INFO] [stdout] 
[INFO] [stdout] warning: unused imports: `StreamProtocol`, `SwarmEvent`, and `Swarm`
[INFO] [stdout]  --> tests/peer_address.rs:4:20
[INFO] [stdout]   |
[INFO] [stdout] 4 | use libp2p_swarm::{StreamProtocol, Swarm, SwarmEvent};
[INFO] [stdout]   |                    ^^^^^^^^^^^^^^  ^^^^^  ^^^^^^^^^^
[INFO] [stdout] 
[INFO] [stdout] 
[INFO] [stdout] warning: unused import: `std::iter`
[INFO] [stdout]  --> tests/peer_address.rs:7:5
[INFO] [stdout]   |
[INFO] [stdout] 7 | use std::iter;
[INFO] [stdout]   |     ^^^^^^^^^
[INFO] [stdout] 
[INFO] [stdout] 
[INFO] [stdout] warning: unused import: `tracing_subscriber::EnvFilter`
[INFO] [stdout]  --> tests/peer_address.rs:8:5
[INFO] [stdout]   |
[INFO] [stdout] 8 | use tracing_subscriber::EnvFilter;
[INFO] [stdout]   |     ^^^^^^^^^^^^^^^^^^^^^^^^^^^^^
[INFO] [stdout] 
[INFO] [stdout] 
[INFO] [stdout] For more information about this error, try `rustc --explain E0432`.
[INFO] [stdout] 
[INFO] [stdout] For more information about this error, try `rustc --explain E0432`.
[INFO] [stdout] 
[INFO] [stderr] error: could not compile `libp2p-request-response` (test "peer_address") due to 1 previous error; 6 warnings emitted
[INFO] [stderr] warning: build failed, waiting for other jobs to finish...
[INFO] [stderr] error: could not compile `libp2p-request-response` (test "ping") due to 1 previous error; 8 warnings emitted
[INFO] [stdout] error[E0599]: no method named `listen` found for struct `Swarm` in the current scope
[INFO] [stdout]    --> tests/error_reporting.rs:27:12
[INFO] [stdout]     |
[INFO] [stdout] 27  |     swarm1.listen().with_memory_addr_external().await;
[INFO] [stdout]     |            ^^^^^^
[INFO] [stdout]     |
[INFO] [stdout] help: there is a method `listen_on` with a similar name, but with different arguments
[INFO] [stdout]    --> /opt/rustwide/cargo-home/registry/src/index.crates.io-6f17d22bba15001f/libp2p-swarm-0.45.1/src/lib.rs:402:5
[INFO] [stdout]     |
[INFO] [stdout] 402 |     pub fn listen_on(&mut self, addr: Multiaddr) -> Result<ListenerId, TransportError<io::Error>> {
[INFO] [stdout]     |     ^^^^^^^^^^^^^^^^^^^^^^^^^^^^^^^^^^^^^^^^^^^^^^^^^^^^^^^^^^^^^^^^^^^^^^^^^^^^^^^^^^^^^^^^^^^^^
[INFO] [stdout] 
[INFO] [stdout] 
[INFO] [stdout] error[E0599]: no method named `connect` found for struct `Swarm` in the current scope
[INFO] [stdout]   --> tests/error_reporting.rs:28:12
[INFO] [stdout]    |
[INFO] [stdout] 28 |     swarm2.connect(&mut swarm1).await;
[INFO] [stdout]    |            ^^^^^^^
[INFO] [stdout]    |
[INFO] [stdout] help: there is a method `is_connected` with a similar name
[INFO] [stdout]    |
[INFO] [stdout] 28 |     swarm2.is_connected(&mut swarm1).await;
[INFO] [stdout]    |            ~~~~~~~~~~~~
[INFO] [stdout] 
[INFO] [stdout] 
[INFO] [stdout] error[E0599]: no method named `listen` found for struct `Swarm` in the current scope
[INFO] [stdout]    --> tests/error_reporting.rs:83:12
[INFO] [stdout]     |
[INFO] [stdout] 83  |     swarm1.listen().with_memory_addr_external().await;
[INFO] [stdout]     |            ^^^^^^
[INFO] [stdout]     |
[INFO] [stdout] help: there is a method `listen_on` with a similar name, but with different arguments
[INFO] [stdout]    --> /opt/rustwide/cargo-home/registry/src/index.crates.io-6f17d22bba15001f/libp2p-swarm-0.45.1/src/lib.rs:402:5
[INFO] [stdout]     |
[INFO] [stdout] 402 |     pub fn listen_on(&mut self, addr: Multiaddr) -> Result<ListenerId, TransportError<io::Error>> {
[INFO] [stdout]     |     ^^^^^^^^^^^^^^^^^^^^^^^^^^^^^^^^^^^^^^^^^^^^^^^^^^^^^^^^^^^^^^^^^^^^^^^^^^^^^^^^^^^^^^^^^^^^^
[INFO] [stdout] 
[INFO] [stdout] 
[INFO] [stdout] error[E0599]: no method named `connect` found for struct `Swarm` in the current scope
[INFO] [stdout]   --> tests/error_reporting.rs:84:12
[INFO] [stdout]    |
[INFO] [stdout] 84 |     swarm2.connect(&mut swarm1).await;
[INFO] [stdout]    |            ^^^^^^^
[INFO] [stdout]    |
[INFO] [stdout] help: there is a method `is_connected` with a similar name
[INFO] [stdout]    |
[INFO] [stdout] 84 |     swarm2.is_connected(&mut swarm1).await;
[INFO] [stdout]    |            ~~~~~~~~~~~~
[INFO] [stdout] 
[INFO] [stdout] 
[INFO] [stdout] error[E0599]: no method named `listen` found for struct `Swarm` in the current scope
[INFO] [stdout]    --> tests/error_reporting.rs:127:12
[INFO] [stdout]     |
[INFO] [stdout] 127 |     swarm1.listen().with_memory_addr_external().await;
[INFO] [stdout]     |            ^^^^^^
[INFO] [stdout]     |
[INFO] [stdout] help: there is a method `listen_on` with a similar name, but with different arguments
[INFO] [stdout]    --> /opt/rustwide/cargo-home/registry/src/index.crates.io-6f17d22bba15001f/libp2p-swarm-0.45.1/src/lib.rs:402:5
[INFO] [stdout]     |
[INFO] [stdout] 402 |     pub fn listen_on(&mut self, addr: Multiaddr) -> Result<ListenerId, TransportError<io::Error>> {
[INFO] [stdout]     |     ^^^^^^^^^^^^^^^^^^^^^^^^^^^^^^^^^^^^^^^^^^^^^^^^^^^^^^^^^^^^^^^^^^^^^^^^^^^^^^^^^^^^^^^^^^^^^
[INFO] [stdout] 
[INFO] [stdout] 
[INFO] [stdout] error[E0599]: no method named `connect` found for struct `Swarm` in the current scope
[INFO] [stdout]    --> tests/error_reporting.rs:128:12
[INFO] [stdout]     |
[INFO] [stdout] 128 |     swarm2.connect(&mut swarm1).await;
[INFO] [stdout]     |            ^^^^^^^
[INFO] [stdout]     |
[INFO] [stdout] help: there is a method `is_connected` with a similar name
[INFO] [stdout]     |
[INFO] [stdout] 128 |     swarm2.is_connected(&mut swarm1).await;
[INFO] [stdout]     |            ~~~~~~~~~~~~
[INFO] [stdout] 
[INFO] [stdout] 
[INFO] [stdout] error[E0599]: no method named `listen` found for struct `Swarm` in the current scope
[INFO] [stdout]    --> tests/error_reporting.rs:178:12
[INFO] [stdout]     |
[INFO] [stdout] 178 |     swarm1.listen().with_memory_addr_external().await;
[INFO] [stdout]     |            ^^^^^^
[INFO] [stdout]     |
[INFO] [stdout] help: there is a method `listen_on` with a similar name, but with different arguments
[INFO] [stdout]    --> /opt/rustwide/cargo-home/registry/src/index.crates.io-6f17d22bba15001f/libp2p-swarm-0.45.1/src/lib.rs:402:5
[INFO] [stdout]     |
[INFO] [stdout] 402 |     pub fn listen_on(&mut self, addr: Multiaddr) -> Result<ListenerId, TransportError<io::Error>> {
[INFO] [stdout]     |     ^^^^^^^^^^^^^^^^^^^^^^^^^^^^^^^^^^^^^^^^^^^^^^^^^^^^^^^^^^^^^^^^^^^^^^^^^^^^^^^^^^^^^^^^^^^^^
[INFO] [stdout] 
[INFO] [stdout] 
[INFO] [stdout] error[E0599]: no method named `connect` found for struct `Swarm` in the current scope
[INFO] [stdout]    --> tests/error_reporting.rs:179:12
[INFO] [stdout]     |
[INFO] [stdout] 179 |     swarm2.connect(&mut swarm1).await;
[INFO] [stdout]     |            ^^^^^^^
[INFO] [stdout]     |
[INFO] [stdout] help: there is a method `is_connected` with a similar name
[INFO] [stdout]     |
[INFO] [stdout] 179 |     swarm2.is_connected(&mut swarm1).await;
[INFO] [stdout]     |            ~~~~~~~~~~~~
[INFO] [stdout] 
[INFO] [stdout] 
[INFO] [stdout] error[E0599]: no method named `listen` found for struct `Swarm` in the current scope
[INFO] [stdout]    --> tests/error_reporting.rs:225:12
[INFO] [stdout]     |
[INFO] [stdout] 225 |     swarm1.listen().with_memory_addr_external().await;
[INFO] [stdout]     |            ^^^^^^
[INFO] [stdout]     |
[INFO] [stdout] help: there is a method `listen_on` with a similar name, but with different arguments
[INFO] [stdout]    --> /opt/rustwide/cargo-home/registry/src/index.crates.io-6f17d22bba15001f/libp2p-swarm-0.45.1/src/lib.rs:402:5
[INFO] [stdout]     |
[INFO] [stdout] 402 |     pub fn listen_on(&mut self, addr: Multiaddr) -> Result<ListenerId, TransportError<io::Error>> {
[INFO] [stdout]     |     ^^^^^^^^^^^^^^^^^^^^^^^^^^^^^^^^^^^^^^^^^^^^^^^^^^^^^^^^^^^^^^^^^^^^^^^^^^^^^^^^^^^^^^^^^^^^^
[INFO] [stdout] 
[INFO] [stdout] 
[INFO] [stdout] error[E0599]: no method named `connect` found for struct `Swarm` in the current scope
[INFO] [stdout]    --> tests/error_reporting.rs:226:12
[INFO] [stdout]     |
[INFO] [stdout] 226 |     swarm2.connect(&mut swarm1).await;
[INFO] [stdout]     |            ^^^^^^^
[INFO] [stdout]     |
[INFO] [stdout] help: there is a method `is_connected` with a similar name
[INFO] [stdout]     |
[INFO] [stdout] 226 |     swarm2.is_connected(&mut swarm1).await;
[INFO] [stdout]     |            ~~~~~~~~~~~~
[INFO] [stdout] 
[INFO] [stdout] 
[INFO] [stdout] error[E0599]: no method named `listen` found for struct `Swarm` in the current scope
[INFO] [stdout]    --> tests/error_reporting.rs:262:12
[INFO] [stdout]     |
[INFO] [stdout] 262 |     swarm1.listen().with_memory_addr_external().await;
[INFO] [stdout]     |            ^^^^^^
[INFO] [stdout]     |
[INFO] [stdout] help: there is a method `listen_on` with a similar name, but with different arguments
[INFO] [stdout]    --> /opt/rustwide/cargo-home/registry/src/index.crates.io-6f17d22bba15001f/libp2p-swarm-0.45.1/src/lib.rs:402:5
[INFO] [stdout]     |
[INFO] [stdout] 402 |     pub fn listen_on(&mut self, addr: Multiaddr) -> Result<ListenerId, TransportError<io::Error>> {
[INFO] [stdout]     |     ^^^^^^^^^^^^^^^^^^^^^^^^^^^^^^^^^^^^^^^^^^^^^^^^^^^^^^^^^^^^^^^^^^^^^^^^^^^^^^^^^^^^^^^^^^^^^
[INFO] [stdout] 
[INFO] [stdout] 
[INFO] [stdout] error[E0599]: no method named `connect` found for struct `Swarm` in the current scope
[INFO] [stdout]    --> tests/error_reporting.rs:263:12
[INFO] [stdout]     |
[INFO] [stdout] 263 |     swarm2.connect(&mut swarm1).await;
[INFO] [stdout]     |            ^^^^^^^
[INFO] [stdout]     |
[INFO] [stdout] help: there is a method `is_connected` with a similar name
[INFO] [stdout]     |
[INFO] [stdout] 263 |     swarm2.is_connected(&mut swarm1).await;
[INFO] [stdout]     |            ~~~~~~~~~~~~
[INFO] [stdout] 
[INFO] [stdout] 
[INFO] [stdout] error[E0599]: no method named `listen` found for struct `Swarm` in the current scope
[INFO] [stdout]    --> tests/error_reporting.rs:329:12
[INFO] [stdout]     |
[INFO] [stdout] 329 |     swarm1.listen().with_memory_addr_external().await;
[INFO] [stdout]     |            ^^^^^^
[INFO] [stdout]     |
[INFO] [stdout] help: there is a method `listen_on` with a similar name, but with different arguments
[INFO] [stdout]    --> /opt/rustwide/cargo-home/registry/src/index.crates.io-6f17d22bba15001f/libp2p-swarm-0.45.1/src/lib.rs:402:5
[INFO] [stdout]     |
[INFO] [stdout] 402 |     pub fn listen_on(&mut self, addr: Multiaddr) -> Result<ListenerId, TransportError<io::Error>> {
[INFO] [stdout]     |     ^^^^^^^^^^^^^^^^^^^^^^^^^^^^^^^^^^^^^^^^^^^^^^^^^^^^^^^^^^^^^^^^^^^^^^^^^^^^^^^^^^^^^^^^^^^^^
[INFO] [stdout] 
[INFO] [stdout] 
[INFO] [stdout] error[E0599]: no method named `connect` found for struct `Swarm` in the current scope
[INFO] [stdout]    --> tests/error_reporting.rs:330:12
[INFO] [stdout]     |
[INFO] [stdout] 330 |     swarm2.connect(&mut swarm1).await;
[INFO] [stdout]     |            ^^^^^^^
[INFO] [stdout]     |
[INFO] [stdout] help: there is a method `is_connected` with a similar name
[INFO] [stdout]     |
[INFO] [stdout] 330 |     swarm2.is_connected(&mut swarm1).await;
[INFO] [stdout]     |            ~~~~~~~~~~~~
[INFO] [stdout] 
[INFO] [stdout] 
[INFO] [stdout] error[E0599]: no function or associated item named `new_ephemeral` found for struct `Swarm` in the current scope
[INFO] [stdout]    --> tests/error_reporting.rs:532:16
[INFO] [stdout]     |
[INFO] [stdout] 532 |         Swarm::new_ephemeral(|_| request_response::Behaviour::<TestCodec>::new(protocols, cfg));
[INFO] [stdout]     |                ^^^^^^^^^^^^^ function or associated item not found in `Swarm<_>`
[INFO] [stdout]     |
[INFO] [stdout] note: if you're trying to build a new `Swarm<_>`, consider using `Swarm::<TBehaviour>::new` which returns `Swarm<_>`
[INFO] [stdout]    --> /opt/rustwide/cargo-home/registry/src/index.crates.io-6f17d22bba15001f/libp2p-swarm-0.45.1/src/lib.rs:366:5
[INFO] [stdout]     |
[INFO] [stdout] 366 | /     pub fn new(
[INFO] [stdout] 367 | |         transport: transport::Boxed<(PeerId, StreamMuxerBox)>,
[INFO] [stdout] 368 | |         behaviour: TBehaviour,
[INFO] [stdout] 369 | |         local_peer_id: PeerId,
[INFO] [stdout] 370 | |         config: Config,
[INFO] [stdout] 371 | |     ) -> Self {
[INFO] [stdout]     | |_____________^
[INFO] [stdout] 
[INFO] [stdout] 
[INFO] [stdout] Some errors have detailed explanations: E0432, E0599.
[INFO] [stdout] 
[INFO] [stdout] For more information about an error, try `rustc --explain E0432`.
[INFO] [stdout] 
[INFO] [stderr] error: could not compile `libp2p-request-response` (test "error_reporting") due to 16 previous errors
[INFO] running `Command { std: "docker" "inspect" "223b597da7e86e91f6ca4e77893c6fa63a5f8d7362a26d876d4c1b38de5bebe0", kill_on_drop: false }`
[INFO] running `Command { std: "docker" "rm" "-f" "223b597da7e86e91f6ca4e77893c6fa63a5f8d7362a26d876d4c1b38de5bebe0", kill_on_drop: false }`
[INFO] [stdout] 223b597da7e86e91f6ca4e77893c6fa63a5f8d7362a26d876d4c1b38de5bebe0
