[INFO] fetching crate libp2p-memory-connection-limits 0.3.0...
[INFO] testing libp2p-memory-connection-limits-0.3.0 against nightly-2024-10-28 for randomize-layout
[INFO] extracting crate libp2p-memory-connection-limits 0.3.0 into /workspace/builds/worker-0-tc1/source
[INFO] validating manifest of crates.io crate libp2p-memory-connection-limits 0.3.0 on toolchain nightly-2024-10-28
[INFO] running `Command { std: CARGO_HOME="/workspace/cargo-home" RUSTUP_HOME="/workspace/rustup-home" "/workspace/cargo-home/bin/cargo" "+nightly-2024-10-28" "metadata" "--manifest-path" "Cargo.toml" "--no-deps", kill_on_drop: false }`
[INFO] started tweaking crates.io crate libp2p-memory-connection-limits 0.3.0
[INFO] finished tweaking crates.io crate libp2p-memory-connection-limits 0.3.0
[INFO] tweaked toml for crates.io crate libp2p-memory-connection-limits 0.3.0 written to /workspace/builds/worker-0-tc1/source/Cargo.toml
[INFO] running `Command { std: CARGO_HOME="/workspace/cargo-home" RUSTUP_HOME="/workspace/rustup-home" "/workspace/cargo-home/bin/cargo" "+nightly-2024-10-28" "generate-lockfile" "--manifest-path" "Cargo.toml", kill_on_drop: false }`
[INFO] [stderr]     Updating crates.io index
[INFO] [stderr]      Locking 178 packages to latest compatible versions
[INFO] [stderr]       Adding sysinfo v0.30.13 (available: v0.32.0)
[INFO] running `Command { std: CARGO_HOME="/workspace/cargo-home" RUSTUP_HOME="/workspace/rustup-home" "/workspace/cargo-home/bin/cargo" "+nightly-2024-10-28" "fetch" "--manifest-path" "Cargo.toml", kill_on_drop: false }`
[INFO] [stderr]  Downloading crates ...
[INFO] [stderr]   Downloaded memory-stats v1.2.0
[INFO] [stderr]   Downloaded libp2p-identify v0.45.0
[INFO] running `Command { std: "docker" "create" "-v" "/var/lib/crater-agent-workspace/builds/worker-0-tc1/target:/opt/rustwide/target:rw,Z" "-v" "/var/lib/crater-agent-workspace/builds/worker-0-tc1/source:/opt/rustwide/workdir:ro,Z" "-v" "/var/lib/crater-agent-workspace/cargo-home:/opt/rustwide/cargo-home:ro,Z" "-v" "/var/lib/crater-agent-workspace/rustup-home:/opt/rustwide/rustup-home:ro,Z" "-e" "SOURCE_DIR=/opt/rustwide/workdir" "-e" "CARGO_TARGET_DIR=/opt/rustwide/target" "-e" "CARGO_HOME=/opt/rustwide/cargo-home" "-e" "RUSTUP_HOME=/opt/rustwide/rustup-home" "-w" "/opt/rustwide/workdir" "-m" "1610612736" "--user" "0:0" "--network" "none" "ghcr.io/rust-lang/crates-build-env/linux@sha256:4a844ea9eb2546a2d2c7022eacef16ef2e8229c7fbb2c7d4d55a9ceca922f72d" "/opt/rustwide/cargo-home/bin/cargo" "+nightly-2024-10-28" "metadata" "--no-deps" "--format-version=1", kill_on_drop: false }`
[INFO] [stdout] 8d2571f5fc2ce43c7a9b03a935c7851e8968ac71ff7fc0c0d18344e4237884c0
[INFO] running `Command { std: "docker" "start" "-a" "8d2571f5fc2ce43c7a9b03a935c7851e8968ac71ff7fc0c0d18344e4237884c0", kill_on_drop: false }`
[INFO] running `Command { std: "docker" "inspect" "8d2571f5fc2ce43c7a9b03a935c7851e8968ac71ff7fc0c0d18344e4237884c0", kill_on_drop: false }`
[INFO] running `Command { std: "docker" "rm" "-f" "8d2571f5fc2ce43c7a9b03a935c7851e8968ac71ff7fc0c0d18344e4237884c0", kill_on_drop: false }`
[INFO] [stdout] 8d2571f5fc2ce43c7a9b03a935c7851e8968ac71ff7fc0c0d18344e4237884c0
[INFO] running `Command { std: "docker" "create" "-v" "/var/lib/crater-agent-workspace/builds/worker-0-tc1/target:/opt/rustwide/target:rw,Z" "-v" "/var/lib/crater-agent-workspace/builds/worker-0-tc1/source:/opt/rustwide/workdir:ro,Z" "-v" "/var/lib/crater-agent-workspace/cargo-home:/opt/rustwide/cargo-home:ro,Z" "-v" "/var/lib/crater-agent-workspace/rustup-home:/opt/rustwide/rustup-home:ro,Z" "-e" "SOURCE_DIR=/opt/rustwide/workdir" "-e" "CARGO_TARGET_DIR=/opt/rustwide/target" "-e" "CARGO_INCREMENTAL=0" "-e" "RUST_BACKTRACE=full" "-e" "RUSTFLAGS=--cap-lints=forbid" "-e" "RUSTDOCFLAGS=--cap-lints=forbid" "-e" "CARGO_HOME=/opt/rustwide/cargo-home" "-e" "RUSTUP_HOME=/opt/rustwide/rustup-home" "-w" "/opt/rustwide/workdir" "-m" "1610612736" "--user" "0:0" "--network" "none" "ghcr.io/rust-lang/crates-build-env/linux@sha256:4a844ea9eb2546a2d2c7022eacef16ef2e8229c7fbb2c7d4d55a9ceca922f72d" "/opt/rustwide/cargo-home/bin/cargo" "+nightly-2024-10-28" "build" "--frozen" "--message-format=json", kill_on_drop: false }`
[INFO] [stdout] b56b886bde358b156f834869310bb0313a1fda34202e23c7a65842ffa2217eb0
[INFO] running `Command { std: "docker" "start" "-a" "b56b886bde358b156f834869310bb0313a1fda34202e23c7a65842ffa2217eb0", kill_on_drop: false }`
[INFO] [stderr]    Compiling libc v0.2.161
[INFO] [stderr]    Compiling autocfg v1.4.0
[INFO] [stderr]    Compiling semver v1.0.23
[INFO] [stderr]    Compiling pin-project-lite v0.2.15
[INFO] [stderr]    Compiling subtle v2.6.1
[INFO] [stderr]    Compiling futures-core v0.3.31
[INFO] [stderr]    Compiling futures-sink v0.3.31
[INFO] [stderr]    Compiling syn v1.0.109
[INFO] [stderr]    Compiling futures-io v0.3.31
[INFO] [stderr]    Compiling futures-task v0.3.31
[INFO] [stderr]    Compiling once_cell v1.20.2
[INFO] [stderr]    Compiling syn v2.0.86
[INFO] [stderr]    Compiling thiserror v1.0.66
[INFO] [stderr]    Compiling data-encoding v2.6.0
[INFO] [stderr]    Compiling zeroize v1.8.1
[INFO] [stderr]    Compiling signature v2.2.0
[INFO] [stderr]    Compiling core2 v0.4.0
[INFO] [stderr]    Compiling smallvec v1.13.2
[INFO] [stderr]    Compiling digest v0.10.7
[INFO] [stderr]    Compiling futures-channel v0.3.31
[INFO] [stderr]    Compiling ed25519 v2.2.3
[INFO] [stderr]    Compiling unsigned-varint v0.8.0
[INFO] [stderr]    Compiling unicode-bidi v0.3.17
[INFO] [stderr]    Compiling parking_lot_core v0.9.10
[INFO] [stderr]    Compiling tracing-core v0.1.32
[INFO] [stderr]    Compiling serde v1.0.214
[INFO] [stderr]    Compiling multihash v0.19.2
[INFO] [stderr]    Compiling hmac v0.12.1
[INFO] [stderr]    Compiling sha2 v0.10.8
[INFO] [stderr]    Compiling quick-protobuf v0.8.1
[INFO] [stderr]    Compiling base-x v0.2.11
[INFO] [stderr]    Compiling hkdf v0.12.4
[INFO] [stderr]    Compiling bs58 v0.5.1
[INFO] [stderr]    Compiling slab v0.4.9
[INFO] [stderr]    Compiling lock_api v0.4.12
[INFO] [stderr]    Compiling scopeguard v1.2.0
[INFO] [stderr]    Compiling static_assertions v1.1.0
[INFO] [stderr]    Compiling either v1.13.0
[INFO] [stderr]    Compiling bytes v1.8.0
[INFO] [stderr]    Compiling rustc_version v0.4.1
[INFO] [stderr]    Compiling idna v0.5.0
[INFO] [stderr]    Compiling allocator-api2 v0.2.18
[INFO] [stderr]    Compiling unsigned-varint v0.7.2
[INFO] [stderr]    Compiling arrayref v0.3.9
[INFO] [stderr]    Compiling foldhash v0.1.3
[INFO] [stderr]    Compiling fnv v1.0.7
[INFO] [stderr]    Compiling num_cpus v1.16.0
[INFO] [stderr]    Compiling getrandom v0.2.15
[INFO] [stderr]    Compiling curve25519-dalek v4.1.3
[INFO] [stderr]    Compiling web-time v1.1.0
[INFO] [stderr]    Compiling void v1.0.2
[INFO] [stderr]    Compiling rand_core v0.6.4
[INFO] [stderr]    Compiling hashbrown v0.15.0
[INFO] [stderr]    Compiling futures-timer v3.0.3
[INFO] [stderr]    Compiling rayon v1.10.0
[INFO] [stderr]    Compiling memory-stats v1.2.0
[INFO] [stderr]    Compiling url v2.5.2
[INFO] [stderr]    Compiling parking_lot v0.12.3
[INFO] [stderr]    Compiling data-encoding-macro-internal v0.1.13
[INFO] [stderr]    Compiling lru v0.12.5
[INFO] [stderr]    Compiling data-encoding-macro v0.1.15
[INFO] [stderr]    Compiling multibase v0.9.1
[INFO] [stderr]    Compiling sysinfo v0.30.13
[INFO] [stderr]    Compiling futures-macro v0.3.31
[INFO] [stderr]    Compiling zerocopy-derive v0.7.35
[INFO] [stderr]    Compiling curve25519-dalek-derive v0.1.1
[INFO] [stderr]    Compiling tracing-attributes v0.1.27
[INFO] [stderr]    Compiling pin-project-internal v1.1.7
[INFO] [stderr]    Compiling thiserror-impl v1.0.66
[INFO] [stderr]    Compiling zerocopy v0.7.35
[INFO] [stderr]    Compiling futures-util v0.3.31
[INFO] [stderr]    Compiling pin-project v1.1.7
[INFO] [stderr]    Compiling tracing v0.1.40
[INFO] [stderr]    Compiling ppv-lite86 v0.2.20
[INFO] [stderr]    Compiling ed25519-dalek v2.1.1
[INFO] [stderr]    Compiling rand_chacha v0.3.1
[INFO] [stderr]    Compiling libp2p-identity v0.2.9
[INFO] [stderr]    Compiling rand v0.8.5
[INFO] [stderr]    Compiling multiaddr v0.18.2
[INFO] [stderr]    Compiling futures-executor v0.3.31
[INFO] [stderr]    Compiling futures v0.3.31
[INFO] [stderr]    Compiling multistream-select v0.13.0
[INFO] [stderr]    Compiling rw-stream-sink v0.4.0
[INFO] [stderr]    Compiling libp2p-core v0.42.0
[INFO] [stderr]    Compiling libp2p-swarm v0.45.1
[INFO] [stderr]    Compiling libp2p-memory-connection-limits v0.3.0 (/opt/rustwide/workdir)
[INFO] [stderr]     Finished `dev` profile [unoptimized + debuginfo] target(s) in 9.91s
[INFO] running `Command { std: "docker" "inspect" "b56b886bde358b156f834869310bb0313a1fda34202e23c7a65842ffa2217eb0", kill_on_drop: false }`
[INFO] running `Command { std: "docker" "rm" "-f" "b56b886bde358b156f834869310bb0313a1fda34202e23c7a65842ffa2217eb0", kill_on_drop: false }`
[INFO] [stdout] b56b886bde358b156f834869310bb0313a1fda34202e23c7a65842ffa2217eb0
[INFO] running `Command { std: "docker" "create" "-v" "/var/lib/crater-agent-workspace/builds/worker-0-tc1/target:/opt/rustwide/target:rw,Z" "-v" "/var/lib/crater-agent-workspace/builds/worker-0-tc1/source:/opt/rustwide/workdir:ro,Z" "-v" "/var/lib/crater-agent-workspace/cargo-home:/opt/rustwide/cargo-home:ro,Z" "-v" "/var/lib/crater-agent-workspace/rustup-home:/opt/rustwide/rustup-home:ro,Z" "-e" "SOURCE_DIR=/opt/rustwide/workdir" "-e" "CARGO_TARGET_DIR=/opt/rustwide/target" "-e" "CARGO_INCREMENTAL=0" "-e" "RUST_BACKTRACE=full" "-e" "RUSTFLAGS=--cap-lints=forbid" "-e" "RUSTDOCFLAGS=--cap-lints=forbid" "-e" "CARGO_HOME=/opt/rustwide/cargo-home" "-e" "RUSTUP_HOME=/opt/rustwide/rustup-home" "-w" "/opt/rustwide/workdir" "-m" "1610612736" "--user" "0:0" "--network" "none" "ghcr.io/rust-lang/crates-build-env/linux@sha256:4a844ea9eb2546a2d2c7022eacef16ef2e8229c7fbb2c7d4d55a9ceca922f72d" "/opt/rustwide/cargo-home/bin/cargo" "+nightly-2024-10-28" "test" "--frozen" "--no-run" "--message-format=json", kill_on_drop: false }`
[INFO] [stdout] 52e961291e7a62e9f7fff53731aeeeb40dc47f6da82e17ddfd110da260568e69
[INFO] running `Command { std: "docker" "start" "-a" "52e961291e7a62e9f7fff53731aeeeb40dc47f6da82e17ddfd110da260568e69", kill_on_drop: false }`
[INFO] [stderr]    Compiling futures-core v0.3.31
[INFO] [stderr]    Compiling futures-io v0.3.31
[INFO] [stderr]    Compiling futures-sink v0.3.31
[INFO] [stderr]    Compiling syn v1.0.109
[INFO] [stderr]    Compiling parking v2.2.1
[INFO] [stderr]    Compiling value-bag v1.10.0
[INFO] [stderr]    Compiling concurrent-queue v2.5.0
[INFO] [stderr]    Compiling fastrand v2.1.1
[INFO] [stderr]    Compiling rustix v0.38.38
[INFO] [stderr]    Compiling atomic-waker v1.1.2
[INFO] [stderr]    Compiling async-task v4.7.1
[INFO] [stderr]    Compiling event-listener v2.5.3
[INFO] [stderr]    Compiling futures-channel v0.3.31
[INFO] [stderr]    Compiling futures-lite v2.4.0
[INFO] [stderr]    Compiling piper v0.2.4
[INFO] [stderr]    Compiling event-listener v5.3.1
[INFO] [stderr]    Compiling async-channel v1.9.0
[INFO] [stderr]    Compiling log v0.4.22
[INFO] [stderr]    Compiling futures-util v0.3.31
[INFO] [stderr]    Compiling event-listener-strategy v0.5.2
[INFO] [stderr]    Compiling kv-log-macro v1.0.7
[INFO] [stderr]    Compiling async-channel v2.3.1
[INFO] [stderr]    Compiling async-lock v3.4.0
[INFO] [stderr]    Compiling blocking v1.6.1
[INFO] [stderr]    Compiling async-executor v1.13.1
[INFO] [stderr]    Compiling data-encoding-macro-internal v0.1.13
[INFO] [stderr]    Compiling async-attributes v1.1.2
[INFO] [stderr]    Compiling futures-executor v0.3.31
[INFO] [stderr]    Compiling asynchronous-codec v0.7.0
[INFO] [stderr]    Compiling futures-bounded v0.2.4
[INFO] [stderr]    Compiling quick-protobuf-codec v0.3.1
[INFO] [stderr]    Compiling futures v0.3.31
[INFO] [stderr]    Compiling rw-stream-sink v0.4.0
[INFO] [stderr]    Compiling multistream-select v0.13.0
[INFO] [stderr]    Compiling data-encoding-macro v0.1.15
[INFO] [stderr]    Compiling multibase v0.9.1
[INFO] [stderr]    Compiling multiaddr v0.18.2
[INFO] [stderr]    Compiling libp2p-core v0.42.0
[INFO] [stderr]    Compiling polling v3.7.3
[INFO] [stderr]    Compiling async-io v2.3.4
[INFO] [stderr]    Compiling libp2p-swarm v0.45.1
[INFO] [stderr]    Compiling async-global-executor v2.4.1
[INFO] [stderr]    Compiling async-std v1.13.0
[INFO] [stderr]    Compiling libp2p-identify v0.45.0
[INFO] [stderr]    Compiling libp2p-memory-connection-limits v0.3.0 (/opt/rustwide/workdir)
[INFO] [stdout] error[E0432]: unresolved import `libp2p_swarm_test`
[INFO] [stdout]   --> tests/max_percentage.rs:34:5
[INFO] [stdout]    |
[INFO] [stdout] 34 | use libp2p_swarm_test::SwarmExt;
[INFO] [stdout]    |     ^^^^^^^^^^^^^^^^^ use of undeclared crate or module `libp2p_swarm_test`
[INFO] [stdout]    |
[INFO] [stdout] help: there is a crate or module with a similar name
[INFO] [stdout]    |
[INFO] [stdout] 34 | use libp2p_swarm::SwarmExt;
[INFO] [stdout]    |     ~~~~~~~~~~~~
[INFO] [stdout] 
[INFO] [stdout] 
[INFO] [stdout] error[E0433]: failed to resolve: use of undeclared crate or module `libp2p_swarm_derive`
[INFO] [stdout]   --> tests/util/mod.rs:31:10
[INFO] [stdout]    |
[INFO] [stdout] 31 | #[derive(libp2p_swarm_derive::NetworkBehaviour)]
[INFO] [stdout]    |          ^^^^^^^^^^^^^^^^^^^ use of undeclared crate or module `libp2p_swarm_derive`
[INFO] [stdout] 
[INFO] [stdout] 
[INFO] [stdout] error[E0432]: unresolved import `libp2p_swarm_test`
[INFO] [stdout]   --> tests/max_bytes.rs:30:5
[INFO] [stdout]    |
[INFO] [stdout] 30 | use libp2p_swarm_test::SwarmExt;
[INFO] [stdout]    |     ^^^^^^^^^^^^^^^^^ use of undeclared crate or module `libp2p_swarm_test`
[INFO] [stdout]    |
[INFO] [stdout] help: there is a crate or module with a similar name
[INFO] [stdout]    |
[INFO] [stdout] 30 | use libp2p_swarm::SwarmExt;
[INFO] [stdout]    |     ~~~~~~~~~~~~
[INFO] [stdout] 
[INFO] [stdout] 
[INFO] [stdout] error[E0433]: failed to resolve: use of undeclared crate or module `libp2p_swarm_derive`
[INFO] [stdout]   --> tests/util/mod.rs:31:10
[INFO] [stdout]    |
[INFO] [stdout] 31 | #[derive(libp2p_swarm_derive::NetworkBehaviour)]
[INFO] [stdout]    |          ^^^^^^^^^^^^^^^^^^^ use of undeclared crate or module `libp2p_swarm_derive`
[INFO] [stdout] 
[INFO] [stdout] 
[INFO] [stdout] error: cannot find attribute `behaviour` in this scope
[INFO] [stdout]   --> tests/util/mod.rs:32:3
[INFO] [stdout]    |
[INFO] [stdout] 32 | #[behaviour(prelude = "libp2p_swarm::derive_prelude")]
[INFO] [stdout]    |   ^^^^^^^^^
[INFO] [stdout] 
[INFO] [stdout] 
[INFO] [stdout] error: cannot find attribute `behaviour` in this scope
[INFO] [stdout]   --> tests/util/mod.rs:32:3
[INFO] [stdout]    |
[INFO] [stdout] 32 | #[behaviour(prelude = "libp2p_swarm::derive_prelude")]
[INFO] [stdout]    |   ^^^^^^^^^
[INFO] [stdout] 
[INFO] [stdout] 
[INFO] [stdout] error[E0599]: no function or associated item named `new_ephemeral` found for struct `Swarm` in the current scope
[INFO] [stdout]    --> tests/max_bytes.rs:37:30
[INFO] [stdout]     |
[INFO] [stdout] 37  |     let mut network = Swarm::new_ephemeral(|_| TestBehaviour {
[INFO] [stdout]     |                              ^^^^^^^^^^^^^ function or associated item not found in `Swarm<_>`
[INFO] [stdout]     |
[INFO] [stdout] note: if you're trying to build a new `Swarm<_>`, consider using `Swarm::<TBehaviour>::new` which returns `Swarm<_>`
[INFO] [stdout]    --> /opt/rustwide/cargo-home/registry/src/index.crates.io-6f17d22bba15001f/libp2p-swarm-0.45.1/src/lib.rs:366:5
[INFO] [stdout]     |
[INFO] [stdout] 366 | /     pub fn new(
[INFO] [stdout] 367 | |         transport: transport::Boxed<(PeerId, StreamMuxerBox)>,
[INFO] [stdout] 368 | |         behaviour: TBehaviour,
[INFO] [stdout] 369 | |         local_peer_id: PeerId,
[INFO] [stdout] 370 | |         config: Config,
[INFO] [stdout] 371 | |     ) -> Self {
[INFO] [stdout]     | |_____________^
[INFO] [stdout] 
[INFO] [stdout] 
[INFO] [stdout] error[E0599]: no function or associated item named `new_ephemeral` found for struct `Swarm` in the current scope
[INFO] [stdout]    --> tests/max_percentage.rs:43:30
[INFO] [stdout]     |
[INFO] [stdout] 43  |     let mut network = Swarm::new_ephemeral(|_| TestBehaviour {
[INFO] [stdout]     |                              ^^^^^^^^^^^^^ function or associated item not found in `Swarm<_>`
[INFO] [stdout]     |
[INFO] [stdout] note: if you're trying to build a new `Swarm<_>`, consider using `Swarm::<TBehaviour>::new` which returns `Swarm<_>`
[INFO] [stdout]    --> /opt/rustwide/cargo-home/registry/src/index.crates.io-6f17d22bba15001f/libp2p-swarm-0.45.1/src/lib.rs:366:5
[INFO] [stdout]     |
[INFO] [stdout] 366 | /     pub fn new(
[INFO] [stdout] 367 | |         transport: transport::Boxed<(PeerId, StreamMuxerBox)>,
[INFO] [stdout] 368 | |         behaviour: TBehaviour,
[INFO] [stdout] 369 | |         local_peer_id: PeerId,
[INFO] [stdout] 370 | |         config: Config,
[INFO] [stdout] 371 | |     ) -> Self {
[INFO] [stdout]     | |_____________^
[INFO] [stdout] 
[INFO] [stdout] 
[INFO] [stdout] error[E0599]: no function or associated item named `random` found for struct `PeerId` in the current scope
[INFO] [stdout]   --> tests/max_percentage.rs:49:26
[INFO] [stdout]    |
[INFO] [stdout] 49 |     let target = PeerId::random();
[INFO] [stdout]    |                          ^^^^^^ function or associated item not found in `PeerId`
[INFO] [stdout]    |
[INFO] [stdout] note: if you're trying to build a new `PeerId` consider using one of the following associated functions:
[INFO] [stdout]       PeerId::from_public_key
[INFO] [stdout]       PeerId::from_bytes
[INFO] [stdout]       PeerId::from_multihash
[INFO] [stdout]   --> /opt/rustwide/cargo-home/registry/src/index.crates.io-6f17d22bba15001f/libp2p-identity-0.2.9/src/peer_id.rs:67:5
[INFO] [stdout]    |
[INFO] [stdout] 67 |     pub fn from_public_key(key: &crate::keypair::PublicKey) -> PeerId {
[INFO] [stdout]    |     ^^^^^^^^^^^^^^^^^^^^^^^^^^^^^^^^^^^^^^^^^^^^^^^^^^^^^^^^^^^^^^^^^
[INFO] [stdout] ...
[INFO] [stdout] 82 |     pub fn from_bytes(data: &[u8]) -> Result<PeerId, ParseError> {
[INFO] [stdout]    |     ^^^^^^^^^^^^^^^^^^^^^^^^^^^^^^^^^^^^^^^^^^^^^^^^^^^^^^^^^^^^
[INFO] [stdout] ...
[INFO] [stdout] 92 |     pub fn from_multihash(multihash: Multihash) -> Result<PeerId, Multihash> {
[INFO] [stdout]    |     ^^^^^^^^^^^^^^^^^^^^^^^^^^^^^^^^^^^^^^^^^^^^^^^^^^^^^^^^^^^^^^^^^^^^^^^^
[INFO] [stdout] 
[INFO] [stdout] 
[INFO] [stdout] error[E0599]: no function or associated item named `random` found for struct `PeerId` in the current scope
[INFO] [stdout]   --> tests/max_bytes.rs:43:26
[INFO] [stdout]    |
[INFO] [stdout] 43 |     let target = PeerId::random();
[INFO] [stdout]    |                          ^^^^^^ function or associated item not found in `PeerId`
[INFO] [stdout]    |
[INFO] [stdout] note: if you're trying to build a new `PeerId` consider using one of the following associated functions:
[INFO] [stdout]       PeerId::from_public_key
[INFO] [stdout]       PeerId::from_bytes
[INFO] [stdout]       PeerId::from_multihash
[INFO] [stdout]   --> /opt/rustwide/cargo-home/registry/src/index.crates.io-6f17d22bba15001f/libp2p-identity-0.2.9/src/peer_id.rs:67:5
[INFO] [stdout]    |
[INFO] [stdout] 67 |     pub fn from_public_key(key: &crate::keypair::PublicKey) -> PeerId {
[INFO] [stdout]    |     ^^^^^^^^^^^^^^^^^^^^^^^^^^^^^^^^^^^^^^^^^^^^^^^^^^^^^^^^^^^^^^^^^
[INFO] [stdout] ...
[INFO] [stdout] 82 |     pub fn from_bytes(data: &[u8]) -> Result<PeerId, ParseError> {
[INFO] [stdout]    |     ^^^^^^^^^^^^^^^^^^^^^^^^^^^^^^^^^^^^^^^^^^^^^^^^^^^^^^^^^^^^
[INFO] [stdout] ...
[INFO] [stdout] 92 |     pub fn from_multihash(multihash: Multihash) -> Result<PeerId, Multihash> {
[INFO] [stdout]    |     ^^^^^^^^^^^^^^^^^^^^^^^^^^^^^^^^^^^^^^^^^^^^^^^^^^^^^^^^^^^^^^^^^^^^^^^^
[INFO] [stdout] 
[INFO] [stdout] 
[INFO] [stdout] Some errors have detailed explanations: E0432, E0433, E0599.
[INFO] [stdout] 
[INFO] [stdout] Some errors have detailed explanations: E0432, E0433, E0599.
[INFO] [stdout] 
[INFO] [stdout] For more information about an error, try `rustc --explain E0432`.
[INFO] [stdout] 
[INFO] [stdout] For more information about an error, try `rustc --explain E0432`.
[INFO] [stdout] 
[INFO] [stderr] error: could not compile `libp2p-memory-connection-limits` (test "max_percentage") due to 5 previous errors
[INFO] [stderr] warning: build failed, waiting for other jobs to finish...
[INFO] [stderr] error: could not compile `libp2p-memory-connection-limits` (test "max_bytes") due to 5 previous errors
[INFO] running `Command { std: "docker" "inspect" "52e961291e7a62e9f7fff53731aeeeb40dc47f6da82e17ddfd110da260568e69", kill_on_drop: false }`
[INFO] running `Command { std: "docker" "rm" "-f" "52e961291e7a62e9f7fff53731aeeeb40dc47f6da82e17ddfd110da260568e69", kill_on_drop: false }`
[INFO] [stdout] 52e961291e7a62e9f7fff53731aeeeb40dc47f6da82e17ddfd110da260568e69
