[INFO] fetching crate libp2p-autorelay 0.1.0-alpha.0...
[INFO] testing libp2p-autorelay-0.1.0-alpha.0 against nightly-2024-10-28 for randomize-layout
[INFO] extracting crate libp2p-autorelay 0.1.0-alpha.0 into /workspace/builds/worker-3-tc1/source
[INFO] validating manifest of crates.io crate libp2p-autorelay 0.1.0-alpha.0 on toolchain nightly-2024-10-28
[INFO] running `Command { std: CARGO_HOME="/workspace/cargo-home" RUSTUP_HOME="/workspace/rustup-home" "/workspace/cargo-home/bin/cargo" "+nightly-2024-10-28" "metadata" "--manifest-path" "Cargo.toml" "--no-deps", kill_on_drop: false }`
[INFO] started tweaking crates.io crate libp2p-autorelay 0.1.0-alpha.0
[INFO] finished tweaking crates.io crate libp2p-autorelay 0.1.0-alpha.0
[INFO] tweaked toml for crates.io crate libp2p-autorelay 0.1.0-alpha.0 written to /workspace/builds/worker-3-tc1/source/Cargo.toml
[INFO] crate crates.io crate libp2p-autorelay 0.1.0-alpha.0 already has a lockfile, it will not be regenerated
[INFO] running `Command { std: CARGO_HOME="/workspace/cargo-home" RUSTUP_HOME="/workspace/rustup-home" "/workspace/cargo-home/bin/cargo" "+nightly-2024-10-28" "fetch" "--manifest-path" "Cargo.toml", kill_on_drop: false }`
[INFO] [stderr]     Updating crates.io index
[INFO] [stderr]  Downloading crates ...
[INFO] [stderr]   Downloaded asynchronous-codec v0.6.1
[INFO] [stderr]   Downloaded prost-build v0.11.5
[INFO] [stderr]   Downloaded zeroize_derive v1.3.3
[INFO] [stderr]   Downloaded prost v0.11.5
[INFO] [stderr]   Downloaded unsigned-varint v0.7.1
[INFO] [stderr]   Downloaded gloo-timers v0.2.5
[INFO] [stderr]   Downloaded ipconfig v0.3.1
[INFO] [stderr]   Downloaded dtoa v1.0.5
[INFO] [stderr]   Downloaded libp2p-deflate v0.38.0
[INFO] [stderr]   Downloaded prost-types v0.11.5
[INFO] [stderr]   Downloaded libp2p-wasm-ext v0.38.0
[INFO] [stderr]   Downloaded netlink-sys v0.8.3
[INFO] [stderr]   Downloaded libp2p-floodsub v0.41.0
[INFO] [stderr]   Downloaded libp2p-autonat v0.9.0
[INFO] [stderr]   Downloaded prettyplease v0.1.22
[INFO] [stderr]   Downloaded asn1-rs v0.5.1
[INFO] [stderr]   Downloaded packed_simd_2 v0.3.8
[INFO] [stderr]   Downloaded webrtc-dtls v0.7.0
[INFO] [stderr]   Downloaded x25519-dalek v2.0.0-pre.1
[INFO] [stderr]   Downloaded quinn-proto v0.9.2
[INFO] [stderr]   Downloaded webrtc-ice v0.9.0
[INFO] [stderr]   Downloaded webrtc-media v0.5.0
[INFO] [stderr]   Downloaded libp2p-dcutr v0.8.0
[INFO] [stderr]   Downloaded system-configuration v0.5.0
[INFO] [stderr]   Downloaded der-parser v8.1.0
[INFO] [stderr]   Downloaded yasna v0.5.1
[INFO] [stderr]   Downloaded rustls v0.20.7
[INFO] [stderr]   Downloaded arc-swap v1.5.1
[INFO] [stderr]   Downloaded async-trait v0.1.60
[INFO] [stderr]   Downloaded libp2p v0.50.0
[INFO] [stderr]   Downloaded libp2p-relay v0.14.0
[INFO] [stderr]   Downloaded libp2p-rendezvous v0.11.0
[INFO] [stderr]   Downloaded polling v2.5.2
[INFO] [stderr]   Downloaded async-io v1.12.0
[INFO] [stderr]   Downloaded blocking v1.3.0
[INFO] [stderr]   Downloaded asn1_der v0.7.5
[INFO] [stderr]   Downloaded curve25519-dalek v4.0.0-pre.5
[INFO] [stderr]   Downloaded ed25519 v1.5.2
[INFO] [stderr]   Downloaded prost-derive v0.11.5
[INFO] [stderr]   Downloaded fiat-crypto v0.1.17
[INFO] [stderr]   Downloaded libp2p-pnet v0.22.2
[INFO] [stderr]   Downloaded libp2p-uds v0.37.0
[INFO] [stderr]   Downloaded netlink-packet-utils v0.5.1
[INFO] [stderr]   Downloaded platforms v3.0.2
[INFO] [stderr]   Downloaded const-oid v0.9.1
[INFO] [stderr]   Downloaded snow v0.9.0
[INFO] [stderr]   Downloaded libp2p-tls v0.1.0-alpha
[INFO] [stderr]   Downloaded async-global-executor v2.3.1
[INFO] [stderr]   Downloaded async-net v1.7.0
[INFO] [stderr]   Downloaded pem v1.1.0
[INFO] [stderr]   Downloaded libp2p-websocket v0.40.0
[INFO] [stderr]   Downloaded async-process v1.6.0
[INFO] [stderr]   Downloaded if-watch v3.0.0
[INFO] running `Command { std: "docker" "create" "-v" "/var/lib/crater-agent-workspace/builds/worker-3-tc1/target:/opt/rustwide/target:rw,Z" "-v" "/var/lib/crater-agent-workspace/builds/worker-3-tc1/source:/opt/rustwide/workdir:ro,Z" "-v" "/var/lib/crater-agent-workspace/cargo-home:/opt/rustwide/cargo-home:ro,Z" "-v" "/var/lib/crater-agent-workspace/rustup-home:/opt/rustwide/rustup-home:ro,Z" "-e" "SOURCE_DIR=/opt/rustwide/workdir" "-e" "CARGO_TARGET_DIR=/opt/rustwide/target" "-e" "CARGO_HOME=/opt/rustwide/cargo-home" "-e" "RUSTUP_HOME=/opt/rustwide/rustup-home" "-w" "/opt/rustwide/workdir" "-m" "1610612736" "--user" "0:0" "--network" "none" "ghcr.io/rust-lang/crates-build-env/linux@sha256:4a844ea9eb2546a2d2c7022eacef16ef2e8229c7fbb2c7d4d55a9ceca922f72d" "/opt/rustwide/cargo-home/bin/cargo" "+nightly-2024-10-28" "metadata" "--no-deps" "--format-version=1", kill_on_drop: false }`
[INFO] [stdout] 28806b18ea769c615d075b037b1e73abc9a74b202cc19d4bf72169f9162dff8a
[INFO] running `Command { std: "docker" "start" "-a" "28806b18ea769c615d075b037b1e73abc9a74b202cc19d4bf72169f9162dff8a", kill_on_drop: false }`
[INFO] running `Command { std: "docker" "inspect" "28806b18ea769c615d075b037b1e73abc9a74b202cc19d4bf72169f9162dff8a", kill_on_drop: false }`
[INFO] running `Command { std: "docker" "rm" "-f" "28806b18ea769c615d075b037b1e73abc9a74b202cc19d4bf72169f9162dff8a", kill_on_drop: false }`
[INFO] [stdout] 28806b18ea769c615d075b037b1e73abc9a74b202cc19d4bf72169f9162dff8a
[INFO] running `Command { std: "docker" "create" "-v" "/var/lib/crater-agent-workspace/builds/worker-3-tc1/target:/opt/rustwide/target:rw,Z" "-v" "/var/lib/crater-agent-workspace/builds/worker-3-tc1/source:/opt/rustwide/workdir:ro,Z" "-v" "/var/lib/crater-agent-workspace/cargo-home:/opt/rustwide/cargo-home:ro,Z" "-v" "/var/lib/crater-agent-workspace/rustup-home:/opt/rustwide/rustup-home:ro,Z" "-e" "SOURCE_DIR=/opt/rustwide/workdir" "-e" "CARGO_TARGET_DIR=/opt/rustwide/target" "-e" "CARGO_INCREMENTAL=0" "-e" "RUST_BACKTRACE=full" "-e" "RUSTFLAGS=--cap-lints=forbid" "-e" "RUSTDOCFLAGS=--cap-lints=forbid" "-e" "CARGO_HOME=/opt/rustwide/cargo-home" "-e" "RUSTUP_HOME=/opt/rustwide/rustup-home" "-w" "/opt/rustwide/workdir" "-m" "1610612736" "--user" "0:0" "--network" "none" "ghcr.io/rust-lang/crates-build-env/linux@sha256:4a844ea9eb2546a2d2c7022eacef16ef2e8229c7fbb2c7d4d55a9ceca922f72d" "/opt/rustwide/cargo-home/bin/cargo" "+nightly-2024-10-28" "build" "--frozen" "--message-format=json", kill_on_drop: false }`
[INFO] [stdout] 6845e22e28a6cca625e6a0ee6ef78c196a7a4983dad2649f2d357a8d8a5726a4
[INFO] running `Command { std: "docker" "start" "-a" "6845e22e28a6cca625e6a0ee6ef78c196a7a4983dad2649f2d357a8d8a5726a4", kill_on_drop: false }`
[INFO] [stderr]    Compiling proc-macro2 v1.0.49
[INFO] [stderr]    Compiling unicode-ident v1.0.6
[INFO] [stderr]    Compiling quote v1.0.23
[INFO] [stderr]    Compiling syn v1.0.107
[INFO] [stderr]    Compiling libc v0.2.139
[INFO] [stderr]    Compiling autocfg v1.1.0
[INFO] [stderr]    Compiling version_check v0.9.4
[INFO] [stderr]    Compiling typenum v1.16.0
[INFO] [stderr]    Compiling futures-core v0.3.25
[INFO] [stderr]    Compiling memchr v2.5.0
[INFO] [stderr]    Compiling futures-channel v0.3.25
[INFO] [stderr]    Compiling futures-task v0.3.25
[INFO] [stdout] error[E0422]: cannot find struct, variant or union type `LineColumn` in crate `proc_macro`
[INFO] [stdout]    --> /opt/rustwide/cargo-home/registry/src/index.crates.io-6f17d22bba15001f/proc-macro2-1.0.49/src/wrapper.rs:479:33
[INFO] [stdout]     |
[INFO] [stdout] 479 |                 let proc_macro::LineColumn { line, column } = s.start();
[INFO] [stdout]     |                                 ^^^^^^^^^^ not found in `proc_macro`
[INFO] [stdout]     |
[INFO] [stdout] help: consider importing one of these structs
[INFO] [stdout]     |
[INFO] [stdout] 1   + use crate::LineColumn;
[INFO] [stdout]     |
[INFO] [stdout] 1   + use crate::fallback::LineColumn;
[INFO] [stdout]     |
[INFO] [stdout] help: if you import `LineColumn`, refer to it directly
[INFO] [stdout]     |
[INFO] [stdout] 479 -                 let proc_macro::LineColumn { line, column } = s.start();
[INFO] [stdout] 479 +                 let LineColumn { line, column } = s.start();
[INFO] [stdout]     |
[INFO] [stdout] 
[INFO] [stdout] 
[INFO] [stdout] error[E0422]: cannot find struct, variant or union type `LineColumn` in crate `proc_macro`
[INFO] [stdout]    --> /opt/rustwide/cargo-home/registry/src/index.crates.io-6f17d22bba15001f/proc-macro2-1.0.49/src/wrapper.rs:496:33
[INFO] [stdout]     |
[INFO] [stdout] 496 |                 let proc_macro::LineColumn { line, column } = s.end();
[INFO] [stdout]     |                                 ^^^^^^^^^^ not found in `proc_macro`
[INFO] [stdout]     |
[INFO] [stdout] help: consider importing one of these structs
[INFO] [stdout]     |
[INFO] [stdout] 1   + use crate::LineColumn;
[INFO] [stdout]     |
[INFO] [stdout] 1   + use crate::fallback::LineColumn;
[INFO] [stdout]     |
[INFO] [stdout] help: if you import `LineColumn`, refer to it directly
[INFO] [stdout]     |
[INFO] [stdout] 496 -                 let proc_macro::LineColumn { line, column } = s.end();
[INFO] [stdout] 496 +                 let LineColumn { line, column } = s.end();
[INFO] [stdout]     |
[INFO] [stdout] 
[INFO] [stdout] 
[INFO] [stderr]    Compiling slab v0.4.7
[INFO] [stdout] error[E0635]: unknown feature `proc_macro_span_shrink`
[INFO] [stdout]   --> /opt/rustwide/cargo-home/registry/src/index.crates.io-6f17d22bba15001f/proc-macro2-1.0.49/src/lib.rs:92:30
[INFO] [stdout]    |
[INFO] [stdout] 92 |     feature(proc_macro_span, proc_macro_span_shrink)
[INFO] [stdout]    |                              ^^^^^^^^^^^^^^^^^^^^^^
[INFO] [stdout] 
[INFO] [stdout] 
[INFO] [stderr]    Compiling generic-array v0.14.6
[INFO] [stderr]    Compiling futures-util v0.3.25
[INFO] [stderr]    Compiling either v1.8.0
[INFO] [stderr]    Compiling futures-sink v0.3.25
[INFO] [stderr]    Compiling anyhow v1.0.68
[INFO] [stderr]    Compiling unicode-xid v0.2.4
[INFO] [stdout] Some errors have detailed explanations: E0422, E0635.
[INFO] [stdout] 
[INFO] [stdout] For more information about an error, try `rustc --explain E0422`.
[INFO] [stdout] 
[INFO] [stderr] error: could not compile `proc-macro2` (lib) due to 3 previous errors
[INFO] [stderr] warning: build failed, waiting for other jobs to finish...
[INFO] running `Command { std: "docker" "inspect" "6845e22e28a6cca625e6a0ee6ef78c196a7a4983dad2649f2d357a8d8a5726a4", kill_on_drop: false }`
[INFO] running `Command { std: "docker" "rm" "-f" "6845e22e28a6cca625e6a0ee6ef78c196a7a4983dad2649f2d357a8d8a5726a4", kill_on_drop: false }`
[INFO] [stdout] 6845e22e28a6cca625e6a0ee6ef78c196a7a4983dad2649f2d357a8d8a5726a4
