[INFO] fetching crate libp2p-auto-relay 0.1.2...
[INFO] testing libp2p-auto-relay-0.1.2 against nightly-2024-10-28 for randomize-layout
[INFO] extracting crate libp2p-auto-relay 0.1.2 into /workspace/builds/worker-6-tc1/source
[INFO] validating manifest of crates.io crate libp2p-auto-relay 0.1.2 on toolchain nightly-2024-10-28
[INFO] running `Command { std: CARGO_HOME="/workspace/cargo-home" RUSTUP_HOME="/workspace/rustup-home" "/workspace/cargo-home/bin/cargo" "+nightly-2024-10-28" "metadata" "--manifest-path" "Cargo.toml" "--no-deps", kill_on_drop: false }`
[INFO] started tweaking crates.io crate libp2p-auto-relay 0.1.2
[INFO] finished tweaking crates.io crate libp2p-auto-relay 0.1.2
[INFO] tweaked toml for crates.io crate libp2p-auto-relay 0.1.2 written to /workspace/builds/worker-6-tc1/source/Cargo.toml
[INFO] running `Command { std: CARGO_HOME="/workspace/cargo-home" RUSTUP_HOME="/workspace/rustup-home" "/workspace/cargo-home/bin/cargo" "+nightly-2024-10-28" "generate-lockfile" "--manifest-path" "Cargo.toml", kill_on_drop: false }`
[INFO] [stderr]     Updating crates.io index
[INFO] [stderr]      Locking 216 packages to latest compatible versions
[INFO] [stderr]       Adding asynchronous-codec v0.6.2 (available: v0.7.0)
[INFO] [stderr]       Adding curve25519-dalek v3.2.0 (available: v3.2.1)
[INFO] [stderr]       Adding libp2p v0.50.1 (available: v0.54.1)
[INFO] [stderr]       Adding libp2p-core v0.38.0 (available: v0.42.0)
[INFO] [stderr]       Adding libp2p-noise v0.41.0 (available: v0.45.0)
[INFO] [stderr]       Adding libp2p-swarm v0.41.1 (available: v0.45.1)
[INFO] [stderr]       Adding libp2p-yamux v0.42.0 (available: v0.46.0)
[INFO] [stderr]       Adding proc-macro-crate v1.1.3 (available: v1.3.1)
[INFO] [stderr]       Adding prost v0.11.9 (available: v0.13.3)
[INFO] [stderr]       Adding prost-build v0.11.9 (available: v0.13.3)
[INFO] [stderr]       Adding x25519-dalek v1.1.1 (available: v1.2.0)
[INFO] running `Command { std: CARGO_HOME="/workspace/cargo-home" RUSTUP_HOME="/workspace/rustup-home" "/workspace/cargo-home/bin/cargo" "+nightly-2024-10-28" "fetch" "--manifest-path" "Cargo.toml", kill_on_drop: false }`
[INFO] running `Command { std: "docker" "create" "-v" "/var/lib/crater-agent-workspace/builds/worker-6-tc1/target:/opt/rustwide/target:rw,Z" "-v" "/var/lib/crater-agent-workspace/builds/worker-6-tc1/source:/opt/rustwide/workdir:ro,Z" "-v" "/var/lib/crater-agent-workspace/cargo-home:/opt/rustwide/cargo-home:ro,Z" "-v" "/var/lib/crater-agent-workspace/rustup-home:/opt/rustwide/rustup-home:ro,Z" "-e" "SOURCE_DIR=/opt/rustwide/workdir" "-e" "CARGO_TARGET_DIR=/opt/rustwide/target" "-e" "CARGO_HOME=/opt/rustwide/cargo-home" "-e" "RUSTUP_HOME=/opt/rustwide/rustup-home" "-w" "/opt/rustwide/workdir" "-m" "1610612736" "--user" "0:0" "--network" "none" "ghcr.io/rust-lang/crates-build-env/linux@sha256:4a844ea9eb2546a2d2c7022eacef16ef2e8229c7fbb2c7d4d55a9ceca922f72d" "/opt/rustwide/cargo-home/bin/cargo" "+nightly-2024-10-28" "metadata" "--no-deps" "--format-version=1", kill_on_drop: false }`
[INFO] [stdout] 52acf94f487b98167fc32b3d7b829d5d59eb1ffbd0d69346c27333f6cc8cb734
[INFO] running `Command { std: "docker" "start" "-a" "52acf94f487b98167fc32b3d7b829d5d59eb1ffbd0d69346c27333f6cc8cb734", kill_on_drop: false }`
[INFO] running `Command { std: "docker" "inspect" "52acf94f487b98167fc32b3d7b829d5d59eb1ffbd0d69346c27333f6cc8cb734", kill_on_drop: false }`
[INFO] running `Command { std: "docker" "rm" "-f" "52acf94f487b98167fc32b3d7b829d5d59eb1ffbd0d69346c27333f6cc8cb734", kill_on_drop: false }`
[INFO] [stdout] 52acf94f487b98167fc32b3d7b829d5d59eb1ffbd0d69346c27333f6cc8cb734
[INFO] running `Command { std: "docker" "create" "-v" "/var/lib/crater-agent-workspace/builds/worker-6-tc1/target:/opt/rustwide/target:rw,Z" "-v" "/var/lib/crater-agent-workspace/builds/worker-6-tc1/source:/opt/rustwide/workdir:ro,Z" "-v" "/var/lib/crater-agent-workspace/cargo-home:/opt/rustwide/cargo-home:ro,Z" "-v" "/var/lib/crater-agent-workspace/rustup-home:/opt/rustwide/rustup-home:ro,Z" "-e" "SOURCE_DIR=/opt/rustwide/workdir" "-e" "CARGO_TARGET_DIR=/opt/rustwide/target" "-e" "CARGO_INCREMENTAL=0" "-e" "RUST_BACKTRACE=full" "-e" "RUSTFLAGS=--cap-lints=forbid" "-e" "RUSTDOCFLAGS=--cap-lints=forbid" "-e" "CARGO_HOME=/opt/rustwide/cargo-home" "-e" "RUSTUP_HOME=/opt/rustwide/rustup-home" "-w" "/opt/rustwide/workdir" "-m" "1610612736" "--user" "0:0" "--network" "none" "ghcr.io/rust-lang/crates-build-env/linux@sha256:4a844ea9eb2546a2d2c7022eacef16ef2e8229c7fbb2c7d4d55a9ceca922f72d" "/opt/rustwide/cargo-home/bin/cargo" "+nightly-2024-10-28" "build" "--frozen" "--message-format=json", kill_on_drop: false }`
[INFO] [stdout] 6a383796da26c471f4314ff9a21da2465fe9a9960bf11ec5d688069f96ea6c57
[INFO] running `Command { std: "docker" "start" "-a" "6a383796da26c471f4314ff9a21da2465fe9a9960bf11ec5d688069f96ea6c57", kill_on_drop: false }`
[INFO] [stderr]    Compiling proc-macro2 v1.0.89
[INFO] [stderr]    Compiling unicode-ident v1.0.13
[INFO] [stderr]    Compiling cfg-if v1.0.0
[INFO] [stderr]    Compiling version_check v0.9.5
[INFO] [stderr]    Compiling syn v1.0.109
[INFO] [stderr]    Compiling libc v0.2.161
[INFO] [stderr]    Compiling autocfg v1.4.0
[INFO] [stderr]    Compiling typenum v1.17.0
[INFO] [stderr]    Compiling anyhow v1.0.92
[INFO] [stderr]    Compiling either v1.13.0
[INFO] [stderr]    Compiling futures-core v0.3.31
[INFO] [stderr]    Compiling futures-sink v0.3.31
[INFO] [stderr]    Compiling pin-project-lite v0.2.15
[INFO] [stderr]    Compiling memchr v2.7.4
[INFO] [stderr]    Compiling pin-utils v0.1.0
[INFO] [stderr]    Compiling futures-task v0.3.31
[INFO] [stderr]    Compiling futures-io v0.3.31
[INFO] [stderr]    Compiling byteorder v1.5.0
[INFO] [stderr]    Compiling rustix v0.38.38
[INFO] [stderr]    Compiling futures-channel v0.3.31
[INFO] [stderr]    Compiling linux-raw-sys v0.4.14
[INFO] [stderr]    Compiling serde v1.0.214
[INFO] [stderr]    Compiling bitflags v2.6.0
[INFO] [stderr]    Compiling regex-syntax v0.8.5
[INFO] [stderr]    Compiling itertools v0.10.5
[INFO] [stderr]    Compiling getrandom v0.1.16
[INFO] [stderr]    Compiling generic-array v0.14.7
[INFO] [stderr]    Compiling thiserror v1.0.66
[INFO] [stderr]    Compiling equivalent v1.0.1
[INFO] [stderr]    Compiling bytes v1.8.0
[INFO] [stderr]    Compiling hashbrown v0.15.0
[INFO] [stderr]    Compiling prettyplease v0.1.25
[INFO] [stderr]    Compiling slab v0.4.9
[INFO] [stderr]    Compiling proc-macro-error-attr v1.0.4
[INFO] [stderr]    Compiling once_cell v1.20.2
[INFO] [stderr]    Compiling home v0.5.9
[INFO] [stderr]    Compiling fixedbitset v0.4.2
[INFO] [stderr]    Compiling fastrand v2.1.1
[INFO] [stderr]    Compiling quote v1.0.37
[INFO] [stderr]    Compiling log v0.4.22
[INFO] [stderr]    Compiling proc-macro-error v1.0.4
[INFO] [stderr]    Compiling multimap v0.8.3
[INFO] [stderr]    Compiling syn v2.0.86
[INFO] [stderr]    Compiling indexmap v2.6.0
[INFO] [stderr]    Compiling heck v0.4.1
[INFO] [stderr]    Compiling lazy_static v1.5.0
[INFO] [stderr]    Compiling tinyvec_macros v0.1.1
[INFO] [stderr]    Compiling cpufeatures v0.2.14
[INFO] [stderr]    Compiling num_cpus v1.16.0
[INFO] [stderr]    Compiling tinyvec v1.8.0
[INFO] [stderr]    Compiling data-encoding v2.6.0
[INFO] [stderr]    Compiling unicode-xid v0.2.6
[INFO] [stderr]    Compiling rand_core v0.5.1
[INFO] [stderr]    Compiling const-oid v0.9.6
[INFO] [stderr]    Compiling getrandom v0.2.15
[INFO] [stderr]    Compiling lock_api v0.4.12
[INFO] [stderr]    Compiling percent-encoding v2.3.1
[INFO] [stderr]    Compiling smallvec v1.13.2
[INFO] [stderr]    Compiling base64ct v1.6.0
[INFO] [stderr]    Compiling unicode-bidi v0.3.17
[INFO] [stderr]    Compiling parking_lot_core v0.9.10
[INFO] [stderr]    Compiling form_urlencoded v1.2.1
[INFO] [stderr]    Compiling petgraph v0.6.5
[INFO] [stderr]    Compiling rand_core v0.6.4
[INFO] [stderr]    Compiling core2 v0.4.0
[INFO] [stderr]    Compiling regex-automata v0.4.8
[INFO] [stderr]    Compiling static_assertions v1.1.0
[INFO] [stderr]    Compiling subtle v2.6.1
[INFO] [stderr]    Compiling block-buffer v0.10.4
[INFO] [stderr]    Compiling crypto-common v0.1.6
[INFO] [stderr]    Compiling unicode-normalization v0.1.24
[INFO] [stderr]    Compiling digest v0.9.0
[INFO] [stderr]    Compiling block-buffer v0.9.0
[INFO] [stderr]    Compiling base-x v0.2.11
[INFO] [stderr]    Compiling digest v0.10.7
[INFO] [stderr]    Compiling opaque-debug v0.3.1
[INFO] [stderr]    Compiling scopeguard v1.2.0
[INFO] [stderr]    Compiling signature v1.6.4
[INFO] [stderr]    Compiling sha2 v0.9.9
[INFO] [stderr]    Compiling arrayref v0.3.9
[INFO] [stderr]    Compiling ed25519 v1.5.3
[INFO] [stderr]    Compiling base16ct v0.1.1
[INFO] [stderr]    Compiling sha2 v0.10.8
[INFO] [stderr]    Compiling instant v0.1.13
[INFO] [stderr]    Compiling futures-timer v3.0.3
[INFO] [stderr]    Compiling parking_lot v0.12.3
[INFO] [stderr]    Compiling fnv v1.0.7
[INFO] [stderr]    Compiling asn1_der v0.7.6
[INFO] [stderr]    Compiling idna v0.5.0
[INFO] [stderr]    Compiling bs58 v0.4.0
[INFO] [stderr]    Compiling void v1.0.2
[INFO] [stderr]    Compiling tempfile v3.13.0
[INFO] [stderr]    Compiling which v4.4.2
[INFO] [stderr]    Compiling tracing-core v0.1.32
[INFO] [stderr]    Compiling tap v1.0.1
[INFO] [stderr]    Compiling url v2.5.2
[INFO] [stderr]    Compiling regex v1.11.1
[INFO] [stderr]    Compiling toml v0.5.11
[INFO] [stderr]    Compiling synstructure v0.12.6
[INFO] [stderr]    Compiling prost-derive v0.11.9
[INFO] [stderr]    Compiling data-encoding-macro-internal v0.1.13
[INFO] [stderr]    Compiling futures-macro v0.3.31
[INFO] [stderr]    Compiling zerocopy-derive v0.7.35
[INFO] [stderr]    Compiling zeroize_derive v1.4.2
[INFO] [stderr]    Compiling thiserror-impl v1.0.66
[INFO] [stderr]    Compiling pin-project-internal v1.1.7
[INFO] [stderr]    Compiling tracing-attributes v0.1.27
[INFO] [stderr]    Compiling data-encoding-macro v0.1.15
[INFO] [stderr]    Compiling multibase v0.9.1
[INFO] [stderr]    Compiling zeroize v1.8.1
[INFO] [stderr]    Compiling zerocopy v0.7.35
[INFO] [stderr]    Compiling der v0.6.1
[INFO] [stderr]    Compiling curve25519-dalek v3.2.0
[INFO] [stderr]    Compiling futures-util v0.3.31
[INFO] [stderr]    Compiling proc-macro-crate v1.1.3
[INFO] [stderr]    Compiling pin-project v1.1.7
[INFO] [stderr]    Compiling prost v0.11.9
[INFO] [stderr]    Compiling tracing v0.1.40
[INFO] [stderr]    Compiling ppv-lite86 v0.2.20
[INFO] [stderr]    Compiling multihash-derive v0.8.1
[INFO] [stderr]    Compiling prost-types v0.11.9
[INFO] [stderr]    Compiling spki v0.6.0
[INFO] [stderr]    Compiling rand_chacha v0.2.2
[INFO] [stderr]    Compiling rand_chacha v0.3.1
[INFO] [stderr]    Compiling pkcs8 v0.9.0
[INFO] [stderr]    Compiling sec1 v0.3.0
[INFO] [stderr]    Compiling rand v0.7.3
[INFO] [stderr]    Compiling rand v0.8.5
[INFO] [stderr]    Compiling prost-build v0.11.9
[INFO] [stderr]    Compiling ed25519-dalek v1.0.1
[INFO] [stderr]    Compiling libp2p-core v0.38.0
[INFO] [stderr]    Compiling libp2p-auto-relay v0.1.2 (/opt/rustwide/workdir)
[INFO] [stderr]    Compiling asynchronous-codec v0.6.2
[INFO] [stderr]    Compiling futures-executor v0.3.31
[INFO] [stderr]    Compiling unsigned-varint v0.7.2
[INFO] [stderr]    Compiling futures v0.3.31
[INFO] [stderr]    Compiling rw-stream-sink v0.3.0
[INFO] [stderr]    Compiling multihash v0.16.3
[INFO] [stderr]    Compiling multistream-select v0.12.1
[INFO] [stderr]    Compiling prost-codec v0.3.0
[INFO] [stderr]    Compiling multiaddr v0.16.0
[INFO] [stderr]    Compiling libp2p-swarm v0.41.1
[INFO] [stdout] error[E0658]: `impl Trait` in associated types is unstable
[INFO] [stdout]    --> src/combine.rs:124:17
[INFO] [stdout]     |
[INFO] [stdout] 124 |     type Dial = impl Future<Output = Result<Self::Output, Self::Error>>;
[INFO] [stdout]     |                 ^^^^^^^^^^^^^^^^^^^^^^^^^^^^^^^^^^^^^^^^^^^^^^^^^^^^^^^
[INFO] [stdout]     |
[INFO] [stdout]     = note: see issue #63063 <https://github.com/rust-lang/rust/issues/63063> for more information
[INFO] [stdout]     = help: add `#![feature(impl_trait_in_assoc_type)]` to the crate attributes to enable
[INFO] [stdout]     = note: this compiler was built on 2024-10-27; consider upgrading it if it is out of date
[INFO] [stdout] 
[INFO] [stdout] 
[INFO] [stdout] error[E0658]: `impl Trait` in associated types is unstable
[INFO] [stdout]   --> src/endpoint/transport.rs:71:17
[INFO] [stdout]    |
[INFO] [stdout] 71 |     type Dial = impl Future<Output = Result<Self::Output, Self::Error>>;
[INFO] [stdout]    |                 ^^^^^^^^^^^^^^^^^^^^^^^^^^^^^^^^^^^^^^^^^^^^^^^^^^^^^^^
[INFO] [stdout]    |
[INFO] [stdout]    = note: see issue #63063 <https://github.com/rust-lang/rust/issues/63063> for more information
[INFO] [stdout]    = help: add `#![feature(impl_trait_in_assoc_type)]` to the crate attributes to enable
[INFO] [stdout]    = note: this compiler was built on 2024-10-27; consider upgrading it if it is out of date
[INFO] [stdout] 
[INFO] [stdout] 
[INFO] [stdout] error[E0658]: `impl Trait` in associated types is unstable
[INFO] [stdout]   --> src/endpoint/upgrade/inbound.rs:42:19
[INFO] [stdout]    |
[INFO] [stdout] 42 |     type Future = impl Future<Output = Result<Self::Output, Self::Error>>;
[INFO] [stdout]    |                   ^^^^^^^^^^^^^^^^^^^^^^^^^^^^^^^^^^^^^^^^^^^^^^^^^^^^^^^
[INFO] [stdout]    |
[INFO] [stdout]    = note: see issue #63063 <https://github.com/rust-lang/rust/issues/63063> for more information
[INFO] [stdout]    = help: add `#![feature(impl_trait_in_assoc_type)]` to the crate attributes to enable
[INFO] [stdout]    = note: this compiler was built on 2024-10-27; consider upgrading it if it is out of date
[INFO] [stdout] 
[INFO] [stdout] 
[INFO] [stdout] error[E0658]: `impl Trait` in associated types is unstable
[INFO] [stdout]    --> src/endpoint/upgrade/outbound.rs:187:19
[INFO] [stdout]     |
[INFO] [stdout] 187 |     type Future = impl Future<Output = Result<Self::Output, Self::Error>>;
[INFO] [stdout]     |                   ^^^^^^^^^^^^^^^^^^^^^^^^^^^^^^^^^^^^^^^^^^^^^^^^^^^^^^^
[INFO] [stdout]     |
[INFO] [stdout]     = note: see issue #63063 <https://github.com/rust-lang/rust/issues/63063> for more information
[INFO] [stdout]     = help: add `#![feature(impl_trait_in_assoc_type)]` to the crate attributes to enable
[INFO] [stdout]     = note: this compiler was built on 2024-10-27; consider upgrading it if it is out of date
[INFO] [stdout] 
[INFO] [stdout] 
[INFO] [stdout] error[E0658]: `impl Trait` in associated types is unstable
[INFO] [stdout]    --> src/relay/upgrade/inbound.rs:284:19
[INFO] [stdout]     |
[INFO] [stdout] 284 |     type Future = impl Future<Output = Result<Self::Output, Self::Error>>;
[INFO] [stdout]     |                   ^^^^^^^^^^^^^^^^^^^^^^^^^^^^^^^^^^^^^^^^^^^^^^^^^^^^^^^
[INFO] [stdout]     |
[INFO] [stdout]     = note: see issue #63063 <https://github.com/rust-lang/rust/issues/63063> for more information
[INFO] [stdout]     = help: add `#![feature(impl_trait_in_assoc_type)]` to the crate attributes to enable
[INFO] [stdout]     = note: this compiler was built on 2024-10-27; consider upgrading it if it is out of date
[INFO] [stdout] 
[INFO] [stdout] 
[INFO] [stdout] error[E0658]: `impl Trait` in associated types is unstable
[INFO] [stdout]   --> src/relay/upgrade/outbound.rs:42:19
[INFO] [stdout]    |
[INFO] [stdout] 42 |     type Future = impl Future<Output = Result<Self::Output, Self::Error>>;
[INFO] [stdout]    |                   ^^^^^^^^^^^^^^^^^^^^^^^^^^^^^^^^^^^^^^^^^^^^^^^^^^^^^^^
[INFO] [stdout]    |
[INFO] [stdout]    = note: see issue #63063 <https://github.com/rust-lang/rust/issues/63063> for more information
[INFO] [stdout]    = help: add `#![feature(impl_trait_in_assoc_type)]` to the crate attributes to enable
[INFO] [stdout]    = note: this compiler was built on 2024-10-27; consider upgrading it if it is out of date
[INFO] [stdout] 
[INFO] [stdout] 
[INFO] [stdout] warning: unused import: `ListenRequest`
[INFO] [stdout]  --> src/relay/upgrade/mod.rs:3:51
[INFO] [stdout]   |
[INFO] [stdout] 3 | pub use inbound::{ConnectRequest, InboundUpgrade, ListenRequest};
[INFO] [stdout]   |                                                   ^^^^^^^^^^^^^
[INFO] [stdout]   |
[INFO] [stdout]   = note: `#[warn(unused_imports)]` on by default
[INFO] [stdout] 
[INFO] [stdout] 
[INFO] [stdout] error: item does not constrain `<endpoint::transport::Transport as libp2p_core::Transport>::Dial::{opaque#0}`, but has it in its signature
[INFO] [stdout]    --> src/endpoint/transport.rs:159:8
[INFO] [stdout]     |
[INFO] [stdout] 159 |     fn dial_as_listener(
[INFO] [stdout]     |        ^^^^^^^^^^^^^^^^
[INFO] [stdout]     |
[INFO] [stdout]     = note: consider moving the opaque type's declaration and defining uses into a separate module
[INFO] [stdout] note: this opaque type is in the signature
[INFO] [stdout]    --> src/endpoint/transport.rs:71:17
[INFO] [stdout]     |
[INFO] [stdout] 71  |     type Dial = impl Future<Output = Result<Self::Output, Self::Error>>;
[INFO] [stdout]     |                 ^^^^^^^^^^^^^^^^^^^^^^^^^^^^^^^^^^^^^^^^^^^^^^^^^^^^^^^
[INFO] [stdout] 
[INFO] [stdout] 
[INFO] [stdout] error: item does not constrain `CopyFuture::{opaque#0}`, but has it in its signature
[INFO] [stdout]    --> src/relay/behaviour.rs:48:12
[INFO] [stdout]     |
[INFO] [stdout] 48  |     pub fn new() -> Self {
[INFO] [stdout]     |            ^^^
[INFO] [stdout]     |
[INFO] [stdout]     = note: consider moving the opaque type's declaration and defining uses into a separate module
[INFO] [stdout] note: this opaque type is in the signature
[INFO] [stdout]    --> src/relay/behaviour.rs:243:19
[INFO] [stdout]     |
[INFO] [stdout] 243 | type CopyFuture = impl Future<Output = io::Result<u64>>;
[INFO] [stdout]     |                   ^^^^^^^^^^^^^^^^^^^^^^^^^^^^^^^^^^^^^
[INFO] [stdout] 
[INFO] [stdout] 
[INFO] [stdout] error[E0308]: mismatched types
[INFO] [stdout]    --> src/relay/behaviour.rs:119:43
[INFO] [stdout]     |
[INFO] [stdout] 119 |                 self.io_copy_futures.push(copy(dial_conn_read, conn_write));
[INFO] [stdout]     |                                      ---- ^^^^^^^^^^^^^^^^^^^^^^^^^^^^^^^^ expected future, found a different future
[INFO] [stdout]     |                                      |
[INFO] [stdout]     |                                      arguments to this method are incorrect
[INFO] [stdout] ...
[INFO] [stdout] 243 | type CopyFuture = impl Future<Output = io::Result<u64>>;
[INFO] [stdout]     |                   ------------------------------------- the expected future
[INFO] [stdout]     |
[INFO] [stdout]     = help: consider `await`ing on both `Future`s
[INFO] [stdout]     = note: distinct uses of `impl Trait` result in different opaque types
[INFO] [stdout] note: method defined here
[INFO] [stdout]    --> /opt/rustwide/cargo-home/registry/src/index.crates.io-6f17d22bba15001f/futures-util-0.3.31/src/stream/futures_unordered/mod.rs:166:12
[INFO] [stdout]     |
[INFO] [stdout] 166 |     pub fn push(&self, future: Fut) {
[INFO] [stdout]     |            ^^^^
[INFO] [stdout] 
[INFO] [stdout] 
[INFO] [stdout] error[E0308]: mismatched types
[INFO] [stdout]    --> src/relay/behaviour.rs:120:43
[INFO] [stdout]     |
[INFO] [stdout] 120 |                 self.io_copy_futures.push(copy(conn_read, dial_conn_write));
[INFO] [stdout]     |                                      ---- ^^^^^^^^^^^^^^^^^^^^^^^^^^^^^^^^ expected future, found a different future
[INFO] [stdout]     |                                      |
[INFO] [stdout]     |                                      arguments to this method are incorrect
[INFO] [stdout] ...
[INFO] [stdout] 243 | type CopyFuture = impl Future<Output = io::Result<u64>>;
[INFO] [stdout]     |                   ------------------------------------- the expected future
[INFO] [stdout]     |
[INFO] [stdout]     = help: consider `await`ing on both `Future`s
[INFO] [stdout]     = note: distinct uses of `impl Trait` result in different opaque types
[INFO] [stdout] note: method defined here
[INFO] [stdout]    --> /opt/rustwide/cargo-home/registry/src/index.crates.io-6f17d22bba15001f/futures-util-0.3.31/src/stream/futures_unordered/mod.rs:166:12
[INFO] [stdout]     |
[INFO] [stdout] 166 |     pub fn push(&self, future: Fut) {
[INFO] [stdout]     |            ^^^^
[INFO] [stdout] 
[INFO] [stdout] 
[INFO] [stdout] Some errors have detailed explanations: E0308, E0658.
[INFO] [stdout] 
[INFO] [stdout] For more information about an error, try `rustc --explain E0308`.
[INFO] [stdout] 
[INFO] [stderr] error: could not compile `libp2p-auto-relay` (lib) due to 10 previous errors; 1 warning emitted
[INFO] running `Command { std: "docker" "inspect" "6a383796da26c471f4314ff9a21da2465fe9a9960bf11ec5d688069f96ea6c57", kill_on_drop: false }`
[INFO] running `Command { std: "docker" "rm" "-f" "6a383796da26c471f4314ff9a21da2465fe9a9960bf11ec5d688069f96ea6c57", kill_on_drop: false }`
[INFO] [stdout] 6a383796da26c471f4314ff9a21da2465fe9a9960bf11ec5d688069f96ea6c57
