[INFO] fetching crate libafl_cc 0.13.2...
[INFO] testing libafl_cc-0.13.2 against nightly-2024-10-28+rustflags=-Zrandomize-layout for randomize-layout
[INFO] extracting crate libafl_cc 0.13.2 into /workspace/builds/worker-2-tc2/source
[INFO] validating manifest of crates.io crate libafl_cc 0.13.2 on toolchain nightly-2024-10-28
[INFO] running `Command { std: CARGO_HOME="/workspace/cargo-home" RUSTUP_HOME="/workspace/rustup-home" "/workspace/cargo-home/bin/cargo" "+nightly-2024-10-28" "metadata" "--manifest-path" "Cargo.toml" "--no-deps", kill_on_drop: false }`
[INFO] started tweaking crates.io crate libafl_cc 0.13.2
[INFO] finished tweaking crates.io crate libafl_cc 0.13.2
[INFO] tweaked toml for crates.io crate libafl_cc 0.13.2 written to /workspace/builds/worker-2-tc2/source/Cargo.toml
[INFO] running `Command { std: CARGO_HOME="/workspace/cargo-home" RUSTUP_HOME="/workspace/rustup-home" "/workspace/cargo-home/bin/cargo" "+nightly-2024-10-28" "generate-lockfile" "--manifest-path" "Cargo.toml", kill_on_drop: false }`
[INFO] [stderr]     Updating crates.io index
[INFO] [stderr]      Locking 29 packages to latest compatible versions
[INFO] [stderr]       Adding which v6.0.3 (available: v7.0.0)
[INFO] running `Command { std: CARGO_HOME="/workspace/cargo-home" RUSTUP_HOME="/workspace/rustup-home" "/workspace/cargo-home/bin/cargo" "+nightly-2024-10-28" "fetch" "--manifest-path" "Cargo.toml", kill_on_drop: false }`
[INFO] running `Command { std: "docker" "create" "-v" "/var/lib/crater-agent-workspace/builds/worker-2-tc2/target:/opt/rustwide/target:rw,Z" "-v" "/var/lib/crater-agent-workspace/builds/worker-2-tc2/source:/opt/rustwide/workdir:ro,Z" "-v" "/var/lib/crater-agent-workspace/cargo-home:/opt/rustwide/cargo-home:ro,Z" "-v" "/var/lib/crater-agent-workspace/rustup-home:/opt/rustwide/rustup-home:ro,Z" "-e" "SOURCE_DIR=/opt/rustwide/workdir" "-e" "CARGO_TARGET_DIR=/opt/rustwide/target" "-e" "CARGO_HOME=/opt/rustwide/cargo-home" "-e" "RUSTUP_HOME=/opt/rustwide/rustup-home" "-w" "/opt/rustwide/workdir" "-m" "1610612736" "--user" "0:0" "--network" "none" "ghcr.io/rust-lang/crates-build-env/linux@sha256:4a844ea9eb2546a2d2c7022eacef16ef2e8229c7fbb2c7d4d55a9ceca922f72d" "/opt/rustwide/cargo-home/bin/cargo" "+nightly-2024-10-28" "metadata" "--no-deps" "--format-version=1", kill_on_drop: false }`
[INFO] [stdout] 795e71355b52897f94f0c5540e5924c4d36e8e446add1ebceeda1b121482dca5
[INFO] running `Command { std: "docker" "start" "-a" "795e71355b52897f94f0c5540e5924c4d36e8e446add1ebceeda1b121482dca5", kill_on_drop: false }`
[INFO] running `Command { std: "docker" "inspect" "795e71355b52897f94f0c5540e5924c4d36e8e446add1ebceeda1b121482dca5", kill_on_drop: false }`
[INFO] running `Command { std: "docker" "rm" "-f" "795e71355b52897f94f0c5540e5924c4d36e8e446add1ebceeda1b121482dca5", kill_on_drop: false }`
[INFO] [stdout] 795e71355b52897f94f0c5540e5924c4d36e8e446add1ebceeda1b121482dca5
[INFO] running `Command { std: "docker" "create" "-v" "/var/lib/crater-agent-workspace/builds/worker-2-tc2/target:/opt/rustwide/target:rw,Z" "-v" "/var/lib/crater-agent-workspace/builds/worker-2-tc2/source:/opt/rustwide/workdir:ro,Z" "-v" "/var/lib/crater-agent-workspace/cargo-home:/opt/rustwide/cargo-home:ro,Z" "-v" "/var/lib/crater-agent-workspace/rustup-home:/opt/rustwide/rustup-home:ro,Z" "-e" "SOURCE_DIR=/opt/rustwide/workdir" "-e" "CARGO_TARGET_DIR=/opt/rustwide/target" "-e" "CARGO_INCREMENTAL=0" "-e" "RUST_BACKTRACE=full" "-e" "RUSTFLAGS=--cap-lints=forbid -Zrandomize-layout" "-e" "RUSTDOCFLAGS=--cap-lints=forbid" "-e" "CARGO_HOME=/opt/rustwide/cargo-home" "-e" "RUSTUP_HOME=/opt/rustwide/rustup-home" "-w" "/opt/rustwide/workdir" "-m" "1610612736" "--user" "0:0" "--network" "none" "ghcr.io/rust-lang/crates-build-env/linux@sha256:4a844ea9eb2546a2d2c7022eacef16ef2e8229c7fbb2c7d4d55a9ceca922f72d" "/opt/rustwide/cargo-home/bin/cargo" "+nightly-2024-10-28" "build" "--frozen" "--message-format=json", kill_on_drop: false }`
[INFO] [stdout] 8970ae2fb94e038e5f66934944d054c7d9edd52343770f029238f3ccdf92500e
[INFO] running `Command { std: "docker" "start" "-a" "8970ae2fb94e038e5f66934944d054c7d9edd52343770f029238f3ccdf92500e", kill_on_drop: false }`
[INFO] [stderr]    Compiling libc v0.2.161
[INFO] [stderr]    Compiling rustix v0.38.38
[INFO] [stderr]    Compiling bitflags v2.6.0
[INFO] [stderr]    Compiling linux-raw-sys v0.4.14
[INFO] [stderr]    Compiling either v1.13.0
[INFO] [stderr]    Compiling shlex v1.3.0
[INFO] [stderr]    Compiling serde v1.0.214
[INFO] [stderr]    Compiling jobserver v0.1.32
[INFO] [stderr]    Compiling cc v1.1.31
[INFO] [stderr]    Compiling which v6.0.3
[INFO] [stderr]    Compiling libafl_cc v0.13.2 (/opt/rustwide/workdir)
[INFO] [stderr] warning: libafl_cc@0.13.2: Failed to find clang frontend.
[INFO] [stdout] error[E0425]: cannot find value `LIBAFL_CC_LLVM_VERSION` in this scope
[INFO] [stdout]    --> src/clang.rs:422:36
[INFO] [stdout]     |
[INFO] [stdout] 422 |                 if let Some(ver) = LIBAFL_CC_LLVM_VERSION {
[INFO] [stdout]     |                                    ^^^^^^^^^^^^^^^^^^^^^^ not found in this scope
[INFO] [stdout] 
[INFO] [stdout] 
[INFO] [stdout] error[E0425]: cannot find value `LIBAFL_CC_LLVM_VERSION` in this scope
[INFO] [stdout]    --> src/clang.rs:560:32
[INFO] [stdout]     |
[INFO] [stdout] 560 |         let use_new_pm = match LIBAFL_CC_LLVM_VERSION {
[INFO] [stdout]     |                                ^^^^^^^^^^^^^^^^^^^^^^ not found in this scope
[INFO] [stdout] 
[INFO] [stdout] 
[INFO] [stdout] error[E0425]: cannot find value `CLANG_PATH` in this scope
[INFO] [stdout]    --> src/clang.rs:569:25
[INFO] [stdout]     |
[INFO] [stdout] 569 |             wrapped_cc: CLANG_PATH.into(),
[INFO] [stdout]     |                         ^^^^^^^^^^ not found in this scope
[INFO] [stdout] 
[INFO] [stdout] 
[INFO] [stdout] error[E0425]: cannot find value `CLANGXX_PATH` in this scope
[INFO] [stdout]    --> src/clang.rs:570:26
[INFO] [stdout]     |
[INFO] [stdout] 570 |             wrapped_cxx: CLANGXX_PATH.into(),
[INFO] [stdout]     |                          ^^^^^^^^^^^^ not found in this scope
[INFO] [stdout] 
[INFO] [stdout] 
[INFO] [stdout] For more information about this error, try `rustc --explain E0425`.
[INFO] [stdout] 
[INFO] [stderr] The following warnings were emitted during compilation:
[INFO] [stderr] 
[INFO] [stderr] warning: libafl_cc@0.13.2: Failed to find clang frontend.
[INFO] [stderr] 
[INFO] [stderr] error: could not compile `libafl_cc` (lib) due to 4 previous errors
[INFO] running `Command { std: "docker" "inspect" "8970ae2fb94e038e5f66934944d054c7d9edd52343770f029238f3ccdf92500e", kill_on_drop: false }`
[INFO] running `Command { std: "docker" "rm" "-f" "8970ae2fb94e038e5f66934944d054c7d9edd52343770f029238f3ccdf92500e", kill_on_drop: false }`
[INFO] [stdout] 8970ae2fb94e038e5f66934944d054c7d9edd52343770f029238f3ccdf92500e
