[INFO] fetching crate lib-ruby-parser-bindings 0.13.0...
[INFO] testing lib-ruby-parser-bindings-0.13.0 against nightly-2024-10-28+rustflags=-Zrandomize-layout for randomize-layout
[INFO] extracting crate lib-ruby-parser-bindings 0.13.0 into /workspace/builds/worker-2-tc2/source
[INFO] validating manifest of crates.io crate lib-ruby-parser-bindings 0.13.0 on toolchain nightly-2024-10-28
[INFO] running `Command { std: CARGO_HOME="/workspace/cargo-home" RUSTUP_HOME="/workspace/rustup-home" "/workspace/cargo-home/bin/cargo" "+nightly-2024-10-28" "metadata" "--manifest-path" "Cargo.toml" "--no-deps", kill_on_drop: false }`
[INFO] started tweaking crates.io crate lib-ruby-parser-bindings 0.13.0
[INFO] finished tweaking crates.io crate lib-ruby-parser-bindings 0.13.0
[INFO] tweaked toml for crates.io crate lib-ruby-parser-bindings 0.13.0 written to /workspace/builds/worker-2-tc2/source/Cargo.toml
[INFO] running `Command { std: CARGO_HOME="/workspace/cargo-home" RUSTUP_HOME="/workspace/rustup-home" "/workspace/cargo-home/bin/cargo" "+nightly-2024-10-28" "generate-lockfile" "--manifest-path" "Cargo.toml", kill_on_drop: false }`
[INFO] [stderr]     Updating crates.io index
[INFO] [stderr]      Locking 51 packages to latest compatible versions
[INFO] running `Command { std: CARGO_HOME="/workspace/cargo-home" RUSTUP_HOME="/workspace/rustup-home" "/workspace/cargo-home/bin/cargo" "+nightly-2024-10-28" "fetch" "--manifest-path" "Cargo.toml", kill_on_drop: false }`
[INFO] running `Command { std: "docker" "create" "-v" "/var/lib/crater-agent-workspace/builds/worker-2-tc2/target:/opt/rustwide/target:rw,Z" "-v" "/var/lib/crater-agent-workspace/builds/worker-2-tc2/source:/opt/rustwide/workdir:ro,Z" "-v" "/var/lib/crater-agent-workspace/cargo-home:/opt/rustwide/cargo-home:ro,Z" "-v" "/var/lib/crater-agent-workspace/rustup-home:/opt/rustwide/rustup-home:ro,Z" "-e" "SOURCE_DIR=/opt/rustwide/workdir" "-e" "CARGO_TARGET_DIR=/opt/rustwide/target" "-e" "CARGO_HOME=/opt/rustwide/cargo-home" "-e" "RUSTUP_HOME=/opt/rustwide/rustup-home" "-w" "/opt/rustwide/workdir" "-m" "1610612736" "--user" "0:0" "--network" "none" "ghcr.io/rust-lang/crates-build-env/linux@sha256:4a844ea9eb2546a2d2c7022eacef16ef2e8229c7fbb2c7d4d55a9ceca922f72d" "/opt/rustwide/cargo-home/bin/cargo" "+nightly-2024-10-28" "metadata" "--no-deps" "--format-version=1", kill_on_drop: false }`
[INFO] [stdout] e647c06e0afd61b18f7fa61091e29934adfcccba17f4e336074ac47187731394
[INFO] running `Command { std: "docker" "start" "-a" "e647c06e0afd61b18f7fa61091e29934adfcccba17f4e336074ac47187731394", kill_on_drop: false }`
[INFO] running `Command { std: "docker" "inspect" "e647c06e0afd61b18f7fa61091e29934adfcccba17f4e336074ac47187731394", kill_on_drop: false }`
[INFO] running `Command { std: "docker" "rm" "-f" "e647c06e0afd61b18f7fa61091e29934adfcccba17f4e336074ac47187731394", kill_on_drop: false }`
[INFO] [stdout] e647c06e0afd61b18f7fa61091e29934adfcccba17f4e336074ac47187731394
[INFO] running `Command { std: "docker" "create" "-v" "/var/lib/crater-agent-workspace/builds/worker-2-tc2/target:/opt/rustwide/target:rw,Z" "-v" "/var/lib/crater-agent-workspace/builds/worker-2-tc2/source:/opt/rustwide/workdir:ro,Z" "-v" "/var/lib/crater-agent-workspace/cargo-home:/opt/rustwide/cargo-home:ro,Z" "-v" "/var/lib/crater-agent-workspace/rustup-home:/opt/rustwide/rustup-home:ro,Z" "-e" "SOURCE_DIR=/opt/rustwide/workdir" "-e" "CARGO_TARGET_DIR=/opt/rustwide/target" "-e" "CARGO_INCREMENTAL=0" "-e" "RUST_BACKTRACE=full" "-e" "RUSTFLAGS=--cap-lints=forbid -Zrandomize-layout" "-e" "RUSTDOCFLAGS=--cap-lints=forbid" "-e" "CARGO_HOME=/opt/rustwide/cargo-home" "-e" "RUSTUP_HOME=/opt/rustwide/rustup-home" "-w" "/opt/rustwide/workdir" "-m" "1610612736" "--user" "0:0" "--network" "none" "ghcr.io/rust-lang/crates-build-env/linux@sha256:4a844ea9eb2546a2d2c7022eacef16ef2e8229c7fbb2c7d4d55a9ceca922f72d" "/opt/rustwide/cargo-home/bin/cargo" "+nightly-2024-10-28" "build" "--frozen" "--message-format=json", kill_on_drop: false }`
[INFO] [stdout] 46ac02170fab0a43bf7aaa1963b5e29c1b541d41863ff81de5c39261e04840dd
[INFO] running `Command { std: "docker" "start" "-a" "46ac02170fab0a43bf7aaa1963b5e29c1b541d41863ff81de5c39261e04840dd", kill_on_drop: false }`
[INFO] [stderr]    Compiling proc-macro2 v1.0.89
[INFO] [stderr]    Compiling unicode-ident v1.0.13
[INFO] [stderr]    Compiling memchr v2.7.4
[INFO] [stderr]    Compiling thiserror v1.0.66
[INFO] [stderr]    Compiling ucd-trie v0.1.7
[INFO] [stderr]    Compiling autocfg v1.4.0
[INFO] [stderr]    Compiling once_cell v1.20.2
[INFO] [stderr]    Compiling serde v1.0.214
[INFO] [stderr]    Compiling num-conv v0.1.0
[INFO] [stderr]    Compiling powerfmt v0.2.0
[INFO] [stderr]    Compiling time-core v0.1.2
[INFO] [stderr]    Compiling regex-syntax v0.8.5
[INFO] [stderr]    Compiling itoa v1.0.11
[INFO] [stderr]    Compiling either v1.13.0
[INFO] [stderr]    Compiling static_assertions v1.1.0
[INFO] [stderr]    Compiling doc-comment v0.3.3
[INFO] [stderr]    Compiling anymap2 v0.13.0
[INFO] [stderr]    Compiling unicode-segmentation v1.12.0
[INFO] [stderr]    Compiling percent-encoding v2.3.1
[INFO] [stderr]    Compiling time-macros v0.2.18
[INFO] [stderr]    Compiling deranged v0.3.11
[INFO] [stderr]    Compiling itertools v0.13.0
[INFO] [stderr]    Compiling num-traits v0.2.19
[INFO] [stderr]    Compiling aho-corasick v1.1.3
[INFO] [stderr]    Compiling quote v1.0.37
[INFO] [stderr]    Compiling syn v2.0.86
[INFO] [stderr]    Compiling time v0.3.36
[INFO] [stderr]    Compiling regex-automata v0.4.8
[INFO] [stderr]    Compiling thiserror-impl v1.0.66
[INFO] [stderr]    Compiling serde_derive v1.0.214
[INFO] [stderr]    Compiling liquid-derive v0.26.8
[INFO] [stderr]    Compiling pest v2.7.14
[INFO] [stderr]    Compiling regex v1.11.1
[INFO] [stderr]    Compiling pest_meta v2.7.14
[INFO] [stderr]    Compiling pest_generator v2.7.14
[INFO] [stderr]    Compiling pest_derive v2.7.14
[INFO] [stderr]    Compiling kstring v2.0.2
[INFO] [stderr]    Compiling liquid-core v0.26.9
[INFO] [stderr]    Compiling liquid-lib v0.26.9
[INFO] [stderr]    Compiling liquid v0.26.9
[INFO] [stderr]    Compiling lib-ruby-parser-nodes v0.57.0
[INFO] [stderr]    Compiling lib-ruby-parser-bindings v0.13.0 (/opt/rustwide/workdir)
[INFO] [stdout] error[E0432]: unresolved import `lib_ruby_parser_nodes::template`
[INFO] [stdout]  --> src/api/message.rs:2:29
[INFO] [stdout]   |
[INFO] [stdout] 2 | use lib_ruby_parser_nodes::{template::*, Message, MessageField};
[INFO] [stdout]   |                             ^^^^^^^^ could not find `template` in `lib_ruby_parser_nodes`
[INFO] [stdout] 
[INFO] [stdout] 
[INFO] [stdout] error[E0432]: unresolved import `lib_ruby_parser_nodes::template`
[INFO] [stdout]  --> src/api/node.rs:2:29
[INFO] [stdout]   |
[INFO] [stdout] 2 | use lib_ruby_parser_nodes::{template::*, Node, NodeField};
[INFO] [stdout]   |                             ^^^^^^^^ could not find `template` in `lib_ruby_parser_nodes`
[INFO] [stdout] 
[INFO] [stdout] 
[INFO] [stdout] error[E0599]: no method named `lower_name` found for reference `&Message` in the current scope
[INFO] [stdout]   --> src/helpers/messages/constructor.rs:10:27
[INFO] [stdout]    |
[INFO] [stdout] 10 |         variant = message.lower_name()
[INFO] [stdout]    |                           ^^^^^^^^^^ method not found in `&Message`
[INFO] [stdout] 
[INFO] [stdout] 
[INFO] [stdout] error[E0609]: no field `message` on type `&MessageField`
[INFO] [stdout]   --> src/helpers/messages/field_getter.rs:10:33
[INFO] [stdout]    |
[INFO] [stdout] 10 |         variant = message_field.message.lower_name(),
[INFO] [stdout]    |                                 ^^^^^^^ unknown field
[INFO] [stdout]    |
[INFO] [stdout]    = note: available fields are: `snakecase_name`, `field_type`, `comment`
[INFO] [stdout] 
[INFO] [stdout] 
[INFO] [stdout] error[E0609]: no field `message` on type `&MessageField`
[INFO] [stdout]   --> src/helpers/messages/field_getter.rs:22:83
[INFO] [stdout]    |
[INFO] [stdout] 22 |         message_variant_blob = options().message_variant_blob_name(&message_field.message),
[INFO] [stdout]    |                                                                                   ^^^^^^^ unknown field
[INFO] [stdout]    |
[INFO] [stdout]    = note: available fields are: `snakecase_name`, `field_type`, `comment`
[INFO] [stdout] 
[INFO] [stdout] 
[INFO] [stdout] error[E0599]: no method named `lower_name` found for reference `&Message` in the current scope
[INFO] [stdout]   --> src/helpers/messages/variant_getter.rs:10:27
[INFO] [stdout]    |
[INFO] [stdout] 10 |         variant = message.lower_name()
[INFO] [stdout]    |                           ^^^^^^^^^^ method not found in `&Message`
[INFO] [stdout] 
[INFO] [stdout] 
[INFO] [stdout] error[E0599]: no method named `lower_name` found for reference `&Message` in the current scope
[INFO] [stdout]   --> src/helpers/messages/variant_predicate.rs:10:27
[INFO] [stdout]    |
[INFO] [stdout] 10 |         variant = message.lower_name()
[INFO] [stdout]    |                           ^^^^^^^^^^ method not found in `&Message`
[INFO] [stdout] 
[INFO] [stdout] 
[INFO] [stdout] error[E0609]: no field `node` on type `&NodeField`
[INFO] [stdout]   --> src/helpers/nodes/field_getter.rs:10:28
[INFO] [stdout]    |
[INFO] [stdout] 10 |         lower = node_field.node.lower_name(),
[INFO] [stdout]    |                            ^^^^ unknown field
[INFO] [stdout]    |
[INFO] [stdout]    = note: available fields are: `snakecase_name`, `field_type`, `always_print`, `comment`
[INFO] [stdout] 
[INFO] [stdout] 
[INFO] [stdout] error[E0609]: no field `node` on type `&NodeField`
[INFO] [stdout]   --> src/helpers/nodes/field_getter.rs:22:74
[INFO] [stdout]    |
[INFO] [stdout] 22 |         node_variant_blob = options().node_variant_blob_name(&node_field.node)
[INFO] [stdout]    |                                                                          ^^^^ unknown field
[INFO] [stdout]    |
[INFO] [stdout]    = note: available fields are: `snakecase_name`, `field_type`, `always_print`, `comment`
[INFO] [stdout] 
[INFO] [stdout] 
[INFO] [stdout] error[E0609]: no field `node` on type `&NodeField`
[INFO] [stdout]   --> src/helpers/nodes/field_setter.rs:10:28
[INFO] [stdout]    |
[INFO] [stdout] 10 |         lower = node_field.node.lower_name(),
[INFO] [stdout]    |                            ^^^^ unknown field
[INFO] [stdout]    |
[INFO] [stdout]    = note: available fields are: `snakecase_name`, `field_type`, `always_print`, `comment`
[INFO] [stdout] 
[INFO] [stdout] 
[INFO] [stdout] error[E0609]: no field `node` on type `&NodeField`
[INFO] [stdout]   --> src/helpers/nodes/field_setter.rs:21:74
[INFO] [stdout]    |
[INFO] [stdout] 21 |         node_variant_blob = options().node_variant_blob_name(&node_field.node),
[INFO] [stdout]    |                                                                          ^^^^ unknown field
[INFO] [stdout]    |
[INFO] [stdout]    = note: available fields are: `snakecase_name`, `field_type`, `always_print`, `comment`
[INFO] [stdout] 
[INFO] [stdout] 
[INFO] [stdout] error[E0004]: non-exhaustive patterns: `NodeFieldType::RegexpOptions`, `NodeFieldType::RawStr` and `NodeFieldType::Chars` not covered
[INFO] [stdout]   --> src/helpers/nodes/fields.rs:18:11
[INFO] [stdout]    |
[INFO] [stdout] 18 |     match field.field_type {
[INFO] [stdout]    |           ^^^^^^^^^^^^^^^^ patterns `NodeFieldType::RegexpOptions`, `NodeFieldType::RawStr` and `NodeFieldType::Chars` not covered
[INFO] [stdout]    |
[INFO] [stdout] note: `NodeFieldType` defined here
[INFO] [stdout]   --> /opt/rustwide/cargo-home/registry/src/index.crates.io-6f17d22bba15001f/lib-ruby-parser-nodes-0.57.0/src/nodes.rs:30:1
[INFO] [stdout]    |
[INFO] [stdout] 30 | pub enum NodeFieldType {
[INFO] [stdout]    | ^^^^^^^^^^^^^^^^^^^^^^
[INFO] [stdout] ...
[INFO] [stdout] 34 |     RegexpOptions,
[INFO] [stdout]    |     ------------- not covered
[INFO] [stdout] ...
[INFO] [stdout] 38 |     RawStr,
[INFO] [stdout]    |     ------ not covered
[INFO] [stdout] 39 |     MaybeStr,
[INFO] [stdout] 40 |     Chars,
[INFO] [stdout]    |     ----- not covered
[INFO] [stdout]    = note: the matched value is of type `NodeFieldType`
[INFO] [stdout] help: ensure that all possible cases are being handled by adding a match arm with a wildcard pattern, a match arm with multiple or-patterns as shown, or multiple match arms
[INFO] [stdout]    |
[INFO] [stdout] 27 ~         NodeFieldType::U8 => options().byte_blob_name,
[INFO] [stdout] 28 ~         NodeFieldType::RegexpOptions | NodeFieldType::RawStr | NodeFieldType::Chars => todo!(),
[INFO] [stdout]    |
[INFO] [stdout] 
[INFO] [stdout] 
[INFO] [stdout] Some errors have detailed explanations: E0004, E0432, E0599, E0609.
[INFO] [stdout] 
[INFO] [stdout] For more information about an error, try `rustc --explain E0004`.
[INFO] [stdout] 
[INFO] [stderr] error: could not compile `lib-ruby-parser-bindings` (lib) due to 12 previous errors
[INFO] running `Command { std: "docker" "inspect" "46ac02170fab0a43bf7aaa1963b5e29c1b541d41863ff81de5c39261e04840dd", kill_on_drop: false }`
[INFO] running `Command { std: "docker" "rm" "-f" "46ac02170fab0a43bf7aaa1963b5e29c1b541d41863ff81de5c39261e04840dd", kill_on_drop: false }`
[INFO] [stdout] 46ac02170fab0a43bf7aaa1963b5e29c1b541d41863ff81de5c39261e04840dd
