[INFO] fetching crate li_wgpu_glyph 0.22.0...
[INFO] testing li_wgpu_glyph-0.22.0 against nightly-2024-10-28+rustflags=-Zrandomize-layout for randomize-layout
[INFO] extracting crate li_wgpu_glyph 0.22.0 into /workspace/builds/worker-6-tc2/source
[INFO] validating manifest of crates.io crate li_wgpu_glyph 0.22.0 on toolchain nightly-2024-10-28
[INFO] running `Command { std: CARGO_HOME="/workspace/cargo-home" RUSTUP_HOME="/workspace/rustup-home" "/workspace/cargo-home/bin/cargo" "+nightly-2024-10-28" "metadata" "--manifest-path" "Cargo.toml" "--no-deps", kill_on_drop: false }`
[INFO] removed /workspace/builds/worker-6-tc2/source/.cargo/config
[INFO] started tweaking crates.io crate li_wgpu_glyph 0.22.0
[INFO] removed 0 missing examples
[INFO] finished tweaking crates.io crate li_wgpu_glyph 0.22.0
[INFO] tweaked toml for crates.io crate li_wgpu_glyph 0.22.0 written to /workspace/builds/worker-6-tc2/source/Cargo.toml
[INFO] crate crates.io crate li_wgpu_glyph 0.22.0 already has a lockfile, it will not be regenerated
[INFO] running `Command { std: CARGO_HOME="/workspace/cargo-home" RUSTUP_HOME="/workspace/rustup-home" "/workspace/cargo-home/bin/cargo" "+nightly-2024-10-28" "fetch" "--manifest-path" "Cargo.toml", kill_on_drop: false }`
[INFO] running `Command { std: "docker" "create" "-v" "/var/lib/crater-agent-workspace/builds/worker-6-tc2/target:/opt/rustwide/target:rw,Z" "-v" "/var/lib/crater-agent-workspace/builds/worker-6-tc2/source:/opt/rustwide/workdir:ro,Z" "-v" "/var/lib/crater-agent-workspace/cargo-home:/opt/rustwide/cargo-home:ro,Z" "-v" "/var/lib/crater-agent-workspace/rustup-home:/opt/rustwide/rustup-home:ro,Z" "-e" "SOURCE_DIR=/opt/rustwide/workdir" "-e" "CARGO_TARGET_DIR=/opt/rustwide/target" "-e" "CARGO_HOME=/opt/rustwide/cargo-home" "-e" "RUSTUP_HOME=/opt/rustwide/rustup-home" "-w" "/opt/rustwide/workdir" "-m" "1610612736" "--user" "0:0" "--network" "none" "ghcr.io/rust-lang/crates-build-env/linux@sha256:4a844ea9eb2546a2d2c7022eacef16ef2e8229c7fbb2c7d4d55a9ceca922f72d" "/opt/rustwide/cargo-home/bin/cargo" "+nightly-2024-10-28" "metadata" "--no-deps" "--format-version=1", kill_on_drop: false }`
[INFO] [stdout] 5bd54549cf54ae281cd32d67851c7feb3680375e2e132e80ee09db0ebab31dab
[INFO] running `Command { std: "docker" "start" "-a" "5bd54549cf54ae281cd32d67851c7feb3680375e2e132e80ee09db0ebab31dab", kill_on_drop: false }`
[INFO] running `Command { std: "docker" "inspect" "5bd54549cf54ae281cd32d67851c7feb3680375e2e132e80ee09db0ebab31dab", kill_on_drop: false }`
[INFO] running `Command { std: "docker" "rm" "-f" "5bd54549cf54ae281cd32d67851c7feb3680375e2e132e80ee09db0ebab31dab", kill_on_drop: false }`
[INFO] [stdout] 5bd54549cf54ae281cd32d67851c7feb3680375e2e132e80ee09db0ebab31dab
[INFO] running `Command { std: "docker" "create" "-v" "/var/lib/crater-agent-workspace/builds/worker-6-tc2/target:/opt/rustwide/target:rw,Z" "-v" "/var/lib/crater-agent-workspace/builds/worker-6-tc2/source:/opt/rustwide/workdir:ro,Z" "-v" "/var/lib/crater-agent-workspace/cargo-home:/opt/rustwide/cargo-home:ro,Z" "-v" "/var/lib/crater-agent-workspace/rustup-home:/opt/rustwide/rustup-home:ro,Z" "-e" "SOURCE_DIR=/opt/rustwide/workdir" "-e" "CARGO_TARGET_DIR=/opt/rustwide/target" "-e" "CARGO_INCREMENTAL=0" "-e" "RUST_BACKTRACE=full" "-e" "RUSTFLAGS=--cap-lints=forbid -Zrandomize-layout" "-e" "RUSTDOCFLAGS=--cap-lints=forbid" "-e" "CARGO_HOME=/opt/rustwide/cargo-home" "-e" "RUSTUP_HOME=/opt/rustwide/rustup-home" "-w" "/opt/rustwide/workdir" "-m" "1610612736" "--user" "0:0" "--network" "none" "ghcr.io/rust-lang/crates-build-env/linux@sha256:4a844ea9eb2546a2d2c7022eacef16ef2e8229c7fbb2c7d4d55a9ceca922f72d" "/opt/rustwide/cargo-home/bin/cargo" "+nightly-2024-10-28" "build" "--frozen" "--message-format=json", kill_on_drop: false }`
[INFO] [stdout] dd25490e53a7cbb71b0cc687eb0b2381110209522bcd769ad6dccea9a1f915a3
[INFO] running `Command { std: "docker" "start" "-a" "dd25490e53a7cbb71b0cc687eb0b2381110209522bcd769ad6dccea9a1f915a3", kill_on_drop: false }`
[INFO] [stderr]    Compiling libc v0.2.158
[INFO] [stderr]    Compiling num-traits v0.2.19
[INFO] [stderr]    Compiling ahash v0.8.11
[INFO] [stderr]    Compiling allocator-api2 v0.2.18
[INFO] [stderr]    Compiling thiserror v1.0.63
[INFO] [stderr]    Compiling ttf-parser v0.24.1
[INFO] [stderr]    Compiling smallvec v1.13.2
[INFO] [stderr]    Compiling quote v1.0.37
[INFO] [stderr]    Compiling khronos-egl v6.0.0
[INFO] [stderr]    Compiling bit-vec v0.6.3
[INFO] [stderr]    Compiling ash v0.37.3+1.3.251
[INFO] [stderr]    Compiling gpu-descriptor-types v0.1.2
[INFO] [stderr]    Compiling codespan-reporting v0.11.1
[INFO] [stderr]    Compiling gpu-alloc-types v0.3.0
[INFO] [stderr]    Compiling libloading v0.8.5
[INFO] [stderr]    Compiling libloading v0.7.4
[INFO] [stderr]    Compiling hexf-parse v0.2.1
[INFO] [stderr]    Compiling ab_glyph_rasterizer v0.1.8
[INFO] [stderr]    Compiling rustc-hash v1.1.0
[INFO] [stderr]    Compiling syn v2.0.76
[INFO] [stderr]    Compiling bit-set v0.5.3
[INFO] [stderr]    Compiling unicode-xid v0.2.5
[INFO] [stderr]    Compiling gpu-alloc v0.6.0
[INFO] [stderr]    Compiling wgpu-types v0.18.0
[INFO] [stderr]    Compiling raw-window-handle v0.5.2
[INFO] [stderr]    Compiling static_assertions v1.1.0
[INFO] [stderr]    Compiling glow v0.13.1
[INFO] [stderr]    Compiling profiling v1.0.15
[INFO] [stderr]    Compiling renderdoc-sys v1.1.0
[INFO] [stderr]    Compiling arrayvec v0.7.6
[INFO] [stderr]    Compiling crossbeam-channel v0.5.13
[INFO] [stderr]    Compiling spin v0.9.8
[INFO] [stderr]    Compiling xi-unicode v0.3.0
[INFO] [stderr]    Compiling linked-hash-map v0.5.6
[INFO] [stderr]    Compiling futures-core v0.3.30
[INFO] [stderr]    Compiling futures-sink v0.3.30
[INFO] [stderr]    Compiling getrandom v0.2.15
[INFO] [stderr]    Compiling parking_lot_core v0.9.10
[INFO] [stderr]    Compiling spirv v0.2.0+1.5.4
[INFO] [stderr]    Compiling approx v0.5.1
[INFO] [stderr]    Compiling ordered-float v4.2.2
[INFO] [stderr]    Compiling rand_core v0.6.4
[INFO] [stderr]    Compiling nanorand v0.7.0
[INFO] [stderr]    Compiling parking_lot v0.12.3
[INFO] [stderr]    Compiling flume v0.11.0
[INFO] [stderr]    Compiling owned_ttf_parser v0.24.0
[INFO] [stderr]    Compiling zerocopy-derive v0.7.35
[INFO] [stderr]    Compiling thiserror-impl v1.0.63
[INFO] [stderr]    Compiling bytemuck_derive v1.7.1
[INFO] [stderr]    Compiling ab_glyph v0.2.28
[INFO] [stderr]    Compiling glyph_brush_draw_cache v0.1.6
[INFO] [stderr]    Compiling glyph_brush_layout v0.2.4
[INFO] [stderr]    Compiling zerocopy v0.7.35
[INFO] [stderr]    Compiling bytemuck v1.17.1
[INFO] [stderr]    Compiling ppv-lite86 v0.2.20
[INFO] [stderr]    Compiling hashbrown v0.14.5
[INFO] [stderr]    Compiling rand_chacha v0.3.1
[INFO] [stderr]    Compiling rand v0.8.5
[INFO] [stderr]    Compiling indexmap v2.4.0
[INFO] [stderr]    Compiling gpu-descriptor v0.2.4
[INFO] [stderr]    Compiling twox-hash v1.6.3
[INFO] [stderr]    Compiling naga v0.14.2
[INFO] [stderr]    Compiling glyph_brush v0.7.10
[INFO] [stderr]    Compiling li-wgpu-hal v0.18.1
[INFO] [stderr]    Compiling li-wgpu-core v0.18.1
[INFO] [stderr]    Compiling li-wgpu v0.18.0
[INFO] [stderr]    Compiling li_wgpu_glyph v0.22.0 (/opt/rustwide/workdir)
[INFO] [stderr]     Finished `dev` profile [unoptimized + debuginfo] target(s) in 17.80s
[INFO] running `Command { std: "docker" "inspect" "dd25490e53a7cbb71b0cc687eb0b2381110209522bcd769ad6dccea9a1f915a3", kill_on_drop: false }`
[INFO] running `Command { std: "docker" "rm" "-f" "dd25490e53a7cbb71b0cc687eb0b2381110209522bcd769ad6dccea9a1f915a3", kill_on_drop: false }`
[INFO] [stdout] dd25490e53a7cbb71b0cc687eb0b2381110209522bcd769ad6dccea9a1f915a3
[INFO] running `Command { std: "docker" "create" "-v" "/var/lib/crater-agent-workspace/builds/worker-6-tc2/target:/opt/rustwide/target:rw,Z" "-v" "/var/lib/crater-agent-workspace/builds/worker-6-tc2/source:/opt/rustwide/workdir:ro,Z" "-v" "/var/lib/crater-agent-workspace/cargo-home:/opt/rustwide/cargo-home:ro,Z" "-v" "/var/lib/crater-agent-workspace/rustup-home:/opt/rustwide/rustup-home:ro,Z" "-e" "SOURCE_DIR=/opt/rustwide/workdir" "-e" "CARGO_TARGET_DIR=/opt/rustwide/target" "-e" "CARGO_INCREMENTAL=0" "-e" "RUST_BACKTRACE=full" "-e" "RUSTFLAGS=--cap-lints=forbid -Zrandomize-layout" "-e" "RUSTDOCFLAGS=--cap-lints=forbid" "-e" "CARGO_HOME=/opt/rustwide/cargo-home" "-e" "RUSTUP_HOME=/opt/rustwide/rustup-home" "-w" "/opt/rustwide/workdir" "-m" "1610612736" "--user" "0:0" "--network" "none" "ghcr.io/rust-lang/crates-build-env/linux@sha256:4a844ea9eb2546a2d2c7022eacef16ef2e8229c7fbb2c7d4d55a9ceca922f72d" "/opt/rustwide/cargo-home/bin/cargo" "+nightly-2024-10-28" "test" "--frozen" "--no-run" "--message-format=json", kill_on_drop: false }`
[INFO] [stdout] 34640bfedc4e12e30f1a9664037653d5943bb718680680a81ecb3615d92a57cd
[INFO] running `Command { std: "docker" "start" "-a" "34640bfedc4e12e30f1a9664037653d5943bb718680680a81ecb3615d92a57cd", kill_on_drop: false }`
[INFO] [stderr]    Compiling libc v0.2.158
[INFO] [stderr]    Compiling xml-rs v0.8.21
[INFO] [stderr]    Compiling memoffset v0.6.5
[INFO] [stderr]    Compiling wayland-sys v0.29.5
[INFO] [stderr]    Compiling dlib v0.5.2
[INFO] [stderr]    Compiling futures-core v0.3.30
[INFO] [stderr]    Compiling syn v2.0.76
[INFO] [stderr]    Compiling futures-sink v0.3.30
[INFO] [stderr]    Compiling scoped-tls v1.0.1
[INFO] [stderr]    Compiling adler2 v2.0.0
[INFO] [stderr]    Compiling downcast-rs v1.2.1
[INFO] [stderr]    Compiling simd-adler32 v0.3.7
[INFO] [stderr]    Compiling crc32fast v1.4.2
[INFO] [stderr]    Compiling smithay-client-toolkit v0.16.1
[INFO] [stderr]    Compiling arrayref v0.3.8
[INFO] [stderr]    Compiling strict-num v0.1.1
[INFO] [stderr]    Compiling miniz_oxide v0.8.0
[INFO] [stderr]    Compiling xcursor v0.3.8
[INFO] [stderr]    Compiling futures-channel v0.3.30
[INFO] [stderr]    Compiling x11-dl v2.21.0
[INFO] [stderr]    Compiling regex-syntax v0.8.4
[INFO] [stderr]    Compiling cfg_aliases v0.1.1
[INFO] [stderr]    Compiling futures-task v0.3.30
[INFO] [stderr]    Compiling futures-io v0.3.30
[INFO] [stderr]    Compiling fdeflate v0.3.4
[INFO] [stderr]    Compiling miniz_oxide v0.7.4
[INFO] [stderr]    Compiling instant v0.1.13
[INFO] [stderr]    Compiling flate2 v1.0.33
[INFO] [stderr]    Compiling wayland-scanner v0.29.5
[INFO] [stderr]    Compiling png v0.17.13
[INFO] [stderr]    Compiling regex-automata v0.4.7
[INFO] [stderr]    Compiling wayland-client v0.29.5
[INFO] [stderr]    Compiling wayland-protocols v0.29.5
[INFO] [stderr]    Compiling winit v0.28.7
[INFO] [stderr]    Compiling getrandom v0.2.15
[INFO] [stderr]    Compiling nix v0.24.3
[INFO] [stderr]    Compiling parking_lot_core v0.9.10
[INFO] [stderr]    Compiling nix v0.25.1
[INFO] [stderr]    Compiling khronos-egl v6.0.0
[INFO] [stderr]    Compiling memmap2 v0.5.10
[INFO] [stderr]    Compiling rand_core v0.6.4
[INFO] [stderr]    Compiling parking_lot v0.12.3
[INFO] [stderr]    Compiling nanorand v0.7.0
[INFO] [stderr]    Compiling mio v0.8.11
[INFO] [stderr]    Compiling is-terminal v0.4.13
[INFO] [stderr]    Compiling flume v0.11.0
[INFO] [stderr]    Compiling wayland-commons v0.29.5
[INFO] [stderr]    Compiling zerocopy-derive v0.7.35
[INFO] [stderr]    Compiling thiserror-impl v1.0.63
[INFO] [stderr]    Compiling bytemuck_derive v1.7.1
[INFO] [stderr]    Compiling futures-macro v0.3.30
[INFO] [stderr]    Compiling regex v1.10.6
[INFO] [stderr]    Compiling env_logger v0.10.2
[INFO] [stderr]    Compiling zerocopy v0.7.35
[INFO] [stderr]    Compiling futures-util v0.3.30
[INFO] [stderr]    Compiling thiserror v1.0.63
[INFO] [stderr]    Compiling bytemuck v1.17.1
[INFO] [stderr]    Compiling calloop v0.10.6
[INFO] [stderr]    Compiling tiny-skia-path v0.8.4
[INFO] [stderr]    Compiling ahash v0.8.11
[INFO] [stderr]    Compiling ppv-lite86 v0.2.20
[INFO] [stderr]    Compiling hashbrown v0.14.5
[INFO] [stderr]    Compiling wayland-cursor v0.29.5
[INFO] [stderr]    Compiling tiny-skia v0.8.4
[INFO] [stderr]    Compiling rand_chacha v0.3.1
[INFO] [stderr]    Compiling rand v0.8.5
[INFO] [stderr]    Compiling indexmap v2.4.0
[INFO] [stderr]    Compiling gpu-descriptor v0.2.4
[INFO] [stderr]    Compiling twox-hash v1.6.3
[INFO] [stderr]    Compiling naga v0.14.2
[INFO] [stderr]    Compiling glyph_brush v0.7.10
[INFO] [stderr]    Compiling futures-executor v0.3.30
[INFO] [stderr]    Compiling futures v0.3.30
[INFO] [stderr]    Compiling li-wgpu-hal v0.18.1
[INFO] [stderr]    Compiling li-wgpu-core v0.18.1
[INFO] [stderr]    Compiling li-wgpu v0.18.0
[INFO] [stderr]    Compiling li_wgpu_glyph v0.22.0 (/opt/rustwide/workdir)
[INFO] [stderr]    Compiling sctk-adwaita v0.5.4
[INFO] [stdout] error[E0432]: unresolved import `wgpu_glyph`
[INFO] [stdout]  --> examples/hello.rs:3:5
[INFO] [stdout]   |
[INFO] [stdout] 3 | use wgpu_glyph::{ab_glyph, GlyphBrushBuilder, Section, Text};
[INFO] [stdout]   |     ^^^^^^^^^^ use of undeclared crate or module `wgpu_glyph`
[INFO] [stdout]   |
[INFO] [stdout] help: there is a crate or module with a similar name
[INFO] [stdout]   |
[INFO] [stdout] 3 | use li_wgpu_glyph::{ab_glyph, GlyphBrushBuilder, Section, Text};
[INFO] [stdout]   |     ~~~~~~~~~~~~~
[INFO] [stdout] 
[INFO] [stdout] 
[INFO] [stdout] error[E0432]: unresolved import `wgpu_glyph`
[INFO] [stdout]  --> examples/depth.rs:3:5
[INFO] [stdout]   |
[INFO] [stdout] 3 | use wgpu_glyph::{ab_glyph, GlyphBrushBuilder, Section, Text};
[INFO] [stdout]   |     ^^^^^^^^^^ use of undeclared crate or module `wgpu_glyph`
[INFO] [stdout]   |
[INFO] [stdout] help: there is a crate or module with a similar name
[INFO] [stdout]   |
[INFO] [stdout] 3 | use li_wgpu_glyph::{ab_glyph, GlyphBrushBuilder, Section, Text};
[INFO] [stdout]   |     ~~~~~~~~~~~~~
[INFO] [stdout] 
[INFO] [stdout] 
[INFO] [stdout] error[E0432]: unresolved import `wgpu_glyph`
[INFO] [stdout]  --> examples/clipping.rs:3:5
[INFO] [stdout]   |
[INFO] [stdout] 3 | use wgpu_glyph::{ab_glyph, GlyphBrushBuilder, Region, Section, Text};
[INFO] [stdout]   |     ^^^^^^^^^^ use of undeclared crate or module `wgpu_glyph`
[INFO] [stdout]   |
[INFO] [stdout] help: there is a crate or module with a similar name
[INFO] [stdout]   |
[INFO] [stdout] 3 | use li_wgpu_glyph::{ab_glyph, GlyphBrushBuilder, Region, Section, Text};
[INFO] [stdout]   |     ~~~~~~~~~~~~~
[INFO] [stdout] 
[INFO] [stdout] 
[INFO] [stdout] error[E0433]: failed to resolve: use of undeclared crate or module `wgpu_glyph`
[INFO] [stdout]    --> examples/clipping.rs:173:25
[INFO] [stdout]     |
[INFO] [stdout] 173 |                         wgpu_glyph::orthographic_projection(
[INFO] [stdout]     |                         ^^^^^^^^^^ use of undeclared crate or module `wgpu_glyph`
[INFO] [stdout]     |
[INFO] [stdout] help: there is a crate or module with a similar name
[INFO] [stdout]     |
[INFO] [stdout] 173 |                         li_wgpu_glyph::orthographic_projection(
[INFO] [stdout]     |                         ~~~~~~~~~~~~~
[INFO] [stdout] 
[INFO] [stdout] 
[INFO] [stdout] For more information about this error, try `rustc --explain E0432`.
[INFO] [stdout] 
[INFO] [stdout] For more information about this error, try `rustc --explain E0432`.
[INFO] [stdout] 
[INFO] [stdout] Some errors have detailed explanations: E0432, E0433.
[INFO] [stdout] 
[INFO] [stdout] For more information about an error, try `rustc --explain E0432`.
[INFO] [stdout] 
[INFO] [stderr] error: could not compile `li_wgpu_glyph` (example "hello") due to 1 previous error
[INFO] [stderr] warning: build failed, waiting for other jobs to finish...
[INFO] [stderr] error: could not compile `li_wgpu_glyph` (example "depth") due to 1 previous error
[INFO] [stderr] error: could not compile `li_wgpu_glyph` (example "clipping") due to 2 previous errors
[INFO] running `Command { std: "docker" "inspect" "34640bfedc4e12e30f1a9664037653d5943bb718680680a81ecb3615d92a57cd", kill_on_drop: false }`
[INFO] running `Command { std: "docker" "rm" "-f" "34640bfedc4e12e30f1a9664037653d5943bb718680680a81ecb3615d92a57cd", kill_on_drop: false }`
[INFO] [stdout] 34640bfedc4e12e30f1a9664037653d5943bb718680680a81ecb3615d92a57cd
