[INFO] fetching crate leo-asg-passes 1.5.3...
[INFO] testing leo-asg-passes-1.5.3 against nightly-2024-10-28+rustflags=-Zrandomize-layout for randomize-layout
[INFO] extracting crate leo-asg-passes 1.5.3 into /workspace/builds/worker-5-tc2/source
[INFO] validating manifest of crates.io crate leo-asg-passes 1.5.3 on toolchain nightly-2024-10-28
[INFO] running `Command { std: CARGO_HOME="/workspace/cargo-home" RUSTUP_HOME="/workspace/rustup-home" "/workspace/cargo-home/bin/cargo" "+nightly-2024-10-28" "metadata" "--manifest-path" "Cargo.toml" "--no-deps", kill_on_drop: false }`
[INFO] started tweaking crates.io crate leo-asg-passes 1.5.3
[INFO] finished tweaking crates.io crate leo-asg-passes 1.5.3
[INFO] tweaked toml for crates.io crate leo-asg-passes 1.5.3 written to /workspace/builds/worker-5-tc2/source/Cargo.toml
[INFO] running `Command { std: CARGO_HOME="/workspace/cargo-home" RUSTUP_HOME="/workspace/rustup-home" "/workspace/cargo-home/bin/cargo" "+nightly-2024-10-28" "generate-lockfile" "--manifest-path" "Cargo.toml", kill_on_drop: false }`
[INFO] [stderr]     Updating crates.io index
[INFO] [stderr]      Locking 358 packages to latest compatible versions
[INFO] running `Command { std: CARGO_HOME="/workspace/cargo-home" RUSTUP_HOME="/workspace/rustup-home" "/workspace/cargo-home/bin/cargo" "+nightly-2024-10-28" "fetch" "--manifest-path" "Cargo.toml", kill_on_drop: false }`
[INFO] running `Command { std: "docker" "create" "-v" "/var/lib/crater-agent-workspace/builds/worker-5-tc2/target:/opt/rustwide/target:rw,Z" "-v" "/var/lib/crater-agent-workspace/builds/worker-5-tc2/source:/opt/rustwide/workdir:ro,Z" "-v" "/var/lib/crater-agent-workspace/cargo-home:/opt/rustwide/cargo-home:ro,Z" "-v" "/var/lib/crater-agent-workspace/rustup-home:/opt/rustwide/rustup-home:ro,Z" "-e" "SOURCE_DIR=/opt/rustwide/workdir" "-e" "CARGO_TARGET_DIR=/opt/rustwide/target" "-e" "CARGO_HOME=/opt/rustwide/cargo-home" "-e" "RUSTUP_HOME=/opt/rustwide/rustup-home" "-w" "/opt/rustwide/workdir" "-m" "1610612736" "--user" "0:0" "--network" "none" "ghcr.io/rust-lang/crates-build-env/linux@sha256:4a844ea9eb2546a2d2c7022eacef16ef2e8229c7fbb2c7d4d55a9ceca922f72d" "/opt/rustwide/cargo-home/bin/cargo" "+nightly-2024-10-28" "metadata" "--no-deps" "--format-version=1", kill_on_drop: false }`
[INFO] [stdout] d3d784c7024fb8c0092f98a83f19ba5895e51c231444610d4309fa9b6c82a803
[INFO] running `Command { std: "docker" "start" "-a" "d3d784c7024fb8c0092f98a83f19ba5895e51c231444610d4309fa9b6c82a803", kill_on_drop: false }`
[INFO] running `Command { std: "docker" "inspect" "d3d784c7024fb8c0092f98a83f19ba5895e51c231444610d4309fa9b6c82a803", kill_on_drop: false }`
[INFO] running `Command { std: "docker" "rm" "-f" "d3d784c7024fb8c0092f98a83f19ba5895e51c231444610d4309fa9b6c82a803", kill_on_drop: false }`
[INFO] [stdout] d3d784c7024fb8c0092f98a83f19ba5895e51c231444610d4309fa9b6c82a803
[INFO] running `Command { std: "docker" "create" "-v" "/var/lib/crater-agent-workspace/builds/worker-5-tc2/target:/opt/rustwide/target:rw,Z" "-v" "/var/lib/crater-agent-workspace/builds/worker-5-tc2/source:/opt/rustwide/workdir:ro,Z" "-v" "/var/lib/crater-agent-workspace/cargo-home:/opt/rustwide/cargo-home:ro,Z" "-v" "/var/lib/crater-agent-workspace/rustup-home:/opt/rustwide/rustup-home:ro,Z" "-e" "SOURCE_DIR=/opt/rustwide/workdir" "-e" "CARGO_TARGET_DIR=/opt/rustwide/target" "-e" "CARGO_INCREMENTAL=0" "-e" "RUST_BACKTRACE=full" "-e" "RUSTFLAGS=--cap-lints=forbid -Zrandomize-layout" "-e" "RUSTDOCFLAGS=--cap-lints=forbid" "-e" "CARGO_HOME=/opt/rustwide/cargo-home" "-e" "RUSTUP_HOME=/opt/rustwide/rustup-home" "-w" "/opt/rustwide/workdir" "-m" "1610612736" "--user" "0:0" "--network" "none" "ghcr.io/rust-lang/crates-build-env/linux@sha256:4a844ea9eb2546a2d2c7022eacef16ef2e8229c7fbb2c7d4d55a9ceca922f72d" "/opt/rustwide/cargo-home/bin/cargo" "+nightly-2024-10-28" "build" "--frozen" "--message-format=json", kill_on_drop: false }`
[INFO] [stdout] 3c3aa8fa1cb1313613721632e18e8d19a90ce8cbea07abd9a1a81bd36e1cc4e2
[INFO] running `Command { std: "docker" "start" "-a" "3c3aa8fa1cb1313613721632e18e8d19a90ce8cbea07abd9a1a81bd36e1cc4e2", kill_on_drop: false }`
[INFO] [stderr]    Compiling proc-macro2 v1.0.89
[INFO] [stderr]    Compiling libc v0.2.161
[INFO] [stderr]    Compiling cfg-if v1.0.0
[INFO] [stderr]    Compiling autocfg v1.4.0
[INFO] [stderr]    Compiling serde v1.0.214
[INFO] [stderr]    Compiling memchr v2.7.4
[INFO] [stderr]    Compiling crossbeam-utils v0.8.20
[INFO] [stderr]    Compiling itoa v1.0.11
[INFO] [stderr]    Compiling rayon-core v1.12.1
[INFO] [stderr]    Compiling either v1.13.0
[INFO] [stderr]    Compiling shlex v1.3.0
[INFO] [stderr]    Compiling hashbrown v0.15.0
[INFO] [stderr]    Compiling cc v1.1.31
[INFO] [stderr]    Compiling equivalent v1.0.1
[INFO] [stderr]    Compiling byteorder v1.5.0
[INFO] [stderr]    Compiling pkg-config v0.3.31
[INFO] [stderr]    Compiling vcpkg v0.2.15
[INFO] [stderr]    Compiling quote v1.0.37
[INFO] [stderr]    Compiling crossbeam-epoch v0.9.18
[INFO] [stderr]    Compiling once_cell v1.20.2
[INFO] [stderr]    Compiling syn v1.0.109
[INFO] [stderr]    Compiling ryu v1.0.18
[INFO] [stderr]    Compiling syn v2.0.86
[INFO] [stderr]    Compiling serde_json v1.0.132
[INFO] [stderr]    Compiling crossbeam-deque v0.8.5
[INFO] [stderr]    Compiling num-traits v0.2.19
[INFO] [stderr]    Compiling anyhow v1.0.92
[INFO] [stderr]    Compiling thiserror v1.0.66
[INFO] [stderr]    Compiling aleo-std-profiler v0.1.15
[INFO] [stderr]    Compiling aleo-std-timer v0.1.2
[INFO] [stderr]    Compiling rayon v1.10.0
[INFO] [stderr]    Compiling getrandom v0.2.15
[INFO] [stderr]    Compiling openssl-sys v0.9.104
[INFO] [stderr]    Compiling rand_core v0.6.4
[INFO] [stderr]    Compiling dirs-sys v0.3.7
[INFO] [stderr]    Compiling num-integer v0.1.46
[INFO] [stderr]    Compiling dirs v4.0.0
[INFO] [stderr]    Compiling aleo-std-storage v0.1.7
[INFO] [stderr]    Compiling socket2 v0.5.7
[INFO] [stderr]    Compiling aleo-std-cpu v0.1.4
[INFO] [stderr]    Compiling rand_xorshift v0.3.0
[INFO] [stderr]    Compiling num_cpus v1.16.0
[INFO] [stderr]    Compiling smol_str v0.2.2
[INFO] [stderr]    Compiling num-bigint v0.4.6
[INFO] [stderr]    Compiling itertools v0.11.0
[INFO] [stderr]    Compiling version_check v0.9.5
[INFO] [stderr]    Compiling minimal-lexical v0.2.1
[INFO] [stderr]    Compiling bech32 v0.9.1
[INFO] [stderr]    Compiling nom v7.1.3
[INFO] [stderr]    Compiling openssl-probe v0.1.5
[INFO] [stderr]    Compiling typenum v1.17.0
[INFO] [stderr]    Compiling generic-array v0.14.7
[INFO] [stderr]    Compiling libz-sys v1.1.20
[INFO] [stderr]    Compiling lazy_static v1.5.0
[INFO] [stderr]    Compiling subtle v2.6.1
[INFO] [stderr]    Compiling curl-sys v0.4.77+curl-8.10.1
[INFO] [stderr]    Compiling lock_api v0.4.12
[INFO] [stderr]    Compiling parking_lot_core v0.9.10
[INFO] [stderr]    Compiling crunchy v0.2.2
[INFO] [stderr]    Compiling ahash v0.8.11
[INFO] [stderr]    Compiling paste v1.0.15
[INFO] [stderr]    Compiling tiny-keccak v2.0.2
[INFO] [stderr]    Compiling arrayvec v0.7.6
[INFO] [stderr]    Compiling scopeguard v1.2.0
[INFO] [stderr]    Compiling curl v0.4.47
[INFO] [stderr]    Compiling colored v2.1.0
[INFO] [stderr]    Compiling fxhash v0.2.1
[INFO] [stderr]    Compiling constant_time_eq v0.3.1
[INFO] [stderr]    Compiling arrayref v0.3.9
[INFO] [stderr]    Compiling cpufeatures v0.2.14
[INFO] [stderr]    Compiling block-buffer v0.10.4
[INFO] [stderr]    Compiling crypto-common v0.1.6
[INFO] [stderr]    Compiling blake2s_simd v1.0.2
[INFO] [stderr]    Compiling digest v0.10.7
[INFO] [stderr]    Compiling sha2 v0.10.8
[INFO] [stderr]    Compiling hex v0.4.3
[INFO] [stderr]    Compiling allocator-api2 v0.2.18
[INFO] [stderr]    Compiling blake2 v0.10.6
[INFO] [stderr]    Compiling snarkvm-circuit-types-boolean v0.16.19
[INFO] [stderr]    Compiling snarkvm-circuit-environment-witness v0.16.19
[INFO] [stderr]    Compiling snarkvm-circuit-types-field v0.16.19
[INFO] [stderr]    Compiling snarkvm-circuit-types-scalar v0.16.19
[INFO] [stderr]    Compiling bytes v1.8.0
[INFO] [stderr]    Compiling snarkvm-circuit-types-integers v0.16.19
[INFO] [stderr]    Compiling snarkvm-circuit-types-group v0.16.19
[INFO] [stderr]    Compiling snarkvm-circuit-types-string v0.16.19
[INFO] [stderr]    Compiling unicode-xid v0.0.4
[INFO] [stderr]    Compiling snarkvm-circuit-types-address v0.16.19
[INFO] [stderr]    Compiling pin-project-lite v0.2.15
[INFO] [stderr]    Compiling synom v0.11.3
[INFO] [stderr]    Compiling quote v0.3.15
[INFO] [stderr]    Compiling bs58 v0.5.1
[INFO] [stderr]    Compiling snarkvm-circuit-algorithms v0.16.19
[INFO] [stderr]    Compiling syn v0.11.11
[INFO] [stderr]    Compiling enum_index v0.2.0
[INFO] [stderr]    Compiling snarkvm-circuit-collections v0.16.19
[INFO] [stderr]    Compiling mio v1.0.2
[INFO] [stderr]    Compiling snarkvm-circuit-network v0.16.19
[INFO] [stderr]    Compiling fnv v1.0.7
[INFO] [stderr]    Compiling futures-core v0.3.31
[INFO] [stderr]    Compiling snarkvm-circuit-account v0.16.19
[INFO] [stderr]    Compiling slab v0.4.9
[INFO] [stderr]    Compiling snarkvm-circuit-program v0.16.19
[INFO] [stderr]    Compiling tracing-core v0.1.32
[INFO] [stderr]    Compiling serde_derive v1.0.214
[INFO] [stderr]    Compiling zerocopy-derive v0.7.35
[INFO] [stderr]    Compiling zeroize_derive v1.4.2
[INFO] [stderr]    Compiling thiserror-impl v1.0.66
[INFO] [stderr]    Compiling aleo-std-timed v0.1.2
[INFO] [stderr]    Compiling aleo-std-time v0.1.2
[INFO] [stderr]    Compiling snarkvm-utilities-derives v0.16.19
[INFO] [stderr]    Compiling aleo-std v0.1.24
[INFO] [stderr]    Compiling num-derive v0.4.2
[INFO] [stderr]    Compiling tokio v1.41.0
[INFO] [stderr]    Compiling zeroize v1.8.1
[INFO] [stderr]    Compiling zerocopy v0.7.35
[INFO] [stderr]    Compiling tracing-attributes v0.1.27
[INFO] [stderr]    Compiling enum_index_derive v0.2.0
[INFO] [stderr]    Compiling futures-task v0.3.31
[INFO] [stderr]    Compiling futures-io v0.3.31
[INFO] [stderr]    Compiling futures-sink v0.3.31
[INFO] [stderr]    Compiling bitflags v2.6.0
[INFO] [stderr]    Compiling pin-utils v0.1.0
[INFO] [stderr]    Compiling futures-util v0.3.31
[INFO] [stderr]    Compiling httparse v1.9.5
[INFO] [stderr]    Compiling foreign-types-shared v0.1.1
[INFO] [stderr]    Compiling try-lock v0.2.5
[INFO] [stderr]    Compiling openssl v0.10.68
[INFO] [stderr]    Compiling ppv-lite86 v0.2.20
[INFO] [stderr]    Compiling log v0.4.22
[INFO] [stderr]    Compiling hashbrown v0.14.5
[INFO] [stderr]    Compiling rand_chacha v0.3.1
[INFO] [stderr]    Compiling want v0.3.1
[INFO] [stderr]    Compiling rand v0.8.5
[INFO] [stderr]    Compiling foreign-types v0.3.2
[INFO] [stderr]    Compiling openssl-macros v0.1.1
[INFO] [stderr]    Compiling tracing v0.1.40
[INFO] [stderr]    Compiling futures-channel v0.3.31
[INFO] [stderr]    Compiling native-tls v0.2.12
[INFO] [stderr]    Compiling tinyvec_macros v0.1.1
[INFO] [stderr]    Compiling tinyvec v1.8.0
[INFO] [stderr]    Compiling tower-service v0.3.3
[INFO] [stderr]    Compiling percent-encoding v2.3.1
[INFO] [stderr]    Compiling unicode-bidi v0.3.17
[INFO] [stderr]    Compiling form_urlencoded v1.2.1
[INFO] [stderr]    Compiling rustls-pki-types v1.10.0
[INFO] [stderr]    Compiling http v0.2.12
[INFO] [stderr]    Compiling ring v0.17.8
[INFO] [stderr]    Compiling adler2 v2.0.0
[INFO] [stderr]    Compiling miniz_oxide v0.8.0
[INFO] [stderr]    Compiling unicode-normalization v0.1.24
[INFO] [stderr]    Compiling idna v0.5.0
[INFO] [stderr]    Compiling http-body v0.4.6
[INFO] [stderr]    Compiling encoding_rs v0.8.35
[INFO] [stderr]    Compiling tokio-util v0.7.12
[INFO] [stderr]    Compiling httpdate v1.0.3
[INFO] [stderr]    Compiling untrusted v0.9.0
[INFO] [stderr]    Compiling url v2.5.2
[INFO] [stderr]    Compiling ipnet v2.10.1
[INFO] [stderr]    Compiling spin v0.9.8
[INFO] [stderr]    Compiling mime v0.3.17
[INFO] [stderr]    Compiling http v1.1.0
[INFO] [stderr]    Compiling base64 v0.21.7
[INFO] [stderr]    Compiling rustls v0.23.16
[INFO] [stderr]    Compiling base64 v0.22.1
[INFO] [stderr]    Compiling rustls-pemfile v1.0.4
[INFO] [stderr]    Compiling crc32fast v1.4.2
[INFO] [stderr]    Compiling sync_wrapper v0.1.2
[INFO] [stderr]    Compiling http-body v1.0.1
[INFO] [stderr]    Compiling flate2 v1.0.34
[INFO] [stderr]    Compiling tokio-native-tls v0.3.1
[INFO] [stderr]    Compiling webpki-roots v0.26.6
[INFO] [stderr]    Compiling rustix v0.38.38
[INFO] [stderr]    Compiling indexmap v2.6.0
[INFO] [stderr]    Compiling bincode v1.3.3
[INFO] [stderr]    Compiling smallvec v1.13.2
[INFO] [stderr]    Compiling serde_urlencoded v0.7.1
[INFO] [stderr]    Compiling atomic-waker v1.1.2
[INFO] [stderr]    Compiling async-trait v0.1.83
[INFO] [stderr]    Compiling linux-raw-sys v0.4.14
[INFO] [stderr]    Compiling portable-atomic v1.9.0
[INFO] [stderr]    Compiling parking_lot v0.12.3
[INFO] [stderr]    Compiling rustls-webpki v0.102.8
[INFO] [stderr]    Compiling utf8parse v0.2.2
[INFO] [stderr]    Compiling anstyle-parse v0.2.6
[INFO] [stderr]    Compiling aho-corasick v1.1.3
[INFO] [stderr]    Compiling h2 v0.3.26
[INFO] [stderr]    Compiling h2 v0.4.6
[INFO] [stderr]    Compiling snarkvm-utilities v0.16.19
[INFO] [stderr]    Compiling indexmap v1.9.3
[INFO] [stderr]    Compiling unicode-width v0.1.14
[INFO] [stderr]    Compiling powerfmt v0.2.0
[INFO] [stderr]    Compiling anstyle v1.0.9
[INFO] [stderr]    Compiling colorchoice v1.0.3
[INFO] [stderr]    Compiling gimli v0.31.1
[INFO] [stderr]    Compiling snarkvm-fields v0.16.19
[INFO] [stderr]    Compiling is_terminal_polyfill v1.70.1
[INFO] [stderr]    Compiling regex-syntax v0.8.5
[INFO] [stderr]    Compiling fastrand v2.1.1
[INFO] [stderr]    Compiling anstyle-query v1.1.2
[INFO] [stderr]    Compiling hyper v0.14.31
[INFO] [stderr]    Compiling snarkvm-curves v0.16.19
[INFO] [stderr]    Compiling semver v1.0.23
[INFO] [stderr]    Compiling hyper v1.5.0
[INFO] [stderr]    Compiling snarkvm-console-network-environment v0.16.19
[INFO] [stderr]    Compiling snarkvm-parameters v0.16.19
[INFO] [stderr]    Compiling snarkvm-console-types-boolean v0.16.19
[INFO] [stderr]    Compiling ureq v2.10.1
[INFO] [stderr]    Compiling hyper-util v0.1.10
[INFO] [stderr]    Compiling snarkvm-console-types-field v0.16.19
[INFO] [stderr]    Compiling snarkvm-console-types-scalar v0.16.19
[INFO] [stderr]    Compiling hyper-tls v0.5.0
[INFO] [stderr]    Compiling snarkvm-console-types-integers v0.16.19
[INFO] [stderr]    Compiling snarkvm-console-types-group v0.16.19
[INFO] [stderr]    Compiling snarkvm-console-types-string v0.16.19
[INFO] [stderr]    Compiling snarkvm-console-types-address v0.16.19
[INFO] [stderr]    Compiling snarkvm-algorithms v0.16.19
[INFO] [stderr]    Compiling snarkvm-console-types v0.16.19
[INFO] [stderr]    Compiling snarkvm-console-algorithms v0.16.19
[INFO] [stderr]    Compiling reqwest v0.11.27
[INFO] [stderr]    Compiling addr2line v0.24.2
[INFO] [stderr]    Compiling snarkvm-console-collections v0.16.19
[INFO] [stderr]    Compiling regex-automata v0.4.8
[INFO] [stderr]    Compiling anstream v0.6.17
[INFO] [stderr]    Compiling tempfile v3.13.0
[INFO] [stderr]    Compiling deranged v0.3.11
[INFO] [stderr]    Compiling console v0.15.8
[INFO] [stderr]    Compiling http-body-util v0.1.2
[INFO] [stderr]    Compiling object v0.36.5
[INFO] [stderr]    Compiling time-core v0.1.2
[INFO] [stderr]    Compiling num-conv v0.1.0
[INFO] [stderr]    Compiling hashbrown v0.12.3
[INFO] [stderr]    Compiling rustc-demangle v0.1.24
[INFO] [stderr]    Compiling heck v0.5.0
[INFO] [stderr]    Compiling snarkvm-console-network v0.16.19
[INFO] [stderr]    Compiling self_update v0.38.0
[INFO] [stderr]    Compiling strsim v0.11.1
[INFO] [stderr]    Compiling number_prefix v0.4.0
[INFO] [stderr]    Compiling clap_lex v0.7.2
[INFO] [stderr]    Compiling indicatif v0.17.8
[INFO] [stderr]    Compiling clap_derive v4.5.18
[INFO] [stderr]    Compiling clap_builder v4.5.20
[INFO] [stderr]    Compiling snarkvm-circuit-environment v0.16.19
[INFO] [stderr]    Compiling snarkvm-console-account v0.16.19
[INFO] [stderr]    Compiling snarkvm-console-program v0.16.19
[INFO] [stderr]    Compiling time v0.3.36
[INFO] [stderr]    Compiling regex v1.11.1
[INFO] [stderr]    Compiling backtrace v0.3.74
[INFO] [stderr]    Compiling hyper-tls v0.6.0
[INFO] [stderr]    Compiling self-replace v1.5.0
[INFO] [stderr]    Compiling rustls-pemfile v2.2.0
[INFO] [stderr]    Compiling snarkvm-circuit-types v0.16.19
[INFO] [stderr]    Compiling sync_wrapper v1.0.1
[INFO] [stderr]    Compiling quick-xml v0.23.1
[INFO] [stderr]    Compiling scoped-tls v1.0.1
[INFO] [stderr]    Compiling urlencoding v2.1.3
[INFO] [stderr]    Compiling termcolor v1.4.1
[INFO] [stderr]    Compiling leo-span v1.12.0
[INFO] [stderr]    Compiling reqwest v0.12.9
[INFO] [stderr]    Compiling color-backtrace v0.6.1
[INFO] [stderr]    Compiling snarkvm-console v0.16.19
[INFO] [stderr]    Compiling snarkvm-ledger-committee v0.16.19
[INFO] [stderr]    Compiling snarkvm-ledger-narwhal-data v0.16.19
[INFO] [stderr]    Compiling clap v4.5.20
[INFO] [stderr]    Compiling derivative v2.2.0
[INFO] [stderr]    Compiling num-format v0.4.4
[INFO] [stderr]    Compiling dotenvy v0.15.7
[INFO] [stderr]    Compiling itertools v0.12.1
[INFO] [stderr]    Compiling snarkvm-circuit v0.16.19
[INFO] [stderr]    Compiling new_debug_unreachable v1.0.6
[INFO] [stderr]    Compiling mac v0.1.1
[INFO] [stderr]    Compiling snarkvm-synthesizer-snark v0.16.19
[INFO] [stderr]    Compiling snarkvm-synthesizer-program v0.16.19
[INFO] [stderr]    Compiling futf v0.1.5
[INFO] [stderr]    Compiling utf-8 v0.7.6
[INFO] [stderr]    Compiling typed-arena v2.0.2
[INFO] [stderr]    Compiling snarkvm-ledger-coinbase v0.16.19
[INFO] [stderr]    Compiling tendril v0.4.3
[INFO] [stderr]    Compiling snarkvm-ledger-narwhal-transmission-id v0.16.19
[INFO] [stderr]    Compiling snarkvm-ledger-narwhal-batch-header v0.16.19
[INFO] [stderr]    Compiling snarkvm-ledger-narwhal-batch-certificate v0.16.19
[INFO] [stderr]    Compiling leo-errors v1.12.0
[INFO] [stderr]    Compiling snarkvm-ledger-narwhal-subdag v0.16.19
[INFO] [stderr]    Compiling snarkvm-ledger-authority v0.16.19
[INFO] [stderr]    Compiling snarkvm-ledger-block v0.16.19
[INFO] [stderr]    Compiling snarkvm-ledger-store v0.16.19
[INFO] [stderr]    Compiling snarkvm-ledger-narwhal-transmission v0.16.19
[INFO] [stderr]    Compiling snarkvm-ledger-narwhal v0.16.19
[INFO] [stderr]    Compiling snarkvm-ledger-query v0.16.19
[INFO] [stderr]    Compiling snarkvm-synthesizer-process v0.16.19
[INFO] [stderr]    Compiling snarkvm-synthesizer v0.16.19
[INFO] [stderr]    Compiling snarkvm-ledger v0.16.19
[INFO] [stderr]    Compiling snarkvm v0.16.19
[INFO] [stderr]    Compiling leo-ast v1.12.0
[INFO] [stderr]    Compiling leo-parser v1.12.0
[INFO] [stderr]    Compiling leo-asg v1.5.3
[INFO] [stdout] error[E0432]: unresolved import `leo_ast::GroupValue`
[INFO] [stdout]   --> /opt/rustwide/cargo-home/registry/src/index.crates.io-6f17d22bba15001f/leo-asg-1.5.3/src/const_value.rs:98:22
[INFO] [stdout]    |
[INFO] [stdout] 98 |         use leo_ast::GroupValue::*;
[INFO] [stdout]    |                      ^^^^^^^^^^ could not find `GroupValue` in `leo_ast`
[INFO] [stdout] 
[INFO] [stdout] 
[INFO] [stdout] error[E0432]: unresolved import `leo_ast::Char`
[INFO] [stdout]    --> /opt/rustwide/cargo-home/registry/src/index.crates.io-6f17d22bba15001f/leo-asg-1.5.3/src/const_value.rs:114:22
[INFO] [stdout]     |
[INFO] [stdout] 114 |         use leo_ast::Char::*;
[INFO] [stdout]     |                      ^^^^ could not find `Char` in `leo_ast`
[INFO] [stdout] 
[INFO] [stdout] 
[INFO] [stdout] error[E0432]: unresolved import `leo_ast::Char`
[INFO] [stdout]    --> /opt/rustwide/cargo-home/registry/src/index.crates.io-6f17d22bba15001f/leo-asg-1.5.3/src/const_value.rs:124:22
[INFO] [stdout]     |
[INFO] [stdout] 124 |         use leo_ast::Char::*;
[INFO] [stdout]     |                      ^^^^ could not find `Char` in `leo_ast`
[INFO] [stdout] 
[INFO] [stdout] 
[INFO] [stdout] error[E0432]: unresolved imports `leo_ast::FormattedError`, `leo_ast::LeoError`
[INFO] [stdout]   --> /opt/rustwide/cargo-home/registry/src/index.crates.io-6f17d22bba15001f/leo-asg-1.5.3/src/error/mod.rs:20:25
[INFO] [stdout]    |
[INFO] [stdout] 20 | use leo_ast::{AstError, FormattedError, LeoError};
[INFO] [stdout]    |                         ^^^^^^^^^^^^^^  ^^^^^^^^ no `LeoError` in the root
[INFO] [stdout]    |                         |
[INFO] [stdout]    |                         no `FormattedError` in the root
[INFO] [stdout] 
[INFO] [stdout] 
[INFO] [stdout] error[E0432]: unresolved import `leo_parser::SyntaxError`
[INFO] [stdout]   --> /opt/rustwide/cargo-home/registry/src/index.crates.io-6f17d22bba15001f/leo-asg-1.5.3/src/error/mod.rs:21:5
[INFO] [stdout]    |
[INFO] [stdout] 21 | use leo_parser::SyntaxError;
[INFO] [stdout]    |     ^^^^^^^^^^^^^^^^^^^^^^^ no `SyntaxError` in the root
[INFO] [stdout]    |
[INFO] [stdout] help: consider importing this variant instead
[INFO] [stdout]    |
[INFO] [stdout] 21 | use crate::AsgConvertError::SyntaxError;
[INFO] [stdout]    |     ~~~~~~~~~~~~~~~~~~~~~~~~~~~~~~~~~~~
[INFO] [stdout] 
[INFO] [stdout] 
[INFO] [stdout] error[E0432]: unresolved import `leo_ast::SpreadOrExpression`
[INFO] [stdout]   --> /opt/rustwide/cargo-home/registry/src/index.crates.io-6f17d22bba15001f/leo-asg-1.5.3/src/expression/array_inline.rs:18:5
[INFO] [stdout]    |
[INFO] [stdout] 18 | use leo_ast::SpreadOrExpression;
[INFO] [stdout]    |     ^^^^^^^^^------------------
[INFO] [stdout]    |     |        |
[INFO] [stdout]    |     |        help: a similar name exists in the module: `ArrayExpression`
[INFO] [stdout]    |     no `SpreadOrExpression` in the root
[INFO] [stdout] 
[INFO] [stdout] 
[INFO] [stdout] error[E0432]: unresolved import `leo_ast::BinaryOperationClass`
[INFO] [stdout]   --> /opt/rustwide/cargo-home/registry/src/index.crates.io-6f17d22bba15001f/leo-asg-1.5.3/src/expression/binary.rs:18:36
[INFO] [stdout]    |
[INFO] [stdout] 18 | pub use leo_ast::{BinaryOperation, BinaryOperationClass};
[INFO] [stdout]    |                                    ^^^^^^^^^^^^^^^^^^^^
[INFO] [stdout]    |                                    |
[INFO] [stdout]    |                                    no `BinaryOperationClass` in the root
[INFO] [stdout]    |                                    help: a similar name exists in the module: `BinaryOperation`
[INFO] [stdout] 
[INFO] [stdout] 
[INFO] [stdout] error[E0432]: unresolved import `leo_ast::ValueExpression`
[INFO] [stdout]   --> /opt/rustwide/cargo-home/registry/src/index.crates.io-6f17d22bba15001f/leo-asg-1.5.3/src/expression/constant.rs:82:22
[INFO] [stdout]    |
[INFO] [stdout] 82 |         use leo_ast::ValueExpression::*;
[INFO] [stdout]    |                      ^^^^^^^^^^^^^^^ could not find `ValueExpression` in `leo_ast`
[INFO] [stdout] 
[INFO] [stdout] 
[INFO] [stdout] error[E0432]: unresolved import `leo_ast::FunctionInput`
[INFO] [stdout]   --> /opt/rustwide/cargo-home/registry/src/index.crates.io-6f17d22bba15001f/leo-asg-1.5.3/src/program/function.rs:33:5
[INFO] [stdout]    |
[INFO] [stdout] 33 | use leo_ast::FunctionInput;
[INFO] [stdout]    |     ^^^^^^^^^-------------
[INFO] [stdout]    |     |        |
[INFO] [stdout]    |     |        help: a similar name exists in the module: `FunctionStub`
[INFO] [stdout]    |     no `FunctionInput` in the root
[INFO] [stdout] 
[INFO] [stdout] 
[INFO] [stdout] error[E0432]: unresolved imports `leo_ast::PackageAccess`, `leo_ast::PackageOrPackages`, `leo_ast::Span`
[INFO] [stdout]   --> /opt/rustwide/cargo-home/registry/src/index.crates.io-6f17d22bba15001f/leo-asg-1.5.3/src/program/mod.rs:38:27
[INFO] [stdout]    |
[INFO] [stdout] 38 | use leo_ast::{Identifier, PackageAccess, PackageOrPackages, Span};
[INFO] [stdout]    |                           ^^^^^^^^^^^^^  ^^^^^^^^^^^^^^^^^  ^^^^ no `Span` in the root
[INFO] [stdout]    |                           |              |
[INFO] [stdout]    |                           |              no `PackageOrPackages` in the root
[INFO] [stdout]    |                           no `PackageAccess` in the root
[INFO] [stdout] 
[INFO] [stdout] 
[INFO] [stdout] error[E0432]: unresolved import `leo_ast::AssignOperation`
[INFO] [stdout]   --> /opt/rustwide/cargo-home/registry/src/index.crates.io-6f17d22bba15001f/leo-asg-1.5.3/src/statement/assign.rs:35:9
[INFO] [stdout]    |
[INFO] [stdout] 35 | pub use leo_ast::AssignOperation;
[INFO] [stdout]    |         ^^^^^^^^^^^^^^^^^^^^^^^^ no `AssignOperation` in the root
[INFO] [stdout] 
[INFO] [stdout] 
[INFO] [stdout] error[E0432]: unresolved import `leo_ast::AssigneeAccess`
[INFO] [stdout]   --> /opt/rustwide/cargo-home/registry/src/index.crates.io-6f17d22bba15001f/leo-asg-1.5.3/src/statement/assign.rs:36:5
[INFO] [stdout]    |
[INFO] [stdout] 36 | use leo_ast::AssigneeAccess as AstAssigneeAccess;
[INFO] [stdout]    |     ^^^^^^^^^^^^^^^^^^^^^^^^^^^^^^^^^^^^^^^^^^^^ no `AssigneeAccess` in the root
[INFO] [stdout] 
[INFO] [stdout] 
[INFO] [stdout] error[E0432]: unresolved import `leo_ast::FormattedError`
[INFO] [stdout]   --> /opt/rustwide/cargo-home/registry/src/index.crates.io-6f17d22bba15001f/leo-asg-1.5.3/src/pass.rs:18:9
[INFO] [stdout]    |
[INFO] [stdout] 18 | pub use leo_ast::FormattedError;
[INFO] [stdout]    |         ^^^^^^^^^^^^^^^^^^^^^^^ no `FormattedError` in the root
[INFO] [stdout] 
[INFO] [stdout] 
[INFO] [stdout] error[E0432]: unresolved import `leo_ast::Span`
[INFO] [stdout]   --> /opt/rustwide/cargo-home/registry/src/index.crates.io-6f17d22bba15001f/leo-asg-1.5.3/src/lib.rs:80:36
[INFO] [stdout]    |
[INFO] [stdout] 80 | pub use leo_ast::{Ast, Identifier, Span};
[INFO] [stdout]    |                                    ^^^^ no `Span` in the root
[INFO] [stdout] 
[INFO] [stdout] 
[INFO] [stdout] error[E0603]: enum `AstError` is private
[INFO] [stdout]   --> /opt/rustwide/cargo-home/registry/src/index.crates.io-6f17d22bba15001f/leo-asg-1.5.3/src/error/mod.rs:20:15
[INFO] [stdout]    |
[INFO] [stdout] 20 | use leo_ast::{AstError, FormattedError, LeoError};
[INFO] [stdout]    |               ^^^^^^^^ private enum
[INFO] [stdout]    |
[INFO] [stdout] note: the enum `AstError` is defined here
[INFO] [stdout]   --> /opt/rustwide/cargo-home/registry/src/index.crates.io-6f17d22bba15001f/leo-ast-1.12.0/src/lib.rs:67:18
[INFO] [stdout]    |
[INFO] [stdout] 67 | use leo_errors::{AstError, Result};
[INFO] [stdout]    |                  ^^^^^^^^
[INFO] [stdout] help: import `AstError` directly
[INFO] [stdout]    |
[INFO] [stdout] 20 | use leo_ast::{leo_errors::errors::ast::ast_errors::AstError, FormattedError, LeoError};
[INFO] [stdout]    |               ~~~~~~~~~~~~~~~~~~~~~~~~~~~~~~~~~~~~~~~~~~~~~
[INFO] [stdout] 
[INFO] [stdout] 
[INFO] [stdout] Some errors have detailed explanations: E0432, E0603.
[INFO] [stdout] 
[INFO] [stdout] For more information about an error, try `rustc --explain E0432`.
[INFO] [stdout] 
[INFO] [stderr] error: could not compile `leo-asg` (lib) due to 15 previous errors
[INFO] [stderr] warning: build failed, waiting for other jobs to finish...
[INFO] running `Command { std: "docker" "inspect" "3c3aa8fa1cb1313613721632e18e8d19a90ce8cbea07abd9a1a81bd36e1cc4e2", kill_on_drop: false }`
[INFO] running `Command { std: "docker" "rm" "-f" "3c3aa8fa1cb1313613721632e18e8d19a90ce8cbea07abd9a1a81bd36e1cc4e2", kill_on_drop: false }`
[INFO] [stdout] 3c3aa8fa1cb1313613721632e18e8d19a90ce8cbea07abd9a1a81bd36e1cc4e2
