[INFO] fetching crate ledger-models 0.1.92...
[INFO] testing ledger-models-0.1.92 against nightly-2024-10-28 for randomize-layout
[INFO] extracting crate ledger-models 0.1.92 into /workspace/builds/worker-6-tc1/source
[INFO] validating manifest of crates.io crate ledger-models 0.1.92 on toolchain nightly-2024-10-28
[INFO] running `Command { std: CARGO_HOME="/workspace/cargo-home" RUSTUP_HOME="/workspace/rustup-home" "/workspace/cargo-home/bin/cargo" "+nightly-2024-10-28" "metadata" "--manifest-path" "Cargo.toml" "--no-deps", kill_on_drop: false }`
[INFO] started tweaking crates.io crate ledger-models 0.1.92
[INFO] finished tweaking crates.io crate ledger-models 0.1.92
[INFO] tweaked toml for crates.io crate ledger-models 0.1.92 written to /workspace/builds/worker-6-tc1/source/Cargo.toml
[INFO] crate crates.io crate ledger-models 0.1.92 already has a lockfile, it will not be regenerated
[INFO] running `Command { std: CARGO_HOME="/workspace/cargo-home" RUSTUP_HOME="/workspace/rustup-home" "/workspace/cargo-home/bin/cargo" "+nightly-2024-10-28" "fetch" "--manifest-path" "Cargo.toml", kill_on_drop: false }`
[INFO] [stderr]  Downloading crates ...
[INFO] [stderr]   Downloaded tonic-build v0.9.2
[INFO] [stderr]   Downloaded tonic v0.9.2
[INFO] [stderr]   Downloaded rkyv_derive v0.7.42
[INFO] [stderr]   Downloaded borsh v0.10.3
[INFO] [stderr]   Downloaded rkyv v0.7.42
[INFO] [stderr]   Downloaded borsh-derive-internal v0.10.3
[INFO] [stderr]   Downloaded borsh-derive v0.10.3
[INFO] [stderr]   Downloaded chrono-tz-build v0.2.0
[INFO] [stderr]   Downloaded borsh-schema-derive-internal v0.10.3
[INFO] [stderr]   Downloaded rust_decimal v1.31.0
[INFO] [stderr]   Downloaded matchit v0.7.2
[INFO] [stderr]   Downloaded chrono-tz v0.8.3
[INFO] [stderr]   Downloaded rust_decimal_macros v1.31.0
[INFO] running `Command { std: "docker" "create" "-v" "/var/lib/crater-agent-workspace/builds/worker-6-tc1/target:/opt/rustwide/target:rw,Z" "-v" "/var/lib/crater-agent-workspace/builds/worker-6-tc1/source:/opt/rustwide/workdir:ro,Z" "-v" "/var/lib/crater-agent-workspace/cargo-home:/opt/rustwide/cargo-home:ro,Z" "-v" "/var/lib/crater-agent-workspace/rustup-home:/opt/rustwide/rustup-home:ro,Z" "-e" "SOURCE_DIR=/opt/rustwide/workdir" "-e" "CARGO_TARGET_DIR=/opt/rustwide/target" "-e" "CARGO_HOME=/opt/rustwide/cargo-home" "-e" "RUSTUP_HOME=/opt/rustwide/rustup-home" "-w" "/opt/rustwide/workdir" "-m" "1610612736" "--user" "0:0" "--network" "none" "ghcr.io/rust-lang/crates-build-env/linux@sha256:4a844ea9eb2546a2d2c7022eacef16ef2e8229c7fbb2c7d4d55a9ceca922f72d" "/opt/rustwide/cargo-home/bin/cargo" "+nightly-2024-10-28" "metadata" "--no-deps" "--format-version=1", kill_on_drop: false }`
[INFO] [stdout] 7a7b1c453c5efb493f4799f738c6382b2f64ba35f27953f8be9bc9e790a88bcd
[INFO] running `Command { std: "docker" "start" "-a" "7a7b1c453c5efb493f4799f738c6382b2f64ba35f27953f8be9bc9e790a88bcd", kill_on_drop: false }`
[INFO] running `Command { std: "docker" "inspect" "7a7b1c453c5efb493f4799f738c6382b2f64ba35f27953f8be9bc9e790a88bcd", kill_on_drop: false }`
[INFO] running `Command { std: "docker" "rm" "-f" "7a7b1c453c5efb493f4799f738c6382b2f64ba35f27953f8be9bc9e790a88bcd", kill_on_drop: false }`
[INFO] [stdout] 7a7b1c453c5efb493f4799f738c6382b2f64ba35f27953f8be9bc9e790a88bcd
[INFO] running `Command { std: "docker" "create" "-v" "/var/lib/crater-agent-workspace/builds/worker-6-tc1/target:/opt/rustwide/target:rw,Z" "-v" "/var/lib/crater-agent-workspace/builds/worker-6-tc1/source:/opt/rustwide/workdir:ro,Z" "-v" "/var/lib/crater-agent-workspace/cargo-home:/opt/rustwide/cargo-home:ro,Z" "-v" "/var/lib/crater-agent-workspace/rustup-home:/opt/rustwide/rustup-home:ro,Z" "-e" "SOURCE_DIR=/opt/rustwide/workdir" "-e" "CARGO_TARGET_DIR=/opt/rustwide/target" "-e" "CARGO_INCREMENTAL=0" "-e" "RUST_BACKTRACE=full" "-e" "RUSTFLAGS=--cap-lints=forbid" "-e" "RUSTDOCFLAGS=--cap-lints=forbid" "-e" "CARGO_HOME=/opt/rustwide/cargo-home" "-e" "RUSTUP_HOME=/opt/rustwide/rustup-home" "-w" "/opt/rustwide/workdir" "-m" "1610612736" "--user" "0:0" "--network" "none" "ghcr.io/rust-lang/crates-build-env/linux@sha256:4a844ea9eb2546a2d2c7022eacef16ef2e8229c7fbb2c7d4d55a9ceca922f72d" "/opt/rustwide/cargo-home/bin/cargo" "+nightly-2024-10-28" "build" "--frozen" "--message-format=json", kill_on_drop: false }`
[INFO] [stdout] 6db8971778b1e38bc9721841d89ae8fefddfefa2da8642090530cf96a7e24b9c
[INFO] running `Command { std: "docker" "start" "-a" "6db8971778b1e38bc9721841d89ae8fefddfefa2da8642090530cf96a7e24b9c", kill_on_drop: false }`
[INFO] [stderr]    Compiling proc-macro2 v1.0.66
[INFO] [stderr]    Compiling unicode-ident v1.0.11
[INFO] [stderr]    Compiling libc v0.2.147
[INFO] [stderr]    Compiling bytes v1.4.0
[INFO] [stderr]    Compiling pin-project-lite v0.2.12
[INFO] [stderr]    Compiling futures-core v0.3.28
[INFO] [stderr]    Compiling indexmap v1.9.3
[INFO] [stderr]    Compiling futures-task v0.3.28
[INFO] [stderr]    Compiling siphasher v0.3.10
[INFO] [stderr]    Compiling futures-util v0.3.28
[INFO] [stderr]    Compiling rustversion v1.0.14
[INFO] [stderr]    Compiling once_cell v1.18.0
[INFO] [stderr]    Compiling slab v0.4.8
[INFO] [stderr]    Compiling itoa v1.0.9
[INFO] [stderr]    Compiling syn v1.0.109
[INFO] [stderr]    Compiling anyhow v1.0.75
[INFO] [stderr]    Compiling tracing-core v0.1.31
[INFO] [stderr]    Compiling http v0.2.9
[INFO] [stderr]    Compiling phf_shared v0.11.2
[INFO] [stderr]    Compiling num-traits v0.2.16
[INFO] [stderr]    Compiling regex-syntax v0.7.4
[INFO] [stderr]    Compiling quote v1.0.33
[INFO] [stderr]    Compiling socket2 v0.5.3
[INFO] [stderr]    Compiling mio v0.8.8
[INFO] [stderr]    Compiling getrandom v0.2.10
[INFO] [stderr]    Compiling syn v2.0.29
[INFO] [stderr]    Compiling either v1.9.0
[INFO] [stderr]    Compiling futures-sink v0.3.28
[INFO] [stderr]    Compiling itertools v0.10.5
[INFO] [stderr]    Compiling futures-channel v0.3.28
[INFO] [stderr]    Compiling tower-service v0.3.2
[INFO] [stderr]    Compiling httparse v1.8.0
[INFO] [stderr]    Compiling http-body v0.4.5
[INFO] [stderr]    Compiling regex-automata v0.3.6
[INFO] [stderr]    Compiling phf_generator v0.11.2
[INFO] [stderr]    Compiling rand_core v0.6.4
[INFO] [stderr]    Compiling try-lock v0.2.4
[INFO] [stderr]    Compiling rustix v0.38.8
[INFO] [stderr]    Compiling ppv-lite86 v0.2.17
[INFO] [stderr]    Compiling async-trait v0.1.73
[INFO] [stderr]    Compiling serde v1.0.183
[INFO] [stderr]    Compiling rand_chacha v0.3.1
[INFO] [stderr]    Compiling want v0.3.1
[INFO] [stderr]    Compiling phf_codegen v0.11.2
[INFO] [stderr]    Compiling axum-core v0.3.4
[INFO] [stderr]    Compiling socket2 v0.4.9
[INFO] [stderr]    Compiling phf v0.11.2
[INFO] [stderr]    Compiling tower-layer v0.3.2
[INFO] [stderr]    Compiling linux-raw-sys v0.4.5
[INFO] [stderr]    Compiling prettyplease v0.1.25
[INFO] [stderr]    Compiling regex v1.9.3
[INFO] [stderr]    Compiling memchr v2.5.0
[INFO] [stderr]    Compiling bitflags v2.4.0
[INFO] [stderr]    Compiling rand v0.8.5
[INFO] [stderr]    Compiling parse-zoneinfo v0.3.0
[INFO] [stderr]    Compiling chrono-tz-build v0.2.0
[INFO] [stderr]    Compiling axum v0.6.20
[INFO] [stderr]    Compiling rust_decimal v1.31.0
[INFO] [stderr]    Compiling prost-derive v0.11.9
[INFO] [stderr]    Compiling fastrand v2.0.0
[INFO] [stderr]    Compiling chrono-tz v0.8.3
[INFO] [stderr]    Compiling petgraph v0.6.3
[INFO] [stderr]    Compiling prost v0.11.9
[INFO] [stderr]    Compiling tempfile v3.8.0
[INFO] [stderr]    Compiling which v4.4.0
[INFO] [stderr]    Compiling tokio-macros v2.1.0
[INFO] [stderr]    Compiling tracing-attributes v0.1.26
[INFO] [stderr]    Compiling pin-project-internal v1.1.3
[INFO] [stderr]    Compiling tokio v1.32.0
[INFO] [stderr]    Compiling prost-types v0.11.9
[INFO] [stderr]    Compiling pin-project v1.1.3
[INFO] [stderr]    Compiling time v0.1.45
[INFO] [stderr]    Compiling tracing v0.1.37
[INFO] [stderr]    Compiling multimap v0.8.3
[INFO] [stderr]    Compiling matchit v0.7.2
[INFO] [stderr]    Compiling log v0.4.20
[INFO] [stderr]    Compiling percent-encoding v2.3.0
[INFO] [stderr]    Compiling heck v0.4.1
[INFO] [stderr]    Compiling arrayvec v0.7.4
[INFO] [stderr]    Compiling iana-time-zone v0.1.57
[INFO] [stderr]    Compiling prost-build v0.11.9
[INFO] [stderr]    Compiling chrono v0.4.26
[INFO] [stderr]    Compiling base64 v0.21.2
[INFO] [stderr]    Compiling same-file v1.0.6
[INFO] [stderr]    Compiling walkdir v2.3.3
[INFO] [stderr]    Compiling rust_decimal_macros v1.31.0
[INFO] [stderr]    Compiling tonic-build v0.9.2
[INFO] [stderr]    Compiling uuid v1.4.1
[INFO] [stderr]    Compiling tokio-util v0.7.8
[INFO] [stderr]    Compiling tokio-io-timeout v1.2.0
[INFO] [stderr]    Compiling tokio-stream v0.1.14
[INFO] [stderr]    Compiling h2 v0.3.20
[INFO] [stderr]    Compiling tower v0.4.13
[INFO] [stderr]    Compiling hyper v0.14.27
[INFO] [stderr]    Compiling hyper-timeout v0.4.1
[INFO] [stderr]    Compiling tonic v0.9.2
[INFO] [stderr]    Compiling ledger-models v0.1.92 (/opt/rustwide/workdir)
[INFO] [stderr]     Finished `dev` profile [unoptimized + debuginfo] target(s) in 48.54s
[INFO] running `Command { std: "docker" "inspect" "6db8971778b1e38bc9721841d89ae8fefddfefa2da8642090530cf96a7e24b9c", kill_on_drop: false }`
[INFO] running `Command { std: "docker" "rm" "-f" "6db8971778b1e38bc9721841d89ae8fefddfefa2da8642090530cf96a7e24b9c", kill_on_drop: false }`
[INFO] [stdout] 6db8971778b1e38bc9721841d89ae8fefddfefa2da8642090530cf96a7e24b9c
[INFO] running `Command { std: "docker" "create" "-v" "/var/lib/crater-agent-workspace/builds/worker-6-tc1/target:/opt/rustwide/target:rw,Z" "-v" "/var/lib/crater-agent-workspace/builds/worker-6-tc1/source:/opt/rustwide/workdir:ro,Z" "-v" "/var/lib/crater-agent-workspace/cargo-home:/opt/rustwide/cargo-home:ro,Z" "-v" "/var/lib/crater-agent-workspace/rustup-home:/opt/rustwide/rustup-home:ro,Z" "-e" "SOURCE_DIR=/opt/rustwide/workdir" "-e" "CARGO_TARGET_DIR=/opt/rustwide/target" "-e" "CARGO_INCREMENTAL=0" "-e" "RUST_BACKTRACE=full" "-e" "RUSTFLAGS=--cap-lints=forbid" "-e" "RUSTDOCFLAGS=--cap-lints=forbid" "-e" "CARGO_HOME=/opt/rustwide/cargo-home" "-e" "RUSTUP_HOME=/opt/rustwide/rustup-home" "-w" "/opt/rustwide/workdir" "-m" "1610612736" "--user" "0:0" "--network" "none" "ghcr.io/rust-lang/crates-build-env/linux@sha256:4a844ea9eb2546a2d2c7022eacef16ef2e8229c7fbb2c7d4d55a9ceca922f72d" "/opt/rustwide/cargo-home/bin/cargo" "+nightly-2024-10-28" "test" "--frozen" "--no-run" "--message-format=json", kill_on_drop: false }`
[INFO] [stdout] 451b754b957c8fd41d6f0a8a15818a9c23bc764ba2514a56f31ea375dfc1cf21
[INFO] running `Command { std: "docker" "start" "-a" "451b754b957c8fd41d6f0a8a15818a9c23bc764ba2514a56f31ea375dfc1cf21", kill_on_drop: false }`
[INFO] [stderr]    Compiling ledger-models v0.1.92 (/opt/rustwide/workdir)
[INFO] [stdout] error[E0308]: mismatched types
[INFO] [stdout]    --> fintekkers/wrappers/models/utils/datetime.rs:177:64
[INFO] [stdout]     |
[INFO] [stdout] 177 |         let wrapper = LocalTimestampWrapper::from_utc_datetime(date_time);
[INFO] [stdout]     |                       ---------------------------------------- ^^^^^^^^^ expected `NaiveDateTime`, found `DateTime<Utc>`
[INFO] [stdout]     |                       |
[INFO] [stdout]     |                       arguments to this function are incorrect
[INFO] [stdout]     |
[INFO] [stdout]     = note: expected struct `NaiveDateTime`
[INFO] [stdout]                found struct `chrono::DateTime<chrono::Utc>`
[INFO] [stdout] note: associated function defined here
[INFO] [stdout]    --> fintekkers/wrappers/models/utils/datetime.rs:43:12
[INFO] [stdout]     |
[INFO] [stdout] 43  |     pub fn from_utc_datetime(now: NaiveDateTime) -> Self {
[INFO] [stdout]     |            ^^^^^^^^^^^^^^^^^ ------------------
[INFO] [stdout] 
[INFO] [stdout] 
[INFO] [stdout] error[E0308]: mismatched types
[INFO] [stdout]    --> fintekkers/wrappers/models/utils/datetime.rs:185:64
[INFO] [stdout]     |
[INFO] [stdout] 185 |         let utc_wrapper = LocalTimestampWrapper::from_datetime(date_time, "UTC".to_string());
[INFO] [stdout]     |                           ------------------------------------ ^^^^^^^^^ expected `NaiveDateTime`, found `DateTime<Utc>`
[INFO] [stdout]     |                           |
[INFO] [stdout]     |                           arguments to this function are incorrect
[INFO] [stdout]     |
[INFO] [stdout]     = note: expected struct `NaiveDateTime`
[INFO] [stdout]                found struct `chrono::DateTime<chrono::Utc>`
[INFO] [stdout] note: associated function defined here
[INFO] [stdout]    --> fintekkers/wrappers/models/utils/datetime.rs:47:12
[INFO] [stdout]     |
[INFO] [stdout] 47  |     pub fn from_datetime(now: NaiveDateTime, time_zone_str: String) -> Self {
[INFO] [stdout]     |            ^^^^^^^^^^^^^ ------------------
[INFO] [stdout] 
[INFO] [stdout] 
[INFO] [stdout] error[E0308]: mismatched types
[INFO] [stdout]    --> fintekkers/wrappers/models/utils/datetime.rs:196:50
[INFO] [stdout]     |
[INFO] [stdout] 196 |             LocalTimestampWrapper::from_datetime(date_time, "America/New_York".to_string());
[INFO] [stdout]     |             ------------------------------------ ^^^^^^^^^ expected `NaiveDateTime`, found `DateTime<Utc>`
[INFO] [stdout]     |             |
[INFO] [stdout]     |             arguments to this function are incorrect
[INFO] [stdout]     |
[INFO] [stdout]     = note: expected struct `NaiveDateTime`
[INFO] [stdout]                found struct `chrono::DateTime<chrono::Utc>`
[INFO] [stdout] note: associated function defined here
[INFO] [stdout]    --> fintekkers/wrappers/models/utils/datetime.rs:47:12
[INFO] [stdout]     |
[INFO] [stdout] 47  |     pub fn from_datetime(now: NaiveDateTime, time_zone_str: String) -> Self {
[INFO] [stdout]     |            ^^^^^^^^^^^^^ ------------------
[INFO] [stdout] 
[INFO] [stdout] 
[INFO] [stdout] For more information about this error, try `rustc --explain E0308`.
[INFO] [stdout] 
[INFO] [stderr] error: could not compile `ledger-models` (lib test) due to 3 previous errors
[INFO] running `Command { std: "docker" "inspect" "451b754b957c8fd41d6f0a8a15818a9c23bc764ba2514a56f31ea375dfc1cf21", kill_on_drop: false }`
[INFO] running `Command { std: "docker" "rm" "-f" "451b754b957c8fd41d6f0a8a15818a9c23bc764ba2514a56f31ea375dfc1cf21", kill_on_drop: false }`
[INFO] [stdout] 451b754b957c8fd41d6f0a8a15818a9c23bc764ba2514a56f31ea375dfc1cf21
