[INFO] fetching crate leaprs 0.2.2...
[INFO] testing leaprs-0.2.2 against nightly-2024-10-28+rustflags=-Zrandomize-layout for randomize-layout
[INFO] extracting crate leaprs 0.2.2 into /workspace/builds/worker-5-tc2/source
[INFO] validating manifest of crates.io crate leaprs 0.2.2 on toolchain nightly-2024-10-28
[INFO] running `Command { std: CARGO_HOME="/workspace/cargo-home" RUSTUP_HOME="/workspace/rustup-home" "/workspace/cargo-home/bin/cargo" "+nightly-2024-10-28" "metadata" "--manifest-path" "Cargo.toml" "--no-deps", kill_on_drop: false }`
[INFO] started tweaking crates.io crate leaprs 0.2.2
[INFO] finished tweaking crates.io crate leaprs 0.2.2
[INFO] tweaked toml for crates.io crate leaprs 0.2.2 written to /workspace/builds/worker-5-tc2/source/Cargo.toml
[INFO] crate crates.io crate leaprs 0.2.2 already has a lockfile, it will not be regenerated
[INFO] running `Command { std: CARGO_HOME="/workspace/cargo-home" RUSTUP_HOME="/workspace/rustup-home" "/workspace/cargo-home/bin/cargo" "+nightly-2024-10-28" "fetch" "--manifest-path" "Cargo.toml", kill_on_drop: false }`
[INFO] running `Command { std: "docker" "create" "-v" "/var/lib/crater-agent-workspace/builds/worker-5-tc2/target:/opt/rustwide/target:rw,Z" "-v" "/var/lib/crater-agent-workspace/builds/worker-5-tc2/source:/opt/rustwide/workdir:ro,Z" "-v" "/var/lib/crater-agent-workspace/cargo-home:/opt/rustwide/cargo-home:ro,Z" "-v" "/var/lib/crater-agent-workspace/rustup-home:/opt/rustwide/rustup-home:ro,Z" "-e" "SOURCE_DIR=/opt/rustwide/workdir" "-e" "CARGO_TARGET_DIR=/opt/rustwide/target" "-e" "CARGO_HOME=/opt/rustwide/cargo-home" "-e" "RUSTUP_HOME=/opt/rustwide/rustup-home" "-w" "/opt/rustwide/workdir" "-m" "1610612736" "--user" "0:0" "--network" "none" "ghcr.io/rust-lang/crates-build-env/linux@sha256:4a844ea9eb2546a2d2c7022eacef16ef2e8229c7fbb2c7d4d55a9ceca922f72d" "/opt/rustwide/cargo-home/bin/cargo" "+nightly-2024-10-28" "metadata" "--no-deps" "--format-version=1", kill_on_drop: false }`
[INFO] [stdout] 80a0e976bdedd325a1ddf705499e2341881a6ea76ed338c22cffed1c3f2a7628
[INFO] running `Command { std: "docker" "start" "-a" "80a0e976bdedd325a1ddf705499e2341881a6ea76ed338c22cffed1c3f2a7628", kill_on_drop: false }`
[INFO] running `Command { std: "docker" "inspect" "80a0e976bdedd325a1ddf705499e2341881a6ea76ed338c22cffed1c3f2a7628", kill_on_drop: false }`
[INFO] running `Command { std: "docker" "rm" "-f" "80a0e976bdedd325a1ddf705499e2341881a6ea76ed338c22cffed1c3f2a7628", kill_on_drop: false }`
[INFO] [stdout] 80a0e976bdedd325a1ddf705499e2341881a6ea76ed338c22cffed1c3f2a7628
[INFO] running `Command { std: "docker" "create" "-v" "/var/lib/crater-agent-workspace/builds/worker-5-tc2/target:/opt/rustwide/target:rw,Z" "-v" "/var/lib/crater-agent-workspace/builds/worker-5-tc2/source:/opt/rustwide/workdir:ro,Z" "-v" "/var/lib/crater-agent-workspace/cargo-home:/opt/rustwide/cargo-home:ro,Z" "-v" "/var/lib/crater-agent-workspace/rustup-home:/opt/rustwide/rustup-home:ro,Z" "-e" "SOURCE_DIR=/opt/rustwide/workdir" "-e" "CARGO_TARGET_DIR=/opt/rustwide/target" "-e" "CARGO_INCREMENTAL=0" "-e" "RUST_BACKTRACE=full" "-e" "RUSTFLAGS=--cap-lints=forbid -Zrandomize-layout" "-e" "RUSTDOCFLAGS=--cap-lints=forbid" "-e" "CARGO_HOME=/opt/rustwide/cargo-home" "-e" "RUSTUP_HOME=/opt/rustwide/rustup-home" "-w" "/opt/rustwide/workdir" "-m" "1610612736" "--user" "0:0" "--network" "none" "ghcr.io/rust-lang/crates-build-env/linux@sha256:4a844ea9eb2546a2d2c7022eacef16ef2e8229c7fbb2c7d4d55a9ceca922f72d" "/opt/rustwide/cargo-home/bin/cargo" "+nightly-2024-10-28" "build" "--frozen" "--message-format=json", kill_on_drop: false }`
[INFO] [stdout] bd1e2f0adae8b5fd619aeaa4b529b7a1396f95fb9cba0e9269085f5f44af844c
[INFO] running `Command { std: "docker" "start" "-a" "bd1e2f0adae8b5fd619aeaa4b529b7a1396f95fb9cba0e9269085f5f44af844c", kill_on_drop: false }`
[INFO] [stderr]    Compiling proc-macro2 v1.0.76
[INFO] [stderr]    Compiling unicode-ident v1.0.8
[INFO] [stderr]    Compiling autocfg v1.1.0
[INFO] [stderr]    Compiling hashbrown v0.12.3
[INFO] [stderr]    Compiling winnow v0.4.1
[INFO] [stderr]    Compiling toml_datetime v0.6.5
[INFO] [stderr]    Compiling syn v1.0.109
[INFO] [stderr]    Compiling once_cell v1.19.0
[INFO] [stderr]    Compiling leap-sys v0.2.0
[INFO] [stderr]    Compiling thiserror v1.0.61
[INFO] [stderr]    Compiling leaprs v0.2.2 (/opt/rustwide/workdir)
[INFO] [stderr]    Compiling bitflags v2.5.0
[INFO] [stderr] warning: leaprs@0.2.2: Could not find LeapSDK at the location /usr/share/doc/ultraleap-hand-tracking-service. Install it from https://developer.leapmotion.com/tracking-software-download or set its location with the environment variable LEAPSDK_LIB_PATH.
[INFO] [stderr]    Compiling indexmap v1.9.3
[INFO] [stderr]    Compiling quote v1.0.35
[INFO] [stderr]    Compiling syn v2.0.48
[INFO] [stderr]    Compiling toml_edit v0.19.8
[INFO] [stderr]    Compiling derive_deref v1.1.1
[INFO] [stderr]    Compiling thiserror-impl v1.0.61
[INFO] [stderr]    Compiling proc-macro-crate v1.3.1
[INFO] [stderr]    Compiling num_enum_derive v0.7.2
[INFO] [stderr]    Compiling num_enum v0.7.2
[INFO] [stderr]     Finished `dev` profile [unoptimized + debuginfo] target(s) in 3.44s
[INFO] running `Command { std: "docker" "inspect" "bd1e2f0adae8b5fd619aeaa4b529b7a1396f95fb9cba0e9269085f5f44af844c", kill_on_drop: false }`
[INFO] running `Command { std: "docker" "rm" "-f" "bd1e2f0adae8b5fd619aeaa4b529b7a1396f95fb9cba0e9269085f5f44af844c", kill_on_drop: false }`
[INFO] [stdout] bd1e2f0adae8b5fd619aeaa4b529b7a1396f95fb9cba0e9269085f5f44af844c
[INFO] running `Command { std: "docker" "create" "-v" "/var/lib/crater-agent-workspace/builds/worker-5-tc2/target:/opt/rustwide/target:rw,Z" "-v" "/var/lib/crater-agent-workspace/builds/worker-5-tc2/source:/opt/rustwide/workdir:ro,Z" "-v" "/var/lib/crater-agent-workspace/cargo-home:/opt/rustwide/cargo-home:ro,Z" "-v" "/var/lib/crater-agent-workspace/rustup-home:/opt/rustwide/rustup-home:ro,Z" "-e" "SOURCE_DIR=/opt/rustwide/workdir" "-e" "CARGO_TARGET_DIR=/opt/rustwide/target" "-e" "CARGO_INCREMENTAL=0" "-e" "RUST_BACKTRACE=full" "-e" "RUSTFLAGS=--cap-lints=forbid -Zrandomize-layout" "-e" "RUSTDOCFLAGS=--cap-lints=forbid" "-e" "CARGO_HOME=/opt/rustwide/cargo-home" "-e" "RUSTUP_HOME=/opt/rustwide/rustup-home" "-w" "/opt/rustwide/workdir" "-m" "1610612736" "--user" "0:0" "--network" "none" "ghcr.io/rust-lang/crates-build-env/linux@sha256:4a844ea9eb2546a2d2c7022eacef16ef2e8229c7fbb2c7d4d55a9ceca922f72d" "/opt/rustwide/cargo-home/bin/cargo" "+nightly-2024-10-28" "test" "--frozen" "--no-run" "--message-format=json", kill_on_drop: false }`
[INFO] [stdout] b231ba7da919d070cf0e090f772450292dc826e8765e927b81a6a165846e53cd
[INFO] running `Command { std: "docker" "start" "-a" "b231ba7da919d070cf0e090f772450292dc826e8765e927b81a6a165846e53cd", kill_on_drop: false }`
[INFO] [stderr]    Compiling libc v0.2.153
[INFO] [stderr]    Compiling crossbeam-utils v0.8.15
[INFO] [stderr]    Compiling memoffset v0.8.0
[INFO] [stderr]    Compiling num-traits v0.2.18
[INFO] [stderr]    Compiling crossbeam-epoch v0.9.14
[INFO] [stderr]    Compiling syn v1.0.109
[INFO] [stderr]    Compiling rayon-core v1.11.0
[INFO] [stderr]    Compiling num-bigint v0.4.4
[INFO] [stderr]    Compiling once_cell v1.19.0
[INFO] [stderr]    Compiling memchr v2.5.0
[INFO] [stderr]    Compiling num-rational v0.4.1
[INFO] [stderr]    Compiling lock_api v0.4.9
[INFO] [stderr]    Compiling simd-adler32 v0.3.5
[INFO] [stderr]    Compiling log v0.4.17
[INFO] [stderr]    Compiling crc32fast v1.3.2
[INFO] [stderr]    Compiling syn v2.0.48
[INFO] [stderr]    Compiling either v1.8.1
[INFO] [stderr]    Compiling anyhow v1.0.80
[INFO] [stderr]    Compiling miniz_oxide v0.6.2
[INFO] [stderr]    Compiling minimal-lexical v0.2.1
[INFO] [stderr]    Compiling paste v1.0.14
[INFO] [stderr]    Compiling built v0.7.1
[INFO] [stderr]    Compiling futures-core v0.3.28
[INFO] [stderr]    Compiling arrayvec v0.7.4
[INFO] [stderr]    Compiling aligned-vec v0.5.0
[INFO] [stderr]    Compiling bytemuck v1.13.1
[INFO] [stderr]    Compiling proc-macro-crate v1.3.1
[INFO] [stderr]    Compiling itertools v0.12.1
[INFO] [stderr]    Compiling spin v0.9.8
[INFO] [stderr]    Compiling crossbeam-channel v0.5.8
[INFO] [stderr]    Compiling simd_helpers v0.1.0
[INFO] [stderr]    Compiling rav1e v0.7.1
[INFO] [stderr]    Compiling nom v7.1.3
[INFO] [stderr]    Compiling crossbeam-deque v0.8.3
[INFO] [stderr]    Compiling flate2 v1.0.25
[INFO] [stderr]    Compiling noop_proc_macro v0.3.0
[INFO] [stderr]    Compiling imgref v1.10.1
[INFO] [stderr]    Compiling bitflags v2.5.0
[INFO] [stderr]    Compiling futures-sink v0.3.28
[INFO] [stderr]    Compiling weezl v0.1.8
[INFO] [stderr]    Compiling rustix v0.38.31
[INFO] [stderr]    Compiling num_cpus v1.15.0
[INFO] [stderr]    Compiling getrandom v0.2.9
[INFO] [stderr]    Compiling bitstream-io v2.2.0
[INFO] [stderr]    Compiling new_debug_unreachable v1.0.4
[INFO] [stderr]    Compiling loop9 v0.1.5
[INFO] [stderr]    Compiling rgb v0.8.37
[INFO] [stderr]    Compiling avif-serialize v0.8.1
[INFO] [stderr]    Compiling nanorand v0.7.0
[INFO] [stderr]    Compiling fdeflate v0.3.0
[INFO] [stderr]    Compiling miniz_oxide v0.7.1
[INFO] [stderr]    Compiling zune-inflate v0.2.53
[INFO] [stderr]    Compiling linux-raw-sys v0.4.12
[INFO] [stderr]    Compiling num-integer v0.1.46
[INFO] [stderr]    Compiling v_frame v0.3.8
[INFO] [stderr]    Compiling byteorder v1.4.3
[INFO] [stderr]    Compiling bitflags v1.3.2
[INFO] [stderr]    Compiling lebe v0.5.2
[INFO] [stderr]    Compiling jpeg-decoder v0.3.0
[INFO] [stderr]    Compiling color_quant v1.1.0
[INFO] [stderr]    Compiling bit_field v0.10.2
[INFO] [stderr]    Compiling smallvec v1.10.0
[INFO] [stderr]    Compiling rayon v1.7.0
[INFO] [stderr]    Compiling zune-core v0.4.12
[INFO] [stderr]    Compiling half v2.2.1
[INFO] [stderr]    Compiling quick-error v2.0.1
[INFO] [stderr] warning: leaprs@0.2.2: Could not find LeapSDK at the location /usr/share/doc/ultraleap-hand-tracking-service. Install it from https://developer.leapmotion.com/tracking-software-download or set its location with the environment variable LEAPSDK_LIB_PATH.
[INFO] [stderr]    Compiling gif v0.13.1
[INFO] [stderr]    Compiling png v0.17.8
[INFO] [stderr]    Compiling qoi v0.4.1
[INFO] [stderr]    Compiling fastrand v2.0.1
[INFO] [stderr]    Compiling throbber v0.1.4
[INFO] [stderr]    Compiling zune-jpeg v0.4.11
[INFO] [stderr]    Compiling tiff v0.9.0
[INFO] [stderr]    Compiling av1-grain v0.2.3
[INFO] [stderr]    Compiling tempfile v3.10.1
[INFO] [stderr]    Compiling pin-project-internal v1.0.12
[INFO] [stderr]    Compiling derive_deref v1.1.1
[INFO] [stderr]    Compiling maybe-rayon v0.1.1
[INFO] [stderr]    Compiling thiserror-impl v1.0.61
[INFO] [stderr]    Compiling profiling-procmacros v1.0.15
[INFO] [stderr]    Compiling num-derive v0.4.2
[INFO] [stderr]    Compiling arg_enum_proc_macro v0.3.4
[INFO] [stderr]    Compiling num_enum_derive v0.7.2
[INFO] [stderr]    Compiling profiling v1.0.15
[INFO] [stderr]    Compiling pin-project v1.0.12
[INFO] [stderr]    Compiling flume v0.10.14
[INFO] [stderr]    Compiling num_enum v0.7.2
[INFO] [stderr]    Compiling exr v1.6.3
[INFO] [stderr]    Compiling thiserror v1.0.61
[INFO] [stderr]    Compiling image-webp v0.1.0
[INFO] [stderr]    Compiling leaprs v0.2.2 (/opt/rustwide/workdir)
[INFO] [stderr]    Compiling ravif v0.11.4
[INFO] [stderr]    Compiling image v0.25.1
[INFO] [stdout] error: linking with `cc` failed: exit status: 1
[INFO] [stdout]   |
[INFO] [stdout]   = note: LC_ALL="C" PATH="/opt/rustwide/rustup-home/toolchains/nightly-2024-10-28-x86_64-unknown-linux-gnu/lib/rustlib/x86_64-unknown-linux-gnu/bin:/opt/rustwide/rustup-home/toolchains/nightly-2024-10-28-x86_64-unknown-linux-gnu/lib/rustlib/x86_64-unknown-linux-gnu/bin/self-contained:/opt/rustwide/cargo-home/bin:/usr/local/sbin:/usr/local/bin:/usr/sbin:/usr/bin:/sbin:/bin" VSLANG="1033" "cc" "-m64" "/tmp/rustcU0ypqw/symbols.o" "/opt/rustwide/target/debug/examples/watch_events-34cc7389ca4368ef.watch_events.31de40c73ad5fffd-cgu.0.rcgu.o" "/opt/rustwide/target/debug/examples/watch_events-34cc7389ca4368ef.7wjh7er9pc9p92n5z9lpe6c1n.rcgu.o" "-Wl,--as-needed" "-Wl,-Bstatic" "/opt/rustwide/target/debug/deps/libleaprs-263c271aca255f3c.rlib" "/opt/rustwide/target/debug/deps/libthiserror-f9136848e2425931.rlib" "/opt/rustwide/target/debug/deps/libnum_enum-e7a59d3998812b2d.rlib" "/opt/rustwide/target/debug/deps/libbitflags-24f49940ca3187ff.rlib" "/opt/rustwide/target/debug/deps/libleap_sys-1cab7e2f1c46979a.rlib" "/opt/rustwide/rustup-home/toolchains/nightly-2024-10-28-x86_64-unknown-linux-gnu/lib/rustlib/x86_64-unknown-linux-gnu/lib/libstd-fb8c387236db3c10.rlib" "/opt/rustwide/rustup-home/toolchains/nightly-2024-10-28-x86_64-unknown-linux-gnu/lib/rustlib/x86_64-unknown-linux-gnu/lib/libpanic_unwind-b251837809b2f64b.rlib" "/opt/rustwide/rustup-home/toolchains/nightly-2024-10-28-x86_64-unknown-linux-gnu/lib/rustlib/x86_64-unknown-linux-gnu/lib/libobject-cbef83eaa4e01f04.rlib" "/opt/rustwide/rustup-home/toolchains/nightly-2024-10-28-x86_64-unknown-linux-gnu/lib/rustlib/x86_64-unknown-linux-gnu/lib/libmemchr-12a772286de2fca7.rlib" "/opt/rustwide/rustup-home/toolchains/nightly-2024-10-28-x86_64-unknown-linux-gnu/lib/rustlib/x86_64-unknown-linux-gnu/lib/libaddr2line-023bbe5ada7abfc3.rlib" "/opt/rustwide/rustup-home/toolchains/nightly-2024-10-28-x86_64-unknown-linux-gnu/lib/rustlib/x86_64-unknown-linux-gnu/lib/libgimli-de2bcdf10ec69c2b.rlib" "/opt/rustwide/rustup-home/toolchains/nightly-2024-10-28-x86_64-unknown-linux-gnu/lib/rustlib/x86_64-unknown-linux-gnu/lib/librustc_demangle-8e1754df350800fd.rlib" "/opt/rustwide/rustup-home/toolchains/nightly-2024-10-28-x86_64-unknown-linux-gnu/lib/rustlib/x86_64-unknown-linux-gnu/lib/libstd_detect-06c2ab7b9c32e037.rlib" "/opt/rustwide/rustup-home/toolchains/nightly-2024-10-28-x86_64-unknown-linux-gnu/lib/rustlib/x86_64-unknown-linux-gnu/lib/libhashbrown-51d2621fc57a281b.rlib" "/opt/rustwide/rustup-home/toolchains/nightly-2024-10-28-x86_64-unknown-linux-gnu/lib/rustlib/x86_64-unknown-linux-gnu/lib/librustc_std_workspace_alloc-54a930408793772f.rlib" "/opt/rustwide/rustup-home/toolchains/nightly-2024-10-28-x86_64-unknown-linux-gnu/lib/rustlib/x86_64-unknown-linux-gnu/lib/libminiz_oxide-0c7d01cba400dcb2.rlib" "/opt/rustwide/rustup-home/toolchains/nightly-2024-10-28-x86_64-unknown-linux-gnu/lib/rustlib/x86_64-unknown-linux-gnu/lib/libadler-b9f84d69e331b75b.rlib" "/opt/rustwide/rustup-home/toolchains/nightly-2024-10-28-x86_64-unknown-linux-gnu/lib/rustlib/x86_64-unknown-linux-gnu/lib/libunwind-eec95493246aae39.rlib" "/opt/rustwide/rustup-home/toolchains/nightly-2024-10-28-x86_64-unknown-linux-gnu/lib/rustlib/x86_64-unknown-linux-gnu/lib/libcfg_if-6f6676c475e08ab0.rlib" "/opt/rustwide/rustup-home/toolchains/nightly-2024-10-28-x86_64-unknown-linux-gnu/lib/rustlib/x86_64-unknown-linux-gnu/lib/liblibc-799d520624f8b2e0.rlib" "/opt/rustwide/rustup-home/toolchains/nightly-2024-10-28-x86_64-unknown-linux-gnu/lib/rustlib/x86_64-unknown-linux-gnu/lib/liballoc-fcf93d4842acd9a9.rlib" "/opt/rustwide/rustup-home/toolchains/nightly-2024-10-28-x86_64-unknown-linux-gnu/lib/rustlib/x86_64-unknown-linux-gnu/lib/librustc_std_workspace_core-395a38b8e0851c9b.rlib" "/opt/rustwide/rustup-home/toolchains/nightly-2024-10-28-x86_64-unknown-linux-gnu/lib/rustlib/x86_64-unknown-linux-gnu/lib/libcore-d453bab70303062c.rlib" "/opt/rustwide/rustup-home/toolchains/nightly-2024-10-28-x86_64-unknown-linux-gnu/lib/rustlib/x86_64-unknown-linux-gnu/lib/libcompiler_builtins-0e6386368b0a24e8.rlib" "-Wl,-Bdynamic" "-lgcc_s" "-lutil" "-lrt" "-lpthread" "-lm" "-ldl" "-lc" "-B/opt/rustwide/rustup-home/toolchains/nightly-2024-10-28-x86_64-unknown-linux-gnu/lib/rustlib/x86_64-unknown-linux-gnu/bin/gcc-ld" "-fuse-ld=lld" "-Wl,--eh-frame-hdr" "-Wl,-z,noexecstack" "-L" "/opt/rustwide/rustup-home/toolchains/nightly-2024-10-28-x86_64-unknown-linux-gnu/lib/rustlib/x86_64-unknown-linux-gnu/lib" "-o" "/opt/rustwide/target/debug/examples/watch_events-34cc7389ca4368ef" "-Wl,--gc-sections" "-pie" "-Wl,-z,relro,-z,now" "-nodefaultlibs"
[INFO] [stdout]   = note: rust-lld: error: undefined symbol: LeapCloseConnection
[INFO] [stdout]           >>> referenced by connection.rs:17 (src/connection.rs:17)
[INFO] [stdout]           >>>               leaprs-263c271aca255f3c.leaprs.e29e84863b21129a-cgu.2.rcgu.o:(_$LT$leaprs..connection..Connection$u20$as$u20$core..ops..drop..Drop$GT$::drop::h619c09170233a4ff) in archive /opt/rustwide/target/debug/deps/libleaprs-263c271aca255f3c.rlib
[INFO] [stdout]           
[INFO] [stdout]           rust-lld: error: undefined symbol: LeapDestroyConnection
[INFO] [stdout]           >>> referenced by connection.rs:18 (src/connection.rs:18)
[INFO] [stdout]           >>>               leaprs-263c271aca255f3c.leaprs.e29e84863b21129a-cgu.2.rcgu.o:(_$LT$leaprs..connection..Connection$u20$as$u20$core..ops..drop..Drop$GT$::drop::h619c09170233a4ff) in archive /opt/rustwide/target/debug/deps/libleaprs-263c271aca255f3c.rlib
[INFO] [stdout]           
[INFO] [stdout]           rust-lld: error: undefined symbol: LeapCreateConnection
[INFO] [stdout]           >>> referenced by connection.rs:39 (src/connection.rs:39)
[INFO] [stdout]           >>>               leaprs-263c271aca255f3c.leaprs.e29e84863b21129a-cgu.2.rcgu.o:(leaprs::connection::Connection::create::hd9fad8296e4dfb68) in archive /opt/rustwide/target/debug/deps/libleaprs-263c271aca255f3c.rlib
[INFO] [stdout]           
[INFO] [stdout]           rust-lld: error: undefined symbol: LeapOpenConnection
[INFO] [stdout]           >>> referenced by connection.rs:57 (src/connection.rs:57)
[INFO] [stdout]           >>>               leaprs-263c271aca255f3c.leaprs.e29e84863b21129a-cgu.2.rcgu.o:(leaprs::connection::Connection::open::he8b9c09aae75ab56) in archive /opt/rustwide/target/debug/deps/libleaprs-263c271aca255f3c.rlib
[INFO] [stdout]           
[INFO] [stdout]           rust-lld: error: undefined symbol: LeapPollConnection
[INFO] [stdout]           >>> referenced by connection.rs:99 (src/connection.rs:99)
[INFO] [stdout]           >>>               leaprs-263c271aca255f3c.leaprs.e29e84863b21129a-cgu.2.rcgu.o:(leaprs::connection::Connection::poll::h40183faab84e11c8) in archive /opt/rustwide/target/debug/deps/libleaprs-263c271aca255f3c.rlib
[INFO] [stdout]           collect2: error: ld returned 1 exit status
[INFO] [stdout]           
[INFO] [stdout] 
[INFO] [stdout] 
[INFO] [stdout] error: linking with `cc` failed: exit status: 1
[INFO] [stdout]   |
[INFO] [stdout]   = note: LC_ALL="C" PATH="/opt/rustwide/rustup-home/toolchains/nightly-2024-10-28-x86_64-unknown-linux-gnu/lib/rustlib/x86_64-unknown-linux-gnu/bin:/opt/rustwide/rustup-home/toolchains/nightly-2024-10-28-x86_64-unknown-linux-gnu/lib/rustlib/x86_64-unknown-linux-gnu/bin/self-contained:/opt/rustwide/cargo-home/bin:/usr/local/sbin:/usr/local/bin:/usr/sbin:/usr/bin:/sbin:/bin" VSLANG="1033" "cc" "-m64" "/tmp/rustcpPKOp7/symbols.o" "/opt/rustwide/target/debug/examples/count_hands-b96ef4eee1c6b063.count_hands.94aa8bd9ad93ea8c-cgu.0.rcgu.o" "/opt/rustwide/target/debug/examples/count_hands-b96ef4eee1c6b063.0ehm4ctdiu0e4kb9ec2k5jcim.rcgu.o" "-Wl,--as-needed" "-Wl,-Bstatic" "/opt/rustwide/target/debug/deps/libleaprs-263c271aca255f3c.rlib" "/opt/rustwide/target/debug/deps/libthiserror-f9136848e2425931.rlib" "/opt/rustwide/target/debug/deps/libnum_enum-e7a59d3998812b2d.rlib" "/opt/rustwide/target/debug/deps/libbitflags-24f49940ca3187ff.rlib" "/opt/rustwide/target/debug/deps/libleap_sys-1cab7e2f1c46979a.rlib" "/opt/rustwide/rustup-home/toolchains/nightly-2024-10-28-x86_64-unknown-linux-gnu/lib/rustlib/x86_64-unknown-linux-gnu/lib/libstd-fb8c387236db3c10.rlib" "/opt/rustwide/rustup-home/toolchains/nightly-2024-10-28-x86_64-unknown-linux-gnu/lib/rustlib/x86_64-unknown-linux-gnu/lib/libpanic_unwind-b251837809b2f64b.rlib" "/opt/rustwide/rustup-home/toolchains/nightly-2024-10-28-x86_64-unknown-linux-gnu/lib/rustlib/x86_64-unknown-linux-gnu/lib/libobject-cbef83eaa4e01f04.rlib" "/opt/rustwide/rustup-home/toolchains/nightly-2024-10-28-x86_64-unknown-linux-gnu/lib/rustlib/x86_64-unknown-linux-gnu/lib/libmemchr-12a772286de2fca7.rlib" "/opt/rustwide/rustup-home/toolchains/nightly-2024-10-28-x86_64-unknown-linux-gnu/lib/rustlib/x86_64-unknown-linux-gnu/lib/libaddr2line-023bbe5ada7abfc3.rlib" "/opt/rustwide/rustup-home/toolchains/nightly-2024-10-28-x86_64-unknown-linux-gnu/lib/rustlib/x86_64-unknown-linux-gnu/lib/libgimli-de2bcdf10ec69c2b.rlib" "/opt/rustwide/rustup-home/toolchains/nightly-2024-10-28-x86_64-unknown-linux-gnu/lib/rustlib/x86_64-unknown-linux-gnu/lib/librustc_demangle-8e1754df350800fd.rlib" "/opt/rustwide/rustup-home/toolchains/nightly-2024-10-28-x86_64-unknown-linux-gnu/lib/rustlib/x86_64-unknown-linux-gnu/lib/libstd_detect-06c2ab7b9c32e037.rlib" "/opt/rustwide/rustup-home/toolchains/nightly-2024-10-28-x86_64-unknown-linux-gnu/lib/rustlib/x86_64-unknown-linux-gnu/lib/libhashbrown-51d2621fc57a281b.rlib" "/opt/rustwide/rustup-home/toolchains/nightly-2024-10-28-x86_64-unknown-linux-gnu/lib/rustlib/x86_64-unknown-linux-gnu/lib/librustc_std_workspace_alloc-54a930408793772f.rlib" "/opt/rustwide/rustup-home/toolchains/nightly-2024-10-28-x86_64-unknown-linux-gnu/lib/rustlib/x86_64-unknown-linux-gnu/lib/libminiz_oxide-0c7d01cba400dcb2.rlib" "/opt/rustwide/rustup-home/toolchains/nightly-2024-10-28-x86_64-unknown-linux-gnu/lib/rustlib/x86_64-unknown-linux-gnu/lib/libadler-b9f84d69e331b75b.rlib" "/opt/rustwide/rustup-home/toolchains/nightly-2024-10-28-x86_64-unknown-linux-gnu/lib/rustlib/x86_64-unknown-linux-gnu/lib/libunwind-eec95493246aae39.rlib" "/opt/rustwide/rustup-home/toolchains/nightly-2024-10-28-x86_64-unknown-linux-gnu/lib/rustlib/x86_64-unknown-linux-gnu/lib/libcfg_if-6f6676c475e08ab0.rlib" "/opt/rustwide/rustup-home/toolchains/nightly-2024-10-28-x86_64-unknown-linux-gnu/lib/rustlib/x86_64-unknown-linux-gnu/lib/liblibc-799d520624f8b2e0.rlib" "/opt/rustwide/rustup-home/toolchains/nightly-2024-10-28-x86_64-unknown-linux-gnu/lib/rustlib/x86_64-unknown-linux-gnu/lib/liballoc-fcf93d4842acd9a9.rlib" "/opt/rustwide/rustup-home/toolchains/nightly-2024-10-28-x86_64-unknown-linux-gnu/lib/rustlib/x86_64-unknown-linux-gnu/lib/librustc_std_workspace_core-395a38b8e0851c9b.rlib" "/opt/rustwide/rustup-home/toolchains/nightly-2024-10-28-x86_64-unknown-linux-gnu/lib/rustlib/x86_64-unknown-linux-gnu/lib/libcore-d453bab70303062c.rlib" "/opt/rustwide/rustup-home/toolchains/nightly-2024-10-28-x86_64-unknown-linux-gnu/lib/rustlib/x86_64-unknown-linux-gnu/lib/libcompiler_builtins-0e6386368b0a24e8.rlib" "-Wl,-Bdynamic" "-lgcc_s" "-lutil" "-lrt" "-lpthread" "-lm" "-ldl" "-lc" "-B/opt/rustwide/rustup-home/toolchains/nightly-2024-10-28-x86_64-unknown-linux-gnu/lib/rustlib/x86_64-unknown-linux-gnu/bin/gcc-ld" "-fuse-ld=lld" "-Wl,--eh-frame-hdr" "-Wl,-z,noexecstack" "-L" "/opt/rustwide/rustup-home/toolchains/nightly-2024-10-28-x86_64-unknown-linux-gnu/lib/rustlib/x86_64-unknown-linux-gnu/lib" "-o" "/opt/rustwide/target/debug/examples/count_hands-b96ef4eee1c6b063" "-Wl,--gc-sections" "-pie" "-Wl,-z,relro,-z,now" "-nodefaultlibs"
[INFO] [stdout]   = note: rust-lld: error: undefined symbol: LeapCloseConnection
[INFO] [stdout]           >>> referenced by connection.rs:17 (src/connection.rs:17)
[INFO] [stdout]           >>>               leaprs-263c271aca255f3c.leaprs.e29e84863b21129a-cgu.2.rcgu.o:(_$LT$leaprs..connection..Connection$u20$as$u20$core..ops..drop..Drop$GT$::drop::h619c09170233a4ff) in archive /opt/rustwide/target/debug/deps/libleaprs-263c271aca255f3c.rlib
[INFO] [stdout]           
[INFO] [stdout]           rust-lld: error: undefined symbol: LeapDestroyConnection
[INFO] [stdout]           >>> referenced by connection.rs:18 (src/connection.rs:18)
[INFO] [stdout]           >>>               leaprs-263c271aca255f3c.leaprs.e29e84863b21129a-cgu.2.rcgu.o:(_$LT$leaprs..connection..Connection$u20$as$u20$core..ops..drop..Drop$GT$::drop::h619c09170233a4ff) in archive /opt/rustwide/target/debug/deps/libleaprs-263c271aca255f3c.rlib
[INFO] [stdout]           
[INFO] [stdout]           rust-lld: error: undefined symbol: LeapCreateConnection
[INFO] [stdout]           >>> referenced by connection.rs:39 (src/connection.rs:39)
[INFO] [stdout]           >>>               leaprs-263c271aca255f3c.leaprs.e29e84863b21129a-cgu.2.rcgu.o:(leaprs::connection::Connection::create::hd9fad8296e4dfb68) in archive /opt/rustwide/target/debug/deps/libleaprs-263c271aca255f3c.rlib
[INFO] [stdout]           
[INFO] [stdout]           rust-lld: error: undefined symbol: LeapOpenConnection
[INFO] [stdout]           >>> referenced by connection.rs:57 (src/connection.rs:57)
[INFO] [stdout]           >>>               leaprs-263c271aca255f3c.leaprs.e29e84863b21129a-cgu.2.rcgu.o:(leaprs::connection::Connection::open::he8b9c09aae75ab56) in archive /opt/rustwide/target/debug/deps/libleaprs-263c271aca255f3c.rlib
[INFO] [stdout]           
[INFO] [stdout]           rust-lld: error: undefined symbol: LeapPollConnection
[INFO] [stdout]           >>> referenced by connection.rs:99 (src/connection.rs:99)
[INFO] [stdout]           >>>               leaprs-263c271aca255f3c.leaprs.e29e84863b21129a-cgu.2.rcgu.o:(leaprs::connection::Connection::poll::h40183faab84e11c8) in archive /opt/rustwide/target/debug/deps/libleaprs-263c271aca255f3c.rlib
[INFO] [stdout]           collect2: error: ld returned 1 exit status
[INFO] [stdout]           
[INFO] [stdout] 
[INFO] [stdout] 
[INFO] [stderr] The following warnings were emitted during compilation:
[INFO] [stderr] 
[INFO] [stderr] warning: leaprs@0.2.2: Could not find LeapSDK at the location /usr/share/doc/ultraleap-hand-tracking-service. Install it from https://developer.leapmotion.com/tracking-software-download or set its location with the environment variable LEAPSDK_LIB_PATH.
[INFO] [stderr] 
[INFO] [stderr] error: could not compile `leaprs` (example "watch_events") due to 1 previous error
[INFO] [stderr] warning: build failed, waiting for other jobs to finish...
[INFO] [stderr] The following warnings were emitted during compilation:
[INFO] [stderr] 
[INFO] [stderr] warning: leaprs@0.2.2: Could not find LeapSDK at the location /usr/share/doc/ultraleap-hand-tracking-service. Install it from https://developer.leapmotion.com/tracking-software-download or set its location with the environment variable LEAPSDK_LIB_PATH.
[INFO] [stderr] 
[INFO] [stderr] error: could not compile `leaprs` (example "count_hands") due to 1 previous error
[INFO] [stdout] warning: unexpected `cfg` condition value: `detect-unknown-events`
[INFO] [stdout]    --> src/event.rs:186:11
[INFO] [stdout]     |
[INFO] [stdout] 186 |     #[cfg(feature = "detect-unknown-events")]
[INFO] [stdout]     |           ^^^^^^^^^^^^^^^^^^^^^^^^^^^^^^^^^
[INFO] [stdout]     |
[INFO] [stdout]     = note: expected values for `feature` are: `default`, `gemini`, `glam`, and `nalgebra`
[INFO] [stdout]     = help: consider adding `detect-unknown-events` as a feature in `Cargo.toml`
[INFO] [stdout]     = note: see <https://doc.rust-lang.org/nightly/rustc/check-cfg/cargo-specifics.html> for more information about checking conditional configuration
[INFO] [stdout]     = note: `#[warn(unexpected_cfgs)]` on by default
[INFO] [stdout] 
[INFO] [stdout] 
[INFO] [stdout] error: linking with `cc` failed: exit status: 1
[INFO] [stdout]   |
[INFO] [stdout]   = note: LC_ALL="C" PATH="/opt/rustwide/rustup-home/toolchains/nightly-2024-10-28-x86_64-unknown-linux-gnu/lib/rustlib/x86_64-unknown-linux-gnu/bin:/opt/rustwide/rustup-home/toolchains/nightly-2024-10-28-x86_64-unknown-linux-gnu/lib/rustlib/x86_64-unknown-linux-gnu/bin/self-contained:/opt/rustwide/cargo-home/bin:/usr/local/sbin:/usr/local/bin:/usr/sbin:/usr/bin:/sbin:/bin" VSLANG="1033" "cc" "-m64" "/tmp/rustcqKul9k/symbols.o" "/opt/rustwide/target/debug/examples/interactive-c786b33e9b8fe21c.interactive.beaf08d6e7e3bcbc-cgu.0.rcgu.o" "/opt/rustwide/target/debug/examples/interactive-c786b33e9b8fe21c.3qqljts5xp4uu73pg1ipz8wn0.rcgu.o" "-Wl,--as-needed" "-Wl,-Bstatic" "/opt/rustwide/target/debug/deps/libimage-7bd1c7cad6f8af76.rlib" "/opt/rustwide/target/debug/deps/libimage_webp-7a3e356d27777d3c.rlib" "/opt/rustwide/target/debug/deps/libqoi-45d088340c878562.rlib" "/opt/rustwide/target/debug/deps/libpng-81fe526457cb721b.rlib" "/opt/rustwide/target/debug/deps/libminiz_oxide-f6d9c2dc36195702.rlib" "/opt/rustwide/target/debug/deps/libfdeflate-ade88039a9f1572c.rlib" "/opt/rustwide/target/debug/deps/libbitflags-560efdb99b117eef.rlib" "/opt/rustwide/target/debug/deps/libexr-eaabf287acac301c.rlib" "/opt/rustwide/target/debug/deps/libflume-d6bb795ef6bf77df.rlib" "/opt/rustwide/target/debug/deps/libspin-1fc7289ca571f5fa.rlib" "/opt/rustwide/target/debug/deps/liblock_api-5219888eb6783bf2.rlib" "/opt/rustwide/target/debug/deps/libpin_project-dfcab5b590343afa.rlib" "/opt/rustwide/target/debug/deps/libfutures_sink-9b62e7f8b1f7488c.rlib" "/opt/rustwide/target/debug/deps/libfutures_core-5d2f269f5fa2639c.rlib" "/opt/rustwide/target/debug/deps/libnanorand-2a2d09ad19dc4de5.rlib" "/opt/rustwide/target/debug/deps/libgetrandom-83affc441b0de126.rlib" "/opt/rustwide/target/debug/deps/libzune_inflate-9a686a6285e544b3.rlib" "/opt/rustwide/target/debug/deps/libsimd_adler32-ca7cf3aa14df0084.rlib" "/opt/rustwide/target/debug/deps/libbit_field-9c32327f6f297d53.rlib" "/opt/rustwide/target/debug/deps/liblebe-6ce3bae0582d7383.rlib" "/opt/rustwide/target/debug/deps/libhalf-d65e2ab969911cca.rlib" "/opt/rustwide/target/debug/deps/libsmallvec-71f76ee72c18b4ee.rlib" "/opt/rustwide/target/debug/deps/libzune_jpeg-dc78fb13407babbd.rlib" "/opt/rustwide/target/debug/deps/libzune_core-021e78692cb8f6dc.rlib" "/opt/rustwide/target/debug/deps/libgif-281dd8d00a0c5691.rlib" "/opt/rustwide/target/debug/deps/libcolor_quant-069bd5753da0854f.rlib" "/opt/rustwide/target/debug/deps/libbyteorder-a1f9de351ee5c7d4.rlib" "/opt/rustwide/target/debug/deps/libravif-f6db37fad43586df.rlib" "/opt/rustwide/target/debug/deps/libloop9-e240a711edf47357.rlib" "/opt/rustwide/target/debug/deps/libavif_serialize-989577ad615bc34d.rlib" "/opt/rustwide/target/debug/deps/libquick_error-272c4b37477f4e1c.rlib" "/opt/rustwide/target/debug/deps/librgb-62ea28ef4cbe47a1.rlib" "/opt/rustwide/target/debug/deps/librav1e-86efd3a1858ea8dc.rlib" "/opt/rustwide/target/debug/deps/libprofiling-4c94a44d3d0cec34.rlib" "/opt/rustwide/target/debug/deps/libav1_grain-a08ff608611123f3.rlib" "/opt/rustwide/target/debug/deps/libnom-42855b0f133d1a09.rlib" "/opt/rustwide/target/debug/deps/libmemchr-0383b9bb24c61c87.rlib" "/opt/rustwide/target/debug/deps/libnum_rational-ec49a84116f03e1d.rlib" "/opt/rustwide/target/debug/deps/libnum_bigint-bb7065291e18b90b.rlib" "/opt/rustwide/target/debug/deps/libnum_integer-aa00e66f760e5d94.rlib" "/opt/rustwide/target/debug/deps/libanyhow-31837490e2b1e886.rlib" "/opt/rustwide/target/debug/deps/libdebug_unreachable-3ab5527c76e23f4a.rlib" "/opt/rustwide/target/debug/deps/libmaybe_rayon-3e0c6569b6515e15.rlib" "/opt/rustwide/target/debug/deps/librayon-5243aec7943e67bb.rlib" "/opt/rustwide/target/debug/deps/librayon_core-55cfb8ac227a445e.rlib" "/opt/rustwide/target/debug/deps/libnum_cpus-be7f6821519089c5.rlib" "/opt/rustwide/target/debug/deps/liblibc-6d8946442dcf11ac.rlib" "/opt/rustwide/target/debug/deps/libcrossbeam_deque-ad6c3b38bf21ec9b.rlib" "/opt/rustwide/target/debug/deps/libcrossbeam_epoch-92b8103edee5d2f0.rlib" "/opt/rustwide/target/debug/deps/libmemoffset-9843d6f7b6b73242.rlib" "/opt/rustwide/target/debug/deps/libscopeguard-6ebe5b14c8a6c2d8.rlib" "/opt/rustwide/target/debug/deps/libcrossbeam_channel-4f95dedf713f32c8.rlib" "/opt/rustwide/target/debug/deps/libcrossbeam_utils-f3798028c4f47896.rlib" "/opt/rustwide/target/debug/deps/libv_frame-6da32b527a40196e.rlib" "/opt/rustwide/target/debug/deps/libaligned_vec-4876c6ab67de2ace.rlib" "/opt/rustwide/target/debug/deps/libarrayvec-f9bab1f49304b6ef.rlib" "/opt/rustwide/target/debug/deps/libbitstream_io-73b60c6d195f1d5b.rlib" "/opt/rustwide/target/debug/deps/libitertools-11d00b4e824ec0aa.rlib" "/opt/rustwide/target/debug/deps/libeither-f1d803e54323461f.rlib" "/opt/rustwide/target/debug/deps/liblog-d22870b56e594fe2.rlib" "/opt/rustwide/target/debug/deps/libimgref-9ee0eed3e2ab65ab.rlib" "/opt/rustwide/target/debug/deps/libbytemuck-9de0c744a6db0260.rlib" "/opt/rustwide/target/debug/deps/libnum_traits-d24cc5ca30a6763d.rlib" "/opt/rustwide/target/debug/deps/libtiff-80c7c2561ea385e4.rlib" "/opt/rustwide/target/debug/deps/libflate2-76e74264432dcdb3.rlib" "/opt/rustwide/target/debug/deps/libminiz_oxide-a6013ca487d19ad4.rlib" "/opt/rustwide/target/debug/deps/libadler-c1df679d243ed5d4.rlib" "/opt/rustwide/target/debug/deps/libcrc32fast-a3b3ed73612ea413.rlib" "/opt/rustwide/target/debug/deps/libcfg_if-57bf25c23e31efdb.rlib" "/opt/rustwide/target/debug/deps/libweezl-dbf9ac45cde83c95.rlib" "/opt/rustwide/target/debug/deps/libjpeg_decoder-fa53276b1c27eb3d.rlib" "/opt/rustwide/target/debug/deps/libthrobber-76e4d3b3799270a5.rlib" "/opt/rustwide/target/debug/deps/libleaprs-263c271aca255f3c.rlib" "/opt/rustwide/target/debug/deps/libthiserror-f9136848e2425931.rlib" "/opt/rustwide/target/debug/deps/libnum_enum-e7a59d3998812b2d.rlib" "/opt/rustwide/target/debug/deps/libbitflags-24f49940ca3187ff.rlib" "/opt/rustwide/target/debug/deps/libleap_sys-1cab7e2f1c46979a.rlib" "/opt/rustwide/rustup-home/toolchains/nightly-2024-10-28-x86_64-unknown-linux-gnu/lib/rustlib/x86_64-unknown-linux-gnu/lib/libstd-fb8c387236db3c10.rlib" "/opt/rustwide/rustup-home/toolchains/nightly-2024-10-28-x86_64-unknown-linux-gnu/lib/rustlib/x86_64-unknown-linux-gnu/lib/libpanic_unwind-b251837809b2f64b.rlib" "/opt/rustwide/rustup-home/toolchains/nightly-2024-10-28-x86_64-unknown-linux-gnu/lib/rustlib/x86_64-unknown-linux-gnu/lib/libobject-cbef83eaa4e01f04.rlib" "/opt/rustwide/rustup-home/toolchains/nightly-2024-10-28-x86_64-unknown-linux-gnu/lib/rustlib/x86_64-unknown-linux-gnu/lib/libmemchr-12a772286de2fca7.rlib" "/opt/rustwide/rustup-home/toolchains/nightly-2024-10-28-x86_64-unknown-linux-gnu/lib/rustlib/x86_64-unknown-linux-gnu/lib/libaddr2line-023bbe5ada7abfc3.rlib" "/opt/rustwide/rustup-home/toolchains/nightly-2024-10-28-x86_64-unknown-linux-gnu/lib/rustlib/x86_64-unknown-linux-gnu/lib/libgimli-de2bcdf10ec69c2b.rlib" "/opt/rustwide/rustup-home/toolchains/nightly-2024-10-28-x86_64-unknown-linux-gnu/lib/rustlib/x86_64-unknown-linux-gnu/lib/librustc_demangle-8e1754df350800fd.rlib" "/opt/rustwide/rustup-home/toolchains/nightly-2024-10-28-x86_64-unknown-linux-gnu/lib/rustlib/x86_64-unknown-linux-gnu/lib/libstd_detect-06c2ab7b9c32e037.rlib" "/opt/rustwide/rustup-home/toolchains/nightly-2024-10-28-x86_64-unknown-linux-gnu/lib/rustlib/x86_64-unknown-linux-gnu/lib/libhashbrown-51d2621fc57a281b.rlib" "/opt/rustwide/rustup-home/toolchains/nightly-2024-10-28-x86_64-unknown-linux-gnu/lib/rustlib/x86_64-unknown-linux-gnu/lib/librustc_std_workspace_alloc-54a930408793772f.rlib" "/opt/rustwide/rustup-home/toolchains/nightly-2024-10-28-x86_64-unknown-linux-gnu/lib/rustlib/x86_64-unknown-linux-gnu/lib/libminiz_oxide-0c7d01cba400dcb2.rlib" "/opt/rustwide/rustup-home/toolchains/nightly-2024-10-28-x86_64-unknown-linux-gnu/lib/rustlib/x86_64-unknown-linux-gnu/lib/libadler-b9f84d69e331b75b.rlib" "/opt/rustwide/rustup-home/toolchains/nightly-2024-10-28-x86_64-unknown-linux-gnu/lib/rustlib/x86_64-unknown-linux-gnu/lib/libunwind-eec95493246aae39.rlib" "/opt/rustwide/rustup-home/toolchains/nightly-2024-10-28-x86_64-unknown-linux-gnu/lib/rustlib/x86_64-unknown-linux-gnu/lib/libcfg_if-6f6676c475e08ab0.rlib" "/opt/rustwide/rustup-home/toolchains/nightly-2024-10-28-x86_64-unknown-linux-gnu/lib/rustlib/x86_64-unknown-linux-gnu/lib/liblibc-799d520624f8b2e0.rlib" "/opt/rustwide/rustup-home/toolchains/nightly-2024-10-28-x86_64-unknown-linux-gnu/lib/rustlib/x86_64-unknown-linux-gnu/lib/liballoc-fcf93d4842acd9a9.rlib" "/opt/rustwide/rustup-home/toolchains/nightly-2024-10-28-x86_64-unknown-linux-gnu/lib/rustlib/x86_64-unknown-linux-gnu/lib/librustc_std_workspace_core-395a38b8e0851c9b.rlib" "/opt/rustwide/rustup-home/toolchains/nightly-2024-10-28-x86_64-unknown-linux-gnu/lib/rustlib/x86_64-unknown-linux-gnu/lib/libcore-d453bab70303062c.rlib" "/opt/rustwide/rustup-home/toolchains/nightly-2024-10-28-x86_64-unknown-linux-gnu/lib/rustlib/x86_64-unknown-linux-gnu/lib/libcompiler_builtins-0e6386368b0a24e8.rlib" "-Wl,-Bdynamic" "-lgcc_s" "-lutil" "-lrt" "-lpthread" "-lm" "-ldl" "-lc" "-B/opt/rustwide/rustup-home/toolchains/nightly-2024-10-28-x86_64-unknown-linux-gnu/lib/rustlib/x86_64-unknown-linux-gnu/bin/gcc-ld" "-fuse-ld=lld" "-Wl,--eh-frame-hdr" "-Wl,-z,noexecstack" "-L" "/opt/rustwide/rustup-home/toolchains/nightly-2024-10-28-x86_64-unknown-linux-gnu/lib/rustlib/x86_64-unknown-linux-gnu/lib" "-o" "/opt/rustwide/target/debug/examples/interactive-c786b33e9b8fe21c" "-Wl,--gc-sections" "-pie" "-Wl,-z,relro,-z,now" "-nodefaultlibs"
[INFO] [stdout]   = note: rust-lld: error: undefined symbol: LeapCloseConnection
[INFO] [stdout]           >>> referenced by connection.rs:17 (src/connection.rs:17)
[INFO] [stdout]           >>>               leaprs-263c271aca255f3c.leaprs.e29e84863b21129a-cgu.2.rcgu.o:(_$LT$leaprs..connection..Connection$u20$as$u20$core..ops..drop..Drop$GT$::drop::h619c09170233a4ff) in archive /opt/rustwide/target/debug/deps/libleaprs-263c271aca255f3c.rlib
[INFO] [stdout]           
[INFO] [stdout]           rust-lld: error: undefined symbol: LeapDestroyConnection
[INFO] [stdout]           >>> referenced by connection.rs:18 (src/connection.rs:18)
[INFO] [stdout]           >>>               leaprs-263c271aca255f3c.leaprs.e29e84863b21129a-cgu.2.rcgu.o:(_$LT$leaprs..connection..Connection$u20$as$u20$core..ops..drop..Drop$GT$::drop::h619c09170233a4ff) in archive /opt/rustwide/target/debug/deps/libleaprs-263c271aca255f3c.rlib
[INFO] [stdout]           
[INFO] [stdout]           rust-lld: error: undefined symbol: LeapCreateConnection
[INFO] [stdout]           >>> referenced by connection.rs:39 (src/connection.rs:39)
[INFO] [stdout]           >>>               leaprs-263c271aca255f3c.leaprs.e29e84863b21129a-cgu.2.rcgu.o:(leaprs::connection::Connection::create::hd9fad8296e4dfb68) in archive /opt/rustwide/target/debug/deps/libleaprs-263c271aca255f3c.rlib
[INFO] [stdout]           
[INFO] [stdout]           rust-lld: error: undefined symbol: LeapOpenConnection
[INFO] [stdout]           >>> referenced by connection.rs:57 (src/connection.rs:57)
[INFO] [stdout]           >>>               leaprs-263c271aca255f3c.leaprs.e29e84863b21129a-cgu.2.rcgu.o:(leaprs::connection::Connection::open::he8b9c09aae75ab56) in archive /opt/rustwide/target/debug/deps/libleaprs-263c271aca255f3c.rlib
[INFO] [stdout]           
[INFO] [stdout]           rust-lld: error: undefined symbol: LeapPollConnection
[INFO] [stdout]           >>> referenced by connection.rs:99 (src/connection.rs:99)
[INFO] [stdout]           >>>               leaprs-263c271aca255f3c.leaprs.e29e84863b21129a-cgu.2.rcgu.o:(leaprs::connection::Connection::poll::h40183faab84e11c8) in archive /opt/rustwide/target/debug/deps/libleaprs-263c271aca255f3c.rlib
[INFO] [stdout]           
[INFO] [stdout]           rust-lld: error: undefined symbol: LeapSetPolicyFlags
[INFO] [stdout]           >>> referenced by connection.rs:165 (src/connection.rs:165)
[INFO] [stdout]           >>>               leaprs-263c271aca255f3c.leaprs.e29e84863b21129a-cgu.2.rcgu.o:(leaprs::connection::Connection::set_policy_flags::hc9df4253fb81de2d) in archive /opt/rustwide/target/debug/deps/libleaprs-263c271aca255f3c.rlib
[INFO] [stdout]           
[INFO] [stdout]           rust-lld: error: undefined symbol: LeapGetTrackingMode
[INFO] [stdout]           >>> referenced by connection.rs:461 (src/connection.rs:461)
[INFO] [stdout]           >>>               leaprs-263c271aca255f3c.leaprs.e29e84863b21129a-cgu.2.rcgu.o:(leaprs::connection::Connection::get_tracking_mode::h89d3904c605e67bd) in archive /opt/rustwide/target/debug/deps/libleaprs-263c271aca255f3c.rlib
[INFO] [stdout]           
[INFO] [stdout]           rust-lld: error: undefined symbol: LeapCloseDevice
[INFO] [stdout]           >>> referenced by device.rs:21 (src/device.rs:21)
[INFO] [stdout]           >>>               leaprs-263c271aca255f3c.leaprs.e29e84863b21129a-cgu.2.rcgu.o:(_$LT$leaprs..device..Device$u20$as$u20$core..ops..drop..Drop$GT$::drop::hcc6f774b62d1176a) in archive /opt/rustwide/target/debug/deps/libleaprs-263c271aca255f3c.rlib
[INFO] [stdout]           
[INFO] [stdout]           rust-lld: error: undefined symbol: LeapOpenDevice
[INFO] [stdout]           >>> referenced by device.rs:41 (src/device.rs:41)
[INFO] [stdout]           >>>               leaprs-263c271aca255f3c.leaprs.e29e84863b21129a-cgu.2.rcgu.o:(leaprs::device::Device::open::h58aacb3d92b7e328) in archive /opt/rustwide/target/debug/deps/libleaprs-263c271aca255f3c.rlib
[INFO] [stdout]           
[INFO] [stdout]           rust-lld: error: undefined symbol: LeapGetDeviceInfo
[INFO] [stdout]           >>> referenced by device.rs:69 (src/device.rs:69)
[INFO] [stdout]           >>>               leaprs-263c271aca255f3c.leaprs.e29e84863b21129a-cgu.2.rcgu.o:(leaprs::device::Device::get_info_raw::h8ff36767a91e8c90) in archive /opt/rustwide/target/debug/deps/libleaprs-263c271aca255f3c.rlib
[INFO] [stdout]           
[INFO] [stdout]           rust-lld: error: undefined symbol: LeapDevicePIDToString
[INFO] [stdout]           >>> referenced by device_pid.rs:32 (src/device_pid.rs:32)
[INFO] [stdout]           >>>               leaprs-263c271aca255f3c.leaprs.e29e84863b21129a-cgu.1.rcgu.o:(leaprs::device_pid::DevicePID::to_cstr::hd7a278be6d0d3546) in archive /opt/rustwide/target/debug/deps/libleaprs-263c271aca255f3c.rlib
[INFO] [stdout]           collect2: error: ld returned 1 exit status
[INFO] [stdout]           
[INFO] [stdout] 
[INFO] [stdout] 
[INFO] [stderr] The following warnings were emitted during compilation:
[INFO] [stderr] 
[INFO] [stderr] warning: leaprs@0.2.2: Could not find LeapSDK at the location /usr/share/doc/ultraleap-hand-tracking-service. Install it from https://developer.leapmotion.com/tracking-software-download or set its location with the environment variable LEAPSDK_LIB_PATH.
[INFO] [stderr] 
[INFO] [stderr] error: could not compile `leaprs` (example "interactive") due to 1 previous error
[INFO] [stdout] error: linking with `cc` failed: exit status: 1
[INFO] [stdout]   |
[INFO] [stdout]   = note: LC_ALL="C" PATH="/opt/rustwide/rustup-home/toolchains/nightly-2024-10-28-x86_64-unknown-linux-gnu/lib/rustlib/x86_64-unknown-linux-gnu/bin:/opt/rustwide/rustup-home/toolchains/nightly-2024-10-28-x86_64-unknown-linux-gnu/lib/rustlib/x86_64-unknown-linux-gnu/bin/self-contained:/opt/rustwide/cargo-home/bin:/usr/local/sbin:/usr/local/bin:/usr/sbin:/usr/bin:/sbin:/bin" VSLANG="1033" "cc" "-m64" "/tmp/rustc0fISVk/symbols.o" "/opt/rustwide/target/debug/deps/leaprs-de7620d980cf48b1.leaprs.4b188140d32c7d27-cgu.0.rcgu.o" "/opt/rustwide/target/debug/deps/leaprs-de7620d980cf48b1.leaprs.4b188140d32c7d27-cgu.1.rcgu.o" "/opt/rustwide/target/debug/deps/leaprs-de7620d980cf48b1.leaprs.4b188140d32c7d27-cgu.2.rcgu.o" "/opt/rustwide/target/debug/deps/leaprs-de7620d980cf48b1.leaprs.4b188140d32c7d27-cgu.3.rcgu.o" "/opt/rustwide/target/debug/deps/leaprs-de7620d980cf48b1.3pb54b7nstho6cqx7we89h0ie.rcgu.o" "-Wl,--as-needed" "-Wl,-Bstatic" "/opt/rustwide/target/debug/deps/libimage-7bd1c7cad6f8af76.rlib" "/opt/rustwide/target/debug/deps/libimage_webp-7a3e356d27777d3c.rlib" "/opt/rustwide/target/debug/deps/libqoi-45d088340c878562.rlib" "/opt/rustwide/target/debug/deps/libpng-81fe526457cb721b.rlib" "/opt/rustwide/target/debug/deps/libminiz_oxide-f6d9c2dc36195702.rlib" "/opt/rustwide/target/debug/deps/libfdeflate-ade88039a9f1572c.rlib" "/opt/rustwide/target/debug/deps/libbitflags-560efdb99b117eef.rlib" "/opt/rustwide/target/debug/deps/libexr-eaabf287acac301c.rlib" "/opt/rustwide/target/debug/deps/libflume-d6bb795ef6bf77df.rlib" "/opt/rustwide/target/debug/deps/libspin-1fc7289ca571f5fa.rlib" "/opt/rustwide/target/debug/deps/liblock_api-5219888eb6783bf2.rlib" "/opt/rustwide/target/debug/deps/libpin_project-dfcab5b590343afa.rlib" "/opt/rustwide/target/debug/deps/libfutures_sink-9b62e7f8b1f7488c.rlib" "/opt/rustwide/target/debug/deps/libfutures_core-5d2f269f5fa2639c.rlib" "/opt/rustwide/target/debug/deps/libnanorand-2a2d09ad19dc4de5.rlib" "/opt/rustwide/target/debug/deps/libgetrandom-83affc441b0de126.rlib" "/opt/rustwide/target/debug/deps/libzune_inflate-9a686a6285e544b3.rlib" "/opt/rustwide/target/debug/deps/libsimd_adler32-ca7cf3aa14df0084.rlib" "/opt/rustwide/target/debug/deps/libbit_field-9c32327f6f297d53.rlib" "/opt/rustwide/target/debug/deps/liblebe-6ce3bae0582d7383.rlib" "/opt/rustwide/target/debug/deps/libhalf-d65e2ab969911cca.rlib" "/opt/rustwide/target/debug/deps/libsmallvec-71f76ee72c18b4ee.rlib" "/opt/rustwide/target/debug/deps/libzune_jpeg-dc78fb13407babbd.rlib" "/opt/rustwide/target/debug/deps/libzune_core-021e78692cb8f6dc.rlib" "/opt/rustwide/target/debug/deps/libgif-281dd8d00a0c5691.rlib" "/opt/rustwide/target/debug/deps/libcolor_quant-069bd5753da0854f.rlib" "/opt/rustwide/target/debug/deps/libbyteorder-a1f9de351ee5c7d4.rlib" "/opt/rustwide/target/debug/deps/libravif-f6db37fad43586df.rlib" "/opt/rustwide/target/debug/deps/libloop9-e240a711edf47357.rlib" "/opt/rustwide/target/debug/deps/libavif_serialize-989577ad615bc34d.rlib" "/opt/rustwide/target/debug/deps/libquick_error-272c4b37477f4e1c.rlib" "/opt/rustwide/target/debug/deps/librgb-62ea28ef4cbe47a1.rlib" "/opt/rustwide/target/debug/deps/librav1e-86efd3a1858ea8dc.rlib" "/opt/rustwide/target/debug/deps/libprofiling-4c94a44d3d0cec34.rlib" "/opt/rustwide/target/debug/deps/libav1_grain-a08ff608611123f3.rlib" "/opt/rustwide/target/debug/deps/libnom-42855b0f133d1a09.rlib" "/opt/rustwide/target/debug/deps/libmemchr-0383b9bb24c61c87.rlib" "/opt/rustwide/target/debug/deps/libnum_rational-ec49a84116f03e1d.rlib" "/opt/rustwide/target/debug/deps/libnum_bigint-bb7065291e18b90b.rlib" "/opt/rustwide/target/debug/deps/libnum_integer-aa00e66f760e5d94.rlib" "/opt/rustwide/target/debug/deps/libanyhow-31837490e2b1e886.rlib" "/opt/rustwide/target/debug/deps/libdebug_unreachable-3ab5527c76e23f4a.rlib" "/opt/rustwide/target/debug/deps/libmaybe_rayon-3e0c6569b6515e15.rlib" "/opt/rustwide/target/debug/deps/librayon-5243aec7943e67bb.rlib" "/opt/rustwide/target/debug/deps/librayon_core-55cfb8ac227a445e.rlib" "/opt/rustwide/target/debug/deps/libnum_cpus-be7f6821519089c5.rlib" "/opt/rustwide/target/debug/deps/liblibc-6d8946442dcf11ac.rlib" "/opt/rustwide/target/debug/deps/libcrossbeam_deque-ad6c3b38bf21ec9b.rlib" "/opt/rustwide/target/debug/deps/libcrossbeam_epoch-92b8103edee5d2f0.rlib" "/opt/rustwide/target/debug/deps/libmemoffset-9843d6f7b6b73242.rlib" "/opt/rustwide/target/debug/deps/libscopeguard-6ebe5b14c8a6c2d8.rlib" "/opt/rustwide/target/debug/deps/libcrossbeam_channel-4f95dedf713f32c8.rlib" "/opt/rustwide/target/debug/deps/libcrossbeam_utils-f3798028c4f47896.rlib" "/opt/rustwide/target/debug/deps/libv_frame-6da32b527a40196e.rlib" "/opt/rustwide/target/debug/deps/libaligned_vec-4876c6ab67de2ace.rlib" "/opt/rustwide/target/debug/deps/libarrayvec-f9bab1f49304b6ef.rlib" "/opt/rustwide/target/debug/deps/libbitstream_io-73b60c6d195f1d5b.rlib" "/opt/rustwide/target/debug/deps/libitertools-11d00b4e824ec0aa.rlib" "/opt/rustwide/target/debug/deps/libeither-f1d803e54323461f.rlib" "/opt/rustwide/target/debug/deps/liblog-d22870b56e594fe2.rlib" "/opt/rustwide/target/debug/deps/libimgref-9ee0eed3e2ab65ab.rlib" "/opt/rustwide/target/debug/deps/libbytemuck-9de0c744a6db0260.rlib" "/opt/rustwide/target/debug/deps/libnum_traits-d24cc5ca30a6763d.rlib" "/opt/rustwide/target/debug/deps/libtiff-80c7c2561ea385e4.rlib" "/opt/rustwide/target/debug/deps/libflate2-76e74264432dcdb3.rlib" "/opt/rustwide/target/debug/deps/libminiz_oxide-a6013ca487d19ad4.rlib" "/opt/rustwide/target/debug/deps/libadler-c1df679d243ed5d4.rlib" "/opt/rustwide/target/debug/deps/libcrc32fast-a3b3ed73612ea413.rlib" "/opt/rustwide/target/debug/deps/libweezl-dbf9ac45cde83c95.rlib" "/opt/rustwide/target/debug/deps/libjpeg_decoder-fa53276b1c27eb3d.rlib" "/opt/rustwide/target/debug/deps/libtempfile-1c154193053f46df.rlib" "/opt/rustwide/target/debug/deps/libfastrand-13737c0e24f03201.rlib" "/opt/rustwide/target/debug/deps/librustix-af3f6ebd8f8f5310.rlib" "/opt/rustwide/target/debug/deps/liblinux_raw_sys-9dec8a41240a54f1.rlib" "/opt/rustwide/target/debug/deps/libcfg_if-57bf25c23e31efdb.rlib" "/opt/rustwide/rustup-home/toolchains/nightly-2024-10-28-x86_64-unknown-linux-gnu/lib/rustlib/x86_64-unknown-linux-gnu/lib/libtest-a09fad3b5321e7d6.rlib" "/opt/rustwide/rustup-home/toolchains/nightly-2024-10-28-x86_64-unknown-linux-gnu/lib/rustlib/x86_64-unknown-linux-gnu/lib/libgetopts-f9c3dff41ad42661.rlib" "/opt/rustwide/rustup-home/toolchains/nightly-2024-10-28-x86_64-unknown-linux-gnu/lib/rustlib/x86_64-unknown-linux-gnu/lib/libunicode_width-ad2aef31af6addd3.rlib" "/opt/rustwide/rustup-home/toolchains/nightly-2024-10-28-x86_64-unknown-linux-gnu/lib/rustlib/x86_64-unknown-linux-gnu/lib/librustc_std_workspace_std-e3f907dc03deb913.rlib" "/opt/rustwide/target/debug/deps/libthiserror-f9136848e2425931.rlib" "/opt/rustwide/target/debug/deps/libnum_enum-e7a59d3998812b2d.rlib" "/opt/rustwide/target/debug/deps/libbitflags-24f49940ca3187ff.rlib" "/opt/rustwide/target/debug/deps/libleap_sys-1cab7e2f1c46979a.rlib" "/opt/rustwide/rustup-home/toolchains/nightly-2024-10-28-x86_64-unknown-linux-gnu/lib/rustlib/x86_64-unknown-linux-gnu/lib/libstd-fb8c387236db3c10.rlib" "/opt/rustwide/rustup-home/toolchains/nightly-2024-10-28-x86_64-unknown-linux-gnu/lib/rustlib/x86_64-unknown-linux-gnu/lib/libpanic_unwind-b251837809b2f64b.rlib" "/opt/rustwide/rustup-home/toolchains/nightly-2024-10-28-x86_64-unknown-linux-gnu/lib/rustlib/x86_64-unknown-linux-gnu/lib/libobject-cbef83eaa4e01f04.rlib" "/opt/rustwide/rustup-home/toolchains/nightly-2024-10-28-x86_64-unknown-linux-gnu/lib/rustlib/x86_64-unknown-linux-gnu/lib/libmemchr-12a772286de2fca7.rlib" "/opt/rustwide/rustup-home/toolchains/nightly-2024-10-28-x86_64-unknown-linux-gnu/lib/rustlib/x86_64-unknown-linux-gnu/lib/libaddr2line-023bbe5ada7abfc3.rlib" "/opt/rustwide/rustup-home/toolchains/nightly-2024-10-28-x86_64-unknown-linux-gnu/lib/rustlib/x86_64-unknown-linux-gnu/lib/libgimli-de2bcdf10ec69c2b.rlib" "/opt/rustwide/rustup-home/toolchains/nightly-2024-10-28-x86_64-unknown-linux-gnu/lib/rustlib/x86_64-unknown-linux-gnu/lib/librustc_demangle-8e1754df350800fd.rlib" "/opt/rustwide/rustup-home/toolchains/nightly-2024-10-28-x86_64-unknown-linux-gnu/lib/rustlib/x86_64-unknown-linux-gnu/lib/libstd_detect-06c2ab7b9c32e037.rlib" "/opt/rustwide/rustup-home/toolchains/nightly-2024-10-28-x86_64-unknown-linux-gnu/lib/rustlib/x86_64-unknown-linux-gnu/lib/libhashbrown-51d2621fc57a281b.rlib" "/opt/rustwide/rustup-home/toolchains/nightly-2024-10-28-x86_64-unknown-linux-gnu/lib/rustlib/x86_64-unknown-linux-gnu/lib/librustc_std_workspace_alloc-54a930408793772f.rlib" "/opt/rustwide/rustup-home/toolchains/nightly-2024-10-28-x86_64-unknown-linux-gnu/lib/rustlib/x86_64-unknown-linux-gnu/lib/libminiz_oxide-0c7d01cba400dcb2.rlib" "/opt/rustwide/rustup-home/toolchains/nightly-2024-10-28-x86_64-unknown-linux-gnu/lib/rustlib/x86_64-unknown-linux-gnu/lib/libadler-b9f84d69e331b75b.rlib" "/opt/rustwide/rustup-home/toolchains/nightly-2024-10-28-x86_64-unknown-linux-gnu/lib/rustlib/x86_64-unknown-linux-gnu/lib/libunwind-eec95493246aae39.rlib" "/opt/rustwide/rustup-home/toolchains/nightly-2024-10-28-x86_64-unknown-linux-gnu/lib/rustlib/x86_64-unknown-linux-gnu/lib/libcfg_if-6f6676c475e08ab0.rlib" "/opt/rustwide/rustup-home/toolchains/nightly-2024-10-28-x86_64-unknown-linux-gnu/lib/rustlib/x86_64-unknown-linux-gnu/lib/liblibc-799d520624f8b2e0.rlib" "/opt/rustwide/rustup-home/toolchains/nightly-2024-10-28-x86_64-unknown-linux-gnu/lib/rustlib/x86_64-unknown-linux-gnu/lib/liballoc-fcf93d4842acd9a9.rlib" "/opt/rustwide/rustup-home/toolchains/nightly-2024-10-28-x86_64-unknown-linux-gnu/lib/rustlib/x86_64-unknown-linux-gnu/lib/librustc_std_workspace_core-395a38b8e0851c9b.rlib" "/opt/rustwide/rustup-home/toolchains/nightly-2024-10-28-x86_64-unknown-linux-gnu/lib/rustlib/x86_64-unknown-linux-gnu/lib/libcore-d453bab70303062c.rlib" "/opt/rustwide/rustup-home/toolchains/nightly-2024-10-28-x86_64-unknown-linux-gnu/lib/rustlib/x86_64-unknown-linux-gnu/lib/libcompiler_builtins-0e6386368b0a24e8.rlib" "-Wl,-Bdynamic" "-lgcc_s" "-lutil" "-lrt" "-lpthread" "-lm" "-ldl" "-lc" "-B/opt/rustwide/rustup-home/toolchains/nightly-2024-10-28-x86_64-unknown-linux-gnu/lib/rustlib/x86_64-unknown-linux-gnu/bin/gcc-ld" "-fuse-ld=lld" "-Wl,--eh-frame-hdr" "-Wl,-z,noexecstack" "-L" "/opt/rustwide/rustup-home/toolchains/nightly-2024-10-28-x86_64-unknown-linux-gnu/lib/rustlib/x86_64-unknown-linux-gnu/lib" "-o" "/opt/rustwide/target/debug/deps/leaprs-de7620d980cf48b1" "-Wl,--gc-sections" "-pie" "-Wl,-z,relro,-z,now" "-nodefaultlibs"
[INFO] [stdout]   = note: rust-lld: error: undefined symbol: LeapCloseConnection
[INFO] [stdout]           >>> referenced by connection.rs:17 (src/connection.rs:17)
[INFO] [stdout]           >>>               /opt/rustwide/target/debug/deps/leaprs-de7620d980cf48b1.leaprs.4b188140d32c7d27-cgu.0.rcgu.o:(_$LT$leaprs..connection..Connection$u20$as$u20$core..ops..drop..Drop$GT$::drop::ha4e07b752c209b77)
[INFO] [stdout]           
[INFO] [stdout]           rust-lld: error: undefined symbol: LeapDestroyConnection
[INFO] [stdout]           >>> referenced by connection.rs:18 (src/connection.rs:18)
[INFO] [stdout]           >>>               /opt/rustwide/target/debug/deps/leaprs-de7620d980cf48b1.leaprs.4b188140d32c7d27-cgu.0.rcgu.o:(_$LT$leaprs..connection..Connection$u20$as$u20$core..ops..drop..Drop$GT$::drop::ha4e07b752c209b77)
[INFO] [stdout]           
[INFO] [stdout]           rust-lld: error: undefined symbol: LeapCreateConnection
[INFO] [stdout]           >>> referenced by connection.rs:39 (src/connection.rs:39)
[INFO] [stdout]           >>>               /opt/rustwide/target/debug/deps/leaprs-de7620d980cf48b1.leaprs.4b188140d32c7d27-cgu.0.rcgu.o:(leaprs::connection::Connection::create::h67947d166648463a)
[INFO] [stdout]           
[INFO] [stdout]           rust-lld: error: undefined symbol: LeapOpenConnection
[INFO] [stdout]           >>> referenced by connection.rs:57 (src/connection.rs:57)
[INFO] [stdout]           >>>               /opt/rustwide/target/debug/deps/leaprs-de7620d980cf48b1.leaprs.4b188140d32c7d27-cgu.0.rcgu.o:(leaprs::connection::Connection::open::hde890ab43adb34c7)
[INFO] [stdout]           
[INFO] [stdout]           rust-lld: error: undefined symbol: LeapGetConnectionInfo
[INFO] [stdout]           >>> referenced by connection.rs:69 (src/connection.rs:69)
[INFO] [stdout]           >>>               /opt/rustwide/target/debug/deps/leaprs-de7620d980cf48b1.leaprs.4b188140d32c7d27-cgu.0.rcgu.o:(leaprs::connection::Connection::info::h5bc0cbbc312fc142)
[INFO] [stdout]           
[INFO] [stdout]           rust-lld: error: undefined symbol: LeapPollConnection
[INFO] [stdout]           >>> referenced by connection.rs:99 (src/connection.rs:99)
[INFO] [stdout]           >>>               /opt/rustwide/target/debug/deps/leaprs-de7620d980cf48b1.leaprs.4b188140d32c7d27-cgu.0.rcgu.o:(leaprs::connection::Connection::poll::hce7967e564d2a36b)
[INFO] [stdout]           
[INFO] [stdout]           rust-lld: error: undefined symbol: LeapGetDeviceList
[INFO] [stdout]           >>> referenced by connection.rs:130 (src/connection.rs:130)
[INFO] [stdout]           >>>               /opt/rustwide/target/debug/deps/leaprs-de7620d980cf48b1.leaprs.4b188140d32c7d27-cgu.0.rcgu.o:(leaprs::connection::Connection::get_device_list_raw::h0215f1da15ba6984)
[INFO] [stdout]           
[INFO] [stdout]           rust-lld: error: undefined symbol: LeapSetPolicyFlags
[INFO] [stdout]           >>> referenced by connection.rs:165 (src/connection.rs:165)
[INFO] [stdout]           >>>               /opt/rustwide/target/debug/deps/leaprs-de7620d980cf48b1.leaprs.4b188140d32c7d27-cgu.0.rcgu.o:(leaprs::connection::Connection::set_policy_flags::h02b2cad8fe2112c7)
[INFO] [stdout]           
[INFO] [stdout]           rust-lld: error: undefined symbol: LeapSetPause
[INFO] [stdout]           >>> referenced by connection.rs:181 (src/connection.rs:181)
[INFO] [stdout]           >>>               /opt/rustwide/target/debug/deps/leaprs-de7620d980cf48b1.leaprs.4b188140d32c7d27-cgu.0.rcgu.o:(leaprs::connection::Connection::set_pause::he58948ce6380df0e)
[INFO] [stdout]           
[INFO] [stdout]           rust-lld: error: undefined symbol: LeapSaveConfigValue
[INFO] [stdout]           >>> referenced by connection.rs:212 (src/connection.rs:212)
[INFO] [stdout]           >>>               /opt/rustwide/target/debug/deps/leaprs-de7620d980cf48b1.leaprs.4b188140d32c7d27-cgu.0.rcgu.o:(leaprs::connection::Connection::save_config_value::h54489680093cfd0c)
[INFO] [stdout]           
[INFO] [stdout]           rust-lld: error: undefined symbol: LeapRequestConfigValue
[INFO] [stdout]           >>> referenced by connection.rs:244 (src/connection.rs:244)
[INFO] [stdout]           >>>               /opt/rustwide/target/debug/deps/leaprs-de7620d980cf48b1.leaprs.4b188140d32c7d27-cgu.0.rcgu.o:(leaprs::connection::Connection::request_config_value::h443912ab8005b8d9)
[INFO] [stdout]           
[INFO] [stdout]           rust-lld: error: undefined symbol: LeapGetFrameSize
[INFO] [stdout]           >>> referenced by connection.rs:265 (src/connection.rs:265)
[INFO] [stdout]           >>>               /opt/rustwide/target/debug/deps/leaprs-de7620d980cf48b1.leaprs.4b188140d32c7d27-cgu.0.rcgu.o:(leaprs::connection::Connection::get_frame_size::h75dde4485f37afe4)
[INFO] [stdout]           
[INFO] [stdout]           rust-lld: error: undefined symbol: LeapInterpolateFrame
[INFO] [stdout]           >>> referenced by connection.rs:296 (src/connection.rs:296)
[INFO] [stdout]           >>>               /opt/rustwide/target/debug/deps/leaprs-de7620d980cf48b1.leaprs.4b188140d32c7d27-cgu.0.rcgu.o:(leaprs::connection::Connection::interpolate_frame::he8eb288617b62665)
[INFO] [stdout]           
[INFO] [stdout]           rust-lld: error: undefined symbol: LeapPixelToRectilinear
[INFO] [stdout]           >>> referenced by connection.rs:330 (src/connection.rs:330)
[INFO] [stdout]           >>>               /opt/rustwide/target/debug/deps/leaprs-de7620d980cf48b1.leaprs.4b188140d32c7d27-cgu.0.rcgu.o:(leaprs::connection::Connection::pixel_to_rectilinear::ha24c1ee51012de4a)
[INFO] [stdout]           
[INFO] [stdout]           rust-lld: error: undefined symbol: LeapRectilinearToPixel
[INFO] [stdout]           >>> referenced by connection.rs:364 (src/connection.rs:364)
[INFO] [stdout]           >>>               /opt/rustwide/target/debug/deps/leaprs-de7620d980cf48b1.leaprs.4b188140d32c7d27-cgu.0.rcgu.o:(leaprs::connection::Connection::rectilinear_to_pixel::hf8fd1c2956764894)
[INFO] [stdout]           
[INFO] [stdout]           rust-lld: error: undefined symbol: LeapGetPointMappingSize
[INFO] [stdout]           >>> referenced by connection.rs:375 (src/connection.rs:375)
[INFO] [stdout]           >>>               /opt/rustwide/target/debug/deps/leaprs-de7620d980cf48b1.leaprs.4b188140d32c7d27-cgu.0.rcgu.o:(leaprs::connection::Connection::get_point_mapping_size::h5a5f95bcd612545b)
[INFO] [stdout]           
[INFO] [stdout]           rust-lld: error: undefined symbol: LeapGetPointMapping
[INFO] [stdout]           >>> referenced by connection.rs:384 (src/connection.rs:384)
[INFO] [stdout]           >>>               /opt/rustwide/target/debug/deps/leaprs-de7620d980cf48b1.leaprs.4b188140d32c7d27-cgu.0.rcgu.o:(leaprs::connection::Connection::get_point_mapping::h1e5cc9221be3b58f)
[INFO] [stdout]           
[INFO] [stdout]           rust-lld: error: undefined symbol: LeapGetVersion
[INFO] [stdout]           >>> referenced by connection.rs:409 (src/connection.rs:409)
[INFO] [stdout]           >>>               /opt/rustwide/target/debug/deps/leaprs-de7620d980cf48b1.leaprs.4b188140d32c7d27-cgu.0.rcgu.o:(leaprs::connection::Connection::get_version::h7be5cb339fe18d31)
[INFO] [stdout]           
[INFO] [stdout]           rust-lld: error: undefined symbol: LeapSetPolicyFlagsEx
[INFO] [stdout]           >>> referenced by connection.rs:439 (src/connection.rs:439)
[INFO] [stdout]           >>>               /opt/rustwide/target/debug/deps/leaprs-de7620d980cf48b1.leaprs.4b188140d32c7d27-cgu.0.rcgu.o:(leaprs::connection::Connection::set_policy_flags_ex::h7f560e4372b004d0)
[INFO] [stdout]           
[INFO] [stdout]           rust-lld: error: undefined symbol: LeapGetTrackingMode
[INFO] [stdout]           >>> referenced by connection.rs:461 (src/connection.rs:461)
[INFO] [stdout]           >>>               /opt/rustwide/target/debug/deps/leaprs-de7620d980cf48b1.leaprs.4b188140d32c7d27-cgu.0.rcgu.o:(leaprs::connection::Connection::get_tracking_mode::hac157e0bb242e590)
[INFO] [stdout]           
[INFO] [stdout]           rust-lld: error: too many errors emitted, stopping now (use --error-limit=0 to see all errors)
[INFO] [stdout]           collect2: error: ld returned 1 exit status
[INFO] [stdout]           
[INFO] [stdout] 
[INFO] [stdout] 
[INFO] [stderr] The following warnings were emitted during compilation:
[INFO] [stderr] 
[INFO] [stderr] warning: leaprs@0.2.2: Could not find LeapSDK at the location /usr/share/doc/ultraleap-hand-tracking-service. Install it from https://developer.leapmotion.com/tracking-software-download or set its location with the environment variable LEAPSDK_LIB_PATH.
[INFO] [stderr] 
[INFO] [stderr] error: could not compile `leaprs` (lib test) due to 1 previous error; 1 warning emitted
[INFO] running `Command { std: "docker" "inspect" "b231ba7da919d070cf0e090f772450292dc826e8765e927b81a6a165846e53cd", kill_on_drop: false }`
[INFO] running `Command { std: "docker" "rm" "-f" "b231ba7da919d070cf0e090f772450292dc826e8765e927b81a6a165846e53cd", kill_on_drop: false }`
[INFO] [stdout] b231ba7da919d070cf0e090f772450292dc826e8765e927b81a6a165846e53cd
