[INFO] fetching crate ldap3-serde 0.11.5...
[INFO] testing ldap3-serde-0.11.5 against nightly-2024-10-28 for randomize-layout
[INFO] extracting crate ldap3-serde 0.11.5 into /workspace/builds/worker-2-tc1/source
[INFO] validating manifest of crates.io crate ldap3-serde 0.11.5 on toolchain nightly-2024-10-28
[INFO] running `Command { std: CARGO_HOME="/workspace/cargo-home" RUSTUP_HOME="/workspace/rustup-home" "/workspace/cargo-home/bin/cargo" "+nightly-2024-10-28" "metadata" "--manifest-path" "Cargo.toml" "--no-deps", kill_on_drop: false }`
[INFO] started tweaking crates.io crate ldap3-serde 0.11.5
[INFO] finished tweaking crates.io crate ldap3-serde 0.11.5
[INFO] tweaked toml for crates.io crate ldap3-serde 0.11.5 written to /workspace/builds/worker-2-tc1/source/Cargo.toml
[INFO] crate crates.io crate ldap3-serde 0.11.5 already has a lockfile, it will not be regenerated
[INFO] running `Command { std: CARGO_HOME="/workspace/cargo-home" RUSTUP_HOME="/workspace/rustup-home" "/workspace/cargo-home/bin/cargo" "+nightly-2024-10-28" "fetch" "--manifest-path" "Cargo.toml", kill_on_drop: false }`
[INFO] [stderr]     Updating crates.io index
[INFO] [stderr]  Downloading crates ...
[INFO] [stderr]   Downloaded libgssapi v0.6.4
[INFO] [stderr]   Downloaded libgssapi-sys v0.3.1
[INFO] [stderr]   Downloaded cross-krb5 v0.3.0
[INFO] [stderr]   Downloaded lber-serde v0.4.5
[INFO] [stderr]   Downloaded rustls-webpki v0.102.3
[INFO] running `Command { std: "docker" "create" "-v" "/var/lib/crater-agent-workspace/builds/worker-2-tc1/target:/opt/rustwide/target:rw,Z" "-v" "/var/lib/crater-agent-workspace/builds/worker-2-tc1/source:/opt/rustwide/workdir:ro,Z" "-v" "/var/lib/crater-agent-workspace/cargo-home:/opt/rustwide/cargo-home:ro,Z" "-v" "/var/lib/crater-agent-workspace/rustup-home:/opt/rustwide/rustup-home:ro,Z" "-e" "SOURCE_DIR=/opt/rustwide/workdir" "-e" "CARGO_TARGET_DIR=/opt/rustwide/target" "-e" "CARGO_HOME=/opt/rustwide/cargo-home" "-e" "RUSTUP_HOME=/opt/rustwide/rustup-home" "-w" "/opt/rustwide/workdir" "-m" "1610612736" "--user" "0:0" "--network" "none" "ghcr.io/rust-lang/crates-build-env/linux@sha256:4a844ea9eb2546a2d2c7022eacef16ef2e8229c7fbb2c7d4d55a9ceca922f72d" "/opt/rustwide/cargo-home/bin/cargo" "+nightly-2024-10-28" "metadata" "--no-deps" "--format-version=1", kill_on_drop: false }`
[INFO] [stdout] d8323fe30ec12f7e6cd814a8752a4ff95259b969e7ad787981a23d935d155ce3
[INFO] running `Command { std: "docker" "start" "-a" "d8323fe30ec12f7e6cd814a8752a4ff95259b969e7ad787981a23d935d155ce3", kill_on_drop: false }`
[INFO] running `Command { std: "docker" "inspect" "d8323fe30ec12f7e6cd814a8752a4ff95259b969e7ad787981a23d935d155ce3", kill_on_drop: false }`
[INFO] running `Command { std: "docker" "rm" "-f" "d8323fe30ec12f7e6cd814a8752a4ff95259b969e7ad787981a23d935d155ce3", kill_on_drop: false }`
[INFO] [stdout] d8323fe30ec12f7e6cd814a8752a4ff95259b969e7ad787981a23d935d155ce3
[INFO] running `Command { std: "docker" "create" "-v" "/var/lib/crater-agent-workspace/builds/worker-2-tc1/target:/opt/rustwide/target:rw,Z" "-v" "/var/lib/crater-agent-workspace/builds/worker-2-tc1/source:/opt/rustwide/workdir:ro,Z" "-v" "/var/lib/crater-agent-workspace/cargo-home:/opt/rustwide/cargo-home:ro,Z" "-v" "/var/lib/crater-agent-workspace/rustup-home:/opt/rustwide/rustup-home:ro,Z" "-e" "SOURCE_DIR=/opt/rustwide/workdir" "-e" "CARGO_TARGET_DIR=/opt/rustwide/target" "-e" "CARGO_INCREMENTAL=0" "-e" "RUST_BACKTRACE=full" "-e" "RUSTFLAGS=--cap-lints=forbid" "-e" "RUSTDOCFLAGS=--cap-lints=forbid" "-e" "CARGO_HOME=/opt/rustwide/cargo-home" "-e" "RUSTUP_HOME=/opt/rustwide/rustup-home" "-w" "/opt/rustwide/workdir" "-m" "1610612736" "--user" "0:0" "--network" "none" "ghcr.io/rust-lang/crates-build-env/linux@sha256:4a844ea9eb2546a2d2c7022eacef16ef2e8229c7fbb2c7d4d55a9ceca922f72d" "/opt/rustwide/cargo-home/bin/cargo" "+nightly-2024-10-28" "build" "--frozen" "--message-format=json", kill_on_drop: false }`
[INFO] [stdout] 807143d10930ca326343291b3522670978f56107a1b1a1d300b629bbc3a58bd1
[INFO] running `Command { std: "docker" "start" "-a" "807143d10930ca326343291b3522670978f56107a1b1a1d300b629bbc3a58bd1", kill_on_drop: false }`
[INFO] [stderr]    Compiling proc-macro2 v1.0.81
[INFO] [stderr]    Compiling unicode-ident v1.0.12
[INFO] [stderr]    Compiling libc v0.2.153
[INFO] [stderr]    Compiling pin-project-lite v0.2.14
[INFO] [stderr]    Compiling cc v1.0.95
[INFO] [stderr]    Compiling vcpkg v0.2.15
[INFO] [stderr]    Compiling pkg-config v0.3.30
[INFO] [stderr]    Compiling futures-core v0.3.30
[INFO] [stderr]    Compiling once_cell v1.19.0
[INFO] [stderr]    Compiling autocfg v1.2.0
[INFO] [stderr]    Compiling futures-sink v0.3.30
[INFO] [stderr]    Compiling memchr v2.7.2
[INFO] [stderr]    Compiling bytes v1.6.0
[INFO] [stderr]    Compiling slab v0.4.9
[INFO] [stderr]    Compiling openssl v0.10.64
[INFO] [stderr]    Compiling foreign-types-shared v0.1.1
[INFO] [stderr]    Compiling foreign-types v0.3.2
[INFO] [stderr]    Compiling tinyvec v1.6.0
[INFO] [stderr]    Compiling quote v1.0.36
[INFO] [stderr]    Compiling futures-channel v0.3.30
[INFO] [stderr]    Compiling syn v2.0.60
[INFO] [stderr]    Compiling mio v0.8.11
[INFO] [stderr]    Compiling socket2 v0.5.6
[INFO] [stderr]    Compiling native-tls v0.2.11
[INFO] [stderr]    Compiling futures-task v0.3.30
[INFO] [stderr]    Compiling bitflags v2.5.0
[INFO] [stderr]    Compiling futures-io v0.3.30
[INFO] [stderr]    Compiling tracing-core v0.1.32
[INFO] [stderr]    Compiling openssl-probe v0.1.5
[INFO] [stderr]    Compiling thiserror v1.0.59
[INFO] [stderr]    Compiling openssl-sys v0.9.102
[INFO] [stderr]    Compiling log v0.4.21
[INFO] [stderr]    Compiling unicode-bidi v0.3.15
[INFO] [stderr]    Compiling unicode-normalization v0.1.23
[INFO] [stderr]    Compiling minimal-lexical v0.2.1
[INFO] [stderr]    Compiling tracing v0.1.40
[INFO] [stderr]    Compiling nom v7.1.3
[INFO] [stderr]    Compiling idna v0.5.0
[INFO] [stderr]    Compiling url v2.5.0
[INFO] [stderr]    Compiling lber-serde v0.4.5
[INFO] [stderr]    Compiling tokio-macros v2.2.0
[INFO] [stderr]    Compiling futures-macro v0.3.30
[INFO] [stderr]    Compiling openssl-macros v0.1.1
[INFO] [stderr]    Compiling thiserror-impl v1.0.59
[INFO] [stderr]    Compiling async-trait v0.1.80
[INFO] [stderr]    Compiling tokio v1.37.0
[INFO] [stderr]    Compiling futures-util v0.3.30
[INFO] [stderr]    Compiling futures-executor v0.3.30
[INFO] [stderr]    Compiling futures v0.3.30
[INFO] [stderr]    Compiling tokio-util v0.7.10
[INFO] [stderr]    Compiling tokio-native-tls v0.3.1
[INFO] [stderr]    Compiling tokio-stream v0.1.15
[INFO] [stderr]    Compiling ldap3-serde v0.11.5 (/opt/rustwide/workdir)
[INFO] [stderr]     Finished `dev` profile [unoptimized + debuginfo] target(s) in 7.54s
[INFO] running `Command { std: "docker" "inspect" "807143d10930ca326343291b3522670978f56107a1b1a1d300b629bbc3a58bd1", kill_on_drop: false }`
[INFO] running `Command { std: "docker" "rm" "-f" "807143d10930ca326343291b3522670978f56107a1b1a1d300b629bbc3a58bd1", kill_on_drop: false }`
[INFO] [stdout] 807143d10930ca326343291b3522670978f56107a1b1a1d300b629bbc3a58bd1
[INFO] running `Command { std: "docker" "create" "-v" "/var/lib/crater-agent-workspace/builds/worker-2-tc1/target:/opt/rustwide/target:rw,Z" "-v" "/var/lib/crater-agent-workspace/builds/worker-2-tc1/source:/opt/rustwide/workdir:ro,Z" "-v" "/var/lib/crater-agent-workspace/cargo-home:/opt/rustwide/cargo-home:ro,Z" "-v" "/var/lib/crater-agent-workspace/rustup-home:/opt/rustwide/rustup-home:ro,Z" "-e" "SOURCE_DIR=/opt/rustwide/workdir" "-e" "CARGO_TARGET_DIR=/opt/rustwide/target" "-e" "CARGO_INCREMENTAL=0" "-e" "RUST_BACKTRACE=full" "-e" "RUSTFLAGS=--cap-lints=forbid" "-e" "RUSTDOCFLAGS=--cap-lints=forbid" "-e" "CARGO_HOME=/opt/rustwide/cargo-home" "-e" "RUSTUP_HOME=/opt/rustwide/rustup-home" "-w" "/opt/rustwide/workdir" "-m" "1610612736" "--user" "0:0" "--network" "none" "ghcr.io/rust-lang/crates-build-env/linux@sha256:4a844ea9eb2546a2d2c7022eacef16ef2e8229c7fbb2c7d4d55a9ceca922f72d" "/opt/rustwide/cargo-home/bin/cargo" "+nightly-2024-10-28" "test" "--frozen" "--no-run" "--message-format=json", kill_on_drop: false }`
[INFO] [stdout] 90e5e19efe6149d756006448e5e39dd2d1e0f703e0138f29db45ceca934654f7
[INFO] running `Command { std: "docker" "start" "-a" "90e5e19efe6149d756006448e5e39dd2d1e0f703e0138f29db45ceca934654f7", kill_on_drop: false }`
[INFO] [stderr]    Compiling num_cpus v1.16.0
[INFO] [stderr]    Compiling log v0.4.21
[INFO] [stderr]    Compiling aho-corasick v1.1.3
[INFO] [stderr]    Compiling regex-syntax v0.8.3
[INFO] [stderr]    Compiling is-terminal v0.4.12
[INFO] [stderr]    Compiling humantime v2.1.0
[INFO] [stderr]    Compiling termcolor v1.4.1
[INFO] [stderr]    Compiling native-tls v0.2.11
[INFO] [stderr]    Compiling tokio v1.37.0
[INFO] [stderr]    Compiling regex-automata v0.4.6
[INFO] [stderr]    Compiling regex v1.10.4
[INFO] [stderr]    Compiling env_logger v0.10.2
[INFO] [stderr]    Compiling tokio-stream v0.1.15
[INFO] [stderr]    Compiling tokio-util v0.7.10
[INFO] [stderr]    Compiling tokio-native-tls v0.3.1
[INFO] [stderr]    Compiling ldap3-serde v0.11.5 (/opt/rustwide/workdir)
[INFO] [stdout] error[E0433]: failed to resolve: use of undeclared crate or module `ldap3`
[INFO] [stdout]   --> examples/modify_relax_sync.rs:11:5
[INFO] [stdout]    |
[INFO] [stdout] 11 | use ldap3::controls::{MakeCritical, RelaxRules};
[INFO] [stdout]    |     ^^^^^ use of undeclared crate or module `ldap3`
[INFO] [stdout] 
[INFO] [stdout] 
[INFO] [stdout] error[E0433]: failed to resolve: use of undeclared crate or module `ldap3`
[INFO] [stdout]   --> examples/modify_relax_sync.rs:12:5
[INFO] [stdout]    |
[INFO] [stdout] 12 | use ldap3::result::Result;
[INFO] [stdout]    |     ^^^^^ use of undeclared crate or module `ldap3`
[INFO] [stdout] 
[INFO] [stdout] 
[INFO] [stdout] error[E0433]: failed to resolve: use of undeclared crate or module `ldap3`
[INFO] [stdout]  --> examples/bind_sync.rs:4:5
[INFO] [stdout]   |
[INFO] [stdout] 4 | use ldap3::result::Result;
[INFO] [stdout]   |     ^^^^^ use of undeclared crate or module `ldap3`
[INFO] [stdout] 
[INFO] [stdout] 
[INFO] [stdout] error[E0433]: failed to resolve: use of undeclared crate or module `ldap3`
[INFO] [stdout]  --> examples/search_url_params_sync.rs:4:5
[INFO] [stdout]   |
[INFO] [stdout] 4 | use ldap3::result::Result;
[INFO] [stdout]   |     ^^^^^ use of undeclared crate or module `ldap3`
[INFO] [stdout] 
[INFO] [stdout] 
[INFO] [stdout] error[E0433]: failed to resolve: use of undeclared crate or module `ldap3`
[INFO] [stdout]  --> examples/moddn_sync.rs:4:5
[INFO] [stdout]   |
[INFO] [stdout] 4 | use ldap3::result::Result;
[INFO] [stdout]   |     ^^^^^ use of undeclared crate or module `ldap3`
[INFO] [stdout] 
[INFO] [stdout] 
[INFO] [stdout] error[E0433]: failed to resolve: use of undeclared crate or module `ldap3`
[INFO] [stdout]  --> examples/search_adapted.rs:4:5
[INFO] [stdout]   |
[INFO] [stdout] 4 | use ldap3::adapters::EntriesOnly;
[INFO] [stdout]   |     ^^^^^ use of undeclared crate or module `ldap3`
[INFO] [stdout] 
[INFO] [stdout] 
[INFO] [stdout] error[E0433]: failed to resolve: use of undeclared crate or module `ldap3`
[INFO] [stdout]  --> examples/search_starttls_noverify.rs:8:5
[INFO] [stdout]   |
[INFO] [stdout] 8 | use ldap3::result::Result;
[INFO] [stdout]   |     ^^^^^ use of undeclared crate or module `ldap3`
[INFO] [stdout] 
[INFO] [stdout] 
[INFO] [stdout] error[E0433]: failed to resolve: use of undeclared crate or module `ldap3`
[INFO] [stdout]  --> examples/search_adapted_paged_plus.rs:6:5
[INFO] [stdout]   |
[INFO] [stdout] 6 | use ldap3::adapters::{Adapter, EntriesOnly, PagedResults};
[INFO] [stdout]   |     ^^^^^ use of undeclared crate or module `ldap3`
[INFO] [stdout] 
[INFO] [stdout] 
[INFO] [stdout] error[E0433]: failed to resolve: use of undeclared crate or module `ldap3`
[INFO] [stdout]  --> examples/search_adapted_paged_plus.rs:7:5
[INFO] [stdout]   |
[INFO] [stdout] 7 | use ldap3::result::Result;
[INFO] [stdout]   |     ^^^^^ use of undeclared crate or module `ldap3`
[INFO] [stdout] 
[INFO] [stdout] 
[INFO] [stdout] error[E0433]: failed to resolve: use of undeclared crate or module `ldap3`
[INFO] [stdout]  --> examples/search_adapted.rs:6:5
[INFO] [stdout]   |
[INFO] [stdout] 6 | use ldap3::result::Result;
[INFO] [stdout]   |     ^^^^^ use of undeclared crate or module `ldap3`
[INFO] [stdout] 
[INFO] [stdout] 
[INFO] [stdout] error[E0432]: unresolved import `ldap3`
[INFO] [stdout]  --> examples/search_url_params_sync.rs:5:5
[INFO] [stdout]   |
[INFO] [stdout] 5 | use ldap3::{get_url_params, LdapConn, SearchEntry};
[INFO] [stdout]   |     ^^^^^ use of undeclared crate or module `ldap3`
[INFO] [stdout] 
[INFO] [stdout] 
[INFO] [stdout] error[E0432]: unresolved import `ldap3`
[INFO] [stdout]  --> examples/search_adapted.rs:5:5
[INFO] [stdout]   |
[INFO] [stdout] 5 | use ldap3::parse_refs;
[INFO] [stdout]   |     ^^^^^ use of undeclared crate or module `ldap3`
[INFO] [stdout] 
[INFO] [stdout] 
[INFO] [stdout] error[E0432]: unresolved import `ldap3`
[INFO] [stdout]  --> examples/search_adapted.rs:7:5
[INFO] [stdout]   |
[INFO] [stdout] 7 | use ldap3::{LdapConnAsync, Scope, SearchEntry};
[INFO] [stdout]   |     ^^^^^ use of undeclared crate or module `ldap3`
[INFO] [stdout] 
[INFO] [stdout] 
[INFO] [stdout] error[E0433]: failed to resolve: use of undeclared crate or module `ldap3`
[INFO] [stdout]   --> examples/search_adapted.rs:12:5
[INFO] [stdout]    |
[INFO] [stdout] 12 |     ldap3::drive!(conn);
[INFO] [stdout]    |     ^^^^^ use of undeclared crate or module `ldap3`
[INFO] [stdout] 
[INFO] [stdout] 
[INFO] [stdout] error[E0432]: unresolved import `ldap3`
[INFO] [stdout]  --> examples/search_starttls_noverify.rs:9:5
[INFO] [stdout]   |
[INFO] [stdout] 9 | use ldap3::{LdapConnAsync, LdapConnSettings, Scope, SearchEntry};
[INFO] [stdout]   |     ^^^^^ use of undeclared crate or module `ldap3`
[INFO] [stdout] 
[INFO] [stdout] 
[INFO] [stdout] error[E0433]: failed to resolve: use of undeclared crate or module `ldap3`
[INFO] [stdout]   --> examples/search_starttls_noverify.rs:20:5
[INFO] [stdout]    |
[INFO] [stdout] 20 |     ldap3::drive!(conn);
[INFO] [stdout]    |     ^^^^^ use of undeclared crate or module `ldap3`
[INFO] [stdout] 
[INFO] [stdout] 
[INFO] [stdout] error[E0432]: unresolved import `ldap3`
[INFO] [stdout]  --> examples/moddn_sync.rs:5:5
[INFO] [stdout]   |
[INFO] [stdout] 5 | use ldap3::{LdapConn, Scope, SearchEntry};
[INFO] [stdout]   |     ^^^^^ use of undeclared crate or module `ldap3`
[INFO] [stdout] 
[INFO] [stdout] 
[INFO] [stdout] error[E0432]: unresolved import `ldap3`
[INFO] [stdout]  --> examples/search_adapted_paged_plus.rs:8:5
[INFO] [stdout]   |
[INFO] [stdout] 8 | use ldap3::{LdapConnAsync, Scope, SearchEntry};
[INFO] [stdout]   |     ^^^^^ use of undeclared crate or module `ldap3`
[INFO] [stdout] 
[INFO] [stdout] 
[INFO] [stdout] error[E0433]: failed to resolve: use of undeclared crate or module `ldap3`
[INFO] [stdout]   --> examples/search_adapted_paged_plus.rs:13:5
[INFO] [stdout]    |
[INFO] [stdout] 13 |     ldap3::drive!(conn);
[INFO] [stdout]    |     ^^^^^ use of undeclared crate or module `ldap3`
[INFO] [stdout] 
[INFO] [stdout] 
[INFO] [stdout] error[E0432]: unresolved import `ldap3`
[INFO] [stdout]   --> examples/modify_relax_sync.rs:13:5
[INFO] [stdout]    |
[INFO] [stdout] 13 | use ldap3::{LdapConn, Mod, Scope};
[INFO] [stdout]    |     ^^^^^ use of undeclared crate or module `ldap3`
[INFO] [stdout] 
[INFO] [stdout] 
[INFO] [stdout] error[E0433]: failed to resolve: use of undeclared crate or module `ldap3`
[INFO] [stdout]   --> examples/search_abandon.rs:11:5
[INFO] [stdout]    |
[INFO] [stdout] 11 | use ldap3::result::Result;
[INFO] [stdout]    |     ^^^^^ use of undeclared crate or module `ldap3`
[INFO] [stdout] 
[INFO] [stdout] 
[INFO] [stdout] error[E0432]: unresolved import `ldap3`
[INFO] [stdout]  --> examples/bind_sync.rs:5:5
[INFO] [stdout]   |
[INFO] [stdout] 5 | use ldap3::LdapConn;
[INFO] [stdout]   |     ^^^^^ use of undeclared crate or module `ldap3`
[INFO] [stdout] 
[INFO] [stdout] 
[INFO] [stdout] Some errors have detailed explanations: E0432, E0433.
[INFO] [stdout] 
[INFO] [stdout] For more information about an error, try `rustc --explain E0432`.
[INFO] [stdout] 
[INFO] [stdout] Some errors have detailed explanations: E0432, E0433.
[INFO] [stdout] 
[INFO] [stdout] For more information about an error, try `rustc --explain E0432`.
[INFO] [stdout] 
[INFO] [stdout] Some errors have detailed explanations: E0432, E0433.
[INFO] [stdout] 
[INFO] [stdout] For more information about an error, try `rustc --explain E0432`.
[INFO] [stdout] 
[INFO] [stdout] Some errors have detailed explanations: E0432, E0433.
[INFO] [stdout] 
[INFO] [stdout] For more information about an error, try `rustc --explain E0432`.
[INFO] [stdout] 
[INFO] [stdout] Some errors have detailed explanations: E0432, E0433.
[INFO] [stdout] 
[INFO] [stdout] For more information about an error, try `rustc --explain E0432`.
[INFO] [stdout] 
[INFO] [stdout] error[E0432]: unresolved import `ldap3`
[INFO] [stdout]   --> examples/search_abandon.rs:12:5
[INFO] [stdout]    |
[INFO] [stdout] 12 | use ldap3::{LdapConnAsync, Scope};
[INFO] [stdout]    |     ^^^^^ use of undeclared crate or module `ldap3`
[INFO] [stdout] 
[INFO] [stdout] 
[INFO] [stderr] error: could not compile `ldap3-serde` (example "bind_sync") due to 2 previous errors
[INFO] [stderr] warning: build failed, waiting for other jobs to finish...
[INFO] [stdout] error[E0433]: failed to resolve: use of undeclared crate or module `ldap3`
[INFO] [stdout]   --> examples/search_abandon.rs:17:5
[INFO] [stdout]    |
[INFO] [stdout] 17 |     ldap3::drive!(conn);
[INFO] [stdout]    |     ^^^^^ use of undeclared crate or module `ldap3`
[INFO] [stdout] 
[INFO] [stdout] 
[INFO] [stderr] error: could not compile `ldap3-serde` (example "moddn_sync") due to 2 previous errors
[INFO] [stderr] error: could not compile `ldap3-serde` (example "search_adapted_paged_plus") due to 4 previous errors
[INFO] [stderr] error: could not compile `ldap3-serde` (example "search_url_params_sync") due to 2 previous errors
[INFO] [stdout] Some errors have detailed explanations: E0432, E0433.
[INFO] [stdout] 
[INFO] [stdout] For more information about an error, try `rustc --explain E0432`.
[INFO] [stdout] 
[INFO] [stderr] error: could not compile `ldap3-serde` (example "search_adapted") due to 5 previous errors
[INFO] [stderr] error: could not compile `ldap3-serde` (example "search_starttls_noverify") due to 3 previous errors
[INFO] [stdout] Some errors have detailed explanations: E0432, E0433.
[INFO] [stdout] 
[INFO] [stdout] For more information about an error, try `rustc --explain E0432`.
[INFO] [stdout] 
[INFO] [stderr] error: could not compile `ldap3-serde` (example "search_abandon") due to 3 previous errors
[INFO] [stdout] Some errors have detailed explanations: E0432, E0433.
[INFO] [stdout] 
[INFO] [stdout] For more information about an error, try `rustc --explain E0432`.
[INFO] [stdout] 
[INFO] [stderr] error: could not compile `ldap3-serde` (example "modify_relax_sync") due to 3 previous errors
[INFO] running `Command { std: "docker" "inspect" "90e5e19efe6149d756006448e5e39dd2d1e0f703e0138f29db45ceca934654f7", kill_on_drop: false }`
[INFO] running `Command { std: "docker" "rm" "-f" "90e5e19efe6149d756006448e5e39dd2d1e0f703e0138f29db45ceca934654f7", kill_on_drop: false }`
[INFO] [stdout] 90e5e19efe6149d756006448e5e39dd2d1e0f703e0138f29db45ceca934654f7
