[INFO] fetching crate lcpc-brakedown-pc 0.1.1...
[INFO] testing lcpc-brakedown-pc-0.1.1 against nightly-2024-10-28+rustflags=-Zrandomize-layout for randomize-layout
[INFO] extracting crate lcpc-brakedown-pc 0.1.1 into /workspace/builds/worker-1-tc2/source
[INFO] validating manifest of crates.io crate lcpc-brakedown-pc 0.1.1 on toolchain nightly-2024-10-28
[INFO] running `Command { std: CARGO_HOME="/workspace/cargo-home" RUSTUP_HOME="/workspace/rustup-home" "/workspace/cargo-home/bin/cargo" "+nightly-2024-10-28" "metadata" "--manifest-path" "Cargo.toml" "--no-deps", kill_on_drop: false }`
[INFO] started tweaking crates.io crate lcpc-brakedown-pc 0.1.1
[INFO] finished tweaking crates.io crate lcpc-brakedown-pc 0.1.1
[INFO] tweaked toml for crates.io crate lcpc-brakedown-pc 0.1.1 written to /workspace/builds/worker-1-tc2/source/Cargo.toml
[INFO] running `Command { std: CARGO_HOME="/workspace/cargo-home" RUSTUP_HOME="/workspace/rustup-home" "/workspace/cargo-home/bin/cargo" "+nightly-2024-10-28" "generate-lockfile" "--manifest-path" "Cargo.toml", kill_on_drop: false }`
[INFO] [stderr]     Updating crates.io index
[INFO] [stderr]      Locking 83 packages to latest compatible versions
[INFO] [stderr]       Adding ff v0.12.1 (available: v0.13.0)
[INFO] [stderr]       Adding itertools v0.10.5 (available: v0.13.0)
[INFO] [stderr]       Adding merlin v2.0.1 (available: v3.0.0)
[INFO] [stderr]       Adding ndarray v0.14.0 (available: v0.16.1)
[INFO] [stderr]       Adding sprs v0.10.0 (available: v0.11.2)
[INFO] running `Command { std: CARGO_HOME="/workspace/cargo-home" RUSTUP_HOME="/workspace/rustup-home" "/workspace/cargo-home/bin/cargo" "+nightly-2024-10-28" "fetch" "--manifest-path" "Cargo.toml", kill_on_drop: false }`
[INFO] running `Command { std: "docker" "create" "-v" "/var/lib/crater-agent-workspace/builds/worker-1-tc2/target:/opt/rustwide/target:rw,Z" "-v" "/var/lib/crater-agent-workspace/builds/worker-1-tc2/source:/opt/rustwide/workdir:ro,Z" "-v" "/var/lib/crater-agent-workspace/cargo-home:/opt/rustwide/cargo-home:ro,Z" "-v" "/var/lib/crater-agent-workspace/rustup-home:/opt/rustwide/rustup-home:ro,Z" "-e" "SOURCE_DIR=/opt/rustwide/workdir" "-e" "CARGO_TARGET_DIR=/opt/rustwide/target" "-e" "CARGO_HOME=/opt/rustwide/cargo-home" "-e" "RUSTUP_HOME=/opt/rustwide/rustup-home" "-w" "/opt/rustwide/workdir" "-m" "1610612736" "--user" "0:0" "--network" "none" "ghcr.io/rust-lang/crates-build-env/linux@sha256:4a844ea9eb2546a2d2c7022eacef16ef2e8229c7fbb2c7d4d55a9ceca922f72d" "/opt/rustwide/cargo-home/bin/cargo" "+nightly-2024-10-28" "metadata" "--no-deps" "--format-version=1", kill_on_drop: false }`
[INFO] [stdout] e3e27af06f18aacc7b5d8b3aeaa9e095ab1e028b878752ce4d23bb2a001bf68b
[INFO] running `Command { std: "docker" "start" "-a" "e3e27af06f18aacc7b5d8b3aeaa9e095ab1e028b878752ce4d23bb2a001bf68b", kill_on_drop: false }`
[INFO] running `Command { std: "docker" "inspect" "e3e27af06f18aacc7b5d8b3aeaa9e095ab1e028b878752ce4d23bb2a001bf68b", kill_on_drop: false }`
[INFO] running `Command { std: "docker" "rm" "-f" "e3e27af06f18aacc7b5d8b3aeaa9e095ab1e028b878752ce4d23bb2a001bf68b", kill_on_drop: false }`
[INFO] [stdout] e3e27af06f18aacc7b5d8b3aeaa9e095ab1e028b878752ce4d23bb2a001bf68b
[INFO] running `Command { std: "docker" "create" "-v" "/var/lib/crater-agent-workspace/builds/worker-1-tc2/target:/opt/rustwide/target:rw,Z" "-v" "/var/lib/crater-agent-workspace/builds/worker-1-tc2/source:/opt/rustwide/workdir:ro,Z" "-v" "/var/lib/crater-agent-workspace/cargo-home:/opt/rustwide/cargo-home:ro,Z" "-v" "/var/lib/crater-agent-workspace/rustup-home:/opt/rustwide/rustup-home:ro,Z" "-e" "SOURCE_DIR=/opt/rustwide/workdir" "-e" "CARGO_TARGET_DIR=/opt/rustwide/target" "-e" "CARGO_INCREMENTAL=0" "-e" "RUST_BACKTRACE=full" "-e" "RUSTFLAGS=--cap-lints=forbid -Zrandomize-layout" "-e" "RUSTDOCFLAGS=--cap-lints=forbid" "-e" "CARGO_HOME=/opt/rustwide/cargo-home" "-e" "RUSTUP_HOME=/opt/rustwide/rustup-home" "-w" "/opt/rustwide/workdir" "-m" "1610612736" "--user" "0:0" "--network" "none" "ghcr.io/rust-lang/crates-build-env/linux@sha256:4a844ea9eb2546a2d2c7022eacef16ef2e8229c7fbb2c7d4d55a9ceca922f72d" "/opt/rustwide/cargo-home/bin/cargo" "+nightly-2024-10-28" "build" "--frozen" "--message-format=json", kill_on_drop: false }`
[INFO] [stdout] bca7edbd7e78cb24722fc810c6c783f6ed3288ee065bbdf04da1d4e88283eaea
[INFO] running `Command { std: "docker" "start" "-a" "bca7edbd7e78cb24722fc810c6c783f6ed3288ee065bbdf04da1d4e88283eaea", kill_on_drop: false }`
[INFO] [stderr]    Compiling syn v1.0.109
[INFO] [stderr]    Compiling crossbeam-utils v0.8.20
[INFO] [stderr]    Compiling rustversion v1.0.18
[INFO] [stderr]    Compiling getrandom v0.1.16
[INFO] [stderr]    Compiling rayon-core v1.12.1
[INFO] [stderr]    Compiling either v1.13.0
[INFO] [stderr]    Compiling num-traits v0.2.19
[INFO] [stderr]    Compiling num-bigint v0.3.3
[INFO] [stderr]    Compiling proc-macro-error-attr v1.0.4
[INFO] [stderr]    Compiling num-complex v0.2.4
[INFO] [stderr]    Compiling syn v2.0.86
[INFO] [stderr]    Compiling proc-macro-error v1.0.4
[INFO] [stderr]    Compiling rawpointer v0.2.1
[INFO] [stderr]    Compiling unicode-xid v0.2.6
[INFO] [stderr]    Compiling ndarray v0.14.0
[INFO] [stderr]    Compiling subtle v2.6.1
[INFO] [stderr]    Compiling matrixmultiply v0.2.4
[INFO] [stderr]    Compiling digest v0.9.0
[INFO] [stderr]    Compiling itertools v0.10.5
[INFO] [stderr]    Compiling rand_core v0.5.1
[INFO] [stderr]    Compiling crossbeam-epoch v0.9.18
[INFO] [stderr]    Compiling err-derive v0.2.4
[INFO] [stderr]    Compiling crossbeam-deque v0.8.5
[INFO] [stderr]    Compiling num-integer v0.1.46
[INFO] [stderr]    Compiling num-complex v0.3.1
[INFO] [stderr]    Compiling approx v0.3.2
[INFO] [stderr]    Compiling alga v0.9.3
[INFO] [stderr]    Compiling rayon v1.10.0
[INFO] [stderr]    Compiling addchain v0.2.0
[INFO] [stderr]    Compiling sprs v0.10.0
[INFO] [stderr]    Compiling synstructure v0.12.6
[INFO] [stderr]    Compiling zerocopy-derive v0.7.35
[INFO] [stderr]    Compiling zeroize_derive v1.4.2
[INFO] [stderr]    Compiling serde_derive v1.0.214
[INFO] [stderr]    Compiling ff_derive v0.12.1
[INFO] [stderr]    Compiling zeroize v1.8.1
[INFO] [stderr]    Compiling zerocopy v0.7.35
[INFO] [stderr]    Compiling merlin v2.0.1
[INFO] [stderr]    Compiling ff v0.12.1
[INFO] [stderr]    Compiling ppv-lite86 v0.2.20
[INFO] [stderr]    Compiling rand_chacha v0.3.1
[INFO] [stderr]    Compiling rand v0.8.5
[INFO] [stderr]    Compiling serde v1.0.214
[INFO] [stderr]    Compiling serde_bytes v0.11.15
[INFO] [stderr]    Compiling lcpc-2d v0.1.1
[INFO] [stderr]    Compiling lcpc-brakedown-pc v0.1.1 (/opt/rustwide/workdir)
[INFO] [stderr]     Finished `dev` profile [unoptimized + debuginfo] target(s) in 7.24s
[INFO] running `Command { std: "docker" "inspect" "bca7edbd7e78cb24722fc810c6c783f6ed3288ee065bbdf04da1d4e88283eaea", kill_on_drop: false }`
[INFO] running `Command { std: "docker" "rm" "-f" "bca7edbd7e78cb24722fc810c6c783f6ed3288ee065bbdf04da1d4e88283eaea", kill_on_drop: false }`
[INFO] [stdout] bca7edbd7e78cb24722fc810c6c783f6ed3288ee065bbdf04da1d4e88283eaea
[INFO] running `Command { std: "docker" "create" "-v" "/var/lib/crater-agent-workspace/builds/worker-1-tc2/target:/opt/rustwide/target:rw,Z" "-v" "/var/lib/crater-agent-workspace/builds/worker-1-tc2/source:/opt/rustwide/workdir:ro,Z" "-v" "/var/lib/crater-agent-workspace/cargo-home:/opt/rustwide/cargo-home:ro,Z" "-v" "/var/lib/crater-agent-workspace/rustup-home:/opt/rustwide/rustup-home:ro,Z" "-e" "SOURCE_DIR=/opt/rustwide/workdir" "-e" "CARGO_TARGET_DIR=/opt/rustwide/target" "-e" "CARGO_INCREMENTAL=0" "-e" "RUST_BACKTRACE=full" "-e" "RUSTFLAGS=--cap-lints=forbid -Zrandomize-layout" "-e" "RUSTDOCFLAGS=--cap-lints=forbid" "-e" "CARGO_HOME=/opt/rustwide/cargo-home" "-e" "RUSTUP_HOME=/opt/rustwide/rustup-home" "-w" "/opt/rustwide/workdir" "-m" "1610612736" "--user" "0:0" "--network" "none" "ghcr.io/rust-lang/crates-build-env/linux@sha256:4a844ea9eb2546a2d2c7022eacef16ef2e8229c7fbb2c7d4d55a9ceca922f72d" "/opt/rustwide/cargo-home/bin/cargo" "+nightly-2024-10-28" "test" "--frozen" "--no-run" "--message-format=json", kill_on_drop: false }`
[INFO] [stdout] e07875ff6dbeefa9d7cf8f8315aa7f4f33e7f79f44fc4a7b91ca8f8bee14745c
[INFO] running `Command { std: "docker" "start" "-a" "e07875ff6dbeefa9d7cf8f8315aa7f4f33e7f79f44fc4a7b91ca8f8bee14745c", kill_on_drop: false }`
[INFO] [stderr]    Compiling blake3 v1.5.4
[INFO] [stderr]    Compiling paste v1.0.15
[INFO] [stderr]    Compiling digest v0.10.7
[INFO] [stderr]    Compiling ff-derive-num v0.2.0
[INFO] [stderr]    Compiling arrayvec v0.7.6
[INFO] [stderr]    Compiling constant_time_eq v0.3.1
[INFO] [stderr]    Compiling arrayref v0.3.9
[INFO] [stderr]    Compiling bincode v1.3.3
[INFO] [stderr]    Compiling lcpc-test-fields v0.1.1
[INFO] [stderr]    Compiling lcpc-brakedown-pc v0.1.1 (/opt/rustwide/workdir)
[INFO] [stdout] error[E0599]: the function or associated item `commit` exists for struct `LcCommit<Hasher, _>`, but its trait bounds were not satisfied
[INFO] [stdout]     --> src/tests.rs:107:43
[INFO] [stdout]      |
[INFO] [stdout] 107  |         let comm = LcCommit::<Blake3, _>::commit(&coeffs, &enc).unwrap();
[INFO] [stdout]      |                                           ^^^^^^ function or associated item cannot be called on `LcCommit<Hasher, _>` due to unsatisfied trait bounds
[INFO] [stdout]      |
[INFO] [stdout]     ::: /opt/rustwide/cargo-home/registry/src/index.crates.io-6f17d22bba15001f/blake3-1.5.4/src/lib.rs:1038:1
[INFO] [stdout]      |
[INFO] [stdout] 1038 | pub struct Hasher {
[INFO] [stdout]      | ----------------- doesn't satisfy `blake3::Hasher: digest::Reset`, `blake3::Hasher: digest::Update`, `blake3::Hasher: digest::digest::Digest` or `blake3::Hasher: digest::fixed::FixedOutputDirty`
[INFO] [stdout]      |
[INFO] [stdout]      = note: the following trait bounds were not satisfied:
[INFO] [stdout]              `blake3::Hasher: digest::Update`
[INFO] [stdout]              which is required by `blake3::Hasher: digest::digest::Digest`
[INFO] [stdout]              `blake3::Hasher: digest::Reset`
[INFO] [stdout]              which is required by `blake3::Hasher: digest::digest::Digest`
[INFO] [stdout]              `blake3::Hasher: digest::fixed::FixedOutputDirty`
[INFO] [stdout]              which is required by `blake3::Hasher: digest::digest::Digest`
[INFO] [stdout] 
[INFO] [stdout] 
[INFO] [stdout] error[E0277]: the trait bound `blake3::Hasher: digest::Update` is not satisfied
[INFO] [stdout]    --> src/tests.rs:107:20
[INFO] [stdout]     |
[INFO] [stdout] 107 |         let comm = LcCommit::<Blake3, _>::commit(&coeffs, &enc).unwrap();
[INFO] [stdout]     |                    ^^^^^^^^^^^^^^^^^^^^^ the trait `digest::Update` is not implemented for `blake3::Hasher`, which is required by `blake3::Hasher: digest::digest::Digest`
[INFO] [stdout]     |
[INFO] [stdout]     = note: required for `blake3::Hasher` to implement `digest::digest::Digest`
[INFO] [stdout] note: required by a bound in `LcCommit`
[INFO] [stdout]    --> /opt/rustwide/cargo-home/registry/src/index.crates.io-6f17d22bba15001f/lcpc-2d-0.1.1/src/lib.rs:175:8
[INFO] [stdout]     |
[INFO] [stdout] 173 | pub struct LcCommit<D, E>
[INFO] [stdout]     |            -------- required by a bound in this struct
[INFO] [stdout] 174 | where
[INFO] [stdout] 175 |     D: Digest,
[INFO] [stdout]     |        ^^^^^^ required by this bound in `LcCommit`
[INFO] [stdout] 
[INFO] [stdout] 
[INFO] [stdout] error[E0277]: the trait bound `blake3::Hasher: digest::Reset` is not satisfied
[INFO] [stdout]    --> src/tests.rs:107:20
[INFO] [stdout]     |
[INFO] [stdout] 107 |         let comm = LcCommit::<Blake3, _>::commit(&coeffs, &enc).unwrap();
[INFO] [stdout]     |                    ^^^^^^^^^^^^^^^^^^^^^ the trait `digest::Reset` is not implemented for `blake3::Hasher`, which is required by `blake3::Hasher: digest::digest::Digest`
[INFO] [stdout]     |
[INFO] [stdout]     = note: required for `blake3::Hasher` to implement `digest::digest::Digest`
[INFO] [stdout] note: required by a bound in `LcCommit`
[INFO] [stdout]    --> /opt/rustwide/cargo-home/registry/src/index.crates.io-6f17d22bba15001f/lcpc-2d-0.1.1/src/lib.rs:175:8
[INFO] [stdout]     |
[INFO] [stdout] 173 | pub struct LcCommit<D, E>
[INFO] [stdout]     |            -------- required by a bound in this struct
[INFO] [stdout] 174 | where
[INFO] [stdout] 175 |     D: Digest,
[INFO] [stdout]     |        ^^^^^^ required by this bound in `LcCommit`
[INFO] [stdout] 
[INFO] [stdout] 
[INFO] [stdout] error[E0277]: the trait bound `blake3::Hasher: digest::fixed::FixedOutputDirty` is not satisfied
[INFO] [stdout]    --> src/tests.rs:107:20
[INFO] [stdout]     |
[INFO] [stdout] 107 |         let comm = LcCommit::<Blake3, _>::commit(&coeffs, &enc).unwrap();
[INFO] [stdout]     |                    ^^^^^^^^^^^^^^^^^^^^^ the trait `digest::fixed::FixedOutputDirty` is not implemented for `blake3::Hasher`, which is required by `blake3::Hasher: digest::digest::Digest`
[INFO] [stdout]     |
[INFO] [stdout]     = note: required for `blake3::Hasher` to implement `digest::fixed::FixedOutput`
[INFO] [stdout]     = note: required for `blake3::Hasher` to implement `digest::digest::Digest`
[INFO] [stdout] note: required by a bound in `LcCommit`
[INFO] [stdout]    --> /opt/rustwide/cargo-home/registry/src/index.crates.io-6f17d22bba15001f/lcpc-2d-0.1.1/src/lib.rs:175:8
[INFO] [stdout]     |
[INFO] [stdout] 173 | pub struct LcCommit<D, E>
[INFO] [stdout]     |            -------- required by a bound in this struct
[INFO] [stdout] 174 | where
[INFO] [stdout] 175 |     D: Digest,
[INFO] [stdout]     |        ^^^^^^ required by this bound in `LcCommit`
[INFO] [stdout] 
[INFO] [stdout] 
[INFO] [stdout] error[E0599]: the function or associated item `commit` exists for struct `LcCommit<Hasher, _>`, but its trait bounds were not satisfied
[INFO] [stdout]     --> src/tests.rs:183:47
[INFO] [stdout]      |
[INFO] [stdout] 183  |             let comm = LcCommit::<Blake3, _>::commit(&coeffs, &enc).unwrap();
[INFO] [stdout]      |                                               ^^^^^^ function or associated item cannot be called on `LcCommit<Hasher, _>` due to unsatisfied trait bounds
[INFO] [stdout]      |
[INFO] [stdout]     ::: /opt/rustwide/cargo-home/registry/src/index.crates.io-6f17d22bba15001f/blake3-1.5.4/src/lib.rs:1038:1
[INFO] [stdout]      |
[INFO] [stdout] 1038 | pub struct Hasher {
[INFO] [stdout]      | ----------------- doesn't satisfy `blake3::Hasher: digest::Reset`, `blake3::Hasher: digest::Update`, `blake3::Hasher: digest::digest::Digest` or `blake3::Hasher: digest::fixed::FixedOutputDirty`
[INFO] [stdout]      |
[INFO] [stdout]      = note: the following trait bounds were not satisfied:
[INFO] [stdout]              `blake3::Hasher: digest::Update`
[INFO] [stdout]              which is required by `blake3::Hasher: digest::digest::Digest`
[INFO] [stdout]              `blake3::Hasher: digest::Reset`
[INFO] [stdout]              which is required by `blake3::Hasher: digest::digest::Digest`
[INFO] [stdout]              `blake3::Hasher: digest::fixed::FixedOutputDirty`
[INFO] [stdout]              which is required by `blake3::Hasher: digest::digest::Digest`
[INFO] [stdout] 
[INFO] [stdout] 
[INFO] [stdout] error[E0277]: the trait bound `blake3::Hasher: digest::Update` is not satisfied
[INFO] [stdout]    --> src/tests.rs:183:24
[INFO] [stdout]     |
[INFO] [stdout] 183 |             let comm = LcCommit::<Blake3, _>::commit(&coeffs, &enc).unwrap();
[INFO] [stdout]     |                        ^^^^^^^^^^^^^^^^^^^^^ the trait `digest::Update` is not implemented for `blake3::Hasher`, which is required by `blake3::Hasher: digest::digest::Digest`
[INFO] [stdout]     |
[INFO] [stdout]     = note: required for `blake3::Hasher` to implement `digest::digest::Digest`
[INFO] [stdout] note: required by a bound in `LcCommit`
[INFO] [stdout]    --> /opt/rustwide/cargo-home/registry/src/index.crates.io-6f17d22bba15001f/lcpc-2d-0.1.1/src/lib.rs:175:8
[INFO] [stdout]     |
[INFO] [stdout] 173 | pub struct LcCommit<D, E>
[INFO] [stdout]     |            -------- required by a bound in this struct
[INFO] [stdout] 174 | where
[INFO] [stdout] 175 |     D: Digest,
[INFO] [stdout]     |        ^^^^^^ required by this bound in `LcCommit`
[INFO] [stdout] 
[INFO] [stdout] 
[INFO] [stdout] error[E0277]: the trait bound `blake3::Hasher: digest::Reset` is not satisfied
[INFO] [stdout]    --> src/tests.rs:183:24
[INFO] [stdout]     |
[INFO] [stdout] 183 |             let comm = LcCommit::<Blake3, _>::commit(&coeffs, &enc).unwrap();
[INFO] [stdout]     |                        ^^^^^^^^^^^^^^^^^^^^^ the trait `digest::Reset` is not implemented for `blake3::Hasher`, which is required by `blake3::Hasher: digest::digest::Digest`
[INFO] [stdout]     |
[INFO] [stdout]     = note: required for `blake3::Hasher` to implement `digest::digest::Digest`
[INFO] [stdout] note: required by a bound in `LcCommit`
[INFO] [stdout]    --> /opt/rustwide/cargo-home/registry/src/index.crates.io-6f17d22bba15001f/lcpc-2d-0.1.1/src/lib.rs:175:8
[INFO] [stdout]     |
[INFO] [stdout] 173 | pub struct LcCommit<D, E>
[INFO] [stdout]     |            -------- required by a bound in this struct
[INFO] [stdout] 174 | where
[INFO] [stdout] 175 |     D: Digest,
[INFO] [stdout]     |        ^^^^^^ required by this bound in `LcCommit`
[INFO] [stdout] 
[INFO] [stdout] 
[INFO] [stdout] error[E0277]: the trait bound `blake3::Hasher: digest::fixed::FixedOutputDirty` is not satisfied
[INFO] [stdout]    --> src/tests.rs:183:24
[INFO] [stdout]     |
[INFO] [stdout] 183 |             let comm = LcCommit::<Blake3, _>::commit(&coeffs, &enc).unwrap();
[INFO] [stdout]     |                        ^^^^^^^^^^^^^^^^^^^^^ the trait `digest::fixed::FixedOutputDirty` is not implemented for `blake3::Hasher`, which is required by `blake3::Hasher: digest::digest::Digest`
[INFO] [stdout]     |
[INFO] [stdout]     = note: required for `blake3::Hasher` to implement `digest::fixed::FixedOutput`
[INFO] [stdout]     = note: required for `blake3::Hasher` to implement `digest::digest::Digest`
[INFO] [stdout] note: required by a bound in `LcCommit`
[INFO] [stdout]    --> /opt/rustwide/cargo-home/registry/src/index.crates.io-6f17d22bba15001f/lcpc-2d-0.1.1/src/lib.rs:175:8
[INFO] [stdout]     |
[INFO] [stdout] 173 | pub struct LcCommit<D, E>
[INFO] [stdout]     |            -------- required by a bound in this struct
[INFO] [stdout] 174 | where
[INFO] [stdout] 175 |     D: Digest,
[INFO] [stdout]     |        ^^^^^^ required by this bound in `LcCommit`
[INFO] [stdout] 
[INFO] [stdout] 
[INFO] [stdout] error[E0599]: the function or associated item `commit` exists for struct `LcCommit<Hasher, SdigEncodingS<_, SdigSpec<UInt<UInt<..., ...>, ...>, ..., ..., ..., ..., ..., ...>>>`, but its trait bounds were not satisfied
[INFO] [stdout]     --> src/tests.rs:197:46
[INFO] [stdout]      |
[INFO] [stdout] 197  |     let comm = BrakedownCommit::<Blake3, _>::commit(&coeffs, &enc).unwrap();
[INFO] [stdout]      |                                              ^^^^^^ function or associated item cannot be called due to unsatisfied trait bounds
[INFO] [stdout]      |
[INFO] [stdout]     ::: /opt/rustwide/cargo-home/registry/src/index.crates.io-6f17d22bba15001f/blake3-1.5.4/src/lib.rs:1038:1
[INFO] [stdout]      |
[INFO] [stdout] 1038 | pub struct Hasher {
[INFO] [stdout]      | ----------------- doesn't satisfy `blake3::Hasher: digest::Reset`, `blake3::Hasher: digest::Update`, `blake3::Hasher: digest::digest::Digest` or `blake3::Hasher: digest::fixed::FixedOutputDirty`
[INFO] [stdout]      |
[INFO] [stdout]      = note: the full type name has been written to '/opt/rustwide/target/debug/deps/lcpc_brakedown_pc-7cd96a3e632be0a0.long-type-3394364443902803727.txt'
[INFO] [stdout]      = note: consider using `--verbose` to print the full type name to the console
[INFO] [stdout]      = note: the following trait bounds were not satisfied:
[INFO] [stdout]              `blake3::Hasher: digest::Update`
[INFO] [stdout]              which is required by `blake3::Hasher: digest::digest::Digest`
[INFO] [stdout]              `blake3::Hasher: digest::Reset`
[INFO] [stdout]              which is required by `blake3::Hasher: digest::digest::Digest`
[INFO] [stdout]              `blake3::Hasher: digest::fixed::FixedOutputDirty`
[INFO] [stdout]              which is required by `blake3::Hasher: digest::digest::Digest`
[INFO] [stdout] 
[INFO] [stdout] 
[INFO] [stdout] error[E0277]: the trait bound `blake3::Hasher: digest::Update` is not satisfied
[INFO] [stdout]    --> src/tests.rs:197:16
[INFO] [stdout]     |
[INFO] [stdout] 197 |     let comm = BrakedownCommit::<Blake3, _>::commit(&coeffs, &enc).unwrap();
[INFO] [stdout]     |                ^^^^^^^^^^^^^^^^^^^^^^^^^^^^ the trait `digest::Update` is not implemented for `blake3::Hasher`, which is required by `blake3::Hasher: digest::digest::Digest`
[INFO] [stdout]     |
[INFO] [stdout]     = note: required for `blake3::Hasher` to implement `digest::digest::Digest`
[INFO] [stdout] note: required by a bound in `LcCommit`
[INFO] [stdout]    --> /opt/rustwide/cargo-home/registry/src/index.crates.io-6f17d22bba15001f/lcpc-2d-0.1.1/src/lib.rs:175:8
[INFO] [stdout]     |
[INFO] [stdout] 173 | pub struct LcCommit<D, E>
[INFO] [stdout]     |            -------- required by a bound in this struct
[INFO] [stdout] 174 | where
[INFO] [stdout] 175 |     D: Digest,
[INFO] [stdout]     |        ^^^^^^ required by this bound in `LcCommit`
[INFO] [stdout] 
[INFO] [stdout] 
[INFO] [stdout] error[E0277]: the trait bound `blake3::Hasher: digest::Reset` is not satisfied
[INFO] [stdout]    --> src/tests.rs:197:16
[INFO] [stdout]     |
[INFO] [stdout] 197 |     let comm = BrakedownCommit::<Blake3, _>::commit(&coeffs, &enc).unwrap();
[INFO] [stdout]     |                ^^^^^^^^^^^^^^^^^^^^^^^^^^^^ the trait `digest::Reset` is not implemented for `blake3::Hasher`, which is required by `blake3::Hasher: digest::digest::Digest`
[INFO] [stdout]     |
[INFO] [stdout]     = note: required for `blake3::Hasher` to implement `digest::digest::Digest`
[INFO] [stdout] note: required by a bound in `LcCommit`
[INFO] [stdout]    --> /opt/rustwide/cargo-home/registry/src/index.crates.io-6f17d22bba15001f/lcpc-2d-0.1.1/src/lib.rs:175:8
[INFO] [stdout]     |
[INFO] [stdout] 173 | pub struct LcCommit<D, E>
[INFO] [stdout]     |            -------- required by a bound in this struct
[INFO] [stdout] 174 | where
[INFO] [stdout] 175 |     D: Digest,
[INFO] [stdout]     |        ^^^^^^ required by this bound in `LcCommit`
[INFO] [stdout] 
[INFO] [stdout] 
[INFO] [stdout] error[E0277]: the trait bound `blake3::Hasher: digest::fixed::FixedOutputDirty` is not satisfied
[INFO] [stdout]    --> src/tests.rs:197:16
[INFO] [stdout]     |
[INFO] [stdout] 197 |     let comm = BrakedownCommit::<Blake3, _>::commit(&coeffs, &enc).unwrap();
[INFO] [stdout]     |                ^^^^^^^^^^^^^^^^^^^^^^^^^^^^ the trait `digest::fixed::FixedOutputDirty` is not implemented for `blake3::Hasher`, which is required by `blake3::Hasher: digest::digest::Digest`
[INFO] [stdout]     |
[INFO] [stdout]     = note: required for `blake3::Hasher` to implement `digest::fixed::FixedOutput`
[INFO] [stdout]     = note: required for `blake3::Hasher` to implement `digest::digest::Digest`
[INFO] [stdout] note: required by a bound in `LcCommit`
[INFO] [stdout]    --> /opt/rustwide/cargo-home/registry/src/index.crates.io-6f17d22bba15001f/lcpc-2d-0.1.1/src/lib.rs:175:8
[INFO] [stdout]     |
[INFO] [stdout] 173 | pub struct LcCommit<D, E>
[INFO] [stdout]     |            -------- required by a bound in this struct
[INFO] [stdout] 174 | where
[INFO] [stdout] 175 |     D: Digest,
[INFO] [stdout]     |        ^^^^^^ required by this bound in `LcCommit`
[INFO] [stdout] 
[INFO] [stdout] 
[INFO] [stdout] error[E0599]: the function or associated item `commit` exists for struct `LcCommit<Hasher, SdigEncodingS<_, SdigSpec<UInt<UInt<..., ...>, ...>, ..., ..., ..., ..., ..., ...>>>`, but its trait bounds were not satisfied
[INFO] [stdout]     --> src/tests.rs:247:46
[INFO] [stdout]      |
[INFO] [stdout] 247  |     let comm = BrakedownCommit::<Blake3, _>::commit(&coeffs, &enc).unwrap();
[INFO] [stdout]      |                                              ^^^^^^ function or associated item cannot be called due to unsatisfied trait bounds
[INFO] [stdout]      |
[INFO] [stdout]     ::: /opt/rustwide/cargo-home/registry/src/index.crates.io-6f17d22bba15001f/blake3-1.5.4/src/lib.rs:1038:1
[INFO] [stdout]      |
[INFO] [stdout] 1038 | pub struct Hasher {
[INFO] [stdout]      | ----------------- doesn't satisfy `blake3::Hasher: digest::Reset`, `blake3::Hasher: digest::Update`, `blake3::Hasher: digest::digest::Digest` or `blake3::Hasher: digest::fixed::FixedOutputDirty`
[INFO] [stdout]      |
[INFO] [stdout]      = note: the full type name has been written to '/opt/rustwide/target/debug/deps/lcpc_brakedown_pc-7cd96a3e632be0a0.long-type-2111498561122969975.txt'
[INFO] [stdout]      = note: consider using `--verbose` to print the full type name to the console
[INFO] [stdout]      = note: the following trait bounds were not satisfied:
[INFO] [stdout]              `blake3::Hasher: digest::Update`
[INFO] [stdout]              which is required by `blake3::Hasher: digest::digest::Digest`
[INFO] [stdout]              `blake3::Hasher: digest::Reset`
[INFO] [stdout]              which is required by `blake3::Hasher: digest::digest::Digest`
[INFO] [stdout]              `blake3::Hasher: digest::fixed::FixedOutputDirty`
[INFO] [stdout]              which is required by `blake3::Hasher: digest::digest::Digest`
[INFO] [stdout] 
[INFO] [stdout] 
[INFO] [stdout] error[E0277]: the trait bound `blake3::Hasher: digest::Update` is not satisfied
[INFO] [stdout]    --> src/tests.rs:247:16
[INFO] [stdout]     |
[INFO] [stdout] 247 |     let comm = BrakedownCommit::<Blake3, _>::commit(&coeffs, &enc).unwrap();
[INFO] [stdout]     |                ^^^^^^^^^^^^^^^^^^^^^^^^^^^^ the trait `digest::Update` is not implemented for `blake3::Hasher`, which is required by `blake3::Hasher: digest::digest::Digest`
[INFO] [stdout]     |
[INFO] [stdout]     = note: required for `blake3::Hasher` to implement `digest::digest::Digest`
[INFO] [stdout] note: required by a bound in `LcCommit`
[INFO] [stdout]    --> /opt/rustwide/cargo-home/registry/src/index.crates.io-6f17d22bba15001f/lcpc-2d-0.1.1/src/lib.rs:175:8
[INFO] [stdout]     |
[INFO] [stdout] 173 | pub struct LcCommit<D, E>
[INFO] [stdout]     |            -------- required by a bound in this struct
[INFO] [stdout] 174 | where
[INFO] [stdout] 175 |     D: Digest,
[INFO] [stdout]     |        ^^^^^^ required by this bound in `LcCommit`
[INFO] [stdout] 
[INFO] [stdout] 
[INFO] [stdout] error[E0277]: the trait bound `blake3::Hasher: digest::Reset` is not satisfied
[INFO] [stdout]    --> src/tests.rs:247:16
[INFO] [stdout]     |
[INFO] [stdout] 247 |     let comm = BrakedownCommit::<Blake3, _>::commit(&coeffs, &enc).unwrap();
[INFO] [stdout]     |                ^^^^^^^^^^^^^^^^^^^^^^^^^^^^ the trait `digest::Reset` is not implemented for `blake3::Hasher`, which is required by `blake3::Hasher: digest::digest::Digest`
[INFO] [stdout]     |
[INFO] [stdout]     = note: required for `blake3::Hasher` to implement `digest::digest::Digest`
[INFO] [stdout] note: required by a bound in `LcCommit`
[INFO] [stdout]    --> /opt/rustwide/cargo-home/registry/src/index.crates.io-6f17d22bba15001f/lcpc-2d-0.1.1/src/lib.rs:175:8
[INFO] [stdout]     |
[INFO] [stdout] 173 | pub struct LcCommit<D, E>
[INFO] [stdout]     |            -------- required by a bound in this struct
[INFO] [stdout] 174 | where
[INFO] [stdout] 175 |     D: Digest,
[INFO] [stdout]     |        ^^^^^^ required by this bound in `LcCommit`
[INFO] [stdout] 
[INFO] [stdout] 
[INFO] [stdout] error[E0277]: the trait bound `blake3::Hasher: digest::fixed::FixedOutputDirty` is not satisfied
[INFO] [stdout]    --> src/tests.rs:247:16
[INFO] [stdout]     |
[INFO] [stdout] 247 |     let comm = BrakedownCommit::<Blake3, _>::commit(&coeffs, &enc).unwrap();
[INFO] [stdout]     |                ^^^^^^^^^^^^^^^^^^^^^^^^^^^^ the trait `digest::fixed::FixedOutputDirty` is not implemented for `blake3::Hasher`, which is required by `blake3::Hasher: digest::digest::Digest`
[INFO] [stdout]     |
[INFO] [stdout]     = note: required for `blake3::Hasher` to implement `digest::fixed::FixedOutput`
[INFO] [stdout]     = note: required for `blake3::Hasher` to implement `digest::digest::Digest`
[INFO] [stdout] note: required by a bound in `LcCommit`
[INFO] [stdout]    --> /opt/rustwide/cargo-home/registry/src/index.crates.io-6f17d22bba15001f/lcpc-2d-0.1.1/src/lib.rs:175:8
[INFO] [stdout]     |
[INFO] [stdout] 173 | pub struct LcCommit<D, E>
[INFO] [stdout]     |            -------- required by a bound in this struct
[INFO] [stdout] 174 | where
[INFO] [stdout] 175 |     D: Digest,
[INFO] [stdout]     |        ^^^^^^ required by this bound in `LcCommit`
[INFO] [stdout] 
[INFO] [stdout] 
[INFO] [stdout] error[E0599]: the function or associated item `commit` exists for struct `LcCommit<Hasher, SdigEncodingS<_, SdigSpec<UInt<UInt<..., ...>, ...>, ..., ..., ..., ..., ..., ...>>>`, but its trait bounds were not satisfied
[INFO] [stdout]     --> src/tests.rs:295:46
[INFO] [stdout]      |
[INFO] [stdout] 295  |     let comm = BrakedownCommit::<Blake3, _>::commit(&coeffs, &enc).unwrap();
[INFO] [stdout]      |                                              ^^^^^^ function or associated item cannot be called due to unsatisfied trait bounds
[INFO] [stdout]      |
[INFO] [stdout]     ::: /opt/rustwide/cargo-home/registry/src/index.crates.io-6f17d22bba15001f/blake3-1.5.4/src/lib.rs:1038:1
[INFO] [stdout]      |
[INFO] [stdout] 1038 | pub struct Hasher {
[INFO] [stdout]      | ----------------- doesn't satisfy `blake3::Hasher: digest::Reset`, `blake3::Hasher: digest::Update`, `blake3::Hasher: digest::digest::Digest` or `blake3::Hasher: digest::fixed::FixedOutputDirty`
[INFO] [stdout]      |
[INFO] [stdout]      = note: the full type name has been written to '/opt/rustwide/target/debug/deps/lcpc_brakedown_pc-7cd96a3e632be0a0.long-type-4490802554601538835.txt'
[INFO] [stdout]      = note: consider using `--verbose` to print the full type name to the console
[INFO] [stdout]      = note: the following trait bounds were not satisfied:
[INFO] [stdout]              `blake3::Hasher: digest::Update`
[INFO] [stdout]              which is required by `blake3::Hasher: digest::digest::Digest`
[INFO] [stdout]              `blake3::Hasher: digest::Reset`
[INFO] [stdout]              which is required by `blake3::Hasher: digest::digest::Digest`
[INFO] [stdout]              `blake3::Hasher: digest::fixed::FixedOutputDirty`
[INFO] [stdout]              which is required by `blake3::Hasher: digest::digest::Digest`
[INFO] [stdout] 
[INFO] [stdout] 
[INFO] [stdout] error[E0277]: the trait bound `blake3::Hasher: digest::Update` is not satisfied
[INFO] [stdout]    --> src/tests.rs:295:16
[INFO] [stdout]     |
[INFO] [stdout] 295 |     let comm = BrakedownCommit::<Blake3, _>::commit(&coeffs, &enc).unwrap();
[INFO] [stdout]     |                ^^^^^^^^^^^^^^^^^^^^^^^^^^^^ the trait `digest::Update` is not implemented for `blake3::Hasher`, which is required by `blake3::Hasher: digest::digest::Digest`
[INFO] [stdout]     |
[INFO] [stdout]     = note: required for `blake3::Hasher` to implement `digest::digest::Digest`
[INFO] [stdout] note: required by a bound in `LcCommit`
[INFO] [stdout]    --> /opt/rustwide/cargo-home/registry/src/index.crates.io-6f17d22bba15001f/lcpc-2d-0.1.1/src/lib.rs:175:8
[INFO] [stdout]     |
[INFO] [stdout] 173 | pub struct LcCommit<D, E>
[INFO] [stdout]     |            -------- required by a bound in this struct
[INFO] [stdout] 174 | where
[INFO] [stdout] 175 |     D: Digest,
[INFO] [stdout]     |        ^^^^^^ required by this bound in `LcCommit`
[INFO] [stdout] 
[INFO] [stdout] 
[INFO] [stdout] error[E0277]: the trait bound `blake3::Hasher: digest::Reset` is not satisfied
[INFO] [stdout]    --> src/tests.rs:295:16
[INFO] [stdout]     |
[INFO] [stdout] 295 |     let comm = BrakedownCommit::<Blake3, _>::commit(&coeffs, &enc).unwrap();
[INFO] [stdout]     |                ^^^^^^^^^^^^^^^^^^^^^^^^^^^^ the trait `digest::Reset` is not implemented for `blake3::Hasher`, which is required by `blake3::Hasher: digest::digest::Digest`
[INFO] [stdout]     |
[INFO] [stdout]     = note: required for `blake3::Hasher` to implement `digest::digest::Digest`
[INFO] [stdout] note: required by a bound in `LcCommit`
[INFO] [stdout]    --> /opt/rustwide/cargo-home/registry/src/index.crates.io-6f17d22bba15001f/lcpc-2d-0.1.1/src/lib.rs:175:8
[INFO] [stdout]     |
[INFO] [stdout] 173 | pub struct LcCommit<D, E>
[INFO] [stdout]     |            -------- required by a bound in this struct
[INFO] [stdout] 174 | where
[INFO] [stdout] 175 |     D: Digest,
[INFO] [stdout]     |        ^^^^^^ required by this bound in `LcCommit`
[INFO] [stdout] 
[INFO] [stdout] 
[INFO] [stdout] error[E0277]: the trait bound `blake3::Hasher: digest::fixed::FixedOutputDirty` is not satisfied
[INFO] [stdout]    --> src/tests.rs:295:16
[INFO] [stdout]     |
[INFO] [stdout] 295 |     let comm = BrakedownCommit::<Blake3, _>::commit(&coeffs, &enc).unwrap();
[INFO] [stdout]     |                ^^^^^^^^^^^^^^^^^^^^^^^^^^^^ the trait `digest::fixed::FixedOutputDirty` is not implemented for `blake3::Hasher`, which is required by `blake3::Hasher: digest::digest::Digest`
[INFO] [stdout]     |
[INFO] [stdout]     = note: required for `blake3::Hasher` to implement `digest::fixed::FixedOutput`
[INFO] [stdout]     = note: required for `blake3::Hasher` to implement `digest::digest::Digest`
[INFO] [stdout] note: required by a bound in `LcCommit`
[INFO] [stdout]    --> /opt/rustwide/cargo-home/registry/src/index.crates.io-6f17d22bba15001f/lcpc-2d-0.1.1/src/lib.rs:175:8
[INFO] [stdout]     |
[INFO] [stdout] 173 | pub struct LcCommit<D, E>
[INFO] [stdout]     |            -------- required by a bound in this struct
[INFO] [stdout] 174 | where
[INFO] [stdout] 175 |     D: Digest,
[INFO] [stdout]     |        ^^^^^^ required by this bound in `LcCommit`
[INFO] [stdout] 
[INFO] [stdout] 
[INFO] [stdout] Some errors have detailed explanations: E0277, E0599.
[INFO] [stdout] 
[INFO] [stdout] For more information about an error, try `rustc --explain E0277`.
[INFO] [stdout] 
[INFO] [stderr] error: could not compile `lcpc-brakedown-pc` (lib test) due to 20 previous errors
[INFO] running `Command { std: "docker" "inspect" "e07875ff6dbeefa9d7cf8f8315aa7f4f33e7f79f44fc4a7b91ca8f8bee14745c", kill_on_drop: false }`
[INFO] running `Command { std: "docker" "rm" "-f" "e07875ff6dbeefa9d7cf8f8315aa7f4f33e7f79f44fc4a7b91ca8f8bee14745c", kill_on_drop: false }`
[INFO] [stdout] e07875ff6dbeefa9d7cf8f8315aa7f4f33e7f79f44fc4a7b91ca8f8bee14745c
