[INFO] fetching crate lb-rs 0.9.10...
[INFO] testing lb-rs-0.9.10 against nightly-2024-10-28 for randomize-layout
[INFO] extracting crate lb-rs 0.9.10 into /workspace/builds/worker-2-tc1/source
[INFO] validating manifest of crates.io crate lb-rs 0.9.10 on toolchain nightly-2024-10-28
[INFO] running `Command { std: CARGO_HOME="/workspace/cargo-home" RUSTUP_HOME="/workspace/rustup-home" "/workspace/cargo-home/bin/cargo" "+nightly-2024-10-28" "metadata" "--manifest-path" "Cargo.toml" "--no-deps", kill_on_drop: false }`
[INFO] started tweaking crates.io crate lb-rs 0.9.10
[INFO] finished tweaking crates.io crate lb-rs 0.9.10
[INFO] tweaked toml for crates.io crate lb-rs 0.9.10 written to /workspace/builds/worker-2-tc1/source/Cargo.toml
[INFO] running `Command { std: CARGO_HOME="/workspace/cargo-home" RUSTUP_HOME="/workspace/rustup-home" "/workspace/cargo-home/bin/cargo" "+nightly-2024-10-28" "generate-lockfile" "--manifest-path" "Cargo.toml", kill_on_drop: false }`
[INFO] [stderr]     Updating crates.io index
[INFO] [stderr]      Locking 272 packages to latest compatible versions
[INFO] [stderr]       Adding aead v0.4.3 (available: v0.5.2)
[INFO] [stderr]       Adding aes-gcm v0.9.4 (available: v0.10.3)
[INFO] [stderr]       Adding base64 v0.13.1 (available: v0.22.1)
[INFO] [stderr]       Adding diffy v0.3.0 (available: v0.4.0)
[INFO] [stderr]       Adding hmac v0.11.0 (available: v0.12.1)
[INFO] [stderr]       Adding http v0.2.12 (available: v1.1.0)
[INFO] [stderr]       Adding indicatif v0.17.0-rc.11 (available: v0.17.8)
[INFO] [stderr]       Adding itertools v0.10.5 (available: v0.13.0)
[INFO] [stderr]       Adding qrcode-generator v4.1.9 (available: v5.0.0)
[INFO] [stderr]       Adding reqwest v0.11.27 (available: v0.12.9)
[INFO] [stderr]       Adding sha2 v0.9.9 (available: v0.10.8)
[INFO] [stderr]       Adding subtle v2.4.1 (available: v2.6.1)
[INFO] running `Command { std: CARGO_HOME="/workspace/cargo-home" RUSTUP_HOME="/workspace/rustup-home" "/workspace/cargo-home/bin/cargo" "+nightly-2024-10-28" "fetch" "--manifest-path" "Cargo.toml", kill_on_drop: false }`
[INFO] [stderr]  Downloading crates ...
[INFO] [stderr]   Downloaded tracing-appender v0.2.3
[INFO] [stderr]   Downloaded variant_count v1.1.0
[INFO] [stderr]   Downloaded db-rs-derive v0.3.2
[INFO] [stderr]   Downloaded db-rs v0.3.2
[INFO] [stderr]   Downloaded sublime_fuzzy v0.7.0
[INFO] [stderr]   Downloaded diffy v0.3.0
[INFO] [stderr]   Downloaded basic-human-duration v0.2.0
[INFO] [stderr]   Downloaded indicatif v0.17.0-rc.11
[INFO] [stderr]   Downloaded bip39-dict v0.1.3
[INFO] [stderr]   Downloaded cryptoxide v0.4.4
[INFO] running `Command { std: "docker" "create" "-v" "/var/lib/crater-agent-workspace/builds/worker-2-tc1/target:/opt/rustwide/target:rw,Z" "-v" "/var/lib/crater-agent-workspace/builds/worker-2-tc1/source:/opt/rustwide/workdir:ro,Z" "-v" "/var/lib/crater-agent-workspace/cargo-home:/opt/rustwide/cargo-home:ro,Z" "-v" "/var/lib/crater-agent-workspace/rustup-home:/opt/rustwide/rustup-home:ro,Z" "-e" "SOURCE_DIR=/opt/rustwide/workdir" "-e" "CARGO_TARGET_DIR=/opt/rustwide/target" "-e" "CARGO_HOME=/opt/rustwide/cargo-home" "-e" "RUSTUP_HOME=/opt/rustwide/rustup-home" "-w" "/opt/rustwide/workdir" "-m" "1610612736" "--user" "0:0" "--network" "none" "ghcr.io/rust-lang/crates-build-env/linux@sha256:4a844ea9eb2546a2d2c7022eacef16ef2e8229c7fbb2c7d4d55a9ceca922f72d" "/opt/rustwide/cargo-home/bin/cargo" "+nightly-2024-10-28" "metadata" "--no-deps" "--format-version=1", kill_on_drop: false }`
[INFO] [stdout] 9c078c784e6431e9b6067c86c855087105dae9fbdf914568b9fa8aacfdc003f2
[INFO] running `Command { std: "docker" "start" "-a" "9c078c784e6431e9b6067c86c855087105dae9fbdf914568b9fa8aacfdc003f2", kill_on_drop: false }`
[INFO] running `Command { std: "docker" "inspect" "9c078c784e6431e9b6067c86c855087105dae9fbdf914568b9fa8aacfdc003f2", kill_on_drop: false }`
[INFO] running `Command { std: "docker" "rm" "-f" "9c078c784e6431e9b6067c86c855087105dae9fbdf914568b9fa8aacfdc003f2", kill_on_drop: false }`
[INFO] [stdout] 9c078c784e6431e9b6067c86c855087105dae9fbdf914568b9fa8aacfdc003f2
[INFO] running `Command { std: "docker" "create" "-v" "/var/lib/crater-agent-workspace/builds/worker-2-tc1/target:/opt/rustwide/target:rw,Z" "-v" "/var/lib/crater-agent-workspace/builds/worker-2-tc1/source:/opt/rustwide/workdir:ro,Z" "-v" "/var/lib/crater-agent-workspace/cargo-home:/opt/rustwide/cargo-home:ro,Z" "-v" "/var/lib/crater-agent-workspace/rustup-home:/opt/rustwide/rustup-home:ro,Z" "-e" "SOURCE_DIR=/opt/rustwide/workdir" "-e" "CARGO_TARGET_DIR=/opt/rustwide/target" "-e" "CARGO_INCREMENTAL=0" "-e" "RUST_BACKTRACE=full" "-e" "RUSTFLAGS=--cap-lints=forbid" "-e" "RUSTDOCFLAGS=--cap-lints=forbid" "-e" "CARGO_HOME=/opt/rustwide/cargo-home" "-e" "RUSTUP_HOME=/opt/rustwide/rustup-home" "-w" "/opt/rustwide/workdir" "-m" "1610612736" "--user" "0:0" "--network" "none" "ghcr.io/rust-lang/crates-build-env/linux@sha256:4a844ea9eb2546a2d2c7022eacef16ef2e8229c7fbb2c7d4d55a9ceca922f72d" "/opt/rustwide/cargo-home/bin/cargo" "+nightly-2024-10-28" "build" "--frozen" "--message-format=json", kill_on_drop: false }`
[INFO] [stdout] fa220e614392cc04acec82eb6cbdb79cb6a43e36f0f935266014b000cdbe03a6
[INFO] running `Command { std: "docker" "start" "-a" "fa220e614392cc04acec82eb6cbdb79cb6a43e36f0f935266014b000cdbe03a6", kill_on_drop: false }`
[INFO] [stderr]    Compiling proc-macro2 v1.0.89
[INFO] [stderr]    Compiling unicode-ident v1.0.13
[INFO] [stderr]    Compiling cfg-if v1.0.0
[INFO] [stderr]    Compiling version_check v0.9.5
[INFO] [stderr]    Compiling typenum v1.17.0
[INFO] [stderr]    Compiling libc v0.2.161
[INFO] [stderr]    Compiling subtle v2.4.1
[INFO] [stderr]    Compiling autocfg v1.4.0
[INFO] [stderr]    Compiling serde v1.0.214
[INFO] [stderr]    Compiling itoa v1.0.11
[INFO] [stderr]    Compiling shlex v1.3.0
[INFO] [stderr]    Compiling pin-project-lite v0.2.15
[INFO] [stderr]    Compiling once_cell v1.20.2
[INFO] [stderr]    Compiling cc v1.1.31
[INFO] [stderr]    Compiling generic-array v0.14.7
[INFO] [stderr]    Compiling bytes v1.8.0
[INFO] [stderr]    Compiling crunchy v0.2.2
[INFO] [stderr]    Compiling tracing-core v0.1.32
[INFO] [stderr]    Compiling crossbeam-utils v0.8.20
[INFO] [stderr]    Compiling slab v0.4.9
[INFO] [stderr]    Compiling byteorder v1.5.0
[INFO] [stderr]    Compiling quote v1.0.37
[INFO] [stderr]    Compiling log v0.4.22
[INFO] [stderr]    Compiling syn v2.0.86
[INFO] [stderr]    Compiling getrandom v0.2.15
[INFO] [stderr]    Compiling socket2 v0.5.7
[INFO] [stderr]    Compiling mio v1.0.2
[INFO] [stderr]    Compiling futures-core v0.3.31
[INFO] [stderr]    Compiling spin v0.9.8
[INFO] [stderr]    Compiling untrusted v0.9.0
[INFO] [stderr]    Compiling fnv v1.0.7
[INFO] [stderr]    Compiling memchr v2.7.4
[INFO] [stderr]    Compiling cpufeatures v0.2.14
[INFO] [stderr]    Compiling opaque-debug v0.3.1
[INFO] [stderr]    Compiling tokio v1.41.0
[INFO] [stderr]    Compiling digest v0.9.0
[INFO] [stderr]    Compiling simd-adler32 v0.3.7
[INFO] [stderr]    Compiling libsecp256k1-core v0.3.0
[INFO] [stderr]    Compiling http v0.2.12
[INFO] [stderr]    Compiling ring v0.17.8
[INFO] [stderr]    Compiling num-traits v0.2.19
[INFO] [stderr]    Compiling httparse v1.9.5
[INFO] [stderr]    Compiling equivalent v1.0.1
[INFO] [stderr]    Compiling futures-task v0.3.31
[INFO] [stderr]    Compiling rustls v0.21.12
[INFO] [stderr]    Compiling futures-sink v0.3.31
[INFO] [stderr]    Compiling futures-io v0.3.31
[INFO] [stderr]    Compiling pin-utils v0.1.0
[INFO] [stderr]    Compiling adler2 v2.0.0
[INFO] [stderr]    Compiling hashbrown v0.15.0
[INFO] [stderr]    Compiling tinyvec_macros v0.1.1
[INFO] [stderr]    Compiling miniz_oxide v0.8.0
[INFO] [stderr]    Compiling tinyvec v1.8.0
[INFO] [stderr]    Compiling futures-util v0.3.31
[INFO] [stderr]    Compiling indexmap v2.6.0
[INFO] [stderr]    Compiling crc32fast v1.4.2
[INFO] [stderr]    Compiling overload v0.1.1
[INFO] [stderr]    Compiling try-lock v0.2.5
[INFO] [stderr]    Compiling powerfmt v0.2.0
[INFO] [stderr]    Compiling percent-encoding v2.3.1
[INFO] [stderr]    Compiling want v0.3.1
[INFO] [stderr]    Compiling form_urlencoded v1.2.1
[INFO] [stderr]    Compiling deranged v0.3.11
[INFO] [stderr]    Compiling flate2 v1.0.34
[INFO] [stderr]    Compiling nu-ansi-term v0.46.0
[INFO] [stderr]    Compiling unicode-normalization v0.1.24
[INFO] [stderr]    Compiling libsecp256k1-gen-genmult v0.3.0
[INFO] [stderr]    Compiling libsecp256k1-gen-ecmult v0.3.0
[INFO] [stderr]    Compiling http-body v0.4.6
[INFO] [stderr]    Compiling fdeflate v0.3.6
[INFO] [stderr]    Compiling universal-hash v0.4.1
[INFO] [stderr]    Compiling cipher v0.3.0
[INFO] [stderr]    Compiling crypto-mac v0.8.0
[INFO] [stderr]    Compiling futures-channel v0.3.31
[INFO] [stderr]    Compiling rand_core v0.6.4
[INFO] [stderr]    Compiling lazy_static v1.5.0
[INFO] [stderr]    Compiling unicode-bidi v0.3.17
[INFO] [stderr]    Compiling bitflags v1.3.2
[INFO] [stderr]    Compiling num-conv v0.1.0
[INFO] [stderr]    Compiling time-core v0.1.2
[INFO] [stderr]    Compiling tokio-util v0.7.12
[INFO] [stderr]    Compiling ryu v1.0.18
[INFO] [stderr]    Compiling thiserror v1.0.66
[INFO] [stderr]    Compiling tower-service v0.3.3
[INFO] [stderr]    Compiling httpdate v1.0.3
[INFO] [stderr]    Compiling serde_json v1.0.132
[INFO] [stderr]    Compiling syn v1.0.109
[INFO] [stderr]    Compiling idna v0.5.0
[INFO] [stderr]    Compiling time v0.3.36
[INFO] [stderr]    Compiling png v0.17.14
[INFO] [stderr]    Compiling sharded-slab v0.1.7
[INFO] [stderr]    Compiling hmac v0.8.1
[INFO] [stderr]    Compiling polyval v0.5.3
[INFO] [stderr]    Compiling libsecp256k1 v0.7.1
[INFO] [stderr]    Compiling crossbeam-epoch v0.9.18
[INFO] [stderr]    Compiling crossbeam-channel v0.5.13
[INFO] [stderr]    Compiling serde_derive v1.0.214
[INFO] [stderr]    Compiling zerocopy-derive v0.7.35
[INFO] [stderr]    Compiling tracing-attributes v0.1.27
[INFO] [stderr]    Compiling thiserror-impl v1.0.66
[INFO] [stderr]    Compiling block-buffer v0.9.0
[INFO] [stderr]    Compiling vte_generate_state_changes v0.1.2
[INFO] [stderr]    Compiling tracing-log v0.2.0
[INFO] [stderr]    Compiling fs2 v0.4.3
[INFO] [stderr]    Compiling thread_local v1.1.8
[INFO] [stderr]    Compiling color_quant v1.1.0
[INFO] [stderr]    Compiling zerocopy v0.7.35
[INFO] [stderr]    Compiling sct v0.7.1
[INFO] [stderr]    Compiling rustls-webpki v0.101.7
[INFO] [stderr]    Compiling utf8-width v0.1.7
[INFO] [stderr]    Compiling base64 v0.21.7
[INFO] [stderr]    Compiling tracing v0.1.40
[INFO] [stderr]    Compiling h2 v0.3.26
[INFO] [stderr]    Compiling ppv-lite86 v0.2.20
[INFO] [stderr]    Compiling smallvec v1.13.2
[INFO] [stderr]    Compiling utf8parse v0.2.2
[INFO] [stderr]    Compiling bytemuck v1.19.0
[INFO] [stderr]    Compiling tracing-subscriber v0.3.18
[INFO] [stderr]    Compiling vte v0.11.1
[INFO] [stderr]    Compiling rand_chacha v0.3.1
[INFO] [stderr]    Compiling image v0.24.9
[INFO] [stderr]    Compiling rustls-pemfile v1.0.4
[INFO] [stderr]    Compiling rand v0.8.5
[INFO] [stderr]    Compiling html-escape v0.2.13
[INFO] [stderr]    Compiling sha2 v0.9.9
[INFO] [stderr]    Compiling crossbeam-deque v0.8.5
[INFO] [stderr]    Compiling ghash v0.4.4
[INFO] [stderr]    Compiling url v2.5.2
[INFO] [stderr]    Compiling hmac-drbg v0.3.0
[INFO] [stderr]    Compiling tokio-rustls v0.24.1
[INFO] [stderr]    Compiling aes v0.7.5
[INFO] [stderr]    Compiling ctr v0.8.0
[INFO] [stderr]    Compiling crossbeam-queue v0.3.11
[INFO] [stderr]    Compiling hyper v0.14.31
[INFO] [stderr]    Compiling crypto-mac v0.11.1
[INFO] [stderr]    Compiling aead v0.4.3
[INFO] [stderr]    Compiling encoding_rs v0.8.35
[INFO] [stderr]    Compiling cryptoxide v0.4.4
[INFO] [stderr]    Compiling webpki-roots v0.25.4
[INFO] [stderr]    Compiling base64 v0.13.1
[INFO] [stderr]    Compiling arrayref v0.3.9
[INFO] [stderr]    Compiling ipnet v2.10.1
[INFO] [stderr]    Compiling sync_wrapper v0.1.2
[INFO] [stderr]    Compiling mime v0.3.17
[INFO] [stderr]    Compiling qrcodegen v1.8.0
[INFO] [stderr]    Compiling bincode v1.3.3
[INFO] [stderr]    Compiling serde_urlencoded v0.7.1
[INFO] [stderr]    Compiling hyper-rustls v0.24.2
[INFO] [stderr]    Compiling iana-time-zone v0.1.61
[INFO] [stderr]    Compiling qrcode-generator v4.1.9
[INFO] [stderr]    Compiling db-rs v0.3.2
[INFO] [stderr]    Compiling chrono v0.4.38
[INFO] [stderr]    Compiling serde_bytes v0.11.15
[INFO] [stderr]    Compiling uuid v1.11.0
[INFO] [stderr]    Compiling aes-gcm v0.9.4
[INFO] [stderr]    Compiling db-rs-derive v0.3.2
[INFO] [stderr]    Compiling hmac v0.11.0
[INFO] [stderr]    Compiling crossbeam v0.8.4
[INFO] [stderr]    Compiling reqwest v0.11.27
[INFO] [stderr]    Compiling tracing-appender v0.2.3
[INFO] [stderr]    Compiling bip39-dict v0.1.3
[INFO] [stderr]    Compiling strip-ansi-escapes v0.2.0
[INFO] [stderr]    Compiling basic-human-duration v0.2.0
[INFO] [stderr]    Compiling diffy v0.3.0
[INFO] [stderr]    Compiling sublime_fuzzy v0.7.0
[INFO] [stderr]    Compiling lb-rs v0.9.10 (/opt/rustwide/workdir)
[INFO] [stdout] warning: unexpected `cfg` condition value: `no-network`
[INFO] [stdout]   --> src/service/api_service.rs:92:7
[INFO] [stdout]    |
[INFO] [stdout] 92 | #[cfg(feature = "no-network")]
[INFO] [stdout]    |       ^^^^^^^^^^^^^^^^^^^^^^
[INFO] [stdout]    |
[INFO] [stdout]    = note: expected values for `feature` are: `default`, `native-tls`, and `rustls-tls`
[INFO] [stdout]    = help: consider adding `no-network` as a feature in `Cargo.toml`
[INFO] [stdout]    = note: see <https://doc.rust-lang.org/nightly/rustc/check-cfg/cargo-specifics.html> for more information about checking conditional configuration
[INFO] [stdout]    = note: `#[warn(unexpected_cfgs)]` on by default
[INFO] [stdout] 
[INFO] [stdout] 
[INFO] [stdout] warning: unexpected `cfg` condition value: `no-network`
[INFO] [stdout]   --> src/repo/mod.rs:15:12
[INFO] [stdout]    |
[INFO] [stdout] 15 | #[cfg_attr(feature = "no-network", derive(Clone))]
[INFO] [stdout]    |            ^^^^^^^^^^^^^^^^^^^^^^
[INFO] [stdout]    |
[INFO] [stdout]    = note: expected values for `feature` are: `default`, `native-tls`, and `rustls-tls`
[INFO] [stdout]    = help: consider adding `no-network` as a feature in `Cargo.toml`
[INFO] [stdout]    = note: see <https://doc.rust-lang.org/nightly/rustc/check-cfg/cargo-specifics.html> for more information about checking conditional configuration
[INFO] [stdout] 
[INFO] [stdout] 
[INFO] [stdout] warning: trait `FromSignedFile` is never used
[INFO] [stdout]   --> src/shared/server_file.rs:22:7
[INFO] [stdout]    |
[INFO] [stdout] 22 | trait FromSignedFile {
[INFO] [stdout]    |       ^^^^^^^^^^^^^^
[INFO] [stdout]    |
[INFO] [stdout]    = note: `#[warn(dead_code)]` on by default
[INFO] [stdout] 
[INFO] [stdout] 
[INFO] [stderr]     Finished `dev` profile [unoptimized + debuginfo] target(s) in 21.57s
[INFO] running `Command { std: "docker" "inspect" "fa220e614392cc04acec82eb6cbdb79cb6a43e36f0f935266014b000cdbe03a6", kill_on_drop: false }`
[INFO] running `Command { std: "docker" "rm" "-f" "fa220e614392cc04acec82eb6cbdb79cb6a43e36f0f935266014b000cdbe03a6", kill_on_drop: false }`
[INFO] [stdout] fa220e614392cc04acec82eb6cbdb79cb6a43e36f0f935266014b000cdbe03a6
[INFO] running `Command { std: "docker" "create" "-v" "/var/lib/crater-agent-workspace/builds/worker-2-tc1/target:/opt/rustwide/target:rw,Z" "-v" "/var/lib/crater-agent-workspace/builds/worker-2-tc1/source:/opt/rustwide/workdir:ro,Z" "-v" "/var/lib/crater-agent-workspace/cargo-home:/opt/rustwide/cargo-home:ro,Z" "-v" "/var/lib/crater-agent-workspace/rustup-home:/opt/rustwide/rustup-home:ro,Z" "-e" "SOURCE_DIR=/opt/rustwide/workdir" "-e" "CARGO_TARGET_DIR=/opt/rustwide/target" "-e" "CARGO_INCREMENTAL=0" "-e" "RUST_BACKTRACE=full" "-e" "RUSTFLAGS=--cap-lints=forbid" "-e" "RUSTDOCFLAGS=--cap-lints=forbid" "-e" "CARGO_HOME=/opt/rustwide/cargo-home" "-e" "RUSTUP_HOME=/opt/rustwide/rustup-home" "-w" "/opt/rustwide/workdir" "-m" "1610612736" "--user" "0:0" "--network" "none" "ghcr.io/rust-lang/crates-build-env/linux@sha256:4a844ea9eb2546a2d2c7022eacef16ef2e8229c7fbb2c7d4d55a9ceca922f72d" "/opt/rustwide/cargo-home/bin/cargo" "+nightly-2024-10-28" "test" "--frozen" "--no-run" "--message-format=json", kill_on_drop: false }`
[INFO] [stdout] 8bfdd77b4af20e4fdd220e2fffa4a313146716b269d56c3c5683428b017735a9
[INFO] running `Command { std: "docker" "start" "-a" "8bfdd77b4af20e4fdd220e2fffa4a313146716b269d56c3c5683428b017735a9", kill_on_drop: false }`
[INFO] [stderr]    Compiling serde v1.0.214
[INFO] [stderr]    Compiling crossbeam-utils v0.8.20
[INFO] [stderr]    Compiling either v1.13.0
[INFO] [stderr]    Compiling rayon-core v1.12.1
[INFO] [stderr]    Compiling half v2.4.1
[INFO] [stderr]    Compiling plotters-backend v0.3.7
[INFO] [stderr]    Compiling regex-syntax v0.8.5
[INFO] [stderr]    Compiling anstyle v1.0.9
[INFO] [stderr]    Compiling ciborium-io v0.2.2
[INFO] [stderr]    Compiling rustix v0.38.38
[INFO] [stderr]    Compiling clap_lex v0.7.2
[INFO] [stderr]    Compiling ciborium-ll v0.2.2
[INFO] [stderr]    Compiling plotters-svg v0.3.7
[INFO] [stderr]    Compiling clap_builder v4.5.20
[INFO] [stderr]    Compiling itertools v0.10.5
[INFO] [stderr]    Compiling crossbeam-epoch v0.9.18
[INFO] [stderr]    Compiling crossbeam-channel v0.5.13
[INFO] [stderr]    Compiling crossbeam-deque v0.8.5
[INFO] [stderr]    Compiling crossbeam-queue v0.3.11
[INFO] [stderr]    Compiling regex-automata v0.4.8
[INFO] [stderr]    Compiling bitflags v2.6.0
[INFO] [stderr]    Compiling unicode-width v0.1.14
[INFO] [stderr]    Compiling linux-raw-sys v0.4.14
[INFO] [stderr]    Compiling cast v0.3.0
[INFO] [stderr]    Compiling same-file v1.0.6
[INFO] [stderr]    Compiling walkdir v2.5.0
[INFO] [stderr]    Compiling criterion-plot v0.5.0
[INFO] [stderr]    Compiling bincode v1.3.3
[INFO] [stderr]    Compiling clap v4.5.20
[INFO] [stderr]    Compiling rayon v1.10.0
[INFO] [stderr]    Compiling regex v1.11.1
[INFO] [stderr]    Compiling db-rs v0.3.2
[INFO] [stderr]    Compiling serde_json v1.0.132
[INFO] [stderr]    Compiling serde_urlencoded v0.7.1
[INFO] [stderr]    Compiling serde_bytes v0.11.15
[INFO] [stderr]    Compiling db-rs-derive v0.3.2
[INFO] [stderr]    Compiling libsecp256k1 v0.7.1
[INFO] [stderr]    Compiling ciborium v0.2.2
[INFO] [stderr]    Compiling tinytemplate v1.2.1
[INFO] [stderr]    Compiling reqwest v0.11.27
[INFO] [stderr]    Compiling uuid v1.11.0
[INFO] [stderr]    Compiling console v0.15.8
[INFO] [stderr]    Compiling tracing-appender v0.2.3
[INFO] [stderr]    Compiling crossbeam v0.8.4
[INFO] [stderr]    Compiling plotters v0.3.7
[INFO] [stderr]    Compiling is-terminal v0.4.13
[INFO] [stderr]    Compiling oorandom v11.1.4
[INFO] [stderr]    Compiling number_prefix v0.4.0
[INFO] [stderr]    Compiling fastrand v2.1.1
[INFO] [stderr]    Compiling anes v0.1.6
[INFO] [stderr]    Compiling indicatif v0.17.0-rc.11
[INFO] [stderr]    Compiling tempfile v3.13.0
[INFO] [stderr]    Compiling variant_count v1.1.0
[INFO] [stderr]    Compiling num_cpus v1.16.0
[INFO] [stderr]    Compiling criterion v0.5.1
[INFO] [stderr]    Compiling lb-rs v0.9.10 (/opt/rustwide/workdir)
[INFO] [stdout] warning: unexpected `cfg` condition value: `no-network`
[INFO] [stdout]   --> src/service/api_service.rs:92:7
[INFO] [stdout]    |
[INFO] [stdout] 92 | #[cfg(feature = "no-network")]
[INFO] [stdout]    |       ^^^^^^^^^^^^^^^^^^^^^^
[INFO] [stdout]    |
[INFO] [stdout]    = note: expected values for `feature` are: `default`, `native-tls`, and `rustls-tls`
[INFO] [stdout]    = help: consider adding `no-network` as a feature in `Cargo.toml`
[INFO] [stdout]    = note: see <https://doc.rust-lang.org/nightly/rustc/check-cfg/cargo-specifics.html> for more information about checking conditional configuration
[INFO] [stdout]    = note: `#[warn(unexpected_cfgs)]` on by default
[INFO] [stdout] 
[INFO] [stdout] 
[INFO] [stdout] warning: unexpected `cfg` condition value: `no-network`
[INFO] [stdout]   --> src/repo/mod.rs:15:12
[INFO] [stdout]    |
[INFO] [stdout] 15 | #[cfg_attr(feature = "no-network", derive(Clone))]
[INFO] [stdout]    |            ^^^^^^^^^^^^^^^^^^^^^^
[INFO] [stdout]    |
[INFO] [stdout]    = note: expected values for `feature` are: `default`, `native-tls`, and `rustls-tls`
[INFO] [stdout]    = help: consider adding `no-network` as a feature in `Cargo.toml`
[INFO] [stdout]    = note: see <https://doc.rust-lang.org/nightly/rustc/check-cfg/cargo-specifics.html> for more information about checking conditional configuration
[INFO] [stdout] 
[INFO] [stdout] 
[INFO] [stdout] warning: unexpected `cfg` condition value: `no-network`
[INFO] [stdout]   --> src/service/api_service.rs:92:7
[INFO] [stdout]    |
[INFO] [stdout] 92 | #[cfg(feature = "no-network")]
[INFO] [stdout]    |       ^^^^^^^^^^^^^^^^^^^^^^
[INFO] [stdout]    |
[INFO] [stdout]    = note: expected values for `feature` are: `default`, `native-tls`, and `rustls-tls`
[INFO] [stdout]    = help: consider adding `no-network` as a feature in `Cargo.toml`
[INFO] [stdout]    = note: see <https://doc.rust-lang.org/nightly/rustc/check-cfg/cargo-specifics.html> for more information about checking conditional configuration
[INFO] [stdout]    = note: `#[warn(unexpected_cfgs)]` on by default
[INFO] [stdout] 
[INFO] [stdout] 
[INFO] [stdout] warning: unexpected `cfg` condition value: `no-network`
[INFO] [stdout]   --> src/repo/mod.rs:15:12
[INFO] [stdout]    |
[INFO] [stdout] 15 | #[cfg_attr(feature = "no-network", derive(Clone))]
[INFO] [stdout]    |            ^^^^^^^^^^^^^^^^^^^^^^
[INFO] [stdout]    |
[INFO] [stdout]    = note: expected values for `feature` are: `default`, `native-tls`, and `rustls-tls`
[INFO] [stdout]    = help: consider adding `no-network` as a feature in `Cargo.toml`
[INFO] [stdout]    = note: see <https://doc.rust-lang.org/nightly/rustc/check-cfg/cargo-specifics.html> for more information about checking conditional configuration
[INFO] [stdout] 
[INFO] [stdout] 
[INFO] [stdout] warning: trait `FromSignedFile` is never used
[INFO] [stdout]   --> src/shared/server_file.rs:22:7
[INFO] [stdout]    |
[INFO] [stdout] 22 | trait FromSignedFile {
[INFO] [stdout]    |       ^^^^^^^^^^^^^^
[INFO] [stdout]    |
[INFO] [stdout]    = note: `#[warn(dead_code)]` on by default
[INFO] [stdout] 
[INFO] [stdout] 
[INFO] [stdout] warning: trait `FromSignedFile` is never used
[INFO] [stdout]   --> src/shared/server_file.rs:22:7
[INFO] [stdout]    |
[INFO] [stdout] 22 | trait FromSignedFile {
[INFO] [stdout]    |       ^^^^^^^^^^^^^^
[INFO] [stdout]    |
[INFO] [stdout]    = note: `#[warn(dead_code)]` on by default
[INFO] [stdout] 
[INFO] [stdout] 
[INFO] [stdout] error[E0432]: unresolved import `test_utils`
[INFO] [stdout]  --> tests/api_get_subscription_info_tests.rs:3:5
[INFO] [stdout]   |
[INFO] [stdout] 3 | use test_utils::{generate_premium_account_tier, test_core_with_account, test_credit_cards};
[INFO] [stdout]   |     ^^^^^^^^^^ use of undeclared crate or module `test_utils`
[INFO] [stdout] 
[INFO] [stdout] 
[INFO] [stdout] warning: unexpected `cfg` condition value: `no-network`
[INFO] [stdout]  --> tests/exhaustive_sync_check.rs:1:7
[INFO] [stdout]   |
[INFO] [stdout] 1 | #[cfg(feature = "no-network")]
[INFO] [stdout]   |       ^^^^^^^^^^^^^^^^^^^^^^
[INFO] [stdout]   |
[INFO] [stdout]   = note: expected values for `feature` are: `default`, `native-tls`, and `rustls-tls`
[INFO] [stdout]   = help: consider adding `no-network` as a feature in `Cargo.toml`
[INFO] [stdout]   = note: see <https://doc.rust-lang.org/nightly/rustc/check-cfg/cargo-specifics.html> for more information about checking conditional configuration
[INFO] [stdout]   = note: `#[warn(unexpected_cfgs)]` on by default
[INFO] [stdout] 
[INFO] [stdout] 
[INFO] [stdout] warning: unexpected `cfg` condition value: `no-network`
[INFO] [stdout]  --> tests/exhaustive_sync_check.rs:4:7
[INFO] [stdout]   |
[INFO] [stdout] 4 | #[cfg(feature = "no-network")]
[INFO] [stdout]   |       ^^^^^^^^^^^^^^^^^^^^^^
[INFO] [stdout]   |
[INFO] [stdout]   = note: expected values for `feature` are: `default`, `native-tls`, and `rustls-tls`
[INFO] [stdout]   = help: consider adding `no-network` as a feature in `Cargo.toml`
[INFO] [stdout]   = note: see <https://doc.rust-lang.org/nightly/rustc/check-cfg/cargo-specifics.html> for more information about checking conditional configuration
[INFO] [stdout] 
[INFO] [stdout] 
[INFO] [stdout] error[E0432]: unresolved import `test_utils`
[INFO] [stdout]  --> tests/sync_service_concurrent_change_tests.rs:4:5
[INFO] [stdout]   |
[INFO] [stdout] 4 | use test_utils::*;
[INFO] [stdout]   |     ^^^^^^^^^^ use of undeclared crate or module `test_utils`
[INFO] [stdout] 
[INFO] [stdout] 
[INFO] [stdout] For more information about this error, try `rustc --explain E0432`.
[INFO] [stdout] 
[INFO] [stderr] error: could not compile `lb-rs` (test "api_get_subscription_info_tests") due to 1 previous error
[INFO] [stderr] warning: build failed, waiting for other jobs to finish...
[INFO] [stdout] error[E0432]: unresolved import `test_utils`
[INFO] [stdout]  --> tests/api_delete_file_tests.rs:4:5
[INFO] [stdout]   |
[INFO] [stdout] 4 | use test_utils::*;
[INFO] [stdout]   |     ^^^^^^^^^^ use of undeclared crate or module `test_utils`
[INFO] [stdout] 
[INFO] [stdout] 
[INFO] [stdout] error[E0432]: unresolved import `test_utils`
[INFO] [stdout]   --> tests/api_billing_tests.rs:10:5
[INFO] [stdout]    |
[INFO] [stdout] 10 | use test_utils::{
[INFO] [stdout]    |     ^^^^^^^^^^ use of undeclared crate or module `test_utils`
[INFO] [stdout] 
[INFO] [stdout] 
[INFO] [stdout] error[E0432]: unresolved import `test_utils`
[INFO] [stdout]  --> tests/api_change_document_content_tests.rs:6:5
[INFO] [stdout]   |
[INFO] [stdout] 6 | use test_utils::*;
[INFO] [stdout]   |     ^^^^^^^^^^ use of undeclared crate or module `test_utils`
[INFO] [stdout] 
[INFO] [stdout] 
[INFO] [stdout] error[E0432]: unresolved import `test_utils`
[INFO] [stdout]  --> tests/api_auth_tests.rs:6:5
[INFO] [stdout]   |
[INFO] [stdout] 6 | use test_utils::*;
[INFO] [stdout]   |     ^^^^^^^^^^ use of undeclared crate or module `test_utils`
[INFO] [stdout] 
[INFO] [stdout] 
[INFO] [stdout] error[E0432]: unresolved import `test_utils`
[INFO] [stdout]  --> tests/api_change_document_content_tests.rs:5:5
[INFO] [stdout]   |
[INFO] [stdout] 5 | use test_utils::assert_matches;
[INFO] [stdout]   |     ^^^^^^^^^^ use of undeclared crate or module `test_utils`
[INFO] [stdout] 
[INFO] [stdout] 
[INFO] [stdout] warning: unused import: `ApiError`
[INFO] [stdout]  --> tests/api_change_document_content_tests.rs:1:35
[INFO] [stdout]   |
[INFO] [stdout] 1 | use lb_rs::service::api_service::{ApiError, Requester};
[INFO] [stdout]   |                                   ^^^^^^^^
[INFO] [stdout]   |
[INFO] [stdout]   = note: `#[warn(unused_imports)]` on by default
[INFO] [stdout] 
[INFO] [stdout] 
[INFO] [stdout] warning: unused imports: `CancelSubscriptionError` and `UpgradeAccountGooglePlayError`
[INFO] [stdout]  --> tests/api_billing_tests.rs:4:5
[INFO] [stdout]   |
[INFO] [stdout] 4 |     CancelSubscriptionError, CancelSubscriptionRequest, PaymentMethod, StripeAccountTier,
[INFO] [stdout]   |     ^^^^^^^^^^^^^^^^^^^^^^^
[INFO] [stdout] 5 |     UpgradeAccountGooglePlayError, UpgradeAccountGooglePlayRequest, UpgradeAccountStripeError,
[INFO] [stdout]   |     ^^^^^^^^^^^^^^^^^^^^^^^^^^^^^
[INFO] [stdout]   |
[INFO] [stdout]   = note: `#[warn(unused_imports)]` on by default
[INFO] [stdout] 
[INFO] [stdout] 
[INFO] [stdout] error[E0432]: unresolved import `test_utils`
[INFO] [stdout]  --> tests/concurrent_sync_tests.rs:4:5
[INFO] [stdout]   |
[INFO] [stdout] 4 | use test_utils::{random_name, test_config, test_core_with_account, url};
[INFO] [stdout]   |     ^^^^^^^^^^ use of undeclared crate or module `test_utils`
[INFO] [stdout] 
[INFO] [stdout] 
[INFO] [stdout] error: cannot find macro `assert_matches` in this scope
[INFO] [stdout]   --> tests/api_delete_file_tests.rs:48:9
[INFO] [stdout]    |
[INFO] [stdout] 48 |         assert_matches!(
[INFO] [stdout]    |         ^^^^^^^^^^^^^^
[INFO] [stdout]    |
[INFO] [stdout] help: consider importing this macro
[INFO] [stdout]    |
[INFO] [stdout] 1  + use std::assert_matches::assert_matches;
[INFO] [stdout]    |
[INFO] [stdout] 
[INFO] [stdout] 
[INFO] [stdout] error: cannot find macro `assert_matches` in this scope
[INFO] [stdout]   --> tests/api_delete_file_tests.rs:72:9
[INFO] [stdout]    |
[INFO] [stdout] 72 |         assert_matches!(result, Ok(_));
[INFO] [stdout]    |         ^^^^^^^^^^^^^^
[INFO] [stdout]    |
[INFO] [stdout] help: consider importing this macro
[INFO] [stdout]    |
[INFO] [stdout] 1  + use std::assert_matches::assert_matches;
[INFO] [stdout]    |
[INFO] [stdout] 
[INFO] [stdout] 
[INFO] [stdout] error: cannot find macro `assert_matches` in this scope
[INFO] [stdout]    --> tests/api_delete_file_tests.rs:116:9
[INFO] [stdout]     |
[INFO] [stdout] 116 |         assert_matches!(
[INFO] [stdout]     |         ^^^^^^^^^^^^^^
[INFO] [stdout]     |
[INFO] [stdout] help: consider importing this macro
[INFO] [stdout]     |
[INFO] [stdout] 1   + use std::assert_matches::assert_matches;
[INFO] [stdout]     |
[INFO] [stdout] 
[INFO] [stdout] 
[INFO] [stdout] warning: unused import: `ApiError`
[INFO] [stdout]  --> tests/api_delete_file_tests.rs:1:35
[INFO] [stdout]   |
[INFO] [stdout] 1 | use lb_rs::service::api_service::{ApiError, Requester};
[INFO] [stdout]   |                                   ^^^^^^^^
[INFO] [stdout]   |
[INFO] [stdout]   = note: `#[warn(unused_imports)]` on by default
[INFO] [stdout] 
[INFO] [stdout] 
[INFO] [stdout] For more information about this error, try `rustc --explain E0432`.
[INFO] [stdout] 
[INFO] [stdout] error: cannot find macro `assert_matches` in this scope
[INFO] [stdout]   --> tests/api_auth_tests.rs:41:13
[INFO] [stdout]    |
[INFO] [stdout] 41 |             assert_matches!(
[INFO] [stdout]    |             ^^^^^^^^^^^^^^
[INFO] [stdout]    |
[INFO] [stdout] help: consider importing this macro
[INFO] [stdout]    |
[INFO] [stdout] 1  + use std::assert_matches::assert_matches;
[INFO] [stdout]    |
[INFO] [stdout] 
[INFO] [stdout] 
[INFO] [stdout] error: cannot find macro `assert_matches` in this scope
[INFO] [stdout]   --> tests/api_auth_tests.rs:80:13
[INFO] [stdout]    |
[INFO] [stdout] 80 |             assert_matches!(
[INFO] [stdout]    |             ^^^^^^^^^^^^^^
[INFO] [stdout]    |
[INFO] [stdout] help: consider importing this macro
[INFO] [stdout]    |
[INFO] [stdout] 1  + use std::assert_matches::assert_matches;
[INFO] [stdout]    |
[INFO] [stdout] 
[INFO] [stdout] 
[INFO] [stdout] For more information about this error, try `rustc --explain E0432`.
[INFO] [stdout] 
[INFO] [stdout] For more information about this error, try `rustc --explain E0432`.
[INFO] [stdout] 
[INFO] [stdout] error: cannot find macro `assert_matches` in this scope
[INFO] [stdout]    --> tests/api_auth_tests.rs:119:13
[INFO] [stdout]     |
[INFO] [stdout] 119 |             assert_matches!(
[INFO] [stdout]     |             ^^^^^^^^^^^^^^
[INFO] [stdout]     |
[INFO] [stdout] help: consider importing this macro
[INFO] [stdout]     |
[INFO] [stdout] 1   + use std::assert_matches::assert_matches;
[INFO] [stdout]     |
[INFO] [stdout] 
[INFO] [stdout] 
[INFO] [stderr] error: could not compile `lb-rs` (test "api_change_document_content_tests") due to 2 previous errors; 1 warning emitted
[INFO] [stdout] error: cannot find macro `assert_matches` in this scope
[INFO] [stdout]    --> tests/api_auth_tests.rs:148:13
[INFO] [stdout]     |
[INFO] [stdout] 148 |             assert_matches!(
[INFO] [stdout]     |             ^^^^^^^^^^^^^^
[INFO] [stdout]     |
[INFO] [stdout] help: consider importing this macro
[INFO] [stdout]     |
[INFO] [stdout] 1   + use std::assert_matches::assert_matches;
[INFO] [stdout]     |
[INFO] [stdout] 
[INFO] [stdout] 
[INFO] [stderr] error: could not compile `lb-rs` (test "concurrent_sync_tests") due to 1 previous error
[INFO] [stdout] warning: unused import: `ApiError`
[INFO] [stdout]  --> tests/api_auth_tests.rs:1:35
[INFO] [stdout]   |
[INFO] [stdout] 1 | use lb_rs::service::api_service::{ApiError, Requester};
[INFO] [stdout]   |                                   ^^^^^^^^
[INFO] [stdout]   |
[INFO] [stdout]   = note: `#[warn(unused_imports)]` on by default
[INFO] [stdout] 
[INFO] [stdout] 
[INFO] [stderr] error: could not compile `lb-rs` (test "api_delete_file_tests") due to 4 previous errors; 1 warning emitted
[INFO] [stdout] For more information about this error, try `rustc --explain E0432`.
[INFO] [stdout] 
[INFO] [stderr] error: could not compile `lb-rs` (test "api_auth_tests") due to 5 previous errors; 1 warning emitted
[INFO] [stdout] For more information about this error, try `rustc --explain E0432`.
[INFO] [stdout] 
[INFO] [stderr] error: could not compile `lb-rs` (test "api_billing_tests") due to 1 previous error; 1 warning emitted
[INFO] [stdout] For more information about this error, try `rustc --explain E0432`.
[INFO] [stdout] 
[INFO] [stderr] error: could not compile `lb-rs` (test "sync_service_concurrent_change_tests") due to 1 previous error
[INFO] running `Command { std: "docker" "inspect" "8bfdd77b4af20e4fdd220e2fffa4a313146716b269d56c3c5683428b017735a9", kill_on_drop: false }`
[INFO] running `Command { std: "docker" "rm" "-f" "8bfdd77b4af20e4fdd220e2fffa4a313146716b269d56c3c5683428b017735a9", kill_on_drop: false }`
[INFO] [stdout] 8bfdd77b4af20e4fdd220e2fffa4a313146716b269d56c3c5683428b017735a9
