[INFO] fetching crate lapacke-static 0.1.0...
[INFO] testing lapacke-static-0.1.0 against nightly-2024-10-28 for randomize-layout
[INFO] extracting crate lapacke-static 0.1.0 into /workspace/builds/worker-7-tc1/source
[INFO] validating manifest of crates.io crate lapacke-static 0.1.0 on toolchain nightly-2024-10-28
[INFO] running `Command { std: CARGO_HOME="/workspace/cargo-home" RUSTUP_HOME="/workspace/rustup-home" "/workspace/cargo-home/bin/cargo" "+nightly-2024-10-28" "metadata" "--manifest-path" "Cargo.toml" "--no-deps", kill_on_drop: false }`
[INFO] started tweaking crates.io crate lapacke-static 0.1.0
[INFO] finished tweaking crates.io crate lapacke-static 0.1.0
[INFO] tweaked toml for crates.io crate lapacke-static 0.1.0 written to /workspace/builds/worker-7-tc1/source/Cargo.toml
[INFO] running `Command { std: CARGO_HOME="/workspace/cargo-home" RUSTUP_HOME="/workspace/rustup-home" "/workspace/cargo-home/bin/cargo" "+nightly-2024-10-28" "generate-lockfile" "--manifest-path" "Cargo.toml", kill_on_drop: false }`
[INFO] [stderr]     Updating crates.io index
[INFO] [stderr]      Locking 18 packages to latest compatible versions
[INFO] [stderr]       Adding glob v0.2.11 (available: v0.3.1)
[INFO] running `Command { std: CARGO_HOME="/workspace/cargo-home" RUSTUP_HOME="/workspace/rustup-home" "/workspace/cargo-home/bin/cargo" "+nightly-2024-10-28" "fetch" "--manifest-path" "Cargo.toml", kill_on_drop: false }`
[INFO] [stderr] warning: no edition set: defaulting to the 2015 edition while the latest is 2021
[INFO] running `Command { std: "docker" "create" "-v" "/var/lib/crater-agent-workspace/builds/worker-7-tc1/target:/opt/rustwide/target:rw,Z" "-v" "/var/lib/crater-agent-workspace/builds/worker-7-tc1/source:/opt/rustwide/workdir:ro,Z" "-v" "/var/lib/crater-agent-workspace/cargo-home:/opt/rustwide/cargo-home:ro,Z" "-v" "/var/lib/crater-agent-workspace/rustup-home:/opt/rustwide/rustup-home:ro,Z" "-e" "SOURCE_DIR=/opt/rustwide/workdir" "-e" "CARGO_TARGET_DIR=/opt/rustwide/target" "-e" "CARGO_HOME=/opt/rustwide/cargo-home" "-e" "RUSTUP_HOME=/opt/rustwide/rustup-home" "-w" "/opt/rustwide/workdir" "-m" "1610612736" "--user" "0:0" "--network" "none" "ghcr.io/rust-lang/crates-build-env/linux@sha256:4a844ea9eb2546a2d2c7022eacef16ef2e8229c7fbb2c7d4d55a9ceca922f72d" "/opt/rustwide/cargo-home/bin/cargo" "+nightly-2024-10-28" "metadata" "--no-deps" "--format-version=1", kill_on_drop: false }`
[INFO] [stdout] a02172a37979f30d5fa4de492b04aa55cc2efc3e107d44450909f01f2e421b69
[INFO] running `Command { std: "docker" "start" "-a" "a02172a37979f30d5fa4de492b04aa55cc2efc3e107d44450909f01f2e421b69", kill_on_drop: false }`
[INFO] running `Command { std: "docker" "inspect" "a02172a37979f30d5fa4de492b04aa55cc2efc3e107d44450909f01f2e421b69", kill_on_drop: false }`
[INFO] running `Command { std: "docker" "rm" "-f" "a02172a37979f30d5fa4de492b04aa55cc2efc3e107d44450909f01f2e421b69", kill_on_drop: false }`
[INFO] [stdout] a02172a37979f30d5fa4de492b04aa55cc2efc3e107d44450909f01f2e421b69
[INFO] running `Command { std: "docker" "create" "-v" "/var/lib/crater-agent-workspace/builds/worker-7-tc1/target:/opt/rustwide/target:rw,Z" "-v" "/var/lib/crater-agent-workspace/builds/worker-7-tc1/source:/opt/rustwide/workdir:ro,Z" "-v" "/var/lib/crater-agent-workspace/cargo-home:/opt/rustwide/cargo-home:ro,Z" "-v" "/var/lib/crater-agent-workspace/rustup-home:/opt/rustwide/rustup-home:ro,Z" "-e" "SOURCE_DIR=/opt/rustwide/workdir" "-e" "CARGO_TARGET_DIR=/opt/rustwide/target" "-e" "CARGO_INCREMENTAL=0" "-e" "RUST_BACKTRACE=full" "-e" "RUSTFLAGS=--cap-lints=forbid" "-e" "RUSTDOCFLAGS=--cap-lints=forbid" "-e" "CARGO_HOME=/opt/rustwide/cargo-home" "-e" "RUSTUP_HOME=/opt/rustwide/rustup-home" "-w" "/opt/rustwide/workdir" "-m" "1610612736" "--user" "0:0" "--network" "none" "ghcr.io/rust-lang/crates-build-env/linux@sha256:4a844ea9eb2546a2d2c7022eacef16ef2e8229c7fbb2c7d4d55a9ceca922f72d" "/opt/rustwide/cargo-home/bin/cargo" "+nightly-2024-10-28" "build" "--frozen" "--message-format=json", kill_on_drop: false }`
[INFO] [stdout] 0d1902d663680160d5072fcae99a8a0cc5469e530c3c5d6d118a737f8bd2c116
[INFO] running `Command { std: "docker" "start" "-a" "0d1902d663680160d5072fcae99a8a0cc5469e530c3c5d6d118a737f8bd2c116", kill_on_drop: false }`
[INFO] [stderr] warning: no edition set: defaulting to the 2015 edition while the latest is 2021
[INFO] [stderr]    Compiling crossbeam-utils v0.8.20
[INFO] [stderr]    Compiling rayon-core v1.12.1
[INFO] [stderr]    Compiling remove_dir_all v0.5.3
[INFO] [stderr]    Compiling glob v0.2.11
[INFO] [stderr]    Compiling libc v0.2.161
[INFO] [stderr]    Compiling crossbeam-epoch v0.9.18
[INFO] [stderr]    Compiling rand v0.4.6
[INFO] [stderr]    Compiling crossbeam-deque v0.8.5
[INFO] [stderr]    Compiling tempdir v0.3.7
[INFO] [stderr]    Compiling rayon v0.8.2
[INFO] [stderr]    Compiling gcc v0.3.55
[INFO] [stderr]    Compiling lapacke-static v0.1.0 (/opt/rustwide/workdir)
[INFO] [stdout] warning: use of deprecated type alias `gcc::Config`: gcc::Config has been renamed to gcc::Build
[INFO] [stdout]   --> build.rs:16:27
[INFO] [stdout]    |
[INFO] [stdout] 16 |     let mut config = gcc::Config::new();
[INFO] [stdout]    |                           ^^^^^^
[INFO] [stdout]    |
[INFO] [stdout]    = note: `#[warn(deprecated)]` on by default
[INFO] [stdout] 
[INFO] [stdout] 
[INFO] [stdout] warning: use of deprecated associated function `gcc::Build::new`: crate has been renamed to `cc`, the `gcc` name is not maintained
[INFO] [stdout]   --> build.rs:16:35
[INFO] [stdout]    |
[INFO] [stdout] 16 |     let mut config = gcc::Config::new();
[INFO] [stdout]    |                                   ^^^
[INFO] [stdout] 
[INFO] [stdout] 
[INFO] [stderr] warning: lapacke-static@0.1.0: LAPACKE/src/lapacke_zgejsv.c: In function 'LAPACKE_zgejsv':
[INFO] [stderr] warning: lapacke-static@0.1.0: LAPACKE/src/lapacke_zgejsv.c:127:20: warning: variable 'nv' set but not used [-Wunused-but-set-variable]
[INFO] [stderr] warning: lapacke-static@0.1.0:   127 |     lapack_int nu, nv;
[INFO] [stderr] warning: lapacke-static@0.1.0:       |                    ^~
[INFO] [stderr] warning: lapacke-static@0.1.0: LAPACKE/src/lapacke_zgejsv.c:127:16: warning: variable 'nu' set but not used [-Wunused-but-set-variable]
[INFO] [stderr] warning: lapacke-static@0.1.0:   127 |     lapack_int nu, nv;
[INFO] [stderr] warning: lapacke-static@0.1.0:       |                ^~
[INFO] [stderr] warning: lapacke-static@0.1.0: LAPACKE/src/lapacke_zgemlq.c: In function 'LAPACKE_zgemlq':
[INFO] [stderr] warning: lapacke-static@0.1.0: LAPACKE/src/lapacke_zgemlq.c:58:36: warning: passing argument 2 of 'LAPACKE_d_nancheck' from incompatible pointer type [-Wincompatible-pointer-types]
[INFO] [stderr] warning: lapacke-static@0.1.0:    58 |     if( LAPACKE_d_nancheck( tsize, t, 1 ) ) {
[INFO] [stderr] warning: lapacke-static@0.1.0:       |                                    ^
[INFO] [stderr] warning: lapacke-static@0.1.0:       |                                    |
[INFO] [stderr] warning: lapacke-static@0.1.0:       |                                    const _Complex double *
[INFO] [stderr] warning: lapacke-static@0.1.0: In file included from LAPACKE/src/lapacke_zgemlq.c:34:
[INFO] [stderr] warning: lapacke-static@0.1.0: LAPACKE/include/lapacke_utils.h:298:51: note: expected 'const double *' but argument is of type 'const _Complex double *'
[INFO] [stderr] warning: lapacke-static@0.1.0:   298 |                                     const double *x,
[INFO] [stderr] warning: lapacke-static@0.1.0:       |                                     ~~~~~~~~~~~~~~^
[INFO] [stderr] warning: lapacke-static@0.1.0: LAPACKE/src/lapacke_dgejsv.c: In function 'LAPACKE_dgejsv':
[INFO] [stderr] warning: lapacke-static@0.1.0: LAPACKE/src/lapacke_dgejsv.c:77:20: warning: variable 'nv' set but not used [-Wunused-but-set-variable]
[INFO] [stderr] warning: lapacke-static@0.1.0:    77 |     lapack_int nu, nv;
[INFO] [stderr] warning: lapacke-static@0.1.0:       |                    ^~
[INFO] [stderr] warning: lapacke-static@0.1.0: LAPACKE/src/lapacke_dgejsv.c:77:16: warning: variable 'nu' set but not used [-Wunused-but-set-variable]
[INFO] [stderr] warning: lapacke-static@0.1.0:    77 |     lapack_int nu, nv;
[INFO] [stderr] warning: lapacke-static@0.1.0:       |                ^~
[INFO] [stderr] warning: lapacke-static@0.1.0: LAPACKE/src/lapacke_cgejsv.c: In function 'LAPACKE_cgejsv':
[INFO] [stderr] warning: lapacke-static@0.1.0: LAPACKE/src/lapacke_cgejsv.c:127:20: warning: variable 'nv' set but not used [-Wunused-but-set-variable]
[INFO] [stderr] warning: lapacke-static@0.1.0:   127 |     lapack_int nu, nv;
[INFO] [stderr] warning: lapacke-static@0.1.0:       |                    ^~
[INFO] [stderr] warning: lapacke-static@0.1.0: LAPACKE/src/lapacke_cgejsv.c:127:16: warning: variable 'nu' set but not used [-Wunused-but-set-variable]
[INFO] [stderr] warning: lapacke-static@0.1.0:   127 |     lapack_int nu, nv;
[INFO] [stderr] warning: lapacke-static@0.1.0:       |                ^~
[INFO] [stderr] warning: lapacke-static@0.1.0: LAPACKE/src/lapacke_dlascl.c: In function 'LAPACKE_dlascl':
[INFO] [stderr] warning: lapacke-static@0.1.0: LAPACKE/src/lapacke_dlascl.c:81:11: warning: this statement may fall through [-Wimplicit-fallthrough=]
[INFO] [stderr] warning: lapacke-static@0.1.0:    81 |         if( matrix_layout == LAPACK_ROW_MAJOR &&
[INFO] [stderr] warning: lapacke-static@0.1.0:       |           ^
[INFO] [stderr] warning: lapacke-static@0.1.0: LAPACKE/src/lapacke_dlascl.c:85:5: note: here
[INFO] [stderr] warning: lapacke-static@0.1.0:    85 |     case 'B':
[INFO] [stderr] warning: lapacke-static@0.1.0:       |     ^~~~
[INFO] [stderr] warning: lapacke-static@0.1.0: LAPACKE/src/lapacke_zlascl.c: In function 'LAPACKE_zlascl':
[INFO] [stderr] warning: lapacke-static@0.1.0: LAPACKE/src/lapacke_zlascl.c:81:11: warning: this statement may fall through [-Wimplicit-fallthrough=]
[INFO] [stderr] warning: lapacke-static@0.1.0:    81 |         if( matrix_layout == LAPACK_ROW_MAJOR &&
[INFO] [stderr] warning: lapacke-static@0.1.0:       |           ^
[INFO] [stderr] warning: lapacke-static@0.1.0: LAPACKE/src/lapacke_zlascl.c:85:5: note: here
[INFO] [stderr] warning: lapacke-static@0.1.0:    85 |     case 'B':
[INFO] [stderr] warning: lapacke-static@0.1.0:       |     ^~~~
[INFO] [stderr] warning: lapacke-static@0.1.0: LAPACKE/src/lapacke_slascl.c: In function 'LAPACKE_slascl':
[INFO] [stderr] warning: lapacke-static@0.1.0: LAPACKE/src/lapacke_slascl.c:81:11: warning: this statement may fall through [-Wimplicit-fallthrough=]
[INFO] [stderr] warning: lapacke-static@0.1.0:    81 |         if( matrix_layout == LAPACK_ROW_MAJOR &&
[INFO] [stderr] warning: lapacke-static@0.1.0:       |           ^
[INFO] [stderr] warning: lapacke-static@0.1.0: LAPACKE/src/lapacke_slascl.c:85:5: note: here
[INFO] [stderr] warning: lapacke-static@0.1.0:    85 |     case 'B':
[INFO] [stderr] warning: lapacke-static@0.1.0:       |     ^~~~
[INFO] [stderr] warning: lapacke-static@0.1.0: LAPACKE/src/lapacke_clascl.c: In function 'LAPACKE_clascl':
[INFO] [stderr] warning: lapacke-static@0.1.0: LAPACKE/src/lapacke_clascl.c:81:11: warning: this statement may fall through [-Wimplicit-fallthrough=]
[INFO] [stderr] warning: lapacke-static@0.1.0:    81 |         if( matrix_layout == LAPACK_ROW_MAJOR &&
[INFO] [stderr] warning: lapacke-static@0.1.0:       |           ^
[INFO] [stderr] warning: lapacke-static@0.1.0: LAPACKE/src/lapacke_clascl.c:85:5: note: here
[INFO] [stderr] warning: lapacke-static@0.1.0:    85 |     case 'B':
[INFO] [stderr] warning: lapacke-static@0.1.0:       |     ^~~~
[INFO] [stderr] warning: lapacke-static@0.1.0: LAPACKE/src/lapacke_sgejsv.c: In function 'LAPACKE_sgejsv':
[INFO] [stderr] warning: lapacke-static@0.1.0: LAPACKE/src/lapacke_sgejsv.c:77:20: warning: variable 'nv' set but not used [-Wunused-but-set-variable]
[INFO] [stderr] warning: lapacke-static@0.1.0:    77 |     lapack_int nu, nv;
[INFO] [stderr] warning: lapacke-static@0.1.0:       |                    ^~
[INFO] [stderr] warning: lapacke-static@0.1.0: LAPACKE/src/lapacke_sgejsv.c:77:16: warning: variable 'nu' set but not used [-Wunused-but-set-variable]
[INFO] [stderr] warning: lapacke-static@0.1.0:    77 |     lapack_int nu, nv;
[INFO] [stderr] warning: lapacke-static@0.1.0:       |                ^~
[INFO] [stderr] warning: lapacke-static@0.1.0: LAPACKE/src/lapacke_sgemlq.c: In function 'LAPACKE_sgemlq':
[INFO] [stderr] warning: lapacke-static@0.1.0: LAPACKE/src/lapacke_sgemlq.c:58:36: warning: passing argument 2 of 'LAPACKE_d_nancheck' from incompatible pointer type [-Wincompatible-pointer-types]
[INFO] [stderr] warning: lapacke-static@0.1.0:    58 |     if( LAPACKE_d_nancheck( tsize, t, 1 ) ) {
[INFO] [stderr] warning: lapacke-static@0.1.0:       |                                    ^
[INFO] [stderr] warning: lapacke-static@0.1.0:       |                                    |
[INFO] [stderr] warning: lapacke-static@0.1.0:       |                                    const float *
[INFO] [stderr] warning: lapacke-static@0.1.0: In file included from LAPACKE/src/lapacke_sgemlq.c:34:
[INFO] [stderr] warning: lapacke-static@0.1.0: LAPACKE/include/lapacke_utils.h:298:51: note: expected 'const double *' but argument is of type 'const float *'
[INFO] [stderr] warning: lapacke-static@0.1.0:   298 |                                     const double *x,
[INFO] [stderr] warning: lapacke-static@0.1.0:       |                                     ~~~~~~~~~~~~~~^
[INFO] [stderr] warning: lapacke-static@0.1.0: LAPACKE/src/lapacke_cgemlq.c: In function 'LAPACKE_cgemlq':
[INFO] [stderr] warning: lapacke-static@0.1.0: LAPACKE/src/lapacke_cgemlq.c:58:36: warning: passing argument 2 of 'LAPACKE_d_nancheck' from incompatible pointer type [-Wincompatible-pointer-types]
[INFO] [stderr] warning: lapacke-static@0.1.0:    58 |     if( LAPACKE_d_nancheck( tsize, t, 1 ) ) {
[INFO] [stderr] warning: lapacke-static@0.1.0:       |                                    ^
[INFO] [stderr] warning: lapacke-static@0.1.0:       |                                    |
[INFO] [stderr] warning: lapacke-static@0.1.0:       |                                    const _Complex float *
[INFO] [stderr] warning: lapacke-static@0.1.0: In file included from LAPACKE/src/lapacke_cgemlq.c:34:
[INFO] [stderr] warning: lapacke-static@0.1.0: LAPACKE/include/lapacke_utils.h:298:51: note: expected 'const double *' but argument is of type 'const _Complex float *'
[INFO] [stderr] warning: lapacke-static@0.1.0:   298 |                                     const double *x,
[INFO] [stderr] warning: lapacke-static@0.1.0:       |                                     ~~~~~~~~~~~~~~^
[INFO] [stderr]     Finished `dev` profile [unoptimized + debuginfo] target(s) in 3m 56s
[INFO] running `Command { std: "docker" "inspect" "0d1902d663680160d5072fcae99a8a0cc5469e530c3c5d6d118a737f8bd2c116", kill_on_drop: false }`
[INFO] running `Command { std: "docker" "rm" "-f" "0d1902d663680160d5072fcae99a8a0cc5469e530c3c5d6d118a737f8bd2c116", kill_on_drop: false }`
[INFO] [stdout] 0d1902d663680160d5072fcae99a8a0cc5469e530c3c5d6d118a737f8bd2c116
[INFO] running `Command { std: "docker" "create" "-v" "/var/lib/crater-agent-workspace/builds/worker-7-tc1/target:/opt/rustwide/target:rw,Z" "-v" "/var/lib/crater-agent-workspace/builds/worker-7-tc1/source:/opt/rustwide/workdir:ro,Z" "-v" "/var/lib/crater-agent-workspace/cargo-home:/opt/rustwide/cargo-home:ro,Z" "-v" "/var/lib/crater-agent-workspace/rustup-home:/opt/rustwide/rustup-home:ro,Z" "-e" "SOURCE_DIR=/opt/rustwide/workdir" "-e" "CARGO_TARGET_DIR=/opt/rustwide/target" "-e" "CARGO_INCREMENTAL=0" "-e" "RUST_BACKTRACE=full" "-e" "RUSTFLAGS=--cap-lints=forbid" "-e" "RUSTDOCFLAGS=--cap-lints=forbid" "-e" "CARGO_HOME=/opt/rustwide/cargo-home" "-e" "RUSTUP_HOME=/opt/rustwide/rustup-home" "-w" "/opt/rustwide/workdir" "-m" "1610612736" "--user" "0:0" "--network" "none" "ghcr.io/rust-lang/crates-build-env/linux@sha256:4a844ea9eb2546a2d2c7022eacef16ef2e8229c7fbb2c7d4d55a9ceca922f72d" "/opt/rustwide/cargo-home/bin/cargo" "+nightly-2024-10-28" "test" "--frozen" "--no-run" "--message-format=json", kill_on_drop: false }`
[INFO] [stdout] b6da50bc26f141c468fb41872fd4829ac530a78f079e33c60320badb07015b04
[INFO] running `Command { std: "docker" "start" "-a" "b6da50bc26f141c468fb41872fd4829ac530a78f079e33c60320badb07015b04", kill_on_drop: false }`
[INFO] [stderr] warning: no edition set: defaulting to the 2015 edition while the latest is 2021
[INFO] [stdout] warning: use of deprecated type alias `gcc::Config`: gcc::Config has been renamed to gcc::Build
[INFO] [stdout]   --> build.rs:16:27
[INFO] [stdout]    |
[INFO] [stdout] 16 |     let mut config = gcc::Config::new();
[INFO] [stdout]    |                           ^^^^^^
[INFO] [stdout]    |
[INFO] [stdout]    = note: `#[warn(deprecated)]` on by default
[INFO] [stdout] 
[INFO] [stdout] 
[INFO] [stdout] warning: use of deprecated associated function `gcc::Build::new`: crate has been renamed to `cc`, the `gcc` name is not maintained
[INFO] [stdout]   --> build.rs:16:35
[INFO] [stdout]    |
[INFO] [stdout] 16 |     let mut config = gcc::Config::new();
[INFO] [stdout]    |                                   ^^^
[INFO] [stdout] 
[INFO] [stdout] 
[INFO] [stderr] warning: lapacke-static@0.1.0: LAPACKE/src/lapacke_zgejsv.c: In function 'LAPACKE_zgejsv':
[INFO] [stderr] warning: lapacke-static@0.1.0: LAPACKE/src/lapacke_zgejsv.c:127:20: warning: variable 'nv' set but not used [-Wunused-but-set-variable]
[INFO] [stderr] warning: lapacke-static@0.1.0:   127 |     lapack_int nu, nv;
[INFO] [stderr] warning: lapacke-static@0.1.0:       |                    ^~
[INFO] [stderr] warning: lapacke-static@0.1.0: LAPACKE/src/lapacke_zgejsv.c:127:16: warning: variable 'nu' set but not used [-Wunused-but-set-variable]
[INFO] [stderr] warning: lapacke-static@0.1.0:   127 |     lapack_int nu, nv;
[INFO] [stderr] warning: lapacke-static@0.1.0:       |                ^~
[INFO] [stderr] warning: lapacke-static@0.1.0: LAPACKE/src/lapacke_zgemlq.c: In function 'LAPACKE_zgemlq':
[INFO] [stderr] warning: lapacke-static@0.1.0: LAPACKE/src/lapacke_zgemlq.c:58:36: warning: passing argument 2 of 'LAPACKE_d_nancheck' from incompatible pointer type [-Wincompatible-pointer-types]
[INFO] [stderr] warning: lapacke-static@0.1.0:    58 |     if( LAPACKE_d_nancheck( tsize, t, 1 ) ) {
[INFO] [stderr] warning: lapacke-static@0.1.0:       |                                    ^
[INFO] [stderr] warning: lapacke-static@0.1.0:       |                                    |
[INFO] [stderr] warning: lapacke-static@0.1.0:       |                                    const _Complex double *
[INFO] [stderr] warning: lapacke-static@0.1.0: In file included from LAPACKE/src/lapacke_zgemlq.c:34:
[INFO] [stderr] warning: lapacke-static@0.1.0: LAPACKE/include/lapacke_utils.h:298:51: note: expected 'const double *' but argument is of type 'const _Complex double *'
[INFO] [stderr] warning: lapacke-static@0.1.0:   298 |                                     const double *x,
[INFO] [stderr] warning: lapacke-static@0.1.0:       |                                     ~~~~~~~~~~~~~~^
[INFO] [stderr] warning: lapacke-static@0.1.0: LAPACKE/src/lapacke_dgejsv.c: In function 'LAPACKE_dgejsv':
[INFO] [stderr] warning: lapacke-static@0.1.0: LAPACKE/src/lapacke_dgejsv.c:77:20: warning: variable 'nv' set but not used [-Wunused-but-set-variable]
[INFO] [stderr] warning: lapacke-static@0.1.0:    77 |     lapack_int nu, nv;
[INFO] [stderr] warning: lapacke-static@0.1.0:       |                    ^~
[INFO] [stderr] warning: lapacke-static@0.1.0: LAPACKE/src/lapacke_dgejsv.c:77:16: warning: variable 'nu' set but not used [-Wunused-but-set-variable]
[INFO] [stderr] warning: lapacke-static@0.1.0:    77 |     lapack_int nu, nv;
[INFO] [stderr] warning: lapacke-static@0.1.0:       |                ^~
[INFO] [stderr] warning: lapacke-static@0.1.0: LAPACKE/src/lapacke_cgejsv.c: In function 'LAPACKE_cgejsv':
[INFO] [stderr] warning: lapacke-static@0.1.0: LAPACKE/src/lapacke_cgejsv.c:127:20: warning: variable 'nv' set but not used [-Wunused-but-set-variable]
[INFO] [stderr] warning: lapacke-static@0.1.0:   127 |     lapack_int nu, nv;
[INFO] [stderr] warning: lapacke-static@0.1.0:       |                    ^~
[INFO] [stderr] warning: lapacke-static@0.1.0: LAPACKE/src/lapacke_cgejsv.c:127:16: warning: variable 'nu' set but not used [-Wunused-but-set-variable]
[INFO] [stderr] warning: lapacke-static@0.1.0:   127 |     lapack_int nu, nv;
[INFO] [stderr] warning: lapacke-static@0.1.0:       |                ^~
[INFO] [stderr] warning: lapacke-static@0.1.0: LAPACKE/src/lapacke_dlascl.c: In function 'LAPACKE_dlascl':
[INFO] [stderr] warning: lapacke-static@0.1.0: LAPACKE/src/lapacke_dlascl.c:81:11: warning: this statement may fall through [-Wimplicit-fallthrough=]
[INFO] [stderr] warning: lapacke-static@0.1.0:    81 |         if( matrix_layout == LAPACK_ROW_MAJOR &&
[INFO] [stderr] warning: lapacke-static@0.1.0:       |           ^
[INFO] [stderr] warning: lapacke-static@0.1.0: LAPACKE/src/lapacke_dlascl.c:85:5: note: here
[INFO] [stderr] warning: lapacke-static@0.1.0:    85 |     case 'B':
[INFO] [stderr] warning: lapacke-static@0.1.0:       |     ^~~~
[INFO] [stderr] warning: lapacke-static@0.1.0: LAPACKE/src/lapacke_zlascl.c: In function 'LAPACKE_zlascl':
[INFO] [stderr] warning: lapacke-static@0.1.0: LAPACKE/src/lapacke_zlascl.c:81:11: warning: this statement may fall through [-Wimplicit-fallthrough=]
[INFO] [stderr] warning: lapacke-static@0.1.0:    81 |         if( matrix_layout == LAPACK_ROW_MAJOR &&
[INFO] [stderr] warning: lapacke-static@0.1.0:       |           ^
[INFO] [stderr] warning: lapacke-static@0.1.0: LAPACKE/src/lapacke_zlascl.c:85:5: note: here
[INFO] [stderr] warning: lapacke-static@0.1.0:    85 |     case 'B':
[INFO] [stderr] warning: lapacke-static@0.1.0:       |     ^~~~
[INFO] [stderr] warning: lapacke-static@0.1.0: LAPACKE/src/lapacke_slascl.c: In function 'LAPACKE_slascl':
[INFO] [stderr] warning: lapacke-static@0.1.0: LAPACKE/src/lapacke_slascl.c:81:11: warning: this statement may fall through [-Wimplicit-fallthrough=]
[INFO] [stderr] warning: lapacke-static@0.1.0:    81 |         if( matrix_layout == LAPACK_ROW_MAJOR &&
[INFO] [stderr] warning: lapacke-static@0.1.0:       |           ^
[INFO] [stderr] warning: lapacke-static@0.1.0: LAPACKE/src/lapacke_slascl.c:85:5: note: here
[INFO] [stderr] warning: lapacke-static@0.1.0:    85 |     case 'B':
[INFO] [stderr] warning: lapacke-static@0.1.0:       |     ^~~~
[INFO] [stderr] warning: lapacke-static@0.1.0: LAPACKE/src/lapacke_clascl.c: In function 'LAPACKE_clascl':
[INFO] [stderr] warning: lapacke-static@0.1.0: LAPACKE/src/lapacke_clascl.c:81:11: warning: this statement may fall through [-Wimplicit-fallthrough=]
[INFO] [stderr] warning: lapacke-static@0.1.0:    81 |         if( matrix_layout == LAPACK_ROW_MAJOR &&
[INFO] [stderr] warning: lapacke-static@0.1.0:       |           ^
[INFO] [stderr] warning: lapacke-static@0.1.0: LAPACKE/src/lapacke_clascl.c:85:5: note: here
[INFO] [stderr] warning: lapacke-static@0.1.0:    85 |     case 'B':
[INFO] [stderr] warning: lapacke-static@0.1.0:       |     ^~~~
[INFO] [stderr] warning: lapacke-static@0.1.0: LAPACKE/src/lapacke_sgejsv.c: In function 'LAPACKE_sgejsv':
[INFO] [stderr] warning: lapacke-static@0.1.0: LAPACKE/src/lapacke_sgejsv.c:77:20: warning: variable 'nv' set but not used [-Wunused-but-set-variable]
[INFO] [stderr] warning: lapacke-static@0.1.0:    77 |     lapack_int nu, nv;
[INFO] [stderr] warning: lapacke-static@0.1.0:       |                    ^~
[INFO] [stderr] warning: lapacke-static@0.1.0: LAPACKE/src/lapacke_sgejsv.c:77:16: warning: variable 'nu' set but not used [-Wunused-but-set-variable]
[INFO] [stderr] warning: lapacke-static@0.1.0:    77 |     lapack_int nu, nv;
[INFO] [stderr] warning: lapacke-static@0.1.0:       |                ^~
[INFO] [stderr] warning: lapacke-static@0.1.0: LAPACKE/src/lapacke_sgemlq.c: In function 'LAPACKE_sgemlq':
[INFO] [stderr] warning: lapacke-static@0.1.0: LAPACKE/src/lapacke_sgemlq.c:58:36: warning: passing argument 2 of 'LAPACKE_d_nancheck' from incompatible pointer type [-Wincompatible-pointer-types]
[INFO] [stderr] warning: lapacke-static@0.1.0:    58 |     if( LAPACKE_d_nancheck( tsize, t, 1 ) ) {
[INFO] [stderr] warning: lapacke-static@0.1.0:       |                                    ^
[INFO] [stderr] warning: lapacke-static@0.1.0:       |                                    |
[INFO] [stderr] warning: lapacke-static@0.1.0:       |                                    const float *
[INFO] [stderr] warning: lapacke-static@0.1.0: In file included from LAPACKE/src/lapacke_sgemlq.c:34:
[INFO] [stderr] warning: lapacke-static@0.1.0: LAPACKE/include/lapacke_utils.h:298:51: note: expected 'const double *' but argument is of type 'const float *'
[INFO] [stderr] warning: lapacke-static@0.1.0:   298 |                                     const double *x,
[INFO] [stderr] warning: lapacke-static@0.1.0:       |                                     ~~~~~~~~~~~~~~^
[INFO] [stderr] warning: lapacke-static@0.1.0: LAPACKE/src/lapacke_cgemlq.c: In function 'LAPACKE_cgemlq':
[INFO] [stderr] warning: lapacke-static@0.1.0: LAPACKE/src/lapacke_cgemlq.c:58:36: warning: passing argument 2 of 'LAPACKE_d_nancheck' from incompatible pointer type [-Wincompatible-pointer-types]
[INFO] [stderr] warning: lapacke-static@0.1.0:    58 |     if( LAPACKE_d_nancheck( tsize, t, 1 ) ) {
[INFO] [stderr] warning: lapacke-static@0.1.0:       |                                    ^
[INFO] [stderr] warning: lapacke-static@0.1.0:       |                                    |
[INFO] [stderr] warning: lapacke-static@0.1.0:       |                                    const _Complex float *
[INFO] [stderr] warning: lapacke-static@0.1.0: In file included from LAPACKE/src/lapacke_cgemlq.c:34:
[INFO] [stderr] warning: lapacke-static@0.1.0: LAPACKE/include/lapacke_utils.h:298:51: note: expected 'const double *' but argument is of type 'const _Complex float *'
[INFO] [stderr] warning: lapacke-static@0.1.0:   298 |                                     const double *x,
[INFO] [stderr] warning: lapacke-static@0.1.0:       |                                     ~~~~~~~~~~~~~~^
[INFO] [stderr]    Compiling lapacke-static v0.1.0 (/opt/rustwide/workdir)
[INFO] [stdout] error: linking with `cc` failed: exit status: 1
[INFO] [stdout]   |
[INFO] [stdout]   = note: LC_ALL="C" PATH="/opt/rustwide/rustup-home/toolchains/nightly-2024-10-28-x86_64-unknown-linux-gnu/lib/rustlib/x86_64-unknown-linux-gnu/bin:/opt/rustwide/rustup-home/toolchains/nightly-2024-10-28-x86_64-unknown-linux-gnu/lib/rustlib/x86_64-unknown-linux-gnu/bin/self-contained:/opt/rustwide/cargo-home/bin:/usr/local/sbin:/usr/local/bin:/usr/sbin:/usr/bin:/sbin:/bin" VSLANG="1033" "cc" "-m64" "/tmp/rustcfIN5kA/symbols.o" "/opt/rustwide/target/debug/deps/lapacke_static-99475251852ba9d2.lapacke_static.eb19ceccb7bc4ed3-cgu.0.rcgu.o" "/opt/rustwide/target/debug/deps/lapacke_static-99475251852ba9d2.1mg1f9l23at8dc1i385f8fvhr.rcgu.o" "-Wl,--as-needed" "-Wl,-Bstatic" "-llapacke-utils" "-llapacke-src" "/opt/rustwide/rustup-home/toolchains/nightly-2024-10-28-x86_64-unknown-linux-gnu/lib/rustlib/x86_64-unknown-linux-gnu/lib/libtest-a09fad3b5321e7d6.rlib" "/opt/rustwide/rustup-home/toolchains/nightly-2024-10-28-x86_64-unknown-linux-gnu/lib/rustlib/x86_64-unknown-linux-gnu/lib/libgetopts-f9c3dff41ad42661.rlib" "/opt/rustwide/rustup-home/toolchains/nightly-2024-10-28-x86_64-unknown-linux-gnu/lib/rustlib/x86_64-unknown-linux-gnu/lib/libunicode_width-ad2aef31af6addd3.rlib" "/opt/rustwide/rustup-home/toolchains/nightly-2024-10-28-x86_64-unknown-linux-gnu/lib/rustlib/x86_64-unknown-linux-gnu/lib/librustc_std_workspace_std-e3f907dc03deb913.rlib" "/opt/rustwide/rustup-home/toolchains/nightly-2024-10-28-x86_64-unknown-linux-gnu/lib/rustlib/x86_64-unknown-linux-gnu/lib/libstd-fb8c387236db3c10.rlib" "/opt/rustwide/rustup-home/toolchains/nightly-2024-10-28-x86_64-unknown-linux-gnu/lib/rustlib/x86_64-unknown-linux-gnu/lib/libpanic_unwind-b251837809b2f64b.rlib" "/opt/rustwide/rustup-home/toolchains/nightly-2024-10-28-x86_64-unknown-linux-gnu/lib/rustlib/x86_64-unknown-linux-gnu/lib/libobject-cbef83eaa4e01f04.rlib" "/opt/rustwide/rustup-home/toolchains/nightly-2024-10-28-x86_64-unknown-linux-gnu/lib/rustlib/x86_64-unknown-linux-gnu/lib/libmemchr-12a772286de2fca7.rlib" "/opt/rustwide/rustup-home/toolchains/nightly-2024-10-28-x86_64-unknown-linux-gnu/lib/rustlib/x86_64-unknown-linux-gnu/lib/libaddr2line-023bbe5ada7abfc3.rlib" "/opt/rustwide/rustup-home/toolchains/nightly-2024-10-28-x86_64-unknown-linux-gnu/lib/rustlib/x86_64-unknown-linux-gnu/lib/libgimli-de2bcdf10ec69c2b.rlib" "/opt/rustwide/rustup-home/toolchains/nightly-2024-10-28-x86_64-unknown-linux-gnu/lib/rustlib/x86_64-unknown-linux-gnu/lib/librustc_demangle-8e1754df350800fd.rlib" "/opt/rustwide/rustup-home/toolchains/nightly-2024-10-28-x86_64-unknown-linux-gnu/lib/rustlib/x86_64-unknown-linux-gnu/lib/libstd_detect-06c2ab7b9c32e037.rlib" "/opt/rustwide/rustup-home/toolchains/nightly-2024-10-28-x86_64-unknown-linux-gnu/lib/rustlib/x86_64-unknown-linux-gnu/lib/libhashbrown-51d2621fc57a281b.rlib" "/opt/rustwide/rustup-home/toolchains/nightly-2024-10-28-x86_64-unknown-linux-gnu/lib/rustlib/x86_64-unknown-linux-gnu/lib/librustc_std_workspace_alloc-54a930408793772f.rlib" "/opt/rustwide/rustup-home/toolchains/nightly-2024-10-28-x86_64-unknown-linux-gnu/lib/rustlib/x86_64-unknown-linux-gnu/lib/libminiz_oxide-0c7d01cba400dcb2.rlib" "/opt/rustwide/rustup-home/toolchains/nightly-2024-10-28-x86_64-unknown-linux-gnu/lib/rustlib/x86_64-unknown-linux-gnu/lib/libadler-b9f84d69e331b75b.rlib" "/opt/rustwide/rustup-home/toolchains/nightly-2024-10-28-x86_64-unknown-linux-gnu/lib/rustlib/x86_64-unknown-linux-gnu/lib/libunwind-eec95493246aae39.rlib" "/opt/rustwide/rustup-home/toolchains/nightly-2024-10-28-x86_64-unknown-linux-gnu/lib/rustlib/x86_64-unknown-linux-gnu/lib/libcfg_if-6f6676c475e08ab0.rlib" "/opt/rustwide/rustup-home/toolchains/nightly-2024-10-28-x86_64-unknown-linux-gnu/lib/rustlib/x86_64-unknown-linux-gnu/lib/liblibc-799d520624f8b2e0.rlib" "/opt/rustwide/rustup-home/toolchains/nightly-2024-10-28-x86_64-unknown-linux-gnu/lib/rustlib/x86_64-unknown-linux-gnu/lib/liballoc-fcf93d4842acd9a9.rlib" "/opt/rustwide/rustup-home/toolchains/nightly-2024-10-28-x86_64-unknown-linux-gnu/lib/rustlib/x86_64-unknown-linux-gnu/lib/librustc_std_workspace_core-395a38b8e0851c9b.rlib" "/opt/rustwide/rustup-home/toolchains/nightly-2024-10-28-x86_64-unknown-linux-gnu/lib/rustlib/x86_64-unknown-linux-gnu/lib/libcore-d453bab70303062c.rlib" "/opt/rustwide/rustup-home/toolchains/nightly-2024-10-28-x86_64-unknown-linux-gnu/lib/rustlib/x86_64-unknown-linux-gnu/lib/libcompiler_builtins-0e6386368b0a24e8.rlib" "-Wl,-Bdynamic" "-lgcc_s" "-lutil" "-lrt" "-lpthread" "-lm" "-ldl" "-lc" "-B/opt/rustwide/rustup-home/toolchains/nightly-2024-10-28-x86_64-unknown-linux-gnu/lib/rustlib/x86_64-unknown-linux-gnu/bin/gcc-ld" "-fuse-ld=lld" "-Wl,--eh-frame-hdr" "-Wl,-z,noexecstack" "-L" "/tmp/0tGKHqYzLdMO" "-L" "/tmp/7wDLqMFJCvTU" "-L" "/opt/rustwide/rustup-home/toolchains/nightly-2024-10-28-x86_64-unknown-linux-gnu/lib/rustlib/x86_64-unknown-linux-gnu/lib" "-o" "/opt/rustwide/target/debug/deps/lapacke_static-99475251852ba9d2" "-Wl,--gc-sections" "-pie" "-Wl,-z,relro,-z,now" "-nodefaultlibs"
[INFO] [stdout]   = note: rust-lld: error: unable to find library -llapacke-utils
[INFO] [stdout]           rust-lld: error: unable to find library -llapacke-src
[INFO] [stdout]           collect2: error: ld returned 1 exit status
[INFO] [stdout]           
[INFO] [stdout] 
[INFO] [stdout] 
[INFO] [stderr] The following warnings were emitted during compilation:
[INFO] [stderr] 
[INFO] [stderr] warning: lapacke-static@0.1.0: LAPACKE/src/lapacke_zgejsv.c: In function 'LAPACKE_zgejsv':
[INFO] [stderr] warning: lapacke-static@0.1.0: LAPACKE/src/lapacke_zgejsv.c:127:20: warning: variable 'nv' set but not used [-Wunused-but-set-variable]
[INFO] [stderr] warning: lapacke-static@0.1.0:   127 |     lapack_int nu, nv;
[INFO] [stderr] warning: lapacke-static@0.1.0:       |                    ^~
[INFO] [stderr] warning: lapacke-static@0.1.0: LAPACKE/src/lapacke_zgejsv.c:127:16: warning: variable 'nu' set but not used [-Wunused-but-set-variable]
[INFO] [stderr] warning: lapacke-static@0.1.0:   127 |     lapack_int nu, nv;
[INFO] [stderr] warning: lapacke-static@0.1.0:       |                ^~
[INFO] [stderr] warning: lapacke-static@0.1.0: LAPACKE/src/lapacke_zgemlq.c: In function 'LAPACKE_zgemlq':
[INFO] [stderr] warning: lapacke-static@0.1.0: LAPACKE/src/lapacke_zgemlq.c:58:36: warning: passing argument 2 of 'LAPACKE_d_nancheck' from incompatible pointer type [-Wincompatible-pointer-types]
[INFO] [stderr] warning: lapacke-static@0.1.0:    58 |     if( LAPACKE_d_nancheck( tsize, t, 1 ) ) {
[INFO] [stderr] warning: lapacke-static@0.1.0:       |                                    ^
[INFO] [stderr] warning: lapacke-static@0.1.0:       |                                    |
[INFO] [stderr] warning: lapacke-static@0.1.0:       |                                    const _Complex double *
[INFO] [stderr] warning: lapacke-static@0.1.0: In file included from LAPACKE/src/lapacke_zgemlq.c:34:
[INFO] [stderr] warning: lapacke-static@0.1.0: LAPACKE/include/lapacke_utils.h:298:51: note: expected 'const double *' but argument is of type 'const _Complex double *'
[INFO] [stderr] warning: lapacke-static@0.1.0:   298 |                                     const double *x,
[INFO] [stderr] warning: lapacke-static@0.1.0:       |                                     ~~~~~~~~~~~~~~^
[INFO] [stderr] warning: lapacke-static@0.1.0: LAPACKE/src/lapacke_dgejsv.c: In function 'LAPACKE_dgejsv':
[INFO] [stderr] warning: lapacke-static@0.1.0: LAPACKE/src/lapacke_dgejsv.c:77:20: warning: variable 'nv' set but not used [-Wunused-but-set-variable]
[INFO] [stderr] warning: lapacke-static@0.1.0:    77 |     lapack_int nu, nv;
[INFO] [stderr] warning: lapacke-static@0.1.0:       |                    ^~
[INFO] [stderr] warning: lapacke-static@0.1.0: LAPACKE/src/lapacke_dgejsv.c:77:16: warning: variable 'nu' set but not used [-Wunused-but-set-variable]
[INFO] [stderr] warning: lapacke-static@0.1.0:    77 |     lapack_int nu, nv;
[INFO] [stderr] warning: lapacke-static@0.1.0:       |                ^~
[INFO] [stderr] warning: lapacke-static@0.1.0: LAPACKE/src/lapacke_cgejsv.c: In function 'LAPACKE_cgejsv':
[INFO] [stderr] warning: lapacke-static@0.1.0: LAPACKE/src/lapacke_cgejsv.c:127:20: warning: variable 'nv' set but not used [-Wunused-but-set-variable]
[INFO] [stderr] warning: lapacke-static@0.1.0:   127 |     lapack_int nu, nv;
[INFO] [stderr] warning: lapacke-static@0.1.0:       |                    ^~
[INFO] [stderr] warning: lapacke-static@0.1.0: LAPACKE/src/lapacke_cgejsv.c:127:16: warning: variable 'nu' set but not used [-Wunused-but-set-variable]
[INFO] [stderr] warning: lapacke-static@0.1.0:   127 |     lapack_int nu, nv;
[INFO] [stderr] warning: lapacke-static@0.1.0:       |                ^~
[INFO] [stderr] warning: lapacke-static@0.1.0: LAPACKE/src/lapacke_dlascl.c: In function 'LAPACKE_dlascl':
[INFO] [stderr] warning: lapacke-static@0.1.0: LAPACKE/src/lapacke_dlascl.c:81:11: warning: this statement may fall through [-Wimplicit-fallthrough=]
[INFO] [stderr] warning: lapacke-static@0.1.0:    81 |         if( matrix_layout == LAPACK_ROW_MAJOR &&
[INFO] [stderr] warning: lapacke-static@0.1.0:       |           ^
[INFO] [stderr] warning: lapacke-static@0.1.0: LAPACKE/src/lapacke_dlascl.c:85:5: note: here
[INFO] [stderr] warning: lapacke-static@0.1.0:    85 |     case 'B':
[INFO] [stderr] warning: lapacke-static@0.1.0:       |     ^~~~
[INFO] [stderr] warning: lapacke-static@0.1.0: LAPACKE/src/lapacke_zlascl.c: In function 'LAPACKE_zlascl':
[INFO] [stderr] warning: lapacke-static@0.1.0: LAPACKE/src/lapacke_zlascl.c:81:11: warning: this statement may fall through [-Wimplicit-fallthrough=]
[INFO] [stderr] warning: lapacke-static@0.1.0:    81 |         if( matrix_layout == LAPACK_ROW_MAJOR &&
[INFO] [stderr] warning: lapacke-static@0.1.0:       |           ^
[INFO] [stderr] warning: lapacke-static@0.1.0: LAPACKE/src/lapacke_zlascl.c:85:5: note: here
[INFO] [stderr] warning: lapacke-static@0.1.0:    85 |     case 'B':
[INFO] [stderr] warning: lapacke-static@0.1.0:       |     ^~~~
[INFO] [stderr] warning: lapacke-static@0.1.0: LAPACKE/src/lapacke_slascl.c: In function 'LAPACKE_slascl':
[INFO] [stderr] warning: lapacke-static@0.1.0: LAPACKE/src/lapacke_slascl.c:81:11: warning: this statement may fall through [-Wimplicit-fallthrough=]
[INFO] [stderr] warning: lapacke-static@0.1.0:    81 |         if( matrix_layout == LAPACK_ROW_MAJOR &&
[INFO] [stderr] warning: lapacke-static@0.1.0:       |           ^
[INFO] [stderr] warning: lapacke-static@0.1.0: LAPACKE/src/lapacke_slascl.c:85:5: note: here
[INFO] [stderr] warning: lapacke-static@0.1.0:    85 |     case 'B':
[INFO] [stderr] warning: lapacke-static@0.1.0:       |     ^~~~
[INFO] [stderr] warning: lapacke-static@0.1.0: LAPACKE/src/lapacke_clascl.c: In function 'LAPACKE_clascl':
[INFO] [stderr] warning: lapacke-static@0.1.0: LAPACKE/src/lapacke_clascl.c:81:11: warning: this statement may fall through [-Wimplicit-fallthrough=]
[INFO] [stderr] warning: lapacke-static@0.1.0:    81 |         if( matrix_layout == LAPACK_ROW_MAJOR &&
[INFO] [stderr] warning: lapacke-static@0.1.0:       |           ^
[INFO] [stderr] warning: lapacke-static@0.1.0: LAPACKE/src/lapacke_clascl.c:85:5: note: here
[INFO] [stderr] warning: lapacke-static@0.1.0:    85 |     case 'B':
[INFO] [stderr] warning: lapacke-static@0.1.0:       |     ^~~~
[INFO] [stderr] warning: lapacke-static@0.1.0: LAPACKE/src/lapacke_sgejsv.c: In function 'LAPACKE_sgejsv':
[INFO] [stderr] warning: lapacke-static@0.1.0: LAPACKE/src/lapacke_sgejsv.c:77:20: warning: variable 'nv' set but not used [-Wunused-but-set-variable]
[INFO] [stderr] warning: lapacke-static@0.1.0:    77 |     lapack_int nu, nv;
[INFO] [stderr] warning: lapacke-static@0.1.0:       |                    ^~
[INFO] [stderr] warning: lapacke-static@0.1.0: LAPACKE/src/lapacke_sgejsv.c:77:16: warning: variable 'nu' set but not used [-Wunused-but-set-variable]
[INFO] [stderr] warning: lapacke-static@0.1.0:    77 |     lapack_int nu, nv;
[INFO] [stderr] warning: lapacke-static@0.1.0:       |                ^~
[INFO] [stderr] warning: lapacke-static@0.1.0: LAPACKE/src/lapacke_sgemlq.c: In function 'LAPACKE_sgemlq':
[INFO] [stderr] warning: lapacke-static@0.1.0: LAPACKE/src/lapacke_sgemlq.c:58:36: warning: passing argument 2 of 'LAPACKE_d_nancheck' from incompatible pointer type [-Wincompatible-pointer-types]
[INFO] [stderr] warning: lapacke-static@0.1.0:    58 |     if( LAPACKE_d_nancheck( tsize, t, 1 ) ) {
[INFO] [stderr] warning: lapacke-static@0.1.0:       |                                    ^
[INFO] [stderr] warning: lapacke-static@0.1.0:       |                                    |
[INFO] [stderr] warning: lapacke-static@0.1.0:       |                                    const float *
[INFO] [stderr] warning: lapacke-static@0.1.0: In file included from LAPACKE/src/lapacke_sgemlq.c:34:
[INFO] [stderr] warning: lapacke-static@0.1.0: LAPACKE/include/lapacke_utils.h:298:51: note: expected 'const double *' but argument is of type 'const float *'
[INFO] [stderr] warning: lapacke-static@0.1.0:   298 |                                     const double *x,
[INFO] [stderr] warning: lapacke-static@0.1.0:       |                                     ~~~~~~~~~~~~~~^
[INFO] [stderr] warning: lapacke-static@0.1.0: LAPACKE/src/lapacke_cgemlq.c: In function 'LAPACKE_cgemlq':
[INFO] [stderr] warning: lapacke-static@0.1.0: LAPACKE/src/lapacke_cgemlq.c:58:36: warning: passing argument 2 of 'LAPACKE_d_nancheck' from incompatible pointer type [-Wincompatible-pointer-types]
[INFO] [stderr] warning: lapacke-static@0.1.0:    58 |     if( LAPACKE_d_nancheck( tsize, t, 1 ) ) {
[INFO] [stderr] warning: lapacke-static@0.1.0:       |                                    ^
[INFO] [stderr] warning: lapacke-static@0.1.0:       |                                    |
[INFO] [stderr] warning: lapacke-static@0.1.0:       |                                    const _Complex float *
[INFO] [stderr] warning: lapacke-static@0.1.0: In file included from LAPACKE/src/lapacke_cgemlq.c:34:
[INFO] [stderr] warning: lapacke-static@0.1.0: LAPACKE/include/lapacke_utils.h:298:51: note: expected 'const double *' but argument is of type 'const _Complex float *'
[INFO] [stderr] warning: lapacke-static@0.1.0:   298 |                                     const double *x,
[INFO] [stderr] warning: lapacke-static@0.1.0:       |                                     ~~~~~~~~~~~~~~^
[INFO] [stderr] 
[INFO] [stderr] error: could not compile `lapacke-static` (lib test) due to 1 previous error
[INFO] running `Command { std: "docker" "inspect" "b6da50bc26f141c468fb41872fd4829ac530a78f079e33c60320badb07015b04", kill_on_drop: false }`
[INFO] running `Command { std: "docker" "rm" "-f" "b6da50bc26f141c468fb41872fd4829ac530a78f079e33c60320badb07015b04", kill_on_drop: false }`
[INFO] [stdout] b6da50bc26f141c468fb41872fd4829ac530a78f079e33c60320badb07015b04
