[INFO] fetching crate lakers-ead-authz 0.7.0...
[INFO] testing lakers-ead-authz-0.7.0 against nightly-2024-10-28 for randomize-layout
[INFO] extracting crate lakers-ead-authz 0.7.0 into /workspace/builds/worker-5-tc1/source
[INFO] validating manifest of crates.io crate lakers-ead-authz 0.7.0 on toolchain nightly-2024-10-28
[INFO] running `Command { std: CARGO_HOME="/workspace/cargo-home" RUSTUP_HOME="/workspace/rustup-home" "/workspace/cargo-home/bin/cargo" "+nightly-2024-10-28" "metadata" "--manifest-path" "Cargo.toml" "--no-deps", kill_on_drop: false }`
[INFO] started tweaking crates.io crate lakers-ead-authz 0.7.0
[INFO] finished tweaking crates.io crate lakers-ead-authz 0.7.0
[INFO] tweaked toml for crates.io crate lakers-ead-authz 0.7.0 written to /workspace/builds/worker-5-tc1/source/Cargo.toml
[INFO] running `Command { std: CARGO_HOME="/workspace/cargo-home" RUSTUP_HOME="/workspace/rustup-home" "/workspace/cargo-home/bin/cargo" "+nightly-2024-10-28" "generate-lockfile" "--manifest-path" "Cargo.toml", kill_on_drop: false }`
[INFO] [stderr]     Updating crates.io index
[INFO] [stderr]     Blocking waiting for file lock on package cache
[INFO] [stderr]      Locking 19 packages to latest compatible versions
[INFO] running `Command { std: CARGO_HOME="/workspace/cargo-home" RUSTUP_HOME="/workspace/rustup-home" "/workspace/cargo-home/bin/cargo" "+nightly-2024-10-28" "fetch" "--manifest-path" "Cargo.toml", kill_on_drop: false }`
[INFO] [stderr]  Downloading crates ...
[INFO] [stderr]   Downloaded hexlit v0.5.5
[INFO] running `Command { std: "docker" "create" "-v" "/var/lib/crater-agent-workspace/builds/worker-5-tc1/target:/opt/rustwide/target:rw,Z" "-v" "/var/lib/crater-agent-workspace/builds/worker-5-tc1/source:/opt/rustwide/workdir:ro,Z" "-v" "/var/lib/crater-agent-workspace/cargo-home:/opt/rustwide/cargo-home:ro,Z" "-v" "/var/lib/crater-agent-workspace/rustup-home:/opt/rustwide/rustup-home:ro,Z" "-e" "SOURCE_DIR=/opt/rustwide/workdir" "-e" "CARGO_TARGET_DIR=/opt/rustwide/target" "-e" "CARGO_HOME=/opt/rustwide/cargo-home" "-e" "RUSTUP_HOME=/opt/rustwide/rustup-home" "-w" "/opt/rustwide/workdir" "-m" "1610612736" "--user" "0:0" "--network" "none" "ghcr.io/rust-lang/crates-build-env/linux@sha256:4a844ea9eb2546a2d2c7022eacef16ef2e8229c7fbb2c7d4d55a9ceca922f72d" "/opt/rustwide/cargo-home/bin/cargo" "+nightly-2024-10-28" "metadata" "--no-deps" "--format-version=1", kill_on_drop: false }`
[INFO] [stdout] 06ca986ea42b5d896edf16b07b482fe5466dba2d5e75b4a937b46fd9acf06672
[INFO] running `Command { std: "docker" "start" "-a" "06ca986ea42b5d896edf16b07b482fe5466dba2d5e75b4a937b46fd9acf06672", kill_on_drop: false }`
[INFO] running `Command { std: "docker" "inspect" "06ca986ea42b5d896edf16b07b482fe5466dba2d5e75b4a937b46fd9acf06672", kill_on_drop: false }`
[INFO] running `Command { std: "docker" "rm" "-f" "06ca986ea42b5d896edf16b07b482fe5466dba2d5e75b4a937b46fd9acf06672", kill_on_drop: false }`
[INFO] [stdout] 06ca986ea42b5d896edf16b07b482fe5466dba2d5e75b4a937b46fd9acf06672
[INFO] running `Command { std: "docker" "create" "-v" "/var/lib/crater-agent-workspace/builds/worker-5-tc1/target:/opt/rustwide/target:rw,Z" "-v" "/var/lib/crater-agent-workspace/builds/worker-5-tc1/source:/opt/rustwide/workdir:ro,Z" "-v" "/var/lib/crater-agent-workspace/cargo-home:/opt/rustwide/cargo-home:ro,Z" "-v" "/var/lib/crater-agent-workspace/rustup-home:/opt/rustwide/rustup-home:ro,Z" "-e" "SOURCE_DIR=/opt/rustwide/workdir" "-e" "CARGO_TARGET_DIR=/opt/rustwide/target" "-e" "CARGO_INCREMENTAL=0" "-e" "RUST_BACKTRACE=full" "-e" "RUSTFLAGS=--cap-lints=forbid" "-e" "RUSTDOCFLAGS=--cap-lints=forbid" "-e" "CARGO_HOME=/opt/rustwide/cargo-home" "-e" "RUSTUP_HOME=/opt/rustwide/rustup-home" "-w" "/opt/rustwide/workdir" "-m" "1610612736" "--user" "0:0" "--network" "none" "ghcr.io/rust-lang/crates-build-env/linux@sha256:4a844ea9eb2546a2d2c7022eacef16ef2e8229c7fbb2c7d4d55a9ceca922f72d" "/opt/rustwide/cargo-home/bin/cargo" "+nightly-2024-10-28" "build" "--frozen" "--message-format=json", kill_on_drop: false }`
[INFO] [stdout] 66e17356cd7c787e69076a41261b1b5e043e01f4cb962629000c54a286fba76c
[INFO] running `Command { std: "docker" "start" "-a" "66e17356cd7c787e69076a41261b1b5e043e01f4cb962629000c54a286fba76c", kill_on_drop: false }`
[INFO] [stderr]    Compiling proc-macro2 v1.0.89
[INFO] [stderr]    Compiling unicode-ident v1.0.13
[INFO] [stderr]    Compiling quote v1.0.37
[INFO] [stderr]    Compiling syn v2.0.86
[INFO] [stderr]    Compiling defmt-or-log-macros v0.1.2
[INFO] [stderr]    Compiling defmt-or-log v0.2.1
[INFO] [stderr]    Compiling lakers-shared v0.7.0
[INFO] [stderr]    Compiling lakers-ead-authz v0.7.0 (/opt/rustwide/workdir)
[INFO] [stderr]     Finished `dev` profile [unoptimized + debuginfo] target(s) in 3.39s
[INFO] running `Command { std: "docker" "inspect" "66e17356cd7c787e69076a41261b1b5e043e01f4cb962629000c54a286fba76c", kill_on_drop: false }`
[INFO] running `Command { std: "docker" "rm" "-f" "66e17356cd7c787e69076a41261b1b5e043e01f4cb962629000c54a286fba76c", kill_on_drop: false }`
[INFO] [stdout] 66e17356cd7c787e69076a41261b1b5e043e01f4cb962629000c54a286fba76c
[INFO] running `Command { std: "docker" "create" "-v" "/var/lib/crater-agent-workspace/builds/worker-5-tc1/target:/opt/rustwide/target:rw,Z" "-v" "/var/lib/crater-agent-workspace/builds/worker-5-tc1/source:/opt/rustwide/workdir:ro,Z" "-v" "/var/lib/crater-agent-workspace/cargo-home:/opt/rustwide/cargo-home:ro,Z" "-v" "/var/lib/crater-agent-workspace/rustup-home:/opt/rustwide/rustup-home:ro,Z" "-e" "SOURCE_DIR=/opt/rustwide/workdir" "-e" "CARGO_TARGET_DIR=/opt/rustwide/target" "-e" "CARGO_INCREMENTAL=0" "-e" "RUST_BACKTRACE=full" "-e" "RUSTFLAGS=--cap-lints=forbid" "-e" "RUSTDOCFLAGS=--cap-lints=forbid" "-e" "CARGO_HOME=/opt/rustwide/cargo-home" "-e" "RUSTUP_HOME=/opt/rustwide/rustup-home" "-w" "/opt/rustwide/workdir" "-m" "1610612736" "--user" "0:0" "--network" "none" "ghcr.io/rust-lang/crates-build-env/linux@sha256:4a844ea9eb2546a2d2c7022eacef16ef2e8229c7fbb2c7d4d55a9ceca922f72d" "/opt/rustwide/cargo-home/bin/cargo" "+nightly-2024-10-28" "test" "--frozen" "--no-run" "--message-format=json", kill_on_drop: false }`
[INFO] [stdout] 3db89a56a8874af8c2f2295ff38fd5932cf4f7f3b2926af6e3b6771d5a774fb4
[INFO] running `Command { std: "docker" "start" "-a" "3db89a56a8874af8c2f2295ff38fd5932cf4f7f3b2926af6e3b6771d5a774fb4", kill_on_drop: false }`
[INFO] [stderr]    Compiling hexlit v0.5.5
[INFO] [stderr]    Compiling lakers-ead-authz v0.7.0 (/opt/rustwide/workdir)
[INFO] [stdout] error[E0432]: unresolved import `lakers_crypto`
[INFO] [stdout]    --> src/device.rs:162:9
[INFO] [stdout]     |
[INFO] [stdout] 162 |     use lakers_crypto::default_crypto;
[INFO] [stdout]     |         ^^^^^^^^^^^^^ use of undeclared crate or module `lakers_crypto`
[INFO] [stdout] 
[INFO] [stdout] 
[INFO] [stdout] error[E0432]: unresolved import `lakers_crypto`
[INFO] [stdout]    --> src/server.rs:188:9
[INFO] [stdout]     |
[INFO] [stdout] 188 |     use lakers_crypto::default_crypto;
[INFO] [stdout]     |         ^^^^^^^^^^^^^ use of undeclared crate or module `lakers_crypto`
[INFO] [stdout] 
[INFO] [stdout] 
[INFO] [stdout] error[E0432]: unresolved import `lakers_crypto`
[INFO] [stdout]    --> src/server.rs:294:9
[INFO] [stdout]     |
[INFO] [stdout] 294 |     use lakers_crypto::default_crypto;
[INFO] [stdout]     |         ^^^^^^^^^^^^^ use of undeclared crate or module `lakers_crypto`
[INFO] [stdout] 
[INFO] [stdout] 
[INFO] [stdout] error[E0432]: unresolved import `lakers_crypto`
[INFO] [stdout]    --> src/server.rs:325:9
[INFO] [stdout]     |
[INFO] [stdout] 325 |     use lakers_crypto::default_crypto;
[INFO] [stdout]     |         ^^^^^^^^^^^^^ use of undeclared crate or module `lakers_crypto`
[INFO] [stdout] 
[INFO] [stdout] 
[INFO] [stdout] error[E0432]: unresolved import `lakers_crypto`
[INFO] [stdout]    --> src/shared.rs:166:9
[INFO] [stdout]     |
[INFO] [stdout] 166 |     use lakers_crypto::default_crypto;
[INFO] [stdout]     |         ^^^^^^^^^^^^^ use of undeclared crate or module `lakers_crypto`
[INFO] [stdout] 
[INFO] [stdout] 
[INFO] [stdout] error[E0432]: unresolved import `lakers_crypto`
[INFO] [stdout]   --> src/lib.rs:35:9
[INFO] [stdout]    |
[INFO] [stdout] 35 |     use lakers_crypto::default_crypto;
[INFO] [stdout]    |         ^^^^^^^^^^^^^ use of undeclared crate or module `lakers_crypto`
[INFO] [stdout] 
[INFO] [stdout] 
[INFO] [stdout] For more information about this error, try `rustc --explain E0432`.
[INFO] [stdout] 
[INFO] [stderr] error: could not compile `lakers-ead-authz` (lib test) due to 6 previous errors
[INFO] running `Command { std: "docker" "inspect" "3db89a56a8874af8c2f2295ff38fd5932cf4f7f3b2926af6e3b6771d5a774fb4", kill_on_drop: false }`
[INFO] running `Command { std: "docker" "rm" "-f" "3db89a56a8874af8c2f2295ff38fd5932cf4f7f3b2926af6e3b6771d5a774fb4", kill_on_drop: false }`
[INFO] [stdout] 3db89a56a8874af8c2f2295ff38fd5932cf4f7f3b2926af6e3b6771d5a774fb4
