[INFO] fetching crate kvv-efa-api 0.1.1...
[INFO] testing kvv-efa-api-0.1.1 against nightly-2024-10-28 for randomize-layout
[INFO] extracting crate kvv-efa-api 0.1.1 into /workspace/builds/worker-3-tc1/source
[INFO] validating manifest of crates.io crate kvv-efa-api 0.1.1 on toolchain nightly-2024-10-28
[INFO] running `Command { std: CARGO_HOME="/workspace/cargo-home" RUSTUP_HOME="/workspace/rustup-home" "/workspace/cargo-home/bin/cargo" "+nightly-2024-10-28" "metadata" "--manifest-path" "Cargo.toml" "--no-deps", kill_on_drop: false }`
[INFO] started tweaking crates.io crate kvv-efa-api 0.1.1
[INFO] removed 0 missing examples
[INFO] finished tweaking crates.io crate kvv-efa-api 0.1.1
[INFO] tweaked toml for crates.io crate kvv-efa-api 0.1.1 written to /workspace/builds/worker-3-tc1/source/Cargo.toml
[INFO] crate crates.io crate kvv-efa-api 0.1.1 already has a lockfile, it will not be regenerated
[INFO] running `Command { std: CARGO_HOME="/workspace/cargo-home" RUSTUP_HOME="/workspace/rustup-home" "/workspace/cargo-home/bin/cargo" "+nightly-2024-10-28" "fetch" "--manifest-path" "Cargo.toml", kill_on_drop: false }`
[INFO] [stderr]  Downloading crates ...
[INFO] [stderr]   Downloaded serde-aux v4.4.0
[INFO] [stderr]   Downloaded tokio v1.20.6
[INFO] running `Command { std: "docker" "create" "-v" "/var/lib/crater-agent-workspace/builds/worker-3-tc1/target:/opt/rustwide/target:rw,Z" "-v" "/var/lib/crater-agent-workspace/builds/worker-3-tc1/source:/opt/rustwide/workdir:ro,Z" "-v" "/var/lib/crater-agent-workspace/cargo-home:/opt/rustwide/cargo-home:ro,Z" "-v" "/var/lib/crater-agent-workspace/rustup-home:/opt/rustwide/rustup-home:ro,Z" "-e" "SOURCE_DIR=/opt/rustwide/workdir" "-e" "CARGO_TARGET_DIR=/opt/rustwide/target" "-e" "CARGO_HOME=/opt/rustwide/cargo-home" "-e" "RUSTUP_HOME=/opt/rustwide/rustup-home" "-w" "/opt/rustwide/workdir" "-m" "1610612736" "--user" "0:0" "--network" "none" "ghcr.io/rust-lang/crates-build-env/linux@sha256:4a844ea9eb2546a2d2c7022eacef16ef2e8229c7fbb2c7d4d55a9ceca922f72d" "/opt/rustwide/cargo-home/bin/cargo" "+nightly-2024-10-28" "metadata" "--no-deps" "--format-version=1", kill_on_drop: false }`
[INFO] [stdout] 5c1f298c2e24b5e74ad8d79510633b2f91ccd86ab99e0f23f1451f0244a1abea
[INFO] running `Command { std: "docker" "start" "-a" "5c1f298c2e24b5e74ad8d79510633b2f91ccd86ab99e0f23f1451f0244a1abea", kill_on_drop: false }`
[INFO] running `Command { std: "docker" "inspect" "5c1f298c2e24b5e74ad8d79510633b2f91ccd86ab99e0f23f1451f0244a1abea", kill_on_drop: false }`
[INFO] running `Command { std: "docker" "rm" "-f" "5c1f298c2e24b5e74ad8d79510633b2f91ccd86ab99e0f23f1451f0244a1abea", kill_on_drop: false }`
[INFO] [stdout] 5c1f298c2e24b5e74ad8d79510633b2f91ccd86ab99e0f23f1451f0244a1abea
[INFO] running `Command { std: "docker" "create" "-v" "/var/lib/crater-agent-workspace/builds/worker-3-tc1/target:/opt/rustwide/target:rw,Z" "-v" "/var/lib/crater-agent-workspace/builds/worker-3-tc1/source:/opt/rustwide/workdir:ro,Z" "-v" "/var/lib/crater-agent-workspace/cargo-home:/opt/rustwide/cargo-home:ro,Z" "-v" "/var/lib/crater-agent-workspace/rustup-home:/opt/rustwide/rustup-home:ro,Z" "-e" "SOURCE_DIR=/opt/rustwide/workdir" "-e" "CARGO_TARGET_DIR=/opt/rustwide/target" "-e" "CARGO_INCREMENTAL=0" "-e" "RUST_BACKTRACE=full" "-e" "RUSTFLAGS=--cap-lints=forbid" "-e" "RUSTDOCFLAGS=--cap-lints=forbid" "-e" "CARGO_HOME=/opt/rustwide/cargo-home" "-e" "RUSTUP_HOME=/opt/rustwide/rustup-home" "-w" "/opt/rustwide/workdir" "-m" "1610612736" "--user" "0:0" "--network" "none" "ghcr.io/rust-lang/crates-build-env/linux@sha256:4a844ea9eb2546a2d2c7022eacef16ef2e8229c7fbb2c7d4d55a9ceca922f72d" "/opt/rustwide/cargo-home/bin/cargo" "+nightly-2024-10-28" "build" "--frozen" "--message-format=json", kill_on_drop: false }`
[INFO] [stdout] 055d007d2d3f2898c0cf07d825988ba768b43e67681d33cb02cb4f9bd4ca6e7d
[INFO] running `Command { std: "docker" "start" "-a" "055d007d2d3f2898c0cf07d825988ba768b43e67681d33cb02cb4f9bd4ca6e7d", kill_on_drop: false }`
[INFO] [stderr]    Compiling proc-macro2 v1.0.76
[INFO] [stderr]    Compiling unicode-ident v1.0.12
[INFO] [stderr]    Compiling serde v1.0.195
[INFO] [stderr]    Compiling serde_json v1.0.111
[INFO] [stderr]    Compiling itoa v1.0.10
[INFO] [stderr]    Compiling iana-time-zone v0.1.59
[INFO] [stderr]    Compiling ryu v1.0.16
[INFO] [stderr]    Compiling num-traits v0.2.17
[INFO] [stderr]    Compiling quote v1.0.35
[INFO] [stderr]    Compiling syn v2.0.48
[INFO] [stderr]    Compiling chrono v0.4.31
[INFO] [stderr]    Compiling serde_derive v1.0.195
[INFO] [stderr]    Compiling serde-aux v4.4.0
[INFO] [stderr]    Compiling kvv-efa-api v0.1.1 (/opt/rustwide/workdir)
[INFO] [stdout] warning: field `0` is never read
[INFO] [stdout]  --> src/request/generic.rs:2:27
[INFO] [stdout]   |
[INFO] [stdout] 2 | pub struct GenericRequest(String);
[INFO] [stdout]   |            -------------- ^^^^^^
[INFO] [stdout]   |            |
[INFO] [stdout]   |            field in this struct
[INFO] [stdout]   |
[INFO] [stdout]   = help: consider removing this field
[INFO] [stdout]   = note: `GenericRequest` has derived impls for the traits `Debug` and `Clone`, but these are intentionally ignored during dead code analysis
[INFO] [stdout]   = note: `#[warn(dead_code)]` on by default
[INFO] [stdout] 
[INFO] [stdout] 
[INFO] [stderr]     Finished `dev` profile [unoptimized + debuginfo] target(s) in 17.50s
[INFO] running `Command { std: "docker" "inspect" "055d007d2d3f2898c0cf07d825988ba768b43e67681d33cb02cb4f9bd4ca6e7d", kill_on_drop: false }`
[INFO] running `Command { std: "docker" "rm" "-f" "055d007d2d3f2898c0cf07d825988ba768b43e67681d33cb02cb4f9bd4ca6e7d", kill_on_drop: false }`
[INFO] [stdout] 055d007d2d3f2898c0cf07d825988ba768b43e67681d33cb02cb4f9bd4ca6e7d
[INFO] running `Command { std: "docker" "create" "-v" "/var/lib/crater-agent-workspace/builds/worker-3-tc1/target:/opt/rustwide/target:rw,Z" "-v" "/var/lib/crater-agent-workspace/builds/worker-3-tc1/source:/opt/rustwide/workdir:ro,Z" "-v" "/var/lib/crater-agent-workspace/cargo-home:/opt/rustwide/cargo-home:ro,Z" "-v" "/var/lib/crater-agent-workspace/rustup-home:/opt/rustwide/rustup-home:ro,Z" "-e" "SOURCE_DIR=/opt/rustwide/workdir" "-e" "CARGO_TARGET_DIR=/opt/rustwide/target" "-e" "CARGO_INCREMENTAL=0" "-e" "RUST_BACKTRACE=full" "-e" "RUSTFLAGS=--cap-lints=forbid" "-e" "RUSTDOCFLAGS=--cap-lints=forbid" "-e" "CARGO_HOME=/opt/rustwide/cargo-home" "-e" "RUSTUP_HOME=/opt/rustwide/rustup-home" "-w" "/opt/rustwide/workdir" "-m" "1610612736" "--user" "0:0" "--network" "none" "ghcr.io/rust-lang/crates-build-env/linux@sha256:4a844ea9eb2546a2d2c7022eacef16ef2e8229c7fbb2c7d4d55a9ceca922f72d" "/opt/rustwide/cargo-home/bin/cargo" "+nightly-2024-10-28" "test" "--frozen" "--no-run" "--message-format=json", kill_on_drop: false }`
[INFO] [stdout] ac9e1483f420732618a9372e68cbdf84fb96dd3c5ebfd051c356bc398fd4662e
[INFO] running `Command { std: "docker" "start" "-a" "ac9e1483f420732618a9372e68cbdf84fb96dd3c5ebfd051c356bc398fd4662e", kill_on_drop: false }`
[INFO] [stderr]    Compiling libc v0.2.152
[INFO] [stderr]    Compiling lock_api v0.4.11
[INFO] [stderr]    Compiling parking_lot_core v0.9.9
[INFO] [stderr]    Compiling syn v1.0.109
[INFO] [stderr]    Compiling smallvec v1.11.2
[INFO] [stderr]    Compiling tokio v1.20.6
[INFO] [stderr]    Compiling pin-project-lite v0.2.13
[INFO] [stderr]    Compiling bytes v1.5.0
[INFO] [stderr]    Compiling colored v2.1.0
[INFO] [stdout] warning: field `0` is never read
[INFO] [stdout]  --> src/request/generic.rs:2:27
[INFO] [stdout]   |
[INFO] [stdout] 2 | pub struct GenericRequest(String);
[INFO] [stdout]   |            -------------- ^^^^^^
[INFO] [stdout]   |            |
[INFO] [stdout]   |            field in this struct
[INFO] [stdout]   |
[INFO] [stdout]   = help: consider removing this field
[INFO] [stdout]   = note: `GenericRequest` has derived impls for the traits `Debug` and `Clone`, but these are intentionally ignored during dead code analysis
[INFO] [stdout]   = note: `#[warn(dead_code)]` on by default
[INFO] [stdout] 
[INFO] [stdout] 
[INFO] [stderr]    Compiling mio v0.8.10
[INFO] [stderr]    Compiling signal-hook-registry v1.4.1
[INFO] [stderr]    Compiling num_cpus v1.16.0
[INFO] [stderr]    Compiling socket2 v0.4.10
[INFO] [stderr]    Compiling parking_lot v0.12.1
[INFO] [stderr]    Compiling tokio-macros v1.8.2
[INFO] [stderr]    Compiling kvv-efa-api v0.1.1 (/opt/rustwide/workdir)
[INFO] [stdout] error[E0599]: no method named `get` found for struct `StopFinderRequest` in the current scope
[INFO] [stdout]   --> examples/basic.rs:13:32
[INFO] [stdout]    |
[INFO] [stdout] 13 |         let response = request.get().await?;
[INFO] [stdout]    |                                ^^^ method not found in `StopFinderRequest`
[INFO] [stdout] 
[INFO] [stdout] 
[INFO] [stdout] error[E0599]: no method named `get` found for struct `DepartureMonitorRequest` in the current scope
[INFO] [stdout]   --> examples/basic.rs:26:32
[INFO] [stdout]    |
[INFO] [stdout] 26 |         let response = request.get().await?;
[INFO] [stdout]    |                                ^^^ method not found in `DepartureMonitorRequest`
[INFO] [stdout] 
[INFO] [stdout] 
[INFO] [stdout] error[E0433]: failed to resolve: use of undeclared crate or module `reqwest`
[INFO] [stdout]  --> examples/basic.rs:4:31
[INFO] [stdout]   |
[INFO] [stdout] 4 | async fn main() -> Result<(), reqwest::Error> {        
[INFO] [stdout]   |                               ^^^^^^^
[INFO] [stdout]   |                               |
[INFO] [stdout]   |                               use of undeclared crate or module `reqwest`
[INFO] [stdout]   |                               help: a trait with a similar name exists: `Request`
[INFO] [stdout] 
[INFO] [stdout] 
[INFO] [stdout] Some errors have detailed explanations: E0433, E0599.
[INFO] [stdout] 
[INFO] [stdout] For more information about an error, try `rustc --explain E0433`.
[INFO] [stdout] 
[INFO] [stderr] error: could not compile `kvv-efa-api` (example "basic") due to 3 previous errors
[INFO] [stderr] warning: build failed, waiting for other jobs to finish...
[INFO] [stdout] warning: field `0` is never read
[INFO] [stdout]  --> src/request/generic.rs:2:27
[INFO] [stdout]   |
[INFO] [stdout] 2 | pub struct GenericRequest(String);
[INFO] [stdout]   |            -------------- ^^^^^^
[INFO] [stdout]   |            |
[INFO] [stdout]   |            field in this struct
[INFO] [stdout]   |
[INFO] [stdout]   = help: consider removing this field
[INFO] [stdout]   = note: `GenericRequest` has derived impls for the traits `Debug` and `Clone`, but these are intentionally ignored during dead code analysis
[INFO] [stdout]   = note: `#[warn(dead_code)]` on by default
[INFO] [stdout] 
[INFO] [stdout] 
[INFO] running `Command { std: "docker" "inspect" "ac9e1483f420732618a9372e68cbdf84fb96dd3c5ebfd051c356bc398fd4662e", kill_on_drop: false }`
[INFO] running `Command { std: "docker" "rm" "-f" "ac9e1483f420732618a9372e68cbdf84fb96dd3c5ebfd051c356bc398fd4662e", kill_on_drop: false }`
[INFO] [stdout] ac9e1483f420732618a9372e68cbdf84fb96dd3c5ebfd051c356bc398fd4662e
