[INFO] fetching crate kt2 1.1.1...
[INFO] testing kt2-1.1.1 against nightly-2024-10-28+rustflags=-Zrandomize-layout for randomize-layout
[INFO] extracting crate kt2 1.1.1 into /workspace/builds/worker-5-tc2/source
[INFO] validating manifest of crates.io crate kt2 1.1.1 on toolchain nightly-2024-10-28
[INFO] running `Command { std: CARGO_HOME="/workspace/cargo-home" RUSTUP_HOME="/workspace/rustup-home" "/workspace/cargo-home/bin/cargo" "+nightly-2024-10-28" "metadata" "--manifest-path" "Cargo.toml" "--no-deps", kill_on_drop: false }`
[INFO] started tweaking crates.io crate kt2 1.1.1
[INFO] finished tweaking crates.io crate kt2 1.1.1
[INFO] tweaked toml for crates.io crate kt2 1.1.1 written to /workspace/builds/worker-5-tc2/source/Cargo.toml
[INFO] running `Command { std: CARGO_HOME="/workspace/cargo-home" RUSTUP_HOME="/workspace/rustup-home" "/workspace/cargo-home/bin/cargo" "+nightly-2024-10-28" "generate-lockfile" "--manifest-path" "Cargo.toml", kill_on_drop: false }`
[INFO] [stderr]     Updating crates.io index
[INFO] [stderr]      Locking 124 packages to latest compatible versions
[INFO] [stderr]       Adding criterion v0.4.0 (available: v0.5.1)
[INFO] [stderr]       Adding rand v0.7.3 (available: v0.8.5)
[INFO] [stderr]       Adding ring v0.16.20 (available: v0.17.8)
[INFO] [stderr]       Adding rkyv v0.7.45 (available: v0.8.8)
[INFO] [stderr]       Adding secrecy v0.8.0 (available: v0.10.3)
[INFO] running `Command { std: CARGO_HOME="/workspace/cargo-home" RUSTUP_HOME="/workspace/rustup-home" "/workspace/cargo-home/bin/cargo" "+nightly-2024-10-28" "fetch" "--manifest-path" "Cargo.toml", kill_on_drop: false }`
[INFO] running `Command { std: "docker" "create" "-v" "/var/lib/crater-agent-workspace/builds/worker-5-tc2/target:/opt/rustwide/target:rw,Z" "-v" "/var/lib/crater-agent-workspace/builds/worker-5-tc2/source:/opt/rustwide/workdir:ro,Z" "-v" "/var/lib/crater-agent-workspace/cargo-home:/opt/rustwide/cargo-home:ro,Z" "-v" "/var/lib/crater-agent-workspace/rustup-home:/opt/rustwide/rustup-home:ro,Z" "-e" "SOURCE_DIR=/opt/rustwide/workdir" "-e" "CARGO_TARGET_DIR=/opt/rustwide/target" "-e" "CARGO_HOME=/opt/rustwide/cargo-home" "-e" "RUSTUP_HOME=/opt/rustwide/rustup-home" "-w" "/opt/rustwide/workdir" "-m" "1610612736" "--user" "0:0" "--network" "none" "ghcr.io/rust-lang/crates-build-env/linux@sha256:4a844ea9eb2546a2d2c7022eacef16ef2e8229c7fbb2c7d4d55a9ceca922f72d" "/opt/rustwide/cargo-home/bin/cargo" "+nightly-2024-10-28" "metadata" "--no-deps" "--format-version=1", kill_on_drop: false }`
[INFO] [stdout] 31e5a79154948d57cd118edadd96d36c863fe7351f24f4c72b2c75d7c06e5c07
[INFO] running `Command { std: "docker" "start" "-a" "31e5a79154948d57cd118edadd96d36c863fe7351f24f4c72b2c75d7c06e5c07", kill_on_drop: false }`
[INFO] running `Command { std: "docker" "inspect" "31e5a79154948d57cd118edadd96d36c863fe7351f24f4c72b2c75d7c06e5c07", kill_on_drop: false }`
[INFO] running `Command { std: "docker" "rm" "-f" "31e5a79154948d57cd118edadd96d36c863fe7351f24f4c72b2c75d7c06e5c07", kill_on_drop: false }`
[INFO] [stdout] 31e5a79154948d57cd118edadd96d36c863fe7351f24f4c72b2c75d7c06e5c07
[INFO] running `Command { std: "docker" "create" "-v" "/var/lib/crater-agent-workspace/builds/worker-5-tc2/target:/opt/rustwide/target:rw,Z" "-v" "/var/lib/crater-agent-workspace/builds/worker-5-tc2/source:/opt/rustwide/workdir:ro,Z" "-v" "/var/lib/crater-agent-workspace/cargo-home:/opt/rustwide/cargo-home:ro,Z" "-v" "/var/lib/crater-agent-workspace/rustup-home:/opt/rustwide/rustup-home:ro,Z" "-e" "SOURCE_DIR=/opt/rustwide/workdir" "-e" "CARGO_TARGET_DIR=/opt/rustwide/target" "-e" "CARGO_INCREMENTAL=0" "-e" "RUST_BACKTRACE=full" "-e" "RUSTFLAGS=--cap-lints=forbid -Zrandomize-layout" "-e" "RUSTDOCFLAGS=--cap-lints=forbid" "-e" "CARGO_HOME=/opt/rustwide/cargo-home" "-e" "RUSTUP_HOME=/opt/rustwide/rustup-home" "-w" "/opt/rustwide/workdir" "-m" "1610612736" "--user" "0:0" "--network" "none" "ghcr.io/rust-lang/crates-build-env/linux@sha256:4a844ea9eb2546a2d2c7022eacef16ef2e8229c7fbb2c7d4d55a9ceca922f72d" "/opt/rustwide/cargo-home/bin/cargo" "+nightly-2024-10-28" "build" "--frozen" "--message-format=json", kill_on_drop: false }`
[INFO] [stdout] deec4d5df3ea303233e152e77c4f17eb4ee43763b62f67f1d2941e75ed1e8779
[INFO] running `Command { std: "docker" "start" "-a" "deec4d5df3ea303233e152e77c4f17eb4ee43763b62f67f1d2941e75ed1e8779", kill_on_drop: false }`
[INFO] [stderr]    Compiling libc v0.2.161
[INFO] [stderr]    Compiling syn v1.0.109
[INFO] [stderr]    Compiling getrandom v0.1.16
[INFO] [stderr]    Compiling bytecheck v0.6.12
[INFO] [stderr]    Compiling byteorder v1.5.0
[INFO] [stderr]    Compiling once_cell v1.20.2
[INFO] [stderr]    Compiling simdutf8 v0.1.5
[INFO] [stderr]    Compiling rend v0.4.2
[INFO] [stderr]    Compiling rkyv v0.7.45
[INFO] [stderr]    Compiling constant_time_eq v0.3.1
[INFO] [stderr]    Compiling arrayref v0.3.9
[INFO] [stderr]    Compiling ahash v0.7.8
[INFO] [stderr]    Compiling untrusted v0.7.1
[INFO] [stderr]    Compiling arrayvec v0.7.6
[INFO] [stderr]    Compiling blake3 v1.5.4
[INFO] [stderr]    Compiling syn v2.0.86
[INFO] [stderr]    Compiling ring v0.16.20
[INFO] [stderr]    Compiling spin v0.5.2
[INFO] [stderr]    Compiling seahash v4.1.0
[INFO] [stderr]    Compiling bs58 v0.5.1
[INFO] [stderr]    Compiling getrandom v0.2.15
[INFO] [stderr]    Compiling rand_core v0.6.4
[INFO] [stderr]    Compiling rand_core v0.5.1
[INFO] [stderr]    Compiling rand v0.8.5
[INFO] [stderr]    Compiling hashbrown v0.12.3
[INFO] [stderr]    Compiling ptr_meta_derive v0.1.4
[INFO] [stderr]    Compiling bytecheck_derive v0.6.12
[INFO] [stderr]    Compiling rkyv_derive v0.7.45
[INFO] [stderr]    Compiling ptr_meta v0.1.4
[INFO] [stderr]    Compiling zerocopy-derive v0.7.35
[INFO] [stderr]    Compiling zeroize_derive v1.4.2
[INFO] [stderr]    Compiling zeroize v1.8.1
[INFO] [stderr]    Compiling secrecy v0.8.0
[INFO] [stderr]    Compiling safe_pqc_kyber v0.6.3
[INFO] [stderr]    Compiling zerocopy v0.7.35
[INFO] [stderr]    Compiling ppv-lite86 v0.2.20
[INFO] [stderr]    Compiling rand_chacha v0.2.2
[INFO] [stderr]    Compiling rand v0.7.3
[INFO] [stdout] error[E0277]: the trait bound `NonZero<i8>: ArchiveCopy` is not satisfied
[INFO] [stdout]    --> /opt/rustwide/cargo-home/registry/src/index.crates.io-6f17d22bba15001f/rkyv-0.7.45/src/copy.rs:108:33
[INFO] [stdout]     |
[INFO] [stdout] 108 | unsafe impl ArchiveCopySafe for NonZeroI8 {}
[INFO] [stdout]     |                                 ^^^^^^^^^ the trait `ArchiveCopy` is not implemented for `NonZero<i8>`
[INFO] [stdout]     |
[INFO] [stdout] note: required by a bound in `ArchiveCopySafe`
[INFO] [stdout]    --> /opt/rustwide/cargo-home/registry/src/index.crates.io-6f17d22bba15001f/rkyv-0.7.45/src/copy.rs:99:35
[INFO] [stdout]     |
[INFO] [stdout] 99  | pub unsafe trait ArchiveCopySafe: ArchiveCopy + Sized {}
[INFO] [stdout]     |                                   ^^^^^^^^^^^ required by this bound in `ArchiveCopySafe`
[INFO] [stdout] 
[INFO] [stdout] 
[INFO] [stdout] error[E0277]: the trait bound `NonZero<u8>: ArchiveCopy` is not satisfied
[INFO] [stdout]    --> /opt/rustwide/cargo-home/registry/src/index.crates.io-6f17d22bba15001f/rkyv-0.7.45/src/copy.rs:109:33
[INFO] [stdout]     |
[INFO] [stdout] 109 | unsafe impl ArchiveCopySafe for NonZeroU8 {}
[INFO] [stdout]     |                                 ^^^^^^^^^ the trait `ArchiveCopy` is not implemented for `NonZero<u8>`
[INFO] [stdout]     |
[INFO] [stdout] note: required by a bound in `ArchiveCopySafe`
[INFO] [stdout]    --> /opt/rustwide/cargo-home/registry/src/index.crates.io-6f17d22bba15001f/rkyv-0.7.45/src/copy.rs:99:35
[INFO] [stdout]     |
[INFO] [stdout] 99  | pub unsafe trait ArchiveCopySafe: ArchiveCopy + Sized {}
[INFO] [stdout]     |                                   ^^^^^^^^^^^ required by this bound in `ArchiveCopySafe`
[INFO] [stdout] 
[INFO] [stdout] 
[INFO] [stdout] error[E0277]: the trait bound `NonZero<i16>: ArchiveCopy` is not satisfied
[INFO] [stdout]    --> /opt/rustwide/cargo-home/registry/src/index.crates.io-6f17d22bba15001f/rkyv-0.7.45/src/copy.rs:128:37
[INFO] [stdout]     |
[INFO] [stdout] 128 |     unsafe impl ArchiveCopySafe for NonZeroI16 {}
[INFO] [stdout]     |                                     ^^^^^^^^^^ the trait `ArchiveCopy` is not implemented for `NonZero<i16>`
[INFO] [stdout]     |
[INFO] [stdout] note: required by a bound in `ArchiveCopySafe`
[INFO] [stdout]    --> /opt/rustwide/cargo-home/registry/src/index.crates.io-6f17d22bba15001f/rkyv-0.7.45/src/copy.rs:99:35
[INFO] [stdout]     |
[INFO] [stdout] 99  | pub unsafe trait ArchiveCopySafe: ArchiveCopy + Sized {}
[INFO] [stdout]     |                                   ^^^^^^^^^^^ required by this bound in `ArchiveCopySafe`
[INFO] [stdout] 
[INFO] [stdout] 
[INFO] [stdout] error[E0277]: the trait bound `NonZero<i32>: ArchiveCopy` is not satisfied
[INFO] [stdout]    --> /opt/rustwide/cargo-home/registry/src/index.crates.io-6f17d22bba15001f/rkyv-0.7.45/src/copy.rs:129:37
[INFO] [stdout]     |
[INFO] [stdout] 129 |     unsafe impl ArchiveCopySafe for NonZeroI32 {}
[INFO] [stdout]     |                                     ^^^^^^^^^^ the trait `ArchiveCopy` is not implemented for `NonZero<i32>`
[INFO] [stdout]     |
[INFO] [stdout] note: required by a bound in `ArchiveCopySafe`
[INFO] [stdout]    --> /opt/rustwide/cargo-home/registry/src/index.crates.io-6f17d22bba15001f/rkyv-0.7.45/src/copy.rs:99:35
[INFO] [stdout]     |
[INFO] [stdout] 99  | pub unsafe trait ArchiveCopySafe: ArchiveCopy + Sized {}
[INFO] [stdout]     |                                   ^^^^^^^^^^^ required by this bound in `ArchiveCopySafe`
[INFO] [stdout] 
[INFO] [stdout] 
[INFO] [stdout] error[E0277]: the trait bound `NonZero<i64>: ArchiveCopy` is not satisfied
[INFO] [stdout]    --> /opt/rustwide/cargo-home/registry/src/index.crates.io-6f17d22bba15001f/rkyv-0.7.45/src/copy.rs:130:37
[INFO] [stdout]     |
[INFO] [stdout] 130 |     unsafe impl ArchiveCopySafe for NonZeroI64 {}
[INFO] [stdout]     |                                     ^^^^^^^^^^ the trait `ArchiveCopy` is not implemented for `NonZero<i64>`
[INFO] [stdout]     |
[INFO] [stdout] note: required by a bound in `ArchiveCopySafe`
[INFO] [stdout]    --> /opt/rustwide/cargo-home/registry/src/index.crates.io-6f17d22bba15001f/rkyv-0.7.45/src/copy.rs:99:35
[INFO] [stdout]     |
[INFO] [stdout] 99  | pub unsafe trait ArchiveCopySafe: ArchiveCopy + Sized {}
[INFO] [stdout]     |                                   ^^^^^^^^^^^ required by this bound in `ArchiveCopySafe`
[INFO] [stdout] 
[INFO] [stdout] 
[INFO] [stdout] error[E0277]: the trait bound `NonZero<i128>: ArchiveCopy` is not satisfied
[INFO] [stdout]    --> /opt/rustwide/cargo-home/registry/src/index.crates.io-6f17d22bba15001f/rkyv-0.7.45/src/copy.rs:131:37
[INFO] [stdout]     |
[INFO] [stdout] 131 |     unsafe impl ArchiveCopySafe for NonZeroI128 {}
[INFO] [stdout]     |                                     ^^^^^^^^^^^ the trait `ArchiveCopy` is not implemented for `NonZero<i128>`
[INFO] [stdout]     |
[INFO] [stdout] note: required by a bound in `ArchiveCopySafe`
[INFO] [stdout]    --> /opt/rustwide/cargo-home/registry/src/index.crates.io-6f17d22bba15001f/rkyv-0.7.45/src/copy.rs:99:35
[INFO] [stdout]     |
[INFO] [stdout] 99  | pub unsafe trait ArchiveCopySafe: ArchiveCopy + Sized {}
[INFO] [stdout]     |                                   ^^^^^^^^^^^ required by this bound in `ArchiveCopySafe`
[INFO] [stdout] 
[INFO] [stdout] 
[INFO] [stdout] error[E0277]: the trait bound `NonZero<u16>: ArchiveCopy` is not satisfied
[INFO] [stdout]    --> /opt/rustwide/cargo-home/registry/src/index.crates.io-6f17d22bba15001f/rkyv-0.7.45/src/copy.rs:132:37
[INFO] [stdout]     |
[INFO] [stdout] 132 |     unsafe impl ArchiveCopySafe for NonZeroU16 {}
[INFO] [stdout]     |                                     ^^^^^^^^^^ the trait `ArchiveCopy` is not implemented for `NonZero<u16>`
[INFO] [stdout]     |
[INFO] [stdout] note: required by a bound in `ArchiveCopySafe`
[INFO] [stdout]    --> /opt/rustwide/cargo-home/registry/src/index.crates.io-6f17d22bba15001f/rkyv-0.7.45/src/copy.rs:99:35
[INFO] [stdout]     |
[INFO] [stdout] 99  | pub unsafe trait ArchiveCopySafe: ArchiveCopy + Sized {}
[INFO] [stdout]     |                                   ^^^^^^^^^^^ required by this bound in `ArchiveCopySafe`
[INFO] [stdout] 
[INFO] [stdout] 
[INFO] [stdout] error[E0277]: the trait bound `NonZero<u32>: ArchiveCopy` is not satisfied
[INFO] [stdout]    --> /opt/rustwide/cargo-home/registry/src/index.crates.io-6f17d22bba15001f/rkyv-0.7.45/src/copy.rs:133:37
[INFO] [stdout]     |
[INFO] [stdout] 133 |     unsafe impl ArchiveCopySafe for NonZeroU32 {}
[INFO] [stdout]     |                                     ^^^^^^^^^^ the trait `ArchiveCopy` is not implemented for `NonZero<u32>`
[INFO] [stdout]     |
[INFO] [stdout] note: required by a bound in `ArchiveCopySafe`
[INFO] [stdout]    --> /opt/rustwide/cargo-home/registry/src/index.crates.io-6f17d22bba15001f/rkyv-0.7.45/src/copy.rs:99:35
[INFO] [stdout]     |
[INFO] [stdout] 99  | pub unsafe trait ArchiveCopySafe: ArchiveCopy + Sized {}
[INFO] [stdout]     |                                   ^^^^^^^^^^^ required by this bound in `ArchiveCopySafe`
[INFO] [stdout] 
[INFO] [stdout] 
[INFO] [stdout] error[E0277]: the trait bound `NonZero<u64>: ArchiveCopy` is not satisfied
[INFO] [stdout]    --> /opt/rustwide/cargo-home/registry/src/index.crates.io-6f17d22bba15001f/rkyv-0.7.45/src/copy.rs:134:37
[INFO] [stdout]     |
[INFO] [stdout] 134 |     unsafe impl ArchiveCopySafe for NonZeroU64 {}
[INFO] [stdout]     |                                     ^^^^^^^^^^ the trait `ArchiveCopy` is not implemented for `NonZero<u64>`
[INFO] [stdout]     |
[INFO] [stdout] note: required by a bound in `ArchiveCopySafe`
[INFO] [stdout]    --> /opt/rustwide/cargo-home/registry/src/index.crates.io-6f17d22bba15001f/rkyv-0.7.45/src/copy.rs:99:35
[INFO] [stdout]     |
[INFO] [stdout] 99  | pub unsafe trait ArchiveCopySafe: ArchiveCopy + Sized {}
[INFO] [stdout]     |                                   ^^^^^^^^^^^ required by this bound in `ArchiveCopySafe`
[INFO] [stdout] 
[INFO] [stdout] 
[INFO] [stdout] error[E0277]: the trait bound `NonZero<u128>: ArchiveCopy` is not satisfied
[INFO] [stdout]    --> /opt/rustwide/cargo-home/registry/src/index.crates.io-6f17d22bba15001f/rkyv-0.7.45/src/copy.rs:135:37
[INFO] [stdout]     |
[INFO] [stdout] 135 |     unsafe impl ArchiveCopySafe for NonZeroU128 {}
[INFO] [stdout]     |                                     ^^^^^^^^^^^ the trait `ArchiveCopy` is not implemented for `NonZero<u128>`
[INFO] [stdout]     |
[INFO] [stdout] note: required by a bound in `ArchiveCopySafe`
[INFO] [stdout]    --> /opt/rustwide/cargo-home/registry/src/index.crates.io-6f17d22bba15001f/rkyv-0.7.45/src/copy.rs:99:35
[INFO] [stdout]     |
[INFO] [stdout] 99  | pub unsafe trait ArchiveCopySafe: ArchiveCopy + Sized {}
[INFO] [stdout]     |                                   ^^^^^^^^^^^ required by this bound in `ArchiveCopySafe`
[INFO] [stdout] 
[INFO] [stdout] 
[INFO] [stdout] error[E0277]: the trait bound `NonZero<i16>: ArchiveCopy` is not satisfied in `BigEndian<NonZero<i16>>`
[INFO] [stdout]    --> /opt/rustwide/cargo-home/registry/src/index.crates.io-6f17d22bba15001f/rkyv-0.7.45/src/impls/rend.rs:81:22
[INFO] [stdout]     |
[INFO] [stdout] 81  | impl_rend_primitive!(NonZeroI16_be);
[INFO] [stdout]     |                      ^^^^^^^^^^^^^ within `BigEndian<NonZero<i16>>`, the trait `ArchiveCopy` is not implemented for `NonZero<i16>`, which is required by `BigEndian<NonZero<i16>>: ArchiveCopy`
[INFO] [stdout]     |
[INFO] [stdout] note: required because it appears within the type `BigEndian<NonZero<i16>>`
[INFO] [stdout]    --> /opt/rustwide/cargo-home/registry/src/index.crates.io-6f17d22bba15001f/rend-0.4.2/src/lib.rs:120:12
[INFO] [stdout]     |
[INFO] [stdout] 120 | pub struct BigEndian<T: Primitive> {
[INFO] [stdout]     |            ^^^^^^^^^
[INFO] [stdout] note: required by a bound in `ArchiveCopySafe`
[INFO] [stdout]    --> /opt/rustwide/cargo-home/registry/src/index.crates.io-6f17d22bba15001f/rkyv-0.7.45/src/copy.rs:99:35
[INFO] [stdout]     |
[INFO] [stdout] 99  | pub unsafe trait ArchiveCopySafe: ArchiveCopy + Sized {}
[INFO] [stdout]     |                                   ^^^^^^^^^^^ required by this bound in `ArchiveCopySafe`
[INFO] [stdout] 
[INFO] [stdout] 
[INFO] [stdout] error[E0277]: the trait bound `NonZero<i32>: ArchiveCopy` is not satisfied in `BigEndian<NonZero<i32>>`
[INFO] [stdout]    --> /opt/rustwide/cargo-home/registry/src/index.crates.io-6f17d22bba15001f/rkyv-0.7.45/src/impls/rend.rs:82:22
[INFO] [stdout]     |
[INFO] [stdout] 82  | impl_rend_primitive!(NonZeroI32_be);
[INFO] [stdout]     |                      ^^^^^^^^^^^^^ within `BigEndian<NonZero<i32>>`, the trait `ArchiveCopy` is not implemented for `NonZero<i32>`, which is required by `BigEndian<NonZero<i32>>: ArchiveCopy`
[INFO] [stdout]     |
[INFO] [stdout] note: required because it appears within the type `BigEndian<NonZero<i32>>`
[INFO] [stdout]    --> /opt/rustwide/cargo-home/registry/src/index.crates.io-6f17d22bba15001f/rend-0.4.2/src/lib.rs:120:12
[INFO] [stdout]     |
[INFO] [stdout] 120 | pub struct BigEndian<T: Primitive> {
[INFO] [stdout]     |            ^^^^^^^^^
[INFO] [stdout] note: required by a bound in `ArchiveCopySafe`
[INFO] [stdout]    --> /opt/rustwide/cargo-home/registry/src/index.crates.io-6f17d22bba15001f/rkyv-0.7.45/src/copy.rs:99:35
[INFO] [stdout]     |
[INFO] [stdout] 99  | pub unsafe trait ArchiveCopySafe: ArchiveCopy + Sized {}
[INFO] [stdout]     |                                   ^^^^^^^^^^^ required by this bound in `ArchiveCopySafe`
[INFO] [stdout] 
[INFO] [stdout] 
[INFO] [stdout] error[E0277]: the trait bound `NonZero<i64>: ArchiveCopy` is not satisfied in `BigEndian<NonZero<i64>>`
[INFO] [stdout]    --> /opt/rustwide/cargo-home/registry/src/index.crates.io-6f17d22bba15001f/rkyv-0.7.45/src/impls/rend.rs:83:22
[INFO] [stdout]     |
[INFO] [stdout] 83  | impl_rend_primitive!(NonZeroI64_be);
[INFO] [stdout]     |                      ^^^^^^^^^^^^^ within `BigEndian<NonZero<i64>>`, the trait `ArchiveCopy` is not implemented for `NonZero<i64>`, which is required by `BigEndian<NonZero<i64>>: ArchiveCopy`
[INFO] [stdout]     |
[INFO] [stdout] note: required because it appears within the type `BigEndian<NonZero<i64>>`
[INFO] [stdout]    --> /opt/rustwide/cargo-home/registry/src/index.crates.io-6f17d22bba15001f/rend-0.4.2/src/lib.rs:120:12
[INFO] [stdout]     |
[INFO] [stdout] 120 | pub struct BigEndian<T: Primitive> {
[INFO] [stdout]     |            ^^^^^^^^^
[INFO] [stdout] note: required by a bound in `ArchiveCopySafe`
[INFO] [stdout]    --> /opt/rustwide/cargo-home/registry/src/index.crates.io-6f17d22bba15001f/rkyv-0.7.45/src/copy.rs:99:35
[INFO] [stdout]     |
[INFO] [stdout] 99  | pub unsafe trait ArchiveCopySafe: ArchiveCopy + Sized {}
[INFO] [stdout]     |                                   ^^^^^^^^^^^ required by this bound in `ArchiveCopySafe`
[INFO] [stdout] 
[INFO] [stdout] 
[INFO] [stdout] error[E0277]: the trait bound `NonZero<i128>: ArchiveCopy` is not satisfied in `BigEndian<NonZero<i128>>`
[INFO] [stdout]    --> /opt/rustwide/cargo-home/registry/src/index.crates.io-6f17d22bba15001f/rkyv-0.7.45/src/impls/rend.rs:84:22
[INFO] [stdout]     |
[INFO] [stdout] 84  | impl_rend_primitive!(NonZeroI128_be);
[INFO] [stdout]     |                      ^^^^^^^^^^^^^^ within `BigEndian<NonZero<i128>>`, the trait `ArchiveCopy` is not implemented for `NonZero<i128>`, which is required by `BigEndian<NonZero<i128>>: ArchiveCopy`
[INFO] [stdout]     |
[INFO] [stdout] note: required because it appears within the type `BigEndian<NonZero<i128>>`
[INFO] [stdout]    --> /opt/rustwide/cargo-home/registry/src/index.crates.io-6f17d22bba15001f/rend-0.4.2/src/lib.rs:120:12
[INFO] [stdout]     |
[INFO] [stdout] 120 | pub struct BigEndian<T: Primitive> {
[INFO] [stdout]     |            ^^^^^^^^^
[INFO] [stdout] note: required by a bound in `ArchiveCopySafe`
[INFO] [stdout]    --> /opt/rustwide/cargo-home/registry/src/index.crates.io-6f17d22bba15001f/rkyv-0.7.45/src/copy.rs:99:35
[INFO] [stdout]     |
[INFO] [stdout] 99  | pub unsafe trait ArchiveCopySafe: ArchiveCopy + Sized {}
[INFO] [stdout]     |                                   ^^^^^^^^^^^ required by this bound in `ArchiveCopySafe`
[INFO] [stdout] 
[INFO] [stdout] 
[INFO] [stdout] error[E0277]: the trait bound `NonZero<u16>: ArchiveCopy` is not satisfied in `BigEndian<NonZero<u16>>`
[INFO] [stdout]    --> /opt/rustwide/cargo-home/registry/src/index.crates.io-6f17d22bba15001f/rkyv-0.7.45/src/impls/rend.rs:85:22
[INFO] [stdout]     |
[INFO] [stdout] 85  | impl_rend_primitive!(NonZeroU16_be);
[INFO] [stdout]     |                      ^^^^^^^^^^^^^ within `BigEndian<NonZero<u16>>`, the trait `ArchiveCopy` is not implemented for `NonZero<u16>`, which is required by `BigEndian<NonZero<u16>>: ArchiveCopy`
[INFO] [stdout]     |
[INFO] [stdout] note: required because it appears within the type `BigEndian<NonZero<u16>>`
[INFO] [stdout]    --> /opt/rustwide/cargo-home/registry/src/index.crates.io-6f17d22bba15001f/rend-0.4.2/src/lib.rs:120:12
[INFO] [stdout]     |
[INFO] [stdout] 120 | pub struct BigEndian<T: Primitive> {
[INFO] [stdout]     |            ^^^^^^^^^
[INFO] [stdout] note: required by a bound in `ArchiveCopySafe`
[INFO] [stdout]    --> /opt/rustwide/cargo-home/registry/src/index.crates.io-6f17d22bba15001f/rkyv-0.7.45/src/copy.rs:99:35
[INFO] [stdout]     |
[INFO] [stdout] 99  | pub unsafe trait ArchiveCopySafe: ArchiveCopy + Sized {}
[INFO] [stdout]     |                                   ^^^^^^^^^^^ required by this bound in `ArchiveCopySafe`
[INFO] [stdout] 
[INFO] [stdout] 
[INFO] [stdout] error[E0277]: the trait bound `NonZero<u32>: ArchiveCopy` is not satisfied in `BigEndian<NonZero<u32>>`
[INFO] [stdout]    --> /opt/rustwide/cargo-home/registry/src/index.crates.io-6f17d22bba15001f/rkyv-0.7.45/src/impls/rend.rs:86:22
[INFO] [stdout]     |
[INFO] [stdout] 86  | impl_rend_primitive!(NonZeroU32_be);
[INFO] [stdout]     |                      ^^^^^^^^^^^^^ within `BigEndian<NonZero<u32>>`, the trait `ArchiveCopy` is not implemented for `NonZero<u32>`, which is required by `BigEndian<NonZero<u32>>: ArchiveCopy`
[INFO] [stdout]     |
[INFO] [stdout] note: required because it appears within the type `BigEndian<NonZero<u32>>`
[INFO] [stdout]    --> /opt/rustwide/cargo-home/registry/src/index.crates.io-6f17d22bba15001f/rend-0.4.2/src/lib.rs:120:12
[INFO] [stdout]     |
[INFO] [stdout] 120 | pub struct BigEndian<T: Primitive> {
[INFO] [stdout]     |            ^^^^^^^^^
[INFO] [stdout] note: required by a bound in `ArchiveCopySafe`
[INFO] [stdout]    --> /opt/rustwide/cargo-home/registry/src/index.crates.io-6f17d22bba15001f/rkyv-0.7.45/src/copy.rs:99:35
[INFO] [stdout]     |
[INFO] [stdout] 99  | pub unsafe trait ArchiveCopySafe: ArchiveCopy + Sized {}
[INFO] [stdout]     |                                   ^^^^^^^^^^^ required by this bound in `ArchiveCopySafe`
[INFO] [stdout] 
[INFO] [stdout] 
[INFO] [stdout] error[E0277]: the trait bound `NonZero<u64>: ArchiveCopy` is not satisfied in `BigEndian<NonZero<u64>>`
[INFO] [stdout]    --> /opt/rustwide/cargo-home/registry/src/index.crates.io-6f17d22bba15001f/rkyv-0.7.45/src/impls/rend.rs:87:22
[INFO] [stdout]     |
[INFO] [stdout] 87  | impl_rend_primitive!(NonZeroU64_be);
[INFO] [stdout]     |                      ^^^^^^^^^^^^^ within `BigEndian<NonZero<u64>>`, the trait `ArchiveCopy` is not implemented for `NonZero<u64>`, which is required by `BigEndian<NonZero<u64>>: ArchiveCopy`
[INFO] [stdout]     |
[INFO] [stdout] note: required because it appears within the type `BigEndian<NonZero<u64>>`
[INFO] [stdout]    --> /opt/rustwide/cargo-home/registry/src/index.crates.io-6f17d22bba15001f/rend-0.4.2/src/lib.rs:120:12
[INFO] [stdout]     |
[INFO] [stdout] 120 | pub struct BigEndian<T: Primitive> {
[INFO] [stdout]     |            ^^^^^^^^^
[INFO] [stdout] note: required by a bound in `ArchiveCopySafe`
[INFO] [stdout]    --> /opt/rustwide/cargo-home/registry/src/index.crates.io-6f17d22bba15001f/rkyv-0.7.45/src/copy.rs:99:35
[INFO] [stdout]     |
[INFO] [stdout] 99  | pub unsafe trait ArchiveCopySafe: ArchiveCopy + Sized {}
[INFO] [stdout]     |                                   ^^^^^^^^^^^ required by this bound in `ArchiveCopySafe`
[INFO] [stdout] 
[INFO] [stdout] 
[INFO] [stdout] error[E0277]: the trait bound `NonZero<u128>: ArchiveCopy` is not satisfied in `BigEndian<NonZero<u128>>`
[INFO] [stdout]    --> /opt/rustwide/cargo-home/registry/src/index.crates.io-6f17d22bba15001f/rkyv-0.7.45/src/impls/rend.rs:88:22
[INFO] [stdout]     |
[INFO] [stdout] 88  | impl_rend_primitive!(NonZeroU128_be);
[INFO] [stdout]     |                      ^^^^^^^^^^^^^^ within `BigEndian<NonZero<u128>>`, the trait `ArchiveCopy` is not implemented for `NonZero<u128>`, which is required by `BigEndian<NonZero<u128>>: ArchiveCopy`
[INFO] [stdout]     |
[INFO] [stdout] note: required because it appears within the type `BigEndian<NonZero<u128>>`
[INFO] [stdout]    --> /opt/rustwide/cargo-home/registry/src/index.crates.io-6f17d22bba15001f/rend-0.4.2/src/lib.rs:120:12
[INFO] [stdout]     |
[INFO] [stdout] 120 | pub struct BigEndian<T: Primitive> {
[INFO] [stdout]     |            ^^^^^^^^^
[INFO] [stdout] note: required by a bound in `ArchiveCopySafe`
[INFO] [stdout]    --> /opt/rustwide/cargo-home/registry/src/index.crates.io-6f17d22bba15001f/rkyv-0.7.45/src/copy.rs:99:35
[INFO] [stdout]     |
[INFO] [stdout] 99  | pub unsafe trait ArchiveCopySafe: ArchiveCopy + Sized {}
[INFO] [stdout]     |                                   ^^^^^^^^^^^ required by this bound in `ArchiveCopySafe`
[INFO] [stdout] 
[INFO] [stdout] 
[INFO] [stdout] error[E0277]: the trait bound `NonZero<i16>: ArchiveCopy` is not satisfied in `LittleEndian<NonZero<i16>>`
[INFO] [stdout]    --> /opt/rustwide/cargo-home/registry/src/index.crates.io-6f17d22bba15001f/rkyv-0.7.45/src/impls/rend.rs:117:22
[INFO] [stdout]     |
[INFO] [stdout] 117 | impl_rend_primitive!(NonZeroI16_le);
[INFO] [stdout]     |                      ^^^^^^^^^^^^^ within `LittleEndian<NonZero<i16>>`, the trait `ArchiveCopy` is not implemented for `NonZero<i16>`, which is required by `LittleEndian<NonZero<i16>>: ArchiveCopy`
[INFO] [stdout]     |
[INFO] [stdout] note: required because it appears within the type `LittleEndian<NonZero<i16>>`
[INFO] [stdout]    --> /opt/rustwide/cargo-home/registry/src/index.crates.io-6f17d22bba15001f/rend-0.4.2/src/lib.rs:113:12
[INFO] [stdout]     |
[INFO] [stdout] 113 | pub struct LittleEndian<T: Primitive> {
[INFO] [stdout]     |            ^^^^^^^^^^^^
[INFO] [stdout] note: required by a bound in `ArchiveCopySafe`
[INFO] [stdout]    --> /opt/rustwide/cargo-home/registry/src/index.crates.io-6f17d22bba15001f/rkyv-0.7.45/src/copy.rs:99:35
[INFO] [stdout]     |
[INFO] [stdout] 99  | pub unsafe trait ArchiveCopySafe: ArchiveCopy + Sized {}
[INFO] [stdout]     |                                   ^^^^^^^^^^^ required by this bound in `ArchiveCopySafe`
[INFO] [stdout] 
[INFO] [stdout] 
[INFO] [stdout] error[E0277]: the trait bound `NonZero<i32>: ArchiveCopy` is not satisfied in `LittleEndian<NonZero<i32>>`
[INFO] [stdout]    --> /opt/rustwide/cargo-home/registry/src/index.crates.io-6f17d22bba15001f/rkyv-0.7.45/src/impls/rend.rs:118:22
[INFO] [stdout]     |
[INFO] [stdout] 118 | impl_rend_primitive!(NonZeroI32_le);
[INFO] [stdout]     |                      ^^^^^^^^^^^^^ within `LittleEndian<NonZero<i32>>`, the trait `ArchiveCopy` is not implemented for `NonZero<i32>`, which is required by `LittleEndian<NonZero<i32>>: ArchiveCopy`
[INFO] [stdout]     |
[INFO] [stdout] note: required because it appears within the type `LittleEndian<NonZero<i32>>`
[INFO] [stdout]    --> /opt/rustwide/cargo-home/registry/src/index.crates.io-6f17d22bba15001f/rend-0.4.2/src/lib.rs:113:12
[INFO] [stdout]     |
[INFO] [stdout] 113 | pub struct LittleEndian<T: Primitive> {
[INFO] [stdout]     |            ^^^^^^^^^^^^
[INFO] [stdout] note: required by a bound in `ArchiveCopySafe`
[INFO] [stdout]    --> /opt/rustwide/cargo-home/registry/src/index.crates.io-6f17d22bba15001f/rkyv-0.7.45/src/copy.rs:99:35
[INFO] [stdout]     |
[INFO] [stdout] 99  | pub unsafe trait ArchiveCopySafe: ArchiveCopy + Sized {}
[INFO] [stdout]     |                                   ^^^^^^^^^^^ required by this bound in `ArchiveCopySafe`
[INFO] [stdout] 
[INFO] [stdout] 
[INFO] [stdout] error[E0277]: the trait bound `NonZero<i64>: ArchiveCopy` is not satisfied in `LittleEndian<NonZero<i64>>`
[INFO] [stdout]    --> /opt/rustwide/cargo-home/registry/src/index.crates.io-6f17d22bba15001f/rkyv-0.7.45/src/impls/rend.rs:119:22
[INFO] [stdout]     |
[INFO] [stdout] 119 | impl_rend_primitive!(NonZeroI64_le);
[INFO] [stdout]     |                      ^^^^^^^^^^^^^ within `LittleEndian<NonZero<i64>>`, the trait `ArchiveCopy` is not implemented for `NonZero<i64>`, which is required by `LittleEndian<NonZero<i64>>: ArchiveCopy`
[INFO] [stdout]     |
[INFO] [stdout] note: required because it appears within the type `LittleEndian<NonZero<i64>>`
[INFO] [stdout]    --> /opt/rustwide/cargo-home/registry/src/index.crates.io-6f17d22bba15001f/rend-0.4.2/src/lib.rs:113:12
[INFO] [stdout]     |
[INFO] [stdout] 113 | pub struct LittleEndian<T: Primitive> {
[INFO] [stdout]     |            ^^^^^^^^^^^^
[INFO] [stdout] note: required by a bound in `ArchiveCopySafe`
[INFO] [stdout]    --> /opt/rustwide/cargo-home/registry/src/index.crates.io-6f17d22bba15001f/rkyv-0.7.45/src/copy.rs:99:35
[INFO] [stdout]     |
[INFO] [stdout] 99  | pub unsafe trait ArchiveCopySafe: ArchiveCopy + Sized {}
[INFO] [stdout]     |                                   ^^^^^^^^^^^ required by this bound in `ArchiveCopySafe`
[INFO] [stdout] 
[INFO] [stdout] 
[INFO] [stdout] error[E0277]: the trait bound `NonZero<i128>: ArchiveCopy` is not satisfied in `LittleEndian<NonZero<i128>>`
[INFO] [stdout]    --> /opt/rustwide/cargo-home/registry/src/index.crates.io-6f17d22bba15001f/rkyv-0.7.45/src/impls/rend.rs:120:22
[INFO] [stdout]     |
[INFO] [stdout] 120 | impl_rend_primitive!(NonZeroI128_le);
[INFO] [stdout]     |                      ^^^^^^^^^^^^^^ within `LittleEndian<NonZero<i128>>`, the trait `ArchiveCopy` is not implemented for `NonZero<i128>`, which is required by `LittleEndian<NonZero<i128>>: ArchiveCopy`
[INFO] [stdout]     |
[INFO] [stdout] note: required because it appears within the type `LittleEndian<NonZero<i128>>`
[INFO] [stdout]    --> /opt/rustwide/cargo-home/registry/src/index.crates.io-6f17d22bba15001f/rend-0.4.2/src/lib.rs:113:12
[INFO] [stdout]     |
[INFO] [stdout] 113 | pub struct LittleEndian<T: Primitive> {
[INFO] [stdout]     |            ^^^^^^^^^^^^
[INFO] [stdout] note: required by a bound in `ArchiveCopySafe`
[INFO] [stdout]    --> /opt/rustwide/cargo-home/registry/src/index.crates.io-6f17d22bba15001f/rkyv-0.7.45/src/copy.rs:99:35
[INFO] [stdout]     |
[INFO] [stdout] 99  | pub unsafe trait ArchiveCopySafe: ArchiveCopy + Sized {}
[INFO] [stdout]     |                                   ^^^^^^^^^^^ required by this bound in `ArchiveCopySafe`
[INFO] [stdout] 
[INFO] [stdout] 
[INFO] [stdout] error[E0277]: the trait bound `NonZero<u16>: ArchiveCopy` is not satisfied in `LittleEndian<NonZero<u16>>`
[INFO] [stdout]    --> /opt/rustwide/cargo-home/registry/src/index.crates.io-6f17d22bba15001f/rkyv-0.7.45/src/impls/rend.rs:121:22
[INFO] [stdout]     |
[INFO] [stdout] 121 | impl_rend_primitive!(NonZeroU16_le);
[INFO] [stdout]     |                      ^^^^^^^^^^^^^ within `LittleEndian<NonZero<u16>>`, the trait `ArchiveCopy` is not implemented for `NonZero<u16>`, which is required by `LittleEndian<NonZero<u16>>: ArchiveCopy`
[INFO] [stdout]     |
[INFO] [stdout] note: required because it appears within the type `LittleEndian<NonZero<u16>>`
[INFO] [stdout]    --> /opt/rustwide/cargo-home/registry/src/index.crates.io-6f17d22bba15001f/rend-0.4.2/src/lib.rs:113:12
[INFO] [stdout]     |
[INFO] [stdout] 113 | pub struct LittleEndian<T: Primitive> {
[INFO] [stdout]     |            ^^^^^^^^^^^^
[INFO] [stdout] note: required by a bound in `ArchiveCopySafe`
[INFO] [stdout]    --> /opt/rustwide/cargo-home/registry/src/index.crates.io-6f17d22bba15001f/rkyv-0.7.45/src/copy.rs:99:35
[INFO] [stdout]     |
[INFO] [stdout] 99  | pub unsafe trait ArchiveCopySafe: ArchiveCopy + Sized {}
[INFO] [stdout]     |                                   ^^^^^^^^^^^ required by this bound in `ArchiveCopySafe`
[INFO] [stdout] 
[INFO] [stdout] 
[INFO] [stdout] error[E0277]: the trait bound `NonZero<u32>: ArchiveCopy` is not satisfied in `LittleEndian<NonZero<u32>>`
[INFO] [stdout]    --> /opt/rustwide/cargo-home/registry/src/index.crates.io-6f17d22bba15001f/rkyv-0.7.45/src/impls/rend.rs:122:22
[INFO] [stdout]     |
[INFO] [stdout] 122 | impl_rend_primitive!(NonZeroU32_le);
[INFO] [stdout]     |                      ^^^^^^^^^^^^^ within `LittleEndian<NonZero<u32>>`, the trait `ArchiveCopy` is not implemented for `NonZero<u32>`, which is required by `LittleEndian<NonZero<u32>>: ArchiveCopy`
[INFO] [stdout]     |
[INFO] [stdout] note: required because it appears within the type `LittleEndian<NonZero<u32>>`
[INFO] [stdout]    --> /opt/rustwide/cargo-home/registry/src/index.crates.io-6f17d22bba15001f/rend-0.4.2/src/lib.rs:113:12
[INFO] [stdout]     |
[INFO] [stdout] 113 | pub struct LittleEndian<T: Primitive> {
[INFO] [stdout]     |            ^^^^^^^^^^^^
[INFO] [stdout] note: required by a bound in `ArchiveCopySafe`
[INFO] [stdout]    --> /opt/rustwide/cargo-home/registry/src/index.crates.io-6f17d22bba15001f/rkyv-0.7.45/src/copy.rs:99:35
[INFO] [stdout]     |
[INFO] [stdout] 99  | pub unsafe trait ArchiveCopySafe: ArchiveCopy + Sized {}
[INFO] [stdout]     |                                   ^^^^^^^^^^^ required by this bound in `ArchiveCopySafe`
[INFO] [stdout] 
[INFO] [stdout] 
[INFO] [stdout] error[E0277]: the trait bound `NonZero<u64>: ArchiveCopy` is not satisfied in `LittleEndian<NonZero<u64>>`
[INFO] [stdout]    --> /opt/rustwide/cargo-home/registry/src/index.crates.io-6f17d22bba15001f/rkyv-0.7.45/src/impls/rend.rs:123:22
[INFO] [stdout]     |
[INFO] [stdout] 123 | impl_rend_primitive!(NonZeroU64_le);
[INFO] [stdout]     |                      ^^^^^^^^^^^^^ within `LittleEndian<NonZero<u64>>`, the trait `ArchiveCopy` is not implemented for `NonZero<u64>`, which is required by `LittleEndian<NonZero<u64>>: ArchiveCopy`
[INFO] [stdout]     |
[INFO] [stdout] note: required because it appears within the type `LittleEndian<NonZero<u64>>`
[INFO] [stdout]    --> /opt/rustwide/cargo-home/registry/src/index.crates.io-6f17d22bba15001f/rend-0.4.2/src/lib.rs:113:12
[INFO] [stdout]     |
[INFO] [stdout] 113 | pub struct LittleEndian<T: Primitive> {
[INFO] [stdout]     |            ^^^^^^^^^^^^
[INFO] [stdout] note: required by a bound in `ArchiveCopySafe`
[INFO] [stdout]    --> /opt/rustwide/cargo-home/registry/src/index.crates.io-6f17d22bba15001f/rkyv-0.7.45/src/copy.rs:99:35
[INFO] [stdout]     |
[INFO] [stdout] 99  | pub unsafe trait ArchiveCopySafe: ArchiveCopy + Sized {}
[INFO] [stdout]     |                                   ^^^^^^^^^^^ required by this bound in `ArchiveCopySafe`
[INFO] [stdout] 
[INFO] [stdout] 
[INFO] [stdout] error[E0277]: the trait bound `NonZero<u128>: ArchiveCopy` is not satisfied in `LittleEndian<NonZero<u128>>`
[INFO] [stdout]    --> /opt/rustwide/cargo-home/registry/src/index.crates.io-6f17d22bba15001f/rkyv-0.7.45/src/impls/rend.rs:124:22
[INFO] [stdout]     |
[INFO] [stdout] 124 | impl_rend_primitive!(NonZeroU128_le);
[INFO] [stdout]     |                      ^^^^^^^^^^^^^^ within `LittleEndian<NonZero<u128>>`, the trait `ArchiveCopy` is not implemented for `NonZero<u128>`, which is required by `LittleEndian<NonZero<u128>>: ArchiveCopy`
[INFO] [stdout]     |
[INFO] [stdout] note: required because it appears within the type `LittleEndian<NonZero<u128>>`
[INFO] [stdout]    --> /opt/rustwide/cargo-home/registry/src/index.crates.io-6f17d22bba15001f/rend-0.4.2/src/lib.rs:113:12
[INFO] [stdout]     |
[INFO] [stdout] 113 | pub struct LittleEndian<T: Primitive> {
[INFO] [stdout]     |            ^^^^^^^^^^^^
[INFO] [stdout] note: required by a bound in `ArchiveCopySafe`
[INFO] [stdout]    --> /opt/rustwide/cargo-home/registry/src/index.crates.io-6f17d22bba15001f/rkyv-0.7.45/src/copy.rs:99:35
[INFO] [stdout]     |
[INFO] [stdout] 99  | pub unsafe trait ArchiveCopySafe: ArchiveCopy + Sized {}
[INFO] [stdout]     |                                   ^^^^^^^^^^^ required by this bound in `ArchiveCopySafe`
[INFO] [stdout] 
[INFO] [stdout] 
[INFO] [stdout] For more information about this error, try `rustc --explain E0277`.
[INFO] [stdout] 
[INFO] [stderr] error: could not compile `rkyv` (lib) due to 26 previous errors
[INFO] running `Command { std: "docker" "inspect" "deec4d5df3ea303233e152e77c4f17eb4ee43763b62f67f1d2941e75ed1e8779", kill_on_drop: false }`
[INFO] running `Command { std: "docker" "rm" "-f" "deec4d5df3ea303233e152e77c4f17eb4ee43763b62f67f1d2941e75ed1e8779", kill_on_drop: false }`
[INFO] [stdout] deec4d5df3ea303233e152e77c4f17eb4ee43763b62f67f1d2941e75ed1e8779
