[INFO] fetching crate koto_runtime 0.14.1...
[INFO] testing koto_runtime-0.14.1 against nightly-2024-10-28+rustflags=-Zrandomize-layout for randomize-layout
[INFO] extracting crate koto_runtime 0.14.1 into /workspace/builds/worker-7-tc2/source
[INFO] validating manifest of crates.io crate koto_runtime 0.14.1 on toolchain nightly-2024-10-28
[INFO] running `Command { std: CARGO_HOME="/workspace/cargo-home" RUSTUP_HOME="/workspace/rustup-home" "/workspace/cargo-home/bin/cargo" "+nightly-2024-10-28" "metadata" "--manifest-path" "Cargo.toml" "--no-deps", kill_on_drop: false }`
[INFO] started tweaking crates.io crate koto_runtime 0.14.1
[INFO] finished tweaking crates.io crate koto_runtime 0.14.1
[INFO] tweaked toml for crates.io crate koto_runtime 0.14.1 written to /workspace/builds/worker-7-tc2/source/Cargo.toml
[INFO] running `Command { std: CARGO_HOME="/workspace/cargo-home" RUSTUP_HOME="/workspace/rustup-home" "/workspace/cargo-home/bin/cargo" "+nightly-2024-10-28" "generate-lockfile" "--manifest-path" "Cargo.toml", kill_on_drop: false }`
[INFO] [stderr]     Updating crates.io index
[INFO] [stderr]      Locking 63 packages to latest compatible versions
[INFO] [stderr]       Adding rustc-hash v1.1.0 (available: v2.0.0)
[INFO] running `Command { std: CARGO_HOME="/workspace/cargo-home" RUSTUP_HOME="/workspace/rustup-home" "/workspace/cargo-home/bin/cargo" "+nightly-2024-10-28" "fetch" "--manifest-path" "Cargo.toml", kill_on_drop: false }`
[INFO] running `Command { std: "docker" "create" "-v" "/var/lib/crater-agent-workspace/builds/worker-7-tc2/target:/opt/rustwide/target:rw,Z" "-v" "/var/lib/crater-agent-workspace/builds/worker-7-tc2/source:/opt/rustwide/workdir:ro,Z" "-v" "/var/lib/crater-agent-workspace/cargo-home:/opt/rustwide/cargo-home:ro,Z" "-v" "/var/lib/crater-agent-workspace/rustup-home:/opt/rustwide/rustup-home:ro,Z" "-e" "SOURCE_DIR=/opt/rustwide/workdir" "-e" "CARGO_TARGET_DIR=/opt/rustwide/target" "-e" "CARGO_HOME=/opt/rustwide/cargo-home" "-e" "RUSTUP_HOME=/opt/rustwide/rustup-home" "-w" "/opt/rustwide/workdir" "-m" "1610612736" "--user" "0:0" "--network" "none" "ghcr.io/rust-lang/crates-build-env/linux@sha256:4a844ea9eb2546a2d2c7022eacef16ef2e8229c7fbb2c7d4d55a9ceca922f72d" "/opt/rustwide/cargo-home/bin/cargo" "+nightly-2024-10-28" "metadata" "--no-deps" "--format-version=1", kill_on_drop: false }`
[INFO] [stdout] ccc7521a94c8ed7a96fbac6dc7a7e72ac548e9c4c9c168dc8be4a7ac3ac5581c
[INFO] running `Command { std: "docker" "start" "-a" "ccc7521a94c8ed7a96fbac6dc7a7e72ac548e9c4c9c168dc8be4a7ac3ac5581c", kill_on_drop: false }`
[INFO] running `Command { std: "docker" "inspect" "ccc7521a94c8ed7a96fbac6dc7a7e72ac548e9c4c9c168dc8be4a7ac3ac5581c", kill_on_drop: false }`
[INFO] running `Command { std: "docker" "rm" "-f" "ccc7521a94c8ed7a96fbac6dc7a7e72ac548e9c4c9c168dc8be4a7ac3ac5581c", kill_on_drop: false }`
[INFO] [stdout] ccc7521a94c8ed7a96fbac6dc7a7e72ac548e9c4c9c168dc8be4a7ac3ac5581c
[INFO] running `Command { std: "docker" "create" "-v" "/var/lib/crater-agent-workspace/builds/worker-7-tc2/target:/opt/rustwide/target:rw,Z" "-v" "/var/lib/crater-agent-workspace/builds/worker-7-tc2/source:/opt/rustwide/workdir:ro,Z" "-v" "/var/lib/crater-agent-workspace/cargo-home:/opt/rustwide/cargo-home:ro,Z" "-v" "/var/lib/crater-agent-workspace/rustup-home:/opt/rustwide/rustup-home:ro,Z" "-e" "SOURCE_DIR=/opt/rustwide/workdir" "-e" "CARGO_TARGET_DIR=/opt/rustwide/target" "-e" "CARGO_INCREMENTAL=0" "-e" "RUST_BACKTRACE=full" "-e" "RUSTFLAGS=--cap-lints=forbid -Zrandomize-layout" "-e" "RUSTDOCFLAGS=--cap-lints=forbid" "-e" "CARGO_HOME=/opt/rustwide/cargo-home" "-e" "RUSTUP_HOME=/opt/rustwide/rustup-home" "-w" "/opt/rustwide/workdir" "-m" "1610612736" "--user" "0:0" "--network" "none" "ghcr.io/rust-lang/crates-build-env/linux@sha256:4a844ea9eb2546a2d2c7022eacef16ef2e8229c7fbb2c7d4d55a9ceca922f72d" "/opt/rustwide/cargo-home/bin/cargo" "+nightly-2024-10-28" "build" "--frozen" "--message-format=json", kill_on_drop: false }`
[INFO] [stdout] 9656ff296790d632ea246a79d616b25b5cffbf889e6333be1f54d07323a282f9
[INFO] running `Command { std: "docker" "start" "-a" "9656ff296790d632ea246a79d616b25b5cffbf889e6333be1f54d07323a282f9", kill_on_drop: false }`
[INFO] [stderr]    Compiling lock_api v0.4.12
[INFO] [stderr]    Compiling parking_lot_core v0.9.10
[INFO] [stderr]    Compiling scopeguard v1.2.0
[INFO] [stderr]    Compiling smallvec v1.13.2
[INFO] [stderr]    Compiling unicode-width v0.1.14
[INFO] [stderr]    Compiling unicode-segmentation v1.12.0
[INFO] [stderr]    Compiling unicode-xid v0.2.6
[INFO] [stderr]    Compiling hashbrown v0.15.0
[INFO] [stderr]    Compiling dunce v1.0.5
[INFO] [stderr]    Compiling rustc-hash v1.1.0
[INFO] [stderr]    Compiling equivalent v1.0.1
[INFO] [stderr]    Compiling instant v0.1.13
[INFO] [stderr]    Compiling downcast-rs v1.2.1
[INFO] [stderr]    Compiling syn v2.0.86
[INFO] [stderr]    Compiling koto_lexer v0.14.1
[INFO] [stderr]    Compiling parking_lot v0.12.3
[INFO] [stderr]    Compiling indexmap v2.6.0
[INFO] [stderr]    Compiling koto_memory v0.14.1
[INFO] [stderr]    Compiling thiserror-impl v1.0.66
[INFO] [stderr]    Compiling koto_derive v0.14.1
[INFO] [stderr]    Compiling thiserror v1.0.66
[INFO] [stderr]    Compiling koto_parser v0.14.1
[INFO] [stderr]    Compiling koto_bytecode v0.14.1
[INFO] [stderr]    Compiling koto_runtime v0.14.1 (/opt/rustwide/workdir)
[INFO] [stdout] warning: use of deprecated associated function `chrono::NaiveDateTime::from_timestamp_opt`: use `DateTime::from_timestamp` instead
[INFO] [stdout]   --> src/core_lib/os.rs:56:30
[INFO] [stdout]    |
[INFO] [stdout] 56 |         match NaiveDateTime::from_timestamp_opt(seconds_i64, sub_nanos) {
[INFO] [stdout]    |                              ^^^^^^^^^^^^^^^^^^
[INFO] [stdout]    |
[INFO] [stdout]    = note: `#[warn(deprecated)]` on by default
[INFO] [stdout] 
[INFO] [stdout] 
[INFO] [stderr]     Finished `dev` profile [unoptimized + debuginfo] target(s) in 5.47s
[INFO] running `Command { std: "docker" "inspect" "9656ff296790d632ea246a79d616b25b5cffbf889e6333be1f54d07323a282f9", kill_on_drop: false }`
[INFO] running `Command { std: "docker" "rm" "-f" "9656ff296790d632ea246a79d616b25b5cffbf889e6333be1f54d07323a282f9", kill_on_drop: false }`
[INFO] [stdout] 9656ff296790d632ea246a79d616b25b5cffbf889e6333be1f54d07323a282f9
[INFO] running `Command { std: "docker" "create" "-v" "/var/lib/crater-agent-workspace/builds/worker-7-tc2/target:/opt/rustwide/target:rw,Z" "-v" "/var/lib/crater-agent-workspace/builds/worker-7-tc2/source:/opt/rustwide/workdir:ro,Z" "-v" "/var/lib/crater-agent-workspace/cargo-home:/opt/rustwide/cargo-home:ro,Z" "-v" "/var/lib/crater-agent-workspace/rustup-home:/opt/rustwide/rustup-home:ro,Z" "-e" "SOURCE_DIR=/opt/rustwide/workdir" "-e" "CARGO_TARGET_DIR=/opt/rustwide/target" "-e" "CARGO_INCREMENTAL=0" "-e" "RUST_BACKTRACE=full" "-e" "RUSTFLAGS=--cap-lints=forbid -Zrandomize-layout" "-e" "RUSTDOCFLAGS=--cap-lints=forbid" "-e" "CARGO_HOME=/opt/rustwide/cargo-home" "-e" "RUSTUP_HOME=/opt/rustwide/rustup-home" "-w" "/opt/rustwide/workdir" "-m" "1610612736" "--user" "0:0" "--network" "none" "ghcr.io/rust-lang/crates-build-env/linux@sha256:4a844ea9eb2546a2d2c7022eacef16ef2e8229c7fbb2c7d4d55a9ceca922f72d" "/opt/rustwide/cargo-home/bin/cargo" "+nightly-2024-10-28" "test" "--frozen" "--no-run" "--message-format=json", kill_on_drop: false }`
[INFO] [stdout] 005efd77b3cf22fa3701968f1602fdbe70ca3e31a1b042dfc75af071ed844c68
[INFO] running `Command { std: "docker" "start" "-a" "005efd77b3cf22fa3701968f1602fdbe70ca3e31a1b042dfc75af071ed844c68", kill_on_drop: false }`
[INFO] [stderr]    Compiling syn v2.0.86
[INFO] [stderr]    Compiling test-case-core v3.3.1
[INFO] [stderr]    Compiling thiserror-impl v1.0.66
[INFO] [stderr]    Compiling koto_derive v0.14.1
[INFO] [stderr]    Compiling test-case-macros v3.3.1
[INFO] [stderr]    Compiling test-case v3.3.1
[INFO] [stderr]    Compiling thiserror v1.0.66
[INFO] [stderr]    Compiling koto_parser v0.14.1
[INFO] [stderr]    Compiling koto_bytecode v0.14.1
[INFO] [stderr]    Compiling koto_runtime v0.14.1 (/opt/rustwide/workdir)
[INFO] [stdout] warning: use of deprecated associated function `chrono::NaiveDateTime::from_timestamp_opt`: use `DateTime::from_timestamp` instead
[INFO] [stdout]   --> src/core_lib/os.rs:56:30
[INFO] [stdout]    |
[INFO] [stdout] 56 |         match NaiveDateTime::from_timestamp_opt(seconds_i64, sub_nanos) {
[INFO] [stdout]    |                              ^^^^^^^^^^^^^^^^^^
[INFO] [stdout]    |
[INFO] [stdout]    = note: `#[warn(deprecated)]` on by default
[INFO] [stdout] 
[INFO] [stdout] 
[INFO] [stdout] warning: use of deprecated associated function `chrono::NaiveDateTime::from_timestamp_opt`: use `DateTime::from_timestamp` instead
[INFO] [stdout]   --> src/core_lib/os.rs:56:30
[INFO] [stdout]    |
[INFO] [stdout] 56 |         match NaiveDateTime::from_timestamp_opt(seconds_i64, sub_nanos) {
[INFO] [stdout]    |                              ^^^^^^^^^^^^^^^^^^
[INFO] [stdout]    |
[INFO] [stdout]    = note: `#[warn(deprecated)]` on by default
[INFO] [stdout] 
[INFO] [stdout] 
[INFO] [stdout] error[E0432]: unresolved import `koto_test_utils`
[INFO] [stdout]  --> tests/stdout.rs:3:5
[INFO] [stdout]   |
[INFO] [stdout] 3 | use koto_test_utils::OutputCapture;
[INFO] [stdout]   |     ^^^^^^^^^^^^^^^ use of undeclared crate or module `koto_test_utils`
[INFO] [stdout] 
[INFO] [stdout] 
[INFO] [stdout] error[E0432]: unresolved import `koto_test_utils`
[INFO] [stdout]  --> tests/runtime_failures.rs:4:9
[INFO] [stdout]   |
[INFO] [stdout] 4 |     use koto_test_utils::script_instructions;
[INFO] [stdout]   |         ^^^^^^^^^^^^^^^ use of undeclared crate or module `koto_test_utils`
[INFO] [stdout] 
[INFO] [stdout] 
[INFO] [stdout] error[E0432]: unresolved import `koto_test_utils`
[INFO] [stdout]  --> tests/iterator_tests.rs:2:5
[INFO] [stdout]   |
[INFO] [stdout] 2 | use koto_test_utils::*;
[INFO] [stdout]   |     ^^^^^^^^^^^^^^^ use of undeclared crate or module `koto_test_utils`
[INFO] [stdout] 
[INFO] [stdout] 
[INFO] [stdout] warning: unused import: `super::*`
[INFO] [stdout]   --> tests/iterator_tests.rs:36:13
[INFO] [stdout]    |
[INFO] [stdout] 36 |         use super::*;
[INFO] [stdout]    |             ^^^^^^^^
[INFO] [stdout]    |
[INFO] [stdout]    = note: `#[warn(unused_imports)]` on by default
[INFO] [stdout] 
[INFO] [stdout] 
[INFO] [stdout] warning: unused import: `super::*`
[INFO] [stdout]   --> tests/iterator_tests.rs:68:13
[INFO] [stdout]    |
[INFO] [stdout] 68 |         use super::*;
[INFO] [stdout]    |             ^^^^^^^^
[INFO] [stdout] 
[INFO] [stdout] 
[INFO] [stdout] warning: unused import: `super::*`
[INFO] [stdout]    --> tests/iterator_tests.rs:143:13
[INFO] [stdout]     |
[INFO] [stdout] 143 |         use super::*;
[INFO] [stdout]     |             ^^^^^^^^
[INFO] [stdout] 
[INFO] [stdout] 
[INFO] [stdout] warning: unused import: `super::*`
[INFO] [stdout]    --> tests/iterator_tests.rs:171:13
[INFO] [stdout]     |
[INFO] [stdout] 171 |         use super::*;
[INFO] [stdout]     |             ^^^^^^^^
[INFO] [stdout] 
[INFO] [stdout] 
[INFO] [stdout] warning: unused import: `super::*`
[INFO] [stdout]    --> tests/iterator_tests.rs:188:13
[INFO] [stdout]     |
[INFO] [stdout] 188 |         use super::*;
[INFO] [stdout]     |             ^^^^^^^^
[INFO] [stdout] 
[INFO] [stdout] 
[INFO] [stdout] warning: unused import: `super::*`
[INFO] [stdout]    --> tests/iterator_tests.rs:220:13
[INFO] [stdout]     |
[INFO] [stdout] 220 |         use super::*;
[INFO] [stdout]     |             ^^^^^^^^
[INFO] [stdout] 
[INFO] [stdout] 
[INFO] [stdout] warning: unused import: `super::*`
[INFO] [stdout]    --> tests/iterator_tests.rs:329:13
[INFO] [stdout]     |
[INFO] [stdout] 329 |         use super::*;
[INFO] [stdout]     |             ^^^^^^^^
[INFO] [stdout] 
[INFO] [stdout] 
[INFO] [stdout] warning: unused import: `super::*`
[INFO] [stdout]    --> tests/iterator_tests.rs:341:13
[INFO] [stdout]     |
[INFO] [stdout] 341 |         use super::*;
[INFO] [stdout]     |             ^^^^^^^^
[INFO] [stdout] 
[INFO] [stdout] 
[INFO] [stdout] warning: unused import: `super::*`
[INFO] [stdout]    --> tests/iterator_tests.rs:358:13
[INFO] [stdout]     |
[INFO] [stdout] 358 |         use super::*;
[INFO] [stdout]     |             ^^^^^^^^
[INFO] [stdout] 
[INFO] [stdout] 
[INFO] [stdout] warning: unused import: `super::*`
[INFO] [stdout]    --> tests/iterator_tests.rs:407:13
[INFO] [stdout]     |
[INFO] [stdout] 407 |         use super::*;
[INFO] [stdout]     |             ^^^^^^^^
[INFO] [stdout] 
[INFO] [stdout] 
[INFO] [stdout] warning: unused import: `super::*`
[INFO] [stdout]    --> tests/iterator_tests.rs:425:9
[INFO] [stdout]     |
[INFO] [stdout] 425 |     use super::*;
[INFO] [stdout]     |         ^^^^^^^^
[INFO] [stdout] 
[INFO] [stdout] 
[INFO] [stdout] warning: unused import: `super::*`
[INFO] [stdout]    --> tests/iterator_tests.rs:428:13
[INFO] [stdout]     |
[INFO] [stdout] 428 |         use super::*;
[INFO] [stdout]     |             ^^^^^^^^
[INFO] [stdout] 
[INFO] [stdout] 
[INFO] [stdout] warning: unused import: `super::*`
[INFO] [stdout]    --> tests/iterator_tests.rs:444:13
[INFO] [stdout]     |
[INFO] [stdout] 444 |         use super::*;
[INFO] [stdout]     |             ^^^^^^^^
[INFO] [stdout] 
[INFO] [stdout] 
[INFO] [stdout] warning: unused import: `super::*`
[INFO] [stdout]    --> tests/iterator_tests.rs:461:9
[INFO] [stdout]     |
[INFO] [stdout] 461 |     use super::*;
[INFO] [stdout]     |         ^^^^^^^^
[INFO] [stdout] 
[INFO] [stdout] 
[INFO] [stdout] warning: unused import: `super::*`
[INFO] [stdout]    --> tests/iterator_tests.rs:464:13
[INFO] [stdout]     |
[INFO] [stdout] 464 |         use super::*;
[INFO] [stdout]     |             ^^^^^^^^
[INFO] [stdout] 
[INFO] [stdout] 
[INFO] [stdout] warning: unused import: `super::*`
[INFO] [stdout]    --> tests/iterator_tests.rs:476:13
[INFO] [stdout]     |
[INFO] [stdout] 476 |         use super::*;
[INFO] [stdout]     |             ^^^^^^^^
[INFO] [stdout] 
[INFO] [stdout] 
[INFO] [stdout] warning: unused import: `super::*`
[INFO] [stdout]    --> tests/iterator_tests.rs:492:13
[INFO] [stdout]     |
[INFO] [stdout] 492 |         use super::*;
[INFO] [stdout]     |             ^^^^^^^^
[INFO] [stdout] 
[INFO] [stdout] 
[INFO] [stdout] warning: unused import: `super::*`
[INFO] [stdout]    --> tests/iterator_tests.rs:515:13
[INFO] [stdout]     |
[INFO] [stdout] 515 |         use super::*;
[INFO] [stdout]     |             ^^^^^^^^
[INFO] [stdout] 
[INFO] [stdout] 
[INFO] [stdout] warning: unused import: `super::*`
[INFO] [stdout]    --> tests/iterator_tests.rs:542:13
[INFO] [stdout]     |
[INFO] [stdout] 542 |         use super::*;
[INFO] [stdout]     |             ^^^^^^^^
[INFO] [stdout] 
[INFO] [stdout] 
[INFO] [stdout] error[E0432]: unresolved import `koto_test_utils`
[INFO] [stdout]  --> tests/object_tests.rs:4:9
[INFO] [stdout]   |
[INFO] [stdout] 4 |     use koto_test_utils::*;
[INFO] [stdout]   |         ^^^^^^^^^^^^^^^ use of undeclared crate or module `koto_test_utils`
[INFO] [stdout] 
[INFO] [stdout] 
[INFO] [stdout] For more information about this error, try `rustc --explain E0432`.
[INFO] [stdout] 
[INFO] [stdout] error[E0432]: unresolved import `koto_test_utils`
[INFO] [stdout]  --> tests/vm_tests.rs:3:9
[INFO] [stdout]   |
[INFO] [stdout] 3 |     use koto_test_utils::*;
[INFO] [stdout]   |         ^^^^^^^^^^^^^^^ use of undeclared crate or module `koto_test_utils`
[INFO] [stdout] 
[INFO] [stdout] 
[INFO] [stderr] error: could not compile `koto_runtime` (test "stdout") due to 1 previous error
[INFO] [stderr] warning: build failed, waiting for other jobs to finish...
[INFO] [stdout] For more information about this error, try `rustc --explain E0432`.
[INFO] [stdout] 
[INFO] [stderr] error: could not compile `koto_runtime` (test "runtime_failures") due to 1 previous error
[INFO] [stdout] For more information about this error, try `rustc --explain E0432`.
[INFO] [stdout] 
[INFO] [stdout] warning: unused import: `super::*`
[INFO] [stdout]   --> tests/vm_tests.rs:73:13
[INFO] [stdout]    |
[INFO] [stdout] 73 |         use super::*;
[INFO] [stdout]    |             ^^^^^^^^
[INFO] [stdout]    |
[INFO] [stdout]    = note: `#[warn(unused_imports)]` on by default
[INFO] [stdout] 
[INFO] [stdout] 
[INFO] [stdout] warning: unused import: `super::*`
[INFO] [stdout]    --> tests/vm_tests.rs:126:13
[INFO] [stdout]     |
[INFO] [stdout] 126 |         use super::*;
[INFO] [stdout]     |             ^^^^^^^^
[INFO] [stdout] 
[INFO] [stdout] 
[INFO] [stdout] warning: unused import: `super::*`
[INFO] [stdout]     --> tests/vm_tests.rs:1090:17
[INFO] [stdout]      |
[INFO] [stdout] 1090 |             use super::*;
[INFO] [stdout]      |                 ^^^^^^^^
[INFO] [stdout] 
[INFO] [stdout] 
[INFO] [stdout] warning: unused import: `super::*`
[INFO] [stdout]     --> tests/vm_tests.rs:1396:17
[INFO] [stdout]      |
[INFO] [stdout] 1396 |             use super::*;
[INFO] [stdout]      |                 ^^^^^^^^
[INFO] [stdout] 
[INFO] [stdout] 
[INFO] [stdout] warning: unused import: `super::*`
[INFO] [stdout]     --> tests/vm_tests.rs:1509:17
[INFO] [stdout]      |
[INFO] [stdout] 1509 |             use super::*;
[INFO] [stdout]      |                 ^^^^^^^^
[INFO] [stdout] 
[INFO] [stdout] 
[INFO] [stdout] warning: unused import: `super::*`
[INFO] [stdout]     --> tests/vm_tests.rs:1820:13
[INFO] [stdout]      |
[INFO] [stdout] 1820 |         use super::*;
[INFO] [stdout]      |             ^^^^^^^^
[INFO] [stdout] 
[INFO] [stdout] 
[INFO] [stdout] warning: unused import: `super::*`
[INFO] [stdout]     --> tests/vm_tests.rs:1898:13
[INFO] [stdout]      |
[INFO] [stdout] 1898 |         use super::*;
[INFO] [stdout]      |             ^^^^^^^^
[INFO] [stdout] 
[INFO] [stdout] 
[INFO] [stdout] warning: unused import: `super::*`
[INFO] [stdout]     --> tests/vm_tests.rs:2091:13
[INFO] [stdout]      |
[INFO] [stdout] 2091 |         use super::*;
[INFO] [stdout]      |             ^^^^^^^^
[INFO] [stdout] 
[INFO] [stdout] 
[INFO] [stdout] warning: unused import: `super::*`
[INFO] [stdout]     --> tests/vm_tests.rs:2358:13
[INFO] [stdout]      |
[INFO] [stdout] 2358 |         use super::*;
[INFO] [stdout]      |             ^^^^^^^^
[INFO] [stdout] 
[INFO] [stdout] 
[INFO] [stdout] warning: unused import: `super::*`
[INFO] [stdout]     --> tests/vm_tests.rs:2501:13
[INFO] [stdout]      |
[INFO] [stdout] 2501 |         use super::*;
[INFO] [stdout]      |             ^^^^^^^^
[INFO] [stdout] 
[INFO] [stdout] 
[INFO] [stdout] warning: unused import: `super::*`
[INFO] [stdout]     --> tests/vm_tests.rs:2582:13
[INFO] [stdout]      |
[INFO] [stdout] 2582 |         use super::*;
[INFO] [stdout]      |             ^^^^^^^^
[INFO] [stdout] 
[INFO] [stdout] 
[INFO] [stdout] warning: unused import: `super::*`
[INFO] [stdout]     --> tests/vm_tests.rs:2743:13
[INFO] [stdout]      |
[INFO] [stdout] 2743 |         use super::*;
[INFO] [stdout]      |             ^^^^^^^^
[INFO] [stdout] 
[INFO] [stdout] 
[INFO] [stdout] warning: unused import: `super::*`
[INFO] [stdout]     --> tests/vm_tests.rs:2783:13
[INFO] [stdout]      |
[INFO] [stdout] 2783 |         use super::*;
[INFO] [stdout]      |             ^^^^^^^^
[INFO] [stdout] 
[INFO] [stdout] 
[INFO] [stdout] warning: unused import: `super::*`
[INFO] [stdout]     --> tests/vm_tests.rs:2830:13
[INFO] [stdout]      |
[INFO] [stdout] 2830 |         use super::*;
[INFO] [stdout]      |             ^^^^^^^^
[INFO] [stdout] 
[INFO] [stdout] 
[INFO] [stdout] warning: unused import: `super::*`
[INFO] [stdout]     --> tests/vm_tests.rs:2920:13
[INFO] [stdout]      |
[INFO] [stdout] 2920 |         use super::*;
[INFO] [stdout]      |             ^^^^^^^^
[INFO] [stdout] 
[INFO] [stdout] 
[INFO] [stdout] warning: unused import: `super::*`
[INFO] [stdout]     --> tests/vm_tests.rs:3188:13
[INFO] [stdout]      |
[INFO] [stdout] 3188 |         use super::*;
[INFO] [stdout]      |             ^^^^^^^^
[INFO] [stdout] 
[INFO] [stdout] 
[INFO] [stdout] warning: unused import: `super::*`
[INFO] [stdout]     --> tests/vm_tests.rs:3221:13
[INFO] [stdout]      |
[INFO] [stdout] 3221 |         use super::*;
[INFO] [stdout]      |             ^^^^^^^^
[INFO] [stdout] 
[INFO] [stdout] 
[INFO] [stdout] warning: unused import: `super::*`
[INFO] [stdout]     --> tests/vm_tests.rs:3297:13
[INFO] [stdout]      |
[INFO] [stdout] 3297 |         use super::*;
[INFO] [stdout]      |             ^^^^^^^^
[INFO] [stdout] 
[INFO] [stdout] 
[INFO] [stdout] warning: unused import: `super::*`
[INFO] [stdout]     --> tests/vm_tests.rs:3326:13
[INFO] [stdout]      |
[INFO] [stdout] 3326 |         use super::*;
[INFO] [stdout]      |             ^^^^^^^^
[INFO] [stdout] 
[INFO] [stdout] 
[INFO] [stdout] warning: unused import: `super::*`
[INFO] [stdout]     --> tests/vm_tests.rs:3356:13
[INFO] [stdout]      |
[INFO] [stdout] 3356 |         use super::*;
[INFO] [stdout]      |             ^^^^^^^^
[INFO] [stdout] 
[INFO] [stdout] 
[INFO] [stdout] warning: unused import: `super::*`
[INFO] [stdout]     --> tests/vm_tests.rs:3376:13
[INFO] [stdout]      |
[INFO] [stdout] 3376 |         use super::*;
[INFO] [stdout]      |             ^^^^^^^^
[INFO] [stdout] 
[INFO] [stdout] 
[INFO] [stdout] warning: unused import: `super::*`
[INFO] [stdout]     --> tests/vm_tests.rs:3430:13
[INFO] [stdout]      |
[INFO] [stdout] 3430 |         use super::*;
[INFO] [stdout]      |             ^^^^^^^^
[INFO] [stdout] 
[INFO] [stdout] 
[INFO] [stdout] warning: unused import: `super::*`
[INFO] [stdout]     --> tests/vm_tests.rs:3482:13
[INFO] [stdout]      |
[INFO] [stdout] 3482 |         use super::*;
[INFO] [stdout]      |             ^^^^^^^^
[INFO] [stdout] 
[INFO] [stdout] 
[INFO] [stdout] warning: unused import: `super::*`
[INFO] [stdout]     --> tests/vm_tests.rs:3494:13
[INFO] [stdout]      |
[INFO] [stdout] 3494 |         use super::*;
[INFO] [stdout]      |             ^^^^^^^^
[INFO] [stdout] 
[INFO] [stdout] 
[INFO] [stderr] error: could not compile `koto_runtime` (test "iterator_tests") due to 1 previous error; 19 warnings emitted
[INFO] [stdout] For more information about this error, try `rustc --explain E0432`.
[INFO] [stdout] 
[INFO] [stderr] error: could not compile `koto_runtime` (test "object_tests") due to 1 previous error
[INFO] [stdout] For more information about this error, try `rustc --explain E0432`.
[INFO] [stdout] 
[INFO] [stderr] error: could not compile `koto_runtime` (test "vm_tests") due to 1 previous error; 24 warnings emitted
[INFO] running `Command { std: "docker" "inspect" "005efd77b3cf22fa3701968f1602fdbe70ca3e31a1b042dfc75af071ed844c68", kill_on_drop: false }`
[INFO] running `Command { std: "docker" "rm" "-f" "005efd77b3cf22fa3701968f1602fdbe70ca3e31a1b042dfc75af071ed844c68", kill_on_drop: false }`
[INFO] [stdout] 005efd77b3cf22fa3701968f1602fdbe70ca3e31a1b042dfc75af071ed844c68
