[INFO] fetching crate kona-mpt 0.0.4...
[INFO] testing kona-mpt-0.0.4 against nightly-2024-10-28 for randomize-layout
[INFO] extracting crate kona-mpt 0.0.4 into /workspace/builds/worker-5-tc1/source
[INFO] validating manifest of crates.io crate kona-mpt 0.0.4 on toolchain nightly-2024-10-28
[INFO] running `Command { std: CARGO_HOME="/workspace/cargo-home" RUSTUP_HOME="/workspace/rustup-home" "/workspace/cargo-home/bin/cargo" "+nightly-2024-10-28" "metadata" "--manifest-path" "Cargo.toml" "--no-deps", kill_on_drop: false }`
[INFO] started tweaking crates.io crate kona-mpt 0.0.4
[INFO] finished tweaking crates.io crate kona-mpt 0.0.4
[INFO] tweaked toml for crates.io crate kona-mpt 0.0.4 written to /workspace/builds/worker-5-tc1/source/Cargo.toml
[INFO] running `Command { std: CARGO_HOME="/workspace/cargo-home" RUSTUP_HOME="/workspace/rustup-home" "/workspace/cargo-home/bin/cargo" "+nightly-2024-10-28" "generate-lockfile" "--manifest-path" "Cargo.toml", kill_on_drop: false }`
[INFO] [stderr]     Updating crates.io index
[INFO] [stderr]      Locking 372 packages to latest compatible versions
[INFO] running `Command { std: CARGO_HOME="/workspace/cargo-home" RUSTUP_HOME="/workspace/rustup-home" "/workspace/cargo-home/bin/cargo" "+nightly-2024-10-28" "fetch" "--manifest-path" "Cargo.toml", kill_on_drop: false }`
[INFO] [stderr]  Downloading crates ...
[INFO] [stderr]   Downloaded symbolic-common v12.12.0
[INFO] [stderr]   Downloaded alloy-json-rpc v0.5.4
[INFO] [stderr]   Downloaded alloy-transport-http v0.5.4
[INFO] [stderr]   Downloaded wasmtimer v0.2.1
[INFO] [stderr]   Downloaded alloy-eip7702 v0.3.2
[INFO] [stderr]   Downloaded alloy-signer v0.5.4
[INFO] [stderr]   Downloaded alloy-network-primitives v0.5.4
[INFO] [stderr]   Downloaded alloy-trie v0.7.2
[INFO] [stderr]   Downloaded alloy-network v0.5.4
[INFO] [stderr]   Downloaded alloy-serde v0.5.4
[INFO] [stderr]   Downloaded alloy-rpc-client v0.5.4
[INFO] [stderr]   Downloaded alloy-provider v0.5.4
[INFO] [stderr]   Downloaded alloy-consensus v0.5.4
[INFO] [stderr]   Downloaded alloy-rpc-types-eth v0.5.4
[INFO] [stderr]   Downloaded alloy-rpc-types v0.5.4
[INFO] [stderr]   Downloaded alloy-transport v0.5.4
[INFO] [stderr]   Downloaded nybbles v0.2.1
[INFO] [stderr]   Downloaded symbolic-demangle v12.12.0
[INFO] [stderr]   Downloaded alloy-eips v0.5.4
[INFO] running `Command { std: "docker" "create" "-v" "/var/lib/crater-agent-workspace/builds/worker-5-tc1/target:/opt/rustwide/target:rw,Z" "-v" "/var/lib/crater-agent-workspace/builds/worker-5-tc1/source:/opt/rustwide/workdir:ro,Z" "-v" "/var/lib/crater-agent-workspace/cargo-home:/opt/rustwide/cargo-home:ro,Z" "-v" "/var/lib/crater-agent-workspace/rustup-home:/opt/rustwide/rustup-home:ro,Z" "-e" "SOURCE_DIR=/opt/rustwide/workdir" "-e" "CARGO_TARGET_DIR=/opt/rustwide/target" "-e" "CARGO_HOME=/opt/rustwide/cargo-home" "-e" "RUSTUP_HOME=/opt/rustwide/rustup-home" "-w" "/opt/rustwide/workdir" "-m" "1610612736" "--user" "0:0" "--network" "none" "ghcr.io/rust-lang/crates-build-env/linux@sha256:4a844ea9eb2546a2d2c7022eacef16ef2e8229c7fbb2c7d4d55a9ceca922f72d" "/opt/rustwide/cargo-home/bin/cargo" "+nightly-2024-10-28" "metadata" "--no-deps" "--format-version=1", kill_on_drop: false }`
[INFO] [stdout] 775b8f82dc58dbe9dff8b0b8b0f9525997e310c3967aad1723349584cb2cac76
[INFO] running `Command { std: "docker" "start" "-a" "775b8f82dc58dbe9dff8b0b8b0f9525997e310c3967aad1723349584cb2cac76", kill_on_drop: false }`
[INFO] running `Command { std: "docker" "inspect" "775b8f82dc58dbe9dff8b0b8b0f9525997e310c3967aad1723349584cb2cac76", kill_on_drop: false }`
[INFO] running `Command { std: "docker" "rm" "-f" "775b8f82dc58dbe9dff8b0b8b0f9525997e310c3967aad1723349584cb2cac76", kill_on_drop: false }`
[INFO] [stdout] 775b8f82dc58dbe9dff8b0b8b0f9525997e310c3967aad1723349584cb2cac76
[INFO] running `Command { std: "docker" "create" "-v" "/var/lib/crater-agent-workspace/builds/worker-5-tc1/target:/opt/rustwide/target:rw,Z" "-v" "/var/lib/crater-agent-workspace/builds/worker-5-tc1/source:/opt/rustwide/workdir:ro,Z" "-v" "/var/lib/crater-agent-workspace/cargo-home:/opt/rustwide/cargo-home:ro,Z" "-v" "/var/lib/crater-agent-workspace/rustup-home:/opt/rustwide/rustup-home:ro,Z" "-e" "SOURCE_DIR=/opt/rustwide/workdir" "-e" "CARGO_TARGET_DIR=/opt/rustwide/target" "-e" "CARGO_INCREMENTAL=0" "-e" "RUST_BACKTRACE=full" "-e" "RUSTFLAGS=--cap-lints=forbid" "-e" "RUSTDOCFLAGS=--cap-lints=forbid" "-e" "CARGO_HOME=/opt/rustwide/cargo-home" "-e" "RUSTUP_HOME=/opt/rustwide/rustup-home" "-w" "/opt/rustwide/workdir" "-m" "1610612736" "--user" "0:0" "--network" "none" "ghcr.io/rust-lang/crates-build-env/linux@sha256:4a844ea9eb2546a2d2c7022eacef16ef2e8229c7fbb2c7d4d55a9ceca922f72d" "/opt/rustwide/cargo-home/bin/cargo" "+nightly-2024-10-28" "build" "--frozen" "--message-format=json", kill_on_drop: false }`
[INFO] [stdout] 65f55a64616bd6bd891c3559acaa9377d6042b19a606a69ff47e750b7b37cb2c
[INFO] running `Command { std: "docker" "start" "-a" "65f55a64616bd6bd891c3559acaa9377d6042b19a606a69ff47e750b7b37cb2c", kill_on_drop: false }`
[INFO] [stderr]    Compiling crunchy v0.2.2
[INFO] [stderr]    Compiling cpufeatures v0.2.14
[INFO] [stderr]    Compiling generic-array v0.14.7
[INFO] [stderr]    Compiling alloy-rlp-derive v0.3.9
[INFO] [stderr]    Compiling tiny-keccak v2.0.2
[INFO] [stderr]    Compiling bytes v1.8.0
[INFO] [stderr]    Compiling ruint-macro v1.2.1
[INFO] [stderr]    Compiling hex-literal v0.4.1
[INFO] [stderr]    Compiling tracing-core v0.1.32
[INFO] [stderr]    Compiling derive_more-impl v1.0.0
[INFO] [stderr]    Compiling hashbrown v0.15.0
[INFO] [stderr]    Compiling smallvec v1.13.2
[INFO] [stderr]    Compiling auto_impl v1.2.0
[INFO] [stderr]    Compiling const-hex v1.13.1
[INFO] [stderr]    Compiling nybbles v0.2.1
[INFO] [stderr]    Compiling tracing v0.1.40
[INFO] [stderr]    Compiling alloy-rlp v0.3.9
[INFO] [stderr]    Compiling ruint v1.12.3
[INFO] [stderr]    Compiling block-buffer v0.10.4
[INFO] [stderr]    Compiling crypto-common v0.1.6
[INFO] [stderr]    Compiling digest v0.10.7
[INFO] [stderr]    Compiling sha2 v0.10.8
[INFO] [stderr]    Compiling derive_more v1.0.0
[INFO] [stderr]    Compiling alloy-primitives v0.8.10
[INFO] [stderr]    Compiling alloy-eip7702 v0.3.2
[INFO] [stderr]    Compiling alloy-eip2930 v0.1.0
[INFO] [stderr]    Compiling alloy-trie v0.7.2
[INFO] [stderr]    Compiling alloy-eips v0.5.4
[INFO] [stderr]    Compiling alloy-consensus v0.5.4
[INFO] [stderr]    Compiling kona-mpt v0.0.4 (/opt/rustwide/workdir)
[INFO] [stderr]     Finished `dev` profile [unoptimized + debuginfo] target(s) in 7.62s
[INFO] running `Command { std: "docker" "inspect" "65f55a64616bd6bd891c3559acaa9377d6042b19a606a69ff47e750b7b37cb2c", kill_on_drop: false }`
[INFO] running `Command { std: "docker" "rm" "-f" "65f55a64616bd6bd891c3559acaa9377d6042b19a606a69ff47e750b7b37cb2c", kill_on_drop: false }`
[INFO] [stdout] 65f55a64616bd6bd891c3559acaa9377d6042b19a606a69ff47e750b7b37cb2c
[INFO] running `Command { std: "docker" "create" "-v" "/var/lib/crater-agent-workspace/builds/worker-5-tc1/target:/opt/rustwide/target:rw,Z" "-v" "/var/lib/crater-agent-workspace/builds/worker-5-tc1/source:/opt/rustwide/workdir:ro,Z" "-v" "/var/lib/crater-agent-workspace/cargo-home:/opt/rustwide/cargo-home:ro,Z" "-v" "/var/lib/crater-agent-workspace/rustup-home:/opt/rustwide/rustup-home:ro,Z" "-e" "SOURCE_DIR=/opt/rustwide/workdir" "-e" "CARGO_TARGET_DIR=/opt/rustwide/target" "-e" "CARGO_INCREMENTAL=0" "-e" "RUST_BACKTRACE=full" "-e" "RUSTFLAGS=--cap-lints=forbid" "-e" "RUSTDOCFLAGS=--cap-lints=forbid" "-e" "CARGO_HOME=/opt/rustwide/cargo-home" "-e" "RUSTUP_HOME=/opt/rustwide/rustup-home" "-w" "/opt/rustwide/workdir" "-m" "1610612736" "--user" "0:0" "--network" "none" "ghcr.io/rust-lang/crates-build-env/linux@sha256:4a844ea9eb2546a2d2c7022eacef16ef2e8229c7fbb2c7d4d55a9ceca922f72d" "/opt/rustwide/cargo-home/bin/cargo" "+nightly-2024-10-28" "test" "--frozen" "--no-run" "--message-format=json", kill_on_drop: false }`
[INFO] [stdout] 329dcd17ee410bbdd39e1428b8f35efc35af76b1c8f5345760f44cf901428447
[INFO] running `Command { std: "docker" "start" "-a" "329dcd17ee410bbdd39e1428b8f35efc35af76b1c8f5345760f44cf901428447", kill_on_drop: false }`
[INFO] [stderr]    Compiling libc v0.2.161
[INFO] [stderr]    Compiling zeroize v1.8.1
[INFO] [stderr]    Compiling subtle v2.6.1
[INFO] [stderr]    Compiling const-oid v0.9.6
[INFO] [stderr]    Compiling generic-array v0.14.7
[INFO] [stderr]    Compiling arrayvec v0.7.6
[INFO] [stderr]    Compiling base16ct v0.2.0
[INFO] [stderr]    Compiling futures-core v0.3.31
[INFO] [stderr]    Compiling serde_json v1.0.132
[INFO] [stderr]    Compiling serde_derive v1.0.214
[INFO] [stderr]    Compiling futures-sink v0.3.31
[INFO] [stderr]    Compiling cc v1.1.31
[INFO] [stderr]    Compiling tracing v0.1.40
[INFO] [stderr]    Compiling tokio-macros v2.4.0
[INFO] [stderr]    Compiling futures-macro v0.3.31
[INFO] [stderr]    Compiling syn-solidity v0.8.10
[INFO] [stderr]    Compiling futures-channel v0.3.31
[INFO] [stderr]    Compiling der v0.7.9
[INFO] [stderr]    Compiling proc-macro-error-attr2 v2.0.0
[INFO] [stderr]    Compiling const-hex v1.13.1
[INFO] [stderr]    Compiling dunce v1.0.5
[INFO] [stderr]    Compiling zerocopy-derive v0.7.35
[INFO] [stderr]    Compiling thiserror v1.0.66
[INFO] [stderr]    Compiling vcpkg v0.2.15
[INFO] [stderr]    Compiling bitflags v2.6.0
[INFO] [stderr]    Compiling thiserror-impl v1.0.66
[INFO] [stderr]    Compiling tower-service v0.3.3
[INFO] [stderr]    Compiling libm v0.2.11
[INFO] [stderr]    Compiling num-traits v0.2.19
[INFO] [stderr]    Compiling httparse v1.9.5
[INFO] [stderr]    Compiling openssl v0.10.68
[INFO] [stderr]    Compiling proc-macro-error2 v2.0.1
[INFO] [stderr]    Compiling rustix v0.38.38
[INFO] [stderr]    Compiling url v2.5.2
[INFO] [stderr]    Compiling openssl-macros v0.1.1
[INFO] [stderr]    Compiling crypto-common v0.1.6
[INFO] [stderr]    Compiling block-buffer v0.10.4
[INFO] [stderr]    Compiling atomic-waker v1.1.2
[INFO] [stderr]    Compiling digest v0.10.7
[INFO] [stderr]    Compiling try-lock v0.2.5
[INFO] [stderr]    Compiling futures-util v0.3.31
[INFO] [stderr]    Compiling regex-syntax v0.8.5
[INFO] [stderr]    Compiling native-tls v0.2.12
[INFO] [stderr]    Compiling linux-raw-sys v0.4.14
[INFO] [stderr]    Compiling futures-utils-wasm v0.1.0
[INFO] [stderr]    Compiling sync_wrapper v0.1.2
[INFO] [stderr]    Compiling tower-layer v0.3.3
[INFO] [stderr]    Compiling hmac v0.12.1
[INFO] [stderr]    Compiling sha2 v0.10.8
[INFO] [stderr]    Compiling want v0.3.1
[INFO] [stderr]    Compiling rfc6979 v0.4.0
[INFO] [stderr]    Compiling itertools v0.13.0
[INFO] [stderr]    Compiling fastrand v2.1.1
[INFO] [stderr]    Compiling zerocopy v0.7.35
[INFO] [stderr]    Compiling uuid v1.11.0
[INFO] [stderr]    Compiling cpp_demangle v0.4.4
[INFO] [stderr]    Compiling sec1 v0.7.3
[INFO] [stderr]    Compiling spki v0.7.3
[INFO] [stderr]    Compiling ppv-lite86 v0.2.20
[INFO] [stderr]    Compiling openssl-sys v0.9.104
[INFO] [stderr]    Compiling findshlibs v0.10.2
[INFO] [stderr]    Compiling debugid v0.8.0
[INFO] [stderr]    Compiling getrandom v0.2.15
[INFO] [stderr]    Compiling parking_lot_core v0.9.10
[INFO] [stderr]    Compiling signal-hook-registry v1.4.2
[INFO] [stderr]    Compiling mio v1.0.2
[INFO] [stderr]    Compiling rand_core v0.6.4
[INFO] [stderr]    Compiling socket2 v0.5.7
[INFO] [stderr]    Compiling ahash v0.8.11
[INFO] [stderr]    Compiling is-terminal v0.4.13
[INFO] [stderr]    Compiling memmap2 v0.9.5
[INFO] [stderr]    Compiling ff v0.13.0
[INFO] [stderr]    Compiling crypto-bigint v0.5.5
[INFO] [stderr]    Compiling signature v2.2.0
[INFO] [stderr]    Compiling group v0.13.0
[INFO] [stderr]    Compiling parking_lot v0.12.3
[INFO] [stderr]    Compiling pin-project-internal v1.1.7
[INFO] [stderr]    Compiling async-trait v0.1.83
[INFO] [stderr]    Compiling num_enum_derive v0.7.3
[INFO] [stderr]    Compiling stable_deref_trait v1.2.0
[INFO] [stderr]    Compiling gimli v0.31.1
[INFO] [stderr]    Compiling symbolic-demangle v12.12.0
[INFO] [stderr]    Compiling adler2 v2.0.0
[INFO] [stderr]    Compiling rustc-demangle v0.1.24
[INFO] [stderr]    Compiling miniz_oxide v0.8.0
[INFO] [stderr]    Compiling symbolic-common v12.12.0
[INFO] [stderr]    Compiling strum v0.26.3
[INFO] [stderr]    Compiling regex-automata v0.4.8
[INFO] [stderr]    Compiling plotters v0.3.7
[INFO] [stderr]    Compiling alloy-sol-macro-input v0.8.10
[INFO] [stderr]    Compiling rand_chacha v0.3.1
[INFO] [stderr]    Compiling wait-timeout v0.2.0
[INFO] [stderr]    Compiling alloy-sol-macro-expander v0.8.10
[INFO] [stderr]    Compiling tempfile v3.13.0
[INFO] [stderr]    Compiling pin-project v1.1.7
[INFO] [stderr]    Compiling num_enum v0.7.3
[INFO] [stderr]    Compiling num-format v0.4.4
[INFO] [stderr]    Compiling serde v1.0.214
[INFO] [stderr]    Compiling async-stream-impl v0.3.6
[INFO] [stderr]    Compiling object v0.36.5
[INFO] [stderr]    Compiling elliptic-curve v0.13.8
[INFO] [stderr]    Compiling tower v0.5.1
[INFO] [stderr]    Compiling futures-executor v0.3.31
[INFO] [stderr]    Compiling quick-error v1.2.3
[INFO] [stderr]    Compiling pprof v0.13.0
[INFO] [stderr]    Compiling str_stack v0.1.0
[INFO] [stderr]    Compiling futures v0.3.31
[INFO] [stderr]    Compiling rustls-pki-types v1.10.0
[INFO] [stderr]    Compiling anyhow v1.0.92
[INFO] [stderr]    Compiling bit-vec v0.6.3
[INFO] [stderr]    Compiling hashbrown v0.13.2
[INFO] [stderr]    Compiling ecdsa v0.16.9
[INFO] [stderr]    Compiling regex v1.11.1
[INFO] [stderr]    Compiling dashmap v6.1.0
[INFO] [stderr]    Compiling bit-set v0.5.3
[INFO] [stderr]    Compiling async-stream v0.3.6
[INFO] [stderr]    Compiling addr2line v0.24.2
[INFO] [stderr]    Compiling rustls-pemfile v2.2.0
[INFO] [stderr]    Compiling rusty-fork v0.3.0
[INFO] [stderr]    Compiling nix v0.26.4
[INFO] [stderr]    Compiling k256 v0.13.4
[INFO] [stderr]    Compiling schnellru v0.2.3
[INFO] [stderr]    Compiling rand v0.8.5
[INFO] [stderr]    Compiling rand_xorshift v0.3.0
[INFO] [stderr]    Compiling sync_wrapper v1.0.1
[INFO] [stderr]    Compiling encoding_rs v0.8.35
[INFO] [stderr]    Compiling unarray v0.1.4
[INFO] [stderr]    Compiling ipnet v2.10.1
[INFO] [stderr]    Compiling tracing-subscriber v0.3.18
[INFO] [stderr]    Compiling proptest v1.5.0
[INFO] [stderr]    Compiling alloy-sol-macro v0.8.10
[INFO] [stderr]    Compiling bytes v1.8.0
[INFO] [stderr]    Compiling hashbrown v0.15.0
[INFO] [stderr]    Compiling ciborium v0.2.2
[INFO] [stderr]    Compiling serde_urlencoded v0.7.1
[INFO] [stderr]    Compiling nybbles v0.2.1
[INFO] [stderr]    Compiling alloy-rlp v0.3.9
[INFO] [stderr]    Compiling tokio v1.41.0
[INFO] [stderr]    Compiling http v1.1.0
[INFO] [stderr]    Compiling ruint v1.12.3
[INFO] [stderr]    Compiling indexmap v2.6.0
[INFO] [stderr]    Compiling lru v0.12.5
[INFO] [stderr]    Compiling backtrace v0.3.74
[INFO] [stderr]    Compiling tinytemplate v1.2.1
[INFO] [stderr]    Compiling http-body v1.0.1
[INFO] [stderr]    Compiling criterion v0.5.1
[INFO] [stderr]    Compiling alloy-primitives v0.8.10
[INFO] [stderr]    Compiling inferno v0.11.21
[INFO] [stderr]    Compiling http-body-util v0.1.2
[INFO] [stderr]    Compiling alloy-eip7702 v0.3.2
[INFO] [stderr]    Compiling alloy-serde v0.5.4
[INFO] [stderr]    Compiling alloy-eip2930 v0.1.0
[INFO] [stderr]    Compiling alloy-sol-types v0.8.10
[INFO] [stderr]    Compiling alloy-signer v0.5.4
[INFO] [stderr]    Compiling alloy-chains v0.1.45
[INFO] [stderr]    Compiling alloy-trie v0.7.2
[INFO] [stderr]    Compiling alloy-eips v0.5.4
[INFO] [stderr]    Compiling alloy-consensus v0.5.4
[INFO] [stderr]    Compiling alloy-network-primitives v0.5.4
[INFO] [stderr]    Compiling kona-mpt v0.0.4 (/opt/rustwide/workdir)
[INFO] [stderr]    Compiling tokio-util v0.7.12
[INFO] [stderr]    Compiling tokio-native-tls v0.3.1
[INFO] [stderr]    Compiling h2 v0.4.6
[INFO] [stderr]    Compiling tokio-stream v0.1.16
[INFO] [stderr]    Compiling hyper v1.5.0
[INFO] [stderr]    Compiling hyper-util v0.1.10
[INFO] [stderr]    Compiling hyper-tls v0.6.0
[INFO] [stderr]    Compiling alloy-json-rpc v0.5.4
[INFO] [stderr]    Compiling alloy-rpc-types-eth v0.5.4
[INFO] [stderr]    Compiling reqwest v0.12.9
[INFO] [stderr]    Compiling alloy-transport v0.5.4
[INFO] [stderr]    Compiling alloy-transport-http v0.5.4
[INFO] [stderr]    Compiling alloy-rpc-client v0.5.4
[INFO] [stderr]    Compiling alloy-network v0.5.4
[INFO] [stderr]    Compiling alloy-rpc-types v0.5.4
[INFO] [stderr]    Compiling alloy-provider v0.5.4
[INFO] [stdout] error[E0599]: no method named `on_http` found for struct `ProviderBuilder` in the current scope
[INFO] [stdout]   --> src/test_util.rs:18:43
[INFO] [stdout]    |
[INFO] [stdout] 18 |     let provider = ProviderBuilder::new().on_http(Url::parse(RPC_URL).expect("invalid rpc url"));
[INFO] [stdout]    |                                           ^^^^^^^ method not found in `ProviderBuilder<Identity, Identity>`
[INFO] [stdout] 
[INFO] [stdout] 
[INFO] [stdout] error[E0282]: type annotations needed
[INFO] [stdout]   --> src/test_util.rs:24:19
[INFO] [stdout]    |
[INFO] [stdout] 24 |         .map_err(|e| anyhow!(e))?
[INFO] [stdout]    |                   ^  ---------- type must be known at this point
[INFO] [stdout]    |
[INFO] [stdout] help: consider giving this closure parameter an explicit type
[INFO] [stdout]    |
[INFO] [stdout] 24 |         .map_err(|e: /* Type */| anyhow!(e))?
[INFO] [stdout]    |                    ++++++++++++
[INFO] [stdout] 
[INFO] [stdout] 
[INFO] [stdout] error[E0282]: type annotations needed
[INFO] [stdout]   --> src/test_util.rs:29:19
[INFO] [stdout]    |
[INFO] [stdout] 29 |         .map_err(|e| anyhow!(e))?
[INFO] [stdout]    |                   ^  ---------- type must be known at this point
[INFO] [stdout]    |
[INFO] [stdout] help: consider giving this closure parameter an explicit type
[INFO] [stdout]    |
[INFO] [stdout] 29 |         .map_err(|e: /* Type */| anyhow!(e))?
[INFO] [stdout]    |                    ++++++++++++
[INFO] [stdout] 
[INFO] [stdout] 
[INFO] [stdout] error[E0282]: type annotations needed for `&_`
[INFO] [stdout]   --> src/test_util.rs:62:65
[INFO] [stdout]    |
[INFO] [stdout] 62 |         ordered_trie_with_encoder(consensus_receipts.as_ref(), |rlp, buf| rlp.encode_2718(buf));
[INFO] [stdout]    |                                                                 ^^^           ----------- type must be known at this point
[INFO] [stdout]    |
[INFO] [stdout] help: consider giving this closure parameter an explicit type, where the type for type parameter `T` is specified
[INFO] [stdout]    |
[INFO] [stdout] 62 |         ordered_trie_with_encoder(consensus_receipts.as_ref(), |rlp: &T, buf| rlp.encode_2718(buf));
[INFO] [stdout]    |                                                                    ++++
[INFO] [stdout] 
[INFO] [stdout] 
[INFO] [stdout] error[E0599]: no method named `on_http` found for struct `ProviderBuilder` in the current scope
[INFO] [stdout]   --> src/test_util.rs:84:43
[INFO] [stdout]    |
[INFO] [stdout] 84 |     let provider = ProviderBuilder::new().on_http(Url::parse(RPC_URL).expect("invalid rpc url"));
[INFO] [stdout]    |                                           ^^^^^^^ method not found in `ProviderBuilder<Identity, Identity>`
[INFO] [stdout] 
[INFO] [stdout] 
[INFO] [stdout] error[E0282]: type annotations needed
[INFO] [stdout]   --> src/test_util.rs:90:19
[INFO] [stdout]    |
[INFO] [stdout] 90 |         .map_err(|e| anyhow!(e))?
[INFO] [stdout]    |                   ^  ---------- type must be known at this point
[INFO] [stdout]    |
[INFO] [stdout] help: consider giving this closure parameter an explicit type
[INFO] [stdout]    |
[INFO] [stdout] 90 |         .map_err(|e: /* Type */| anyhow!(e))?
[INFO] [stdout]    |                    ++++++++++++
[INFO] [stdout] 
[INFO] [stdout] 
[INFO] [stdout] error[E0282]: type annotations needed
[INFO] [stdout]   --> src/test_util.rs:98:53
[INFO] [stdout]    |
[INFO] [stdout] 98 |         .map(|tx| TxEnvelope::try_from(tx).map_err(|e| anyhow!(e)))
[INFO] [stdout]    |                                                     ^  ---------- type must be known at this point
[INFO] [stdout]    |
[INFO] [stdout] help: consider giving this closure parameter an explicit type
[INFO] [stdout]    |
[INFO] [stdout] 98 |         .map(|tx| TxEnvelope::try_from(tx).map_err(|e: /* Type */| anyhow!(e)))
[INFO] [stdout]    |                                                      ++++++++++++
[INFO] [stdout] 
[INFO] [stdout] 
[INFO] [stdout] error[E0282]: type annotations needed for `&_`
[INFO] [stdout]    --> src/test_util.rs:103:60
[INFO] [stdout]     |
[INFO] [stdout] 103 |         ordered_trie_with_encoder(consensus_txs.as_ref(), |rlp, buf| rlp.encode_2718(buf));
[INFO] [stdout]     |                                                            ^^^           ----------- type must be known at this point
[INFO] [stdout]     |
[INFO] [stdout] help: consider giving this closure parameter an explicit type, where the type for type parameter `T` is specified
[INFO] [stdout]     |
[INFO] [stdout] 103 |         ordered_trie_with_encoder(consensus_txs.as_ref(), |rlp: &T, buf| rlp.encode_2718(buf));
[INFO] [stdout]     |                                                               ++++
[INFO] [stdout] 
[INFO] [stdout] 
[INFO] [stdout] Some errors have detailed explanations: E0282, E0599.
[INFO] [stdout] 
[INFO] [stdout] For more information about an error, try `rustc --explain E0282`.
[INFO] [stdout] 
[INFO] [stderr] error: could not compile `kona-mpt` (lib test) due to 8 previous errors
[INFO] running `Command { std: "docker" "inspect" "329dcd17ee410bbdd39e1428b8f35efc35af76b1c8f5345760f44cf901428447", kill_on_drop: false }`
[INFO] running `Command { std: "docker" "rm" "-f" "329dcd17ee410bbdd39e1428b8f35efc35af76b1c8f5345760f44cf901428447", kill_on_drop: false }`
[INFO] [stdout] 329dcd17ee410bbdd39e1428b8f35efc35af76b1c8f5345760f44cf901428447
