[INFO] fetching crate kneed_rs 0.0.0...
[INFO] testing kneed_rs-0.0.0 against nightly-2024-10-28 for randomize-layout
[INFO] extracting crate kneed_rs 0.0.0 into /workspace/builds/worker-0-tc1/source
[INFO] validating manifest of crates.io crate kneed_rs 0.0.0 on toolchain nightly-2024-10-28
[INFO] running `Command { std: CARGO_HOME="/workspace/cargo-home" RUSTUP_HOME="/workspace/rustup-home" "/workspace/cargo-home/bin/cargo" "+nightly-2024-10-28" "metadata" "--manifest-path" "Cargo.toml" "--no-deps", kill_on_drop: false }`
[INFO] removed /workspace/builds/worker-0-tc1/source/.cargo/config.toml
[INFO] started tweaking crates.io crate kneed_rs 0.0.0
[INFO] finished tweaking crates.io crate kneed_rs 0.0.0
[INFO] tweaked toml for crates.io crate kneed_rs 0.0.0 written to /workspace/builds/worker-0-tc1/source/Cargo.toml
[INFO] running `Command { std: CARGO_HOME="/workspace/cargo-home" RUSTUP_HOME="/workspace/rustup-home" "/workspace/cargo-home/bin/cargo" "+nightly-2024-10-28" "generate-lockfile" "--manifest-path" "Cargo.toml", kill_on_drop: false }`
[INFO] [stderr]     Updating crates.io index
[INFO] [stderr]      Locking 127 packages to latest compatible versions
[INFO] running `Command { std: CARGO_HOME="/workspace/cargo-home" RUSTUP_HOME="/workspace/rustup-home" "/workspace/cargo-home/bin/cargo" "+nightly-2024-10-28" "fetch" "--manifest-path" "Cargo.toml", kill_on_drop: false }`
[INFO] [stderr]  Downloading crates ...
[INFO] [stderr]   Downloaded ndarray-stats v0.6.0
[INFO] [stderr]   Downloaded portable-atomic-util v0.2.3
[INFO] [stderr]   Downloaded polyfit-rs v0.2.1
[INFO] [stderr]   Downloaded ndarray-interp v0.4.1
[INFO] [stderr]   Downloaded noisy_float v0.2.0
[INFO] [stderr]   Downloaded ndarray v0.16.1
[INFO] [stderr]   Downloaded nalgebra v0.31.4
[INFO] running `Command { std: "docker" "create" "-v" "/var/lib/crater-agent-workspace/builds/worker-0-tc1/target:/opt/rustwide/target:rw,Z" "-v" "/var/lib/crater-agent-workspace/builds/worker-0-tc1/source:/opt/rustwide/workdir:ro,Z" "-v" "/var/lib/crater-agent-workspace/cargo-home:/opt/rustwide/cargo-home:ro,Z" "-v" "/var/lib/crater-agent-workspace/rustup-home:/opt/rustwide/rustup-home:ro,Z" "-e" "SOURCE_DIR=/opt/rustwide/workdir" "-e" "CARGO_TARGET_DIR=/opt/rustwide/target" "-e" "CARGO_HOME=/opt/rustwide/cargo-home" "-e" "RUSTUP_HOME=/opt/rustwide/rustup-home" "-w" "/opt/rustwide/workdir" "-m" "1610612736" "--user" "0:0" "--network" "none" "ghcr.io/rust-lang/crates-build-env/linux@sha256:4a844ea9eb2546a2d2c7022eacef16ef2e8229c7fbb2c7d4d55a9ceca922f72d" "/opt/rustwide/cargo-home/bin/cargo" "+nightly-2024-10-28" "metadata" "--no-deps" "--format-version=1", kill_on_drop: false }`
[INFO] [stdout] 8656caac5ac66914c6500df4cdf9292dfc2942c24f24f2191797443d14fc251d
[INFO] running `Command { std: "docker" "start" "-a" "8656caac5ac66914c6500df4cdf9292dfc2942c24f24f2191797443d14fc251d", kill_on_drop: false }`
[INFO] running `Command { std: "docker" "inspect" "8656caac5ac66914c6500df4cdf9292dfc2942c24f24f2191797443d14fc251d", kill_on_drop: false }`
[INFO] running `Command { std: "docker" "rm" "-f" "8656caac5ac66914c6500df4cdf9292dfc2942c24f24f2191797443d14fc251d", kill_on_drop: false }`
[INFO] [stdout] 8656caac5ac66914c6500df4cdf9292dfc2942c24f24f2191797443d14fc251d
[INFO] running `Command { std: "docker" "create" "-v" "/var/lib/crater-agent-workspace/builds/worker-0-tc1/target:/opt/rustwide/target:rw,Z" "-v" "/var/lib/crater-agent-workspace/builds/worker-0-tc1/source:/opt/rustwide/workdir:ro,Z" "-v" "/var/lib/crater-agent-workspace/cargo-home:/opt/rustwide/cargo-home:ro,Z" "-v" "/var/lib/crater-agent-workspace/rustup-home:/opt/rustwide/rustup-home:ro,Z" "-e" "SOURCE_DIR=/opt/rustwide/workdir" "-e" "CARGO_TARGET_DIR=/opt/rustwide/target" "-e" "CARGO_INCREMENTAL=0" "-e" "RUST_BACKTRACE=full" "-e" "RUSTFLAGS=--cap-lints=forbid" "-e" "RUSTDOCFLAGS=--cap-lints=forbid" "-e" "CARGO_HOME=/opt/rustwide/cargo-home" "-e" "RUSTUP_HOME=/opt/rustwide/rustup-home" "-w" "/opt/rustwide/workdir" "-m" "1610612736" "--user" "0:0" "--network" "none" "ghcr.io/rust-lang/crates-build-env/linux@sha256:4a844ea9eb2546a2d2c7022eacef16ef2e8229c7fbb2c7d4d55a9ceca922f72d" "/opt/rustwide/cargo-home/bin/cargo" "+nightly-2024-10-28" "build" "--frozen" "--message-format=json", kill_on_drop: false }`
[INFO] [stdout] e7b1b11be0c6d24509267152931a1c22541a0e2d93c3291909a941fd60c46ef1
[INFO] running `Command { std: "docker" "start" "-a" "e7b1b11be0c6d24509267152931a1c22541a0e2d93c3291909a941fd60c46ef1", kill_on_drop: false }`
[INFO] [stderr]    Compiling proc-macro2 v1.0.89
[INFO] [stderr]    Compiling unicode-ident v1.0.13
[INFO] [stderr]    Compiling libc v0.2.161
[INFO] [stderr]    Compiling cfg-if v1.0.0
[INFO] [stderr]    Compiling autocfg v1.4.0
[INFO] [stderr]    Compiling libm v0.2.11
[INFO] [stderr]    Compiling byteorder v1.5.0
[INFO] [stderr]    Compiling shlex v1.3.0
[INFO] [stderr]    Compiling vcpkg v0.2.15
[INFO] [stderr]    Compiling pkg-config v0.3.31
[INFO] [stderr]    Compiling serde v1.0.214
[INFO] [stderr]    Compiling bitflags v2.6.0
[INFO] [stderr]    Compiling tinyvec_macros v0.1.1
[INFO] [stderr]    Compiling openssl v0.10.68
[INFO] [stderr]    Compiling foreign-types-shared v0.1.1
[INFO] [stderr]    Compiling rustix v0.38.38
[INFO] [stderr]    Compiling tinyvec v1.8.0
[INFO] [stderr]    Compiling foreign-types v0.3.2
[INFO] [stderr]    Compiling linux-raw-sys v0.4.14
[INFO] [stderr]    Compiling percent-encoding v2.3.1
[INFO] [stderr]    Compiling unicode-bidi v0.3.17
[INFO] [stderr]    Compiling cc v1.1.31
[INFO] [stderr]    Compiling thiserror v1.0.66
[INFO] [stderr]    Compiling rustls-pki-types v1.10.0
[INFO] [stderr]    Compiling openssl-probe v0.1.5
[INFO] [stderr]    Compiling native-tls v0.2.12
[INFO] [stderr]    Compiling once_cell v1.20.2
[INFO] [stderr]    Compiling adler2 v2.0.0
[INFO] [stderr]    Compiling form_urlencoded v1.2.1
[INFO] [stderr]    Compiling num-traits v0.2.19
[INFO] [stderr]    Compiling matrixmultiply v0.3.9
[INFO] [stderr]    Compiling miniz_oxide v0.8.0
[INFO] [stderr]    Compiling rustls-pemfile v2.2.0
[INFO] [stderr]    Compiling crc32fast v1.4.2
[INFO] [stderr]    Compiling log v0.4.22
[INFO] [stderr]    Compiling anyhow v1.0.92
[INFO] [stderr]    Compiling syn v1.0.109
[INFO] [stderr]    Compiling rawpointer v0.2.1
[INFO] [stderr]    Compiling rustls-native-certs v0.7.3
[INFO] [stderr]    Compiling same-file v1.0.6
[INFO] [stderr]    Compiling base64 v0.22.1
[INFO] [stderr]    Compiling quote v1.0.37
[INFO] [stderr]    Compiling walkdir v2.5.0
[INFO] [stderr]    Compiling paste v1.0.15
[INFO] [stderr]    Compiling bytemuck v1.19.0
[INFO] [stderr]    Compiling unicode-normalization v0.1.24
[INFO] [stderr]    Compiling flate2 v1.0.34
[INFO] [stderr]    Compiling syn v2.0.86
[INFO] [stderr]    Compiling getrandom v0.2.15
[INFO] [stderr]    Compiling filetime v0.2.25
[INFO] [stderr]    Compiling dirs-sys v0.3.7
[INFO] [stderr]    Compiling safe_arch v0.7.2
[INFO] [stderr]    Compiling typenum v1.17.0
[INFO] [stderr]    Compiling rand_core v0.6.4
[INFO] [stderr]    Compiling dirs v3.0.2
[INFO] [stderr]    Compiling cblas-sys v0.1.4
[INFO] [stderr]    Compiling lapack-sys v0.14.0
[INFO] [stderr]    Compiling either v1.13.0
[INFO] [stderr]    Compiling hashbrown v0.15.0
[INFO] [stderr]    Compiling idna v0.5.0
[INFO] [stderr]    Compiling equivalent v1.0.1
[INFO] [stderr]    Compiling num-integer v0.1.46
[INFO] [stderr]    Compiling approx v0.5.1
[INFO] [stderr]    Compiling approx v0.4.0
[INFO] [stderr]    Compiling wide v0.7.28
[INFO] [stderr]    Compiling noisy_float v0.2.0
[INFO] [stderr]    Compiling openssl-sys v0.9.104
[INFO] [stderr]    Compiling itertools v0.13.0
[INFO] [stderr]    Compiling num-rational v0.4.2
[INFO] [stderr]    Compiling url v2.5.2
[INFO] [stderr]    Compiling indexmap v2.6.0
[INFO] [stderr]    Compiling xattr v1.3.1
[INFO] [stderr]    Compiling tar v0.4.42
[INFO] [stderr]    Compiling zerocopy-derive v0.7.35
[INFO] [stderr]    Compiling openssl-macros v0.1.1
[INFO] [stderr]    Compiling thiserror-impl v1.0.66
[INFO] [stderr]    Compiling zerocopy v0.7.35
[INFO] [stderr]    Compiling katexit v0.1.4
[INFO] [stderr]    Compiling nalgebra-macros v0.1.0
[INFO] [stderr]    Compiling ppv-lite86 v0.2.20
[INFO] [stderr]    Compiling rand_chacha v0.3.1
[INFO] [stderr]    Compiling rand v0.8.5
[INFO] [stderr]    Compiling num-complex v0.4.6
[INFO] [stderr]    Compiling rand_distr v0.4.3
[INFO] [stderr]    Compiling cauchy v0.4.0
[INFO] [stderr]    Compiling ndarray v0.15.6
[INFO] [stderr]    Compiling simba v0.7.3
[INFO] [stderr]    Compiling ndarray v0.16.1
[INFO] [stderr]    Compiling ureq v2.10.1
[INFO] [stderr]    Compiling openblas-build v0.10.9
[INFO] [stderr]    Compiling openblas-src v0.10.9
[INFO] [stderr]    Compiling lax v0.16.0
[INFO] [stderr]    Compiling ndarray-stats v0.6.0
[INFO] [stderr]    Compiling ndarray-interp v0.4.1
[INFO] [stderr]    Compiling ndarray-linalg v0.16.0
[INFO] [stderr]    Compiling nalgebra v0.31.4
[INFO] [stderr]    Compiling polyfit-rs v0.2.1
[INFO] [stderr]    Compiling kneed_rs v0.0.0 (/opt/rustwide/workdir)
[INFO] [stdout] error[E0308]: mismatched types
[INFO] [stdout]     --> src/knee_locator.rs:228:49
[INFO] [stdout]      |
[INFO] [stdout] 228  |         let interpolator = Interp1DBuilder::new(self.y.view())
[INFO] [stdout]      |                            -------------------- ^^^^^^^^^^^^^ expected `ArrayBase<_, _>`, found `ArrayBase<ViewRepr<&f64>, Dim<...>>`
[INFO] [stdout]      |                            |
[INFO] [stdout]      |                            arguments to this function are incorrect
[INFO] [stdout]      |
[INFO] [stdout]      = note: `ArrayBase<ViewRepr<&f64>, Dim<...>>` and `ndarray::ArrayBase<_, _>` have similar names, but are actually distinct types
[INFO] [stdout] note: `ArrayBase<ViewRepr<&f64>, Dim<...>>` is defined in crate `ndarray`
[INFO] [stdout]     --> /opt/rustwide/cargo-home/registry/src/index.crates.io-6f17d22bba15001f/ndarray-0.16.1/src/lib.rs:1280:1
[INFO] [stdout]      |
[INFO] [stdout] 1280 | pub struct ArrayBase<S, D>
[INFO] [stdout]      | ^^^^^^^^^^^^^^^^^^^^^^^^^^
[INFO] [stdout] note: `ndarray::ArrayBase<_, _>` is defined in crate `ndarray`
[INFO] [stdout]     --> /opt/rustwide/cargo-home/registry/src/index.crates.io-6f17d22bba15001f/ndarray-0.15.6/src/lib.rs:1268:1
[INFO] [stdout]      |
[INFO] [stdout] 1268 | pub struct ArrayBase<S, D>
[INFO] [stdout]      | ^^^^^^^^^^^^^^^^^^^^^^^^^^
[INFO] [stdout]      = note: perhaps two different versions of crate `ndarray` are being used?
[INFO] [stdout] note: associated function defined here
[INFO] [stdout]     --> /opt/rustwide/cargo-home/registry/src/index.crates.io-6f17d22bba15001f/ndarray-interp-0.4.1/src/interp1d.rs:396:12
[INFO] [stdout]      |
[INFO] [stdout] 396  |     pub fn new(data: ArrayBase<Sd, D>) -> Self {
[INFO] [stdout]      |            ^^^
[INFO] [stdout] 
[INFO] [stdout] 
[INFO] [stdout] error[E0308]: mismatched types
[INFO] [stdout]     --> src/knee_locator.rs:229:16
[INFO] [stdout]      |
[INFO] [stdout] 229  |             .x(self.x.view())
[INFO] [stdout]      |              - ^^^^^^^^^^^^^ expected `ArrayBase<_, Dim<[usize; 1]>>`, found `ArrayBase<ViewRepr<&f64>, Dim<...>>`
[INFO] [stdout]      |              |
[INFO] [stdout]      |              arguments to this method are incorrect
[INFO] [stdout]      |
[INFO] [stdout]      = note: `ArrayBase<ViewRepr<&f64>, Dim<...>>` and `ArrayBase<_, Dim<[usize; 1]>>` have similar names, but are actually distinct types
[INFO] [stdout] note: `ArrayBase<ViewRepr<&f64>, Dim<...>>` is defined in crate `ndarray`
[INFO] [stdout]     --> /opt/rustwide/cargo-home/registry/src/index.crates.io-6f17d22bba15001f/ndarray-0.16.1/src/lib.rs:1280:1
[INFO] [stdout]      |
[INFO] [stdout] 1280 | pub struct ArrayBase<S, D>
[INFO] [stdout]      | ^^^^^^^^^^^^^^^^^^^^^^^^^^
[INFO] [stdout] note: `ArrayBase<_, Dim<[usize; 1]>>` is defined in crate `ndarray`
[INFO] [stdout]     --> /opt/rustwide/cargo-home/registry/src/index.crates.io-6f17d22bba15001f/ndarray-0.15.6/src/lib.rs:1268:1
[INFO] [stdout]      |
[INFO] [stdout] 1268 | pub struct ArrayBase<S, D>
[INFO] [stdout]      | ^^^^^^^^^^^^^^^^^^^^^^^^^^
[INFO] [stdout]      = note: perhaps two different versions of crate `ndarray` are being used?
[INFO] [stdout] note: method defined here
[INFO] [stdout]     --> /opt/rustwide/cargo-home/registry/src/index.crates.io-6f17d22bba15001f/ndarray-interp-0.4.1/src/interp1d.rs:421:12
[INFO] [stdout]      |
[INFO] [stdout] 421  |     pub fn x<NewSx>(self, x: ArrayBase<NewSx, Ix1>) -> Interp1DBuilder<Sd, NewSx, D, Strat>
[INFO] [stdout]      |            ^
[INFO] [stdout] 
[INFO] [stdout] 
[INFO] [stdout] error[E0599]: no method named `solve` found for struct `ArrayBase` in the current scope
[INFO] [stdout]   --> src/shape_detector.rs:13:27
[INFO] [stdout]    |
[INFO] [stdout] 13 |     let p = a.t().dot(&a).solve(&a.t().dot(y)).unwrap();
[INFO] [stdout]    |                           ^^^^^ method not found in `ArrayBase<OwnedRepr<f64>, Dim<[usize; 2]>>`
[INFO] [stdout] 
[INFO] [stdout] 
[INFO] [stdout] Some errors have detailed explanations: E0308, E0599.
[INFO] [stdout] 
[INFO] [stdout] For more information about an error, try `rustc --explain E0308`.
[INFO] [stdout] 
[INFO] [stderr] error: could not compile `kneed_rs` (lib) due to 3 previous errors
[INFO] running `Command { std: "docker" "inspect" "e7b1b11be0c6d24509267152931a1c22541a0e2d93c3291909a941fd60c46ef1", kill_on_drop: false }`
[INFO] running `Command { std: "docker" "rm" "-f" "e7b1b11be0c6d24509267152931a1c22541a0e2d93c3291909a941fd60c46ef1", kill_on_drop: false }`
[INFO] [stdout] e7b1b11be0c6d24509267152931a1c22541a0e2d93c3291909a941fd60c46ef1
